Dec 02 16:28:36.400 INFO testing sm_macro-0.7.0 against 1.30.1 for beta-1.31-5
Dec 02 16:28:36.400 INFO running `"docker" "create" "-v" "/mnt/big/crater/work/local/target-dirs/beta-1.31-5/worker-3/1.30.1:/target:rw,Z" "-v" "/mnt/big/crater/work/local/test-source/worker-3/beta-1.31-5/1.30.1:/source:ro,Z" "-v" "/mnt/big/crater/work/local/cargo-home:/cargo-home:ro,Z" "-v" "/mnt/big/crater/work/local/rustup-home:/rustup-home:ro,Z" "-e" "USER_ID=1000" "-e" "SOURCE_DIR=/source" "-e" "USER_ID=1000" "-e" "CMD=cargo +1.30.1 build --frozen" "-e" "CARGO_TARGET_DIR=/target" "-e" "CARGO_INCREMENTAL=0" "-e" "RUST_BACKTRACE=full" "-e" "RUSTFLAGS=--cap-lints=warn" "-e" "CARGO_HOME=/cargo-home" "-e" "RUSTUP_HOME=/rustup-home" "-m" "1536M" "--network" "none" "crater"`
Dec 02 16:28:36.675 INFO [stdout] 3290903680a055ef4cdc06cfb47c009e075ab415e2810be67feaf90004de41d7
Dec 02 16:28:36.677 INFO running `"docker" "start" "-a" "3290903680a055ef4cdc06cfb47c009e075ab415e2810be67feaf90004de41d7"`
Dec 02 16:28:38.034 INFO [stderr] usermod: no changes
Dec 02 16:28:38.176 INFO [stderr]    Compiling sm_macro v0.7.0 (/source)
Dec 02 16:28:41.563 INFO [stderr] error[E0554]: #![feature] may not be used on the stable release channel
Dec 02 16:28:41.563 INFO [stderr]   --> src/lib.rs:10:1
Dec 02 16:28:41.563 INFO [stderr]    |
Dec 02 16:28:41.563 INFO [stderr] 10 | #![feature(alloc)]
Dec 02 16:28:41.563 INFO [stderr]    | ^^^^^^^^^^^^^^^^^^
Dec 02 16:28:41.563 INFO [stderr] 
Dec 02 16:28:41.563 INFO [stderr] error[E0554]: #![feature] may not be used on the stable release channel
Dec 02 16:28:41.563 INFO [stderr]   --> src/lib.rs:11:1
Dec 02 16:28:41.563 INFO [stderr]    |
Dec 02 16:28:41.563 INFO [stderr] 11 | #![feature(proc_macro_diagnostic)]
Dec 02 16:28:41.563 INFO [stderr]    | ^^^^^^^^^^^^^^^^^^^^^^^^^^^^^^^^^^
Dec 02 16:28:41.563 INFO [stderr] 
Dec 02 16:28:41.563 INFO [stderr] error[E0554]: #![feature] may not be used on the stable release channel
Dec 02 16:28:41.563 INFO [stderr]   --> src/lib.rs:35:1
Dec 02 16:28:41.563 INFO [stderr]    |
Dec 02 16:28:41.563 INFO [stderr] 35 | #![feature(tool_lints)]
Dec 02 16:28:41.563 INFO [stderr]    | ^^^^^^^^^^^^^^^^^^^^^^^
Dec 02 16:28:41.563 INFO [stderr] 
Dec 02 16:28:41.563 INFO [stderr] error: aborting due to 3 previous errors
Dec 02 16:28:41.563 INFO [stderr] 
Dec 02 16:28:41.563 INFO [stderr] For more information about this error, try `rustc --explain E0554`.
Dec 02 16:28:41.569 INFO [stderr] error: Could not compile `sm_macro`.
Dec 02 16:28:41.569 INFO [stderr] 
Dec 02 16:28:41.569 INFO [stderr] To learn more, run the command again with --verbose.
Dec 02 16:28:41.570 INFO [stderr] su: No module specific data is present
Dec 02 16:28:42.197 INFO running `"docker" "inspect" "3290903680a055ef4cdc06cfb47c009e075ab415e2810be67feaf90004de41d7"`
Dec 02 16:28:42.328 INFO running `"docker" "rm" "-f" "3290903680a055ef4cdc06cfb47c009e075ab415e2810be67feaf90004de41d7"`
Dec 02 16:28:42.491 INFO [stdout] 3290903680a055ef4cdc06cfb47c009e075ab415e2810be67feaf90004de41d7
