Dec 02 17:06:43.129 INFO testing sha3-plus-0.8.1 against 1.30.1 for beta-1.31-5
Dec 02 17:06:43.129 INFO running `"docker" "create" "-v" "/mnt/big/crater/work/local/target-dirs/beta-1.31-5/worker-1/1.30.1:/target:rw,Z" "-v" "/mnt/big/crater/work/local/test-source/worker-1/beta-1.31-5/1.30.1:/source:ro,Z" "-v" "/mnt/big/crater/work/local/cargo-home:/cargo-home:ro,Z" "-v" "/mnt/big/crater/work/local/rustup-home:/rustup-home:ro,Z" "-e" "USER_ID=1000" "-e" "SOURCE_DIR=/source" "-e" "USER_ID=1000" "-e" "CMD=cargo +1.30.1 build --frozen" "-e" "CARGO_TARGET_DIR=/target" "-e" "CARGO_INCREMENTAL=0" "-e" "RUST_BACKTRACE=full" "-e" "RUSTFLAGS=--cap-lints=warn" "-e" "CARGO_HOME=/cargo-home" "-e" "RUSTUP_HOME=/rustup-home" "-m" "1536M" "--network" "none" "crater"`
Dec 02 17:06:43.411 INFO [stdout] 07f2891a7770600b580e627e4d2ac38a4a9ec88accb5df78b7d082192767ef49
Dec 02 17:06:43.414 INFO running `"docker" "start" "-a" "07f2891a7770600b580e627e4d2ac38a4a9ec88accb5df78b7d082192767ef49"`
Dec 02 17:06:44.149 INFO [stderr] usermod: no changes
Dec 02 17:06:44.235 INFO [stderr]    Compiling blobby v0.1.1
Dec 02 17:06:44.236 INFO [stderr]    Compiling block-buffer v0.7.0
Dec 02 17:06:44.703 INFO [stderr]    Compiling digest v0.8.0
Dec 02 17:06:45.623 INFO [stderr]    Compiling sha3-plus v0.8.1 (/source)
Dec 02 17:06:47.375 INFO [stderr]     Finished dev [unoptimized + debuginfo] target(s) in 3.19s
Dec 02 17:06:47.390 INFO [stderr] su: No module specific data is present
Dec 02 17:06:48.357 INFO running `"docker" "inspect" "07f2891a7770600b580e627e4d2ac38a4a9ec88accb5df78b7d082192767ef49"`
Dec 02 17:06:48.605 INFO running `"docker" "rm" "-f" "07f2891a7770600b580e627e4d2ac38a4a9ec88accb5df78b7d082192767ef49"`
Dec 02 17:06:48.919 INFO [stdout] 07f2891a7770600b580e627e4d2ac38a4a9ec88accb5df78b7d082192767ef49
Dec 02 17:06:48.927 INFO running `"docker" "create" "-v" "/mnt/big/crater/work/local/target-dirs/beta-1.31-5/worker-1/1.30.1:/target:rw,Z" "-v" "/mnt/big/crater/work/local/test-source/worker-1/beta-1.31-5/1.30.1:/source:ro,Z" "-v" "/mnt/big/crater/work/local/cargo-home:/cargo-home:ro,Z" "-v" "/mnt/big/crater/work/local/rustup-home:/rustup-home:ro,Z" "-e" "USER_ID=1000" "-e" "SOURCE_DIR=/source" "-e" "USER_ID=1000" "-e" "CMD=cargo +1.30.1 test --frozen --no-run" "-e" "CARGO_TARGET_DIR=/target" "-e" "CARGO_INCREMENTAL=0" "-e" "RUST_BACKTRACE=full" "-e" "RUSTFLAGS=--cap-lints=warn" "-e" "CARGO_HOME=/cargo-home" "-e" "RUSTUP_HOME=/rustup-home" "-m" "1536M" "--network" "none" "crater"`
Dec 02 17:06:49.301 INFO [stdout] 43dd5e92c05edf4dfaf4530f1830d68ed410ca1e61d52600ae34cb566fdb5909
Dec 02 17:06:49.304 INFO running `"docker" "start" "-a" "43dd5e92c05edf4dfaf4530f1830d68ed410ca1e61d52600ae34cb566fdb5909"`
Dec 02 17:06:50.619 INFO [stderr] usermod: no changes
Dec 02 17:06:50.747 INFO [stderr]    Compiling hex-literal-impl v0.1.1
Dec 02 17:06:55.106 INFO [stderr]    Compiling hex-literal v0.1.1
Dec 02 17:06:55.903 INFO [stderr]    Compiling sha3-plus v0.8.1 (/source)
Dec 02 17:06:56.743 INFO [stderr] error[E0463]: can't find crate for `sha3`
Dec 02 17:06:56.743 INFO [stderr]  --> examples/sha3_512sum.rs:1:1
Dec 02 17:06:56.744 INFO [stderr]   |
Dec 02 17:06:56.744 INFO [stderr] 1 | extern crate sha3;
Dec 02 17:06:56.744 INFO [stderr]   | ^^^^^^^^^^^^^^^^^^ can't find crate
Dec 02 17:06:56.744 INFO [stderr] 
Dec 02 17:06:56.769 INFO [stderr] error: aborting due to previous error
Dec 02 17:06:56.769 INFO [stderr] 
Dec 02 17:06:56.769 INFO [stderr] For more information about this error, try `rustc --explain E0463`.
Dec 02 17:06:56.769 INFO [stderr] error: Could not compile `sha3-plus`.
Dec 02 17:06:56.769 INFO [stderr] warning: build failed, waiting for other jobs to finish...
Dec 02 17:06:56.955 INFO [stderr] error[E0463]: can't find crate for `sha3`
Dec 02 17:06:56.955 INFO [stderr]  --> examples/sha3_256sum.rs:1:1
Dec 02 17:06:56.955 INFO [stderr]   |
Dec 02 17:06:56.955 INFO [stderr] 1 | extern crate sha3;
Dec 02 17:06:56.955 INFO [stderr]   | ^^^^^^^^^^^^^^^^^^ can't find crate
Dec 02 17:06:56.955 INFO [stderr] 
Dec 02 17:06:56.955 INFO [stderr] error: aborting due to previous error
Dec 02 17:06:56.955 INFO [stderr] 
Dec 02 17:06:56.955 INFO [stderr] For more information about this error, try `rustc --explain E0463`.
Dec 02 17:06:56.955 INFO [stderr] error: Could not compile `sha3-plus`.
Dec 02 17:06:56.955 INFO [stderr] warning: build failed, waiting for other jobs to finish...
Dec 02 17:06:57.007 INFO [stderr] error[E0463]: can't find crate for `sha3`
Dec 02 17:06:57.007 INFO [stderr]  --> tests/lib.rs:4:1
Dec 02 17:06:57.007 INFO [stderr]   |
Dec 02 17:06:57.007 INFO [stderr] 4 | extern crate sha3;
Dec 02 17:06:57.007 INFO [stderr]   | ^^^^^^^^^^^^^^^^^^ can't find crate
Dec 02 17:06:57.007 INFO [stderr] 
Dec 02 17:06:57.007 INFO [stderr] error: aborting due to previous error
Dec 02 17:06:57.007 INFO [stderr] 
Dec 02 17:06:57.007 INFO [stderr] For more information about this error, try `rustc --explain E0463`.
Dec 02 17:06:57.007 INFO [stderr] error: Could not compile `sha3-plus`.
Dec 02 17:06:57.007 INFO [stderr] warning: build failed, waiting for other jobs to finish...
Dec 02 17:06:57.952 INFO [stderr] error: build failed
Dec 02 17:06:57.959 INFO [stderr] su: No module specific data is present
Dec 02 17:06:58.296 INFO running `"docker" "inspect" "43dd5e92c05edf4dfaf4530f1830d68ed410ca1e61d52600ae34cb566fdb5909"`
Dec 02 17:06:58.375 INFO running `"docker" "rm" "-f" "43dd5e92c05edf4dfaf4530f1830d68ed410ca1e61d52600ae34cb566fdb5909"`
Dec 02 17:06:58.463 INFO [stdout] 43dd5e92c05edf4dfaf4530f1830d68ed410ca1e61d52600ae34cb566fdb5909
