Dec 02 17:13:01.792 INFO testing serv-0.2.0 against 1.30.1 for beta-1.31-5
Dec 02 17:13:01.792 INFO running `"docker" "create" "-v" "/mnt/big/crater/work/local/target-dirs/beta-1.31-5/worker-0/1.30.1:/target:rw,Z" "-v" "/mnt/big/crater/work/local/test-source/worker-0/beta-1.31-5/1.30.1:/source:ro,Z" "-v" "/mnt/big/crater/work/local/cargo-home:/cargo-home:ro,Z" "-v" "/mnt/big/crater/work/local/rustup-home:/rustup-home:ro,Z" "-e" "USER_ID=1000" "-e" "SOURCE_DIR=/source" "-e" "USER_ID=1000" "-e" "CMD=cargo +1.30.1 build --frozen" "-e" "CARGO_TARGET_DIR=/target" "-e" "CARGO_INCREMENTAL=0" "-e" "RUST_BACKTRACE=full" "-e" "RUSTFLAGS=--cap-lints=warn" "-e" "CARGO_HOME=/cargo-home" "-e" "RUSTUP_HOME=/rustup-home" "-m" "1536M" "--network" "none" "crater"`
Dec 02 17:13:02.192 INFO [stdout] 6be51decd95b1cd8d0afae03309c4c421732af44ebc826d8bbd85274fb34e415
Dec 02 17:13:02.194 INFO running `"docker" "start" "-a" "6be51decd95b1cd8d0afae03309c4c421732af44ebc826d8bbd85274fb34e415"`
Dec 02 17:13:03.135 INFO [stderr] usermod: no changes
Dec 02 17:13:03.449 INFO [stderr]    Compiling serde_qs v0.4.1
Dec 02 17:13:06.363 INFO [stderr]    Compiling serv v0.2.0 (/source)
Dec 02 17:13:15.593 INFO [stderr]     Finished dev [unoptimized + debuginfo] target(s) in 12.41s
Dec 02 17:13:15.615 INFO [stderr] su: No module specific data is present
Dec 02 17:13:16.140 INFO running `"docker" "inspect" "6be51decd95b1cd8d0afae03309c4c421732af44ebc826d8bbd85274fb34e415"`
Dec 02 17:13:16.446 INFO running `"docker" "rm" "-f" "6be51decd95b1cd8d0afae03309c4c421732af44ebc826d8bbd85274fb34e415"`
Dec 02 17:13:16.847 INFO [stdout] 6be51decd95b1cd8d0afae03309c4c421732af44ebc826d8bbd85274fb34e415
Dec 02 17:13:16.853 INFO running `"docker" "create" "-v" "/mnt/big/crater/work/local/target-dirs/beta-1.31-5/worker-0/1.30.1:/target:rw,Z" "-v" "/mnt/big/crater/work/local/test-source/worker-0/beta-1.31-5/1.30.1:/source:ro,Z" "-v" "/mnt/big/crater/work/local/cargo-home:/cargo-home:ro,Z" "-v" "/mnt/big/crater/work/local/rustup-home:/rustup-home:ro,Z" "-e" "USER_ID=1000" "-e" "SOURCE_DIR=/source" "-e" "USER_ID=1000" "-e" "CMD=cargo +1.30.1 test --frozen --no-run" "-e" "CARGO_TARGET_DIR=/target" "-e" "CARGO_INCREMENTAL=0" "-e" "RUST_BACKTRACE=full" "-e" "RUSTFLAGS=--cap-lints=warn" "-e" "CARGO_HOME=/cargo-home" "-e" "RUSTUP_HOME=/rustup-home" "-m" "1536M" "--network" "none" "crater"`
Dec 02 17:13:17.299 INFO [stdout] 4d68e250ad8ae2d01d726588ebc5fa97f61ed8610f9a76882d478f9a5e2e4dd0
Dec 02 17:13:17.301 INFO running `"docker" "start" "-a" "4d68e250ad8ae2d01d726588ebc5fa97f61ed8610f9a76882d478f9a5e2e4dd0"`
Dec 02 17:13:19.324 INFO [stderr] usermod: no changes
Dec 02 17:13:19.527 INFO [stderr]    Compiling serv v0.2.0 (/source)
Dec 02 17:13:39.135 INFO [stderr] error[E0277]: `std::rc::Rc<serv::server::Routes>` cannot be sent between threads safely
Dec 02 17:13:39.135 INFO [stderr]   --> examples/error.rs:53:10
Dec 02 17:13:39.135 INFO [stderr]    |
Dec 02 17:13:39.135 INFO [stderr] 53 |         .serve(move || Ok::<_, hyper::Error>(server.clone()))
Dec 02 17:13:39.135 INFO [stderr]    |          ^^^^^ `std::rc::Rc<serv::server::Routes>` cannot be sent between threads safely
Dec 02 17:13:39.135 INFO [stderr]    |
Dec 02 17:13:39.135 INFO [stderr]    = help: within `hyper::server::conn::spawn_all::NewSvcTask<hyper::server::conn::AddrStream, tokio::prelude::future::FutureResult<serv::Server, hyper::Error>, serv::Server, hyper::common::exec::Exec, hyper::server::conn::spawn_all::NoopWatcher>`, the trait `std::marker::Send` is not implemented for `std::rc::Rc<serv::server::Routes>`
Dec 02 17:13:39.135 INFO [stderr]    = note: required because it appears within the type `serv::Server`
Dec 02 17:13:39.135 INFO [stderr]    = note: required because it appears within the type `hyper::proto::h2::server::Server<hyper::common::io::rewind::Rewind<hyper::server::conn::AddrStream>, serv::Server, hyper::Body, hyper::common::exec::Exec>`
Dec 02 17:13:39.135 INFO [stderr]    = note: required because it appears within the type `tokio::prelude::future::Either<hyper::proto::h1::dispatch::Dispatcher<hyper::proto::h1::dispatch::Server<serv::Server>, hyper::Body, hyper::server::conn::AddrStream, hyper::proto::h1::role::Server>, hyper::proto::h2::server::Server<hyper::common::io::rewind::Rewind<hyper::server::conn::AddrStream>, serv::Server, hyper::Body, hyper::common::exec::Exec>>`
Dec 02 17:13:39.135 INFO [stderr]    = note: required because it appears within the type `std::option::Option<tokio::prelude::future::Either<hyper::proto::h1::dispatch::Dispatcher<hyper::proto::h1::dispatch::Server<serv::Server>, hyper::Body, hyper::server::conn::AddrStream, hyper::proto::h1::role::Server>, hyper::proto::h2::server::Server<hyper::common::io::rewind::Rewind<hyper::server::conn::AddrStream>, serv::Server, hyper::Body, hyper::common::exec::Exec>>>`
Dec 02 17:13:39.135 INFO [stderr]    = note: required because it appears within the type `hyper::server::conn::Connection<hyper::server::conn::AddrStream, serv::Server>`
Dec 02 17:13:39.135 INFO [stderr]    = note: required because it appears within the type `hyper::server::conn::upgrades::UpgradeableConnection<hyper::server::conn::AddrStream, serv::Server, hyper::common::exec::Exec>`
Dec 02 17:13:39.135 INFO [stderr]    = note: required because it appears within the type `hyper::server::conn::spawn_all::State<hyper::server::conn::AddrStream, tokio::prelude::future::FutureResult<serv::Server, hyper::Error>, serv::Server, hyper::common::exec::Exec, hyper::server::conn::spawn_all::NoopWatcher>`
Dec 02 17:13:39.135 INFO [stderr]    = note: required because it appears within the type `hyper::server::conn::spawn_all::NewSvcTask<hyper::server::conn::AddrStream, tokio::prelude::future::FutureResult<serv::Server, hyper::Error>, serv::Server, hyper::common::exec::Exec, hyper::server::conn::spawn_all::NoopWatcher>`
Dec 02 17:13:39.135 INFO [stderr]    = note: required because of the requirements on the impl of `hyper::common::exec::NewSvcExec<hyper::server::conn::AddrStream, tokio::prelude::future::FutureResult<serv::Server, hyper::Error>, serv::Server, hyper::common::exec::Exec, hyper::server::conn::spawn_all::NoopWatcher>` for `hyper::common::exec::Exec`
Dec 02 17:13:39.135 INFO [stderr] 
Dec 02 17:13:39.135 INFO [stderr] error[E0277]: `(dyn hyper::rt::Future<Item=hyper::Response<hyper::Body>, Error=hyper::Error> + 'static)` cannot be sent between threads safely
Dec 02 17:13:39.135 INFO [stderr]   --> examples/error.rs:53:10
Dec 02 17:13:39.135 INFO [stderr]    |
Dec 02 17:13:39.135 INFO [stderr] 53 |         .serve(move || Ok::<_, hyper::Error>(server.clone()))
Dec 02 17:13:39.135 INFO [stderr]    |          ^^^^^ `(dyn hyper::rt::Future<Item=hyper::Response<hyper::Body>, Error=hyper::Error> + 'static)` cannot be sent between threads safely
Dec 02 17:13:39.135 INFO [stderr]    |
Dec 02 17:13:39.135 INFO [stderr]    = help: the trait `std::marker::Send` is not implemented for `(dyn hyper::rt::Future<Item=hyper::Response<hyper::Body>, Error=hyper::Error> + 'static)`
Dec 02 17:13:39.135 INFO [stderr]    = note: required because of the requirements on the impl of `std::marker::Send` for `std::ptr::Unique<(dyn hyper::rt::Future<Item=hyper::Response<hyper::Body>, Error=hyper::Error> + 'static)>`
Dec 02 17:13:39.135 INFO [stderr]    = note: required because it appears within the type `std::boxed::Box<(dyn hyper::rt::Future<Item=hyper::Response<hyper::Body>, Error=hyper::Error> + 'static)>`
Dec 02 17:13:39.135 INFO [stderr]    = note: required because it appears within the type `hyper::proto::h2::server::H2StreamState<std::boxed::Box<(dyn hyper::rt::Future<Item=hyper::Response<hyper::Body>, Error=hyper::Error> + 'static)>, hyper::Body>`
Dec 02 17:13:39.135 INFO [stderr]    = note: required because it appears within the type `hyper::proto::h2::server::H2Stream<std::boxed::Box<(dyn hyper::rt::Future<Item=hyper::Response<hyper::Body>, Error=hyper::Error> + 'static)>, hyper::Body>`
Dec 02 17:13:39.135 INFO [stderr]    = note: required because of the requirements on the impl of `hyper::common::exec::H2Exec<std::boxed::Box<(dyn hyper::rt::Future<Item=hyper::Response<hyper::Body>, Error=hyper::Error> + 'static)>, hyper::Body>` for `hyper::common::exec::Exec`
Dec 02 17:13:39.135 INFO [stderr] 
Dec 02 17:13:39.531 INFO [stderr] error[E0599]: no method named `map_err` found for type `hyper::Server<hyper::server::conn::AddrIncoming, [closure@examples/error.rs:53:16: 53:61 server:_]>` in the current scope
Dec 02 17:13:39.531 INFO [stderr]   --> examples/error.rs:54:10
Dec 02 17:13:39.531 INFO [stderr]    |
Dec 02 17:13:39.531 INFO [stderr] 54 |         .map_err(|e| eprintln!("failed to serve: {:?}", e));
Dec 02 17:13:39.531 INFO [stderr]    |          ^^^^^^^
Dec 02 17:13:39.531 INFO [stderr]    |
Dec 02 17:13:39.531 INFO [stderr]    = note: the method `map_err` exists but the following trait bounds were not satisfied:
Dec 02 17:13:39.531 INFO [stderr]            `hyper::Server<hyper::server::conn::AddrIncoming, [closure@examples/error.rs:53:16: 53:61 server:_]> : hyper::rt::Future`
Dec 02 17:13:39.531 INFO [stderr]            `&mut hyper::Server<hyper::server::conn::AddrIncoming, [closure@examples/error.rs:53:16: 53:61 server:_]> : hyper::rt::Future`
Dec 02 17:13:39.531 INFO [stderr] 
Dec 02 17:13:39.698 INFO [stderr] error: aborting due to 3 previous errors
Dec 02 17:13:39.719 INFO [stderr] 
Dec 02 17:13:39.719 INFO [stderr] Some errors occurred: E0277, E0599.
Dec 02 17:13:39.719 INFO [stderr] For more information about an error, try `rustc --explain E0277`.
Dec 02 17:13:39.795 INFO [stderr] error: Could not compile `serv`.
Dec 02 17:13:39.795 INFO [stderr] warning: build failed, waiting for other jobs to finish...
Dec 02 17:13:40.222 INFO [stderr] error[E0277]: `std::rc::Rc<serv::server::Routes>` cannot be sent between threads safely
Dec 02 17:13:40.223 INFO [stderr]   --> examples/counter.rs:41:10
Dec 02 17:13:40.223 INFO [stderr]    |
Dec 02 17:13:40.223 INFO [stderr] 41 |         .serve(move || Ok::<_, hyper::Error>(server.clone()))
Dec 02 17:13:40.223 INFO [stderr]    |          ^^^^^ `std::rc::Rc<serv::server::Routes>` cannot be sent between threads safely
Dec 02 17:13:40.234 INFO [stderr]    |
Dec 02 17:13:40.235 INFO [stderr]    = help: within `hyper::server::conn::spawn_all::NewSvcTask<hyper::server::conn::AddrStream, futures::FutureResult<serv::Server, hyper::Error>, serv::Server, hyper::common::exec::Exec, hyper::server::conn::spawn_all::NoopWatcher>`, the trait `std::marker::Send` is not implemented for `std::rc::Rc<serv::server::Routes>`
Dec 02 17:13:40.235 INFO [stderr]    = note: required because it appears within the type `serv::Server`
Dec 02 17:13:40.235 INFO [stderr]    = note: required because it appears within the type `hyper::proto::h2::server::Server<hyper::common::io::rewind::Rewind<hyper::server::conn::AddrStream>, serv::Server, hyper::Body, hyper::common::exec::Exec>`
Dec 02 17:13:40.235 INFO [stderr]    = note: required because it appears within the type `futures::future::Either<hyper::proto::h1::dispatch::Dispatcher<hyper::proto::h1::dispatch::Server<serv::Server>, hyper::Body, hyper::server::conn::AddrStream, hyper::proto::h1::role::Server>, hyper::proto::h2::server::Server<hyper::common::io::rewind::Rewind<hyper::server::conn::AddrStream>, serv::Server, hyper::Body, hyper::common::exec::Exec>>`
Dec 02 17:13:40.235 INFO [stderr]    = note: required because it appears within the type `std::option::Option<futures::future::Either<hyper::proto::h1::dispatch::Dispatcher<hyper::proto::h1::dispatch::Server<serv::Server>, hyper::Body, hyper::server::conn::AddrStream, hyper::proto::h1::role::Server>, hyper::proto::h2::server::Server<hyper::common::io::rewind::Rewind<hyper::server::conn::AddrStream>, serv::Server, hyper::Body, hyper::common::exec::Exec>>>`
Dec 02 17:13:40.235 INFO [stderr]    = note: required because it appears within the type `hyper::server::conn::Connection<hyper::server::conn::AddrStream, serv::Server>`
Dec 02 17:13:40.235 INFO [stderr]    = note: required because it appears within the type `hyper::server::conn::upgrades::UpgradeableConnection<hyper::server::conn::AddrStream, serv::Server, hyper::common::exec::Exec>`
Dec 02 17:13:40.235 INFO [stderr]    = note: required because it appears within the type `hyper::server::conn::spawn_all::State<hyper::server::conn::AddrStream, futures::FutureResult<serv::Server, hyper::Error>, serv::Server, hyper::common::exec::Exec, hyper::server::conn::spawn_all::NoopWatcher>`
Dec 02 17:13:40.235 INFO [stderr]    = note: required because it appears within the type `hyper::server::conn::spawn_all::NewSvcTask<hyper::server::conn::AddrStream, futures::FutureResult<serv::Server, hyper::Error>, serv::Server, hyper::common::exec::Exec, hyper::server::conn::spawn_all::NoopWatcher>`
Dec 02 17:13:40.235 INFO [stderr]    = note: required because of the requirements on the impl of `hyper::common::exec::NewSvcExec<hyper::server::conn::AddrStream, futures::FutureResult<serv::Server, hyper::Error>, serv::Server, hyper::common::exec::Exec, hyper::server::conn::spawn_all::NoopWatcher>` for `hyper::common::exec::Exec`
Dec 02 17:13:40.235 INFO [stderr] 
Dec 02 17:13:40.235 INFO [stderr] error[E0277]: `(dyn futures::Future<Item=hyper::Response<hyper::Body>, Error=hyper::Error> + 'static)` cannot be sent between threads safely
Dec 02 17:13:40.235 INFO [stderr]   --> examples/counter.rs:41:10
Dec 02 17:13:40.235 INFO [stderr]    |
Dec 02 17:13:40.235 INFO [stderr] 41 |         .serve(move || Ok::<_, hyper::Error>(server.clone()))
Dec 02 17:13:40.235 INFO [stderr]    |          ^^^^^ `(dyn futures::Future<Item=hyper::Response<hyper::Body>, Error=hyper::Error> + 'static)` cannot be sent between threads safely
Dec 02 17:13:40.242 INFO [stderr]    |
Dec 02 17:13:40.243 INFO [stderr]    = help: the trait `std::marker::Send` is not implemented for `(dyn futures::Future<Item=hyper::Response<hyper::Body>, Error=hyper::Error> + 'static)`
Dec 02 17:13:40.243 INFO [stderr]    = note: required because of the requirements on the impl of `std::marker::Send` for `std::ptr::Unique<(dyn futures::Future<Item=hyper::Response<hyper::Body>, Error=hyper::Error> + 'static)>`
Dec 02 17:13:40.243 INFO [stderr]    = note: required because it appears within the type `std::boxed::Box<(dyn futures::Future<Item=hyper::Response<hyper::Body>, Error=hyper::Error> + 'static)>`
Dec 02 17:13:40.243 INFO [stderr]    = note: required because it appears within the type `hyper::proto::h2::server::H2StreamState<std::boxed::Box<(dyn futures::Future<Item=hyper::Response<hyper::Body>, Error=hyper::Error> + 'static)>, hyper::Body>`
Dec 02 17:13:40.243 INFO [stderr]    = note: required because it appears within the type `hyper::proto::h2::server::H2Stream<std::boxed::Box<(dyn futures::Future<Item=hyper::Response<hyper::Body>, Error=hyper::Error> + 'static)>, hyper::Body>`
Dec 02 17:13:40.243 INFO [stderr]    = note: required because of the requirements on the impl of `hyper::common::exec::H2Exec<std::boxed::Box<(dyn futures::Future<Item=hyper::Response<hyper::Body>, Error=hyper::Error> + 'static)>, hyper::Body>` for `hyper::common::exec::Exec`
Dec 02 17:13:40.243 INFO [stderr] 
Dec 02 17:13:40.473 INFO [stderr] error[E0599]: no method named `map_err` found for type `hyper::Server<hyper::server::conn::AddrIncoming, [closure@examples/counter.rs:41:16: 41:61 server:_]>` in the current scope
Dec 02 17:13:40.473 INFO [stderr]   --> examples/counter.rs:42:10
Dec 02 17:13:40.473 INFO [stderr]    |
Dec 02 17:13:40.473 INFO [stderr] 42 |         .map_err(|e| eprintln!("failed to serve: {:?}", e));
Dec 02 17:13:40.473 INFO [stderr]    |          ^^^^^^^
Dec 02 17:13:40.492 INFO [stderr]    |
Dec 02 17:13:40.492 INFO [stderr]    = note: the method `map_err` exists but the following trait bounds were not satisfied:
Dec 02 17:13:40.492 INFO [stderr]            `hyper::Server<hyper::server::conn::AddrIncoming, [closure@examples/counter.rs:41:16: 41:61 server:_]> : futures::Future`
Dec 02 17:13:40.492 INFO [stderr]            `&mut hyper::Server<hyper::server::conn::AddrIncoming, [closure@examples/counter.rs:41:16: 41:61 server:_]> : futures::Future`
Dec 02 17:13:40.492 INFO [stderr] 
Dec 02 17:13:40.543 INFO [stderr] error: aborting due to 3 previous errors
Dec 02 17:13:40.543 INFO [stderr] 
Dec 02 17:13:40.543 INFO [stderr] Some errors occurred: E0277, E0599.
Dec 02 17:13:40.543 INFO [stderr] For more information about an error, try `rustc --explain E0277`.
Dec 02 17:13:40.578 INFO [stderr] error: Could not compile `serv`.
Dec 02 17:13:40.578 INFO [stderr] warning: build failed, waiting for other jobs to finish...
Dec 02 17:13:41.507 INFO [stderr] error[E0277]: `std::rc::Rc<serv::server::Routes>` cannot be sent between threads safely
Dec 02 17:13:41.507 INFO [stderr]   --> examples/hello.rs:28:10
Dec 02 17:13:41.507 INFO [stderr]    |
Dec 02 17:13:41.508 INFO [stderr] 28 |         .serve(move || Ok::<_, hyper::Error>(server.clone()))
Dec 02 17:13:41.508 INFO [stderr]    |          ^^^^^ `std::rc::Rc<serv::server::Routes>` cannot be sent between threads safely
Dec 02 17:13:41.508 INFO [stderr]    |
Dec 02 17:13:41.509 INFO [stderr]    = help: within `hyper::server::conn::spawn_all::NewSvcTask<hyper::server::conn::AddrStream, tokio::prelude::future::FutureResult<serv::Server, hyper::Error>, serv::Server, hyper::common::exec::Exec, hyper::server::conn::spawn_all::NoopWatcher>`, the trait `std::marker::Send` is not implemented for `std::rc::Rc<serv::server::Routes>`
Dec 02 17:13:41.509 INFO [stderr]    = note: required because it appears within the type `serv::Server`
Dec 02 17:13:41.509 INFO [stderr]    = note: required because it appears within the type `hyper::proto::h2::server::Server<hyper::common::io::rewind::Rewind<hyper::server::conn::AddrStream>, serv::Server, hyper::Body, hyper::common::exec::Exec>`
Dec 02 17:13:41.509 INFO [stderr]    = note: required because it appears within the type `tokio::prelude::future::Either<hyper::proto::h1::dispatch::Dispatcher<hyper::proto::h1::dispatch::Server<serv::Server>, hyper::Body, hyper::server::conn::AddrStream, hyper::proto::h1::role::Server>, hyper::proto::h2::server::Server<hyper::common::io::rewind::Rewind<hyper::server::conn::AddrStream>, serv::Server, hyper::Body, hyper::common::exec::Exec>>`
Dec 02 17:13:41.509 INFO [stderr]    = note: required because it appears within the type `std::option::Option<tokio::prelude::future::Either<hyper::proto::h1::dispatch::Dispatcher<hyper::proto::h1::dispatch::Server<serv::Server>, hyper::Body, hyper::server::conn::AddrStream, hyper::proto::h1::role::Server>, hyper::proto::h2::server::Server<hyper::common::io::rewind::Rewind<hyper::server::conn::AddrStream>, serv::Server, hyper::Body, hyper::common::exec::Exec>>>`
Dec 02 17:13:41.509 INFO [stderr]    = note: required because it appears within the type `hyper::server::conn::Connection<hyper::server::conn::AddrStream, serv::Server>`
Dec 02 17:13:41.509 INFO [stderr]    = note: required because it appears within the type `hyper::server::conn::upgrades::UpgradeableConnection<hyper::server::conn::AddrStream, serv::Server, hyper::common::exec::Exec>`
Dec 02 17:13:41.509 INFO [stderr]    = note: required because it appears within the type `hyper::server::conn::spawn_all::State<hyper::server::conn::AddrStream, tokio::prelude::future::FutureResult<serv::Server, hyper::Error>, serv::Server, hyper::common::exec::Exec, hyper::server::conn::spawn_all::NoopWatcher>`
Dec 02 17:13:41.509 INFO [stderr]    = note: required because it appears within the type `hyper::server::conn::spawn_all::NewSvcTask<hyper::server::conn::AddrStream, tokio::prelude::future::FutureResult<serv::Server, hyper::Error>, serv::Server, hyper::common::exec::Exec, hyper::server::conn::spawn_all::NoopWatcher>`
Dec 02 17:13:41.509 INFO [stderr]    = note: required because of the requirements on the impl of `hyper::common::exec::NewSvcExec<hyper::server::conn::AddrStream, tokio::prelude::future::FutureResult<serv::Server, hyper::Error>, serv::Server, hyper::common::exec::Exec, hyper::server::conn::spawn_all::NoopWatcher>` for `hyper::common::exec::Exec`
Dec 02 17:13:41.509 INFO [stderr] 
Dec 02 17:13:41.531 INFO [stderr] error[E0277]: `(dyn hyper::rt::Future<Item=hyper::Response<hyper::Body>, Error=hyper::Error> + 'static)` cannot be sent between threads safely
Dec 02 17:13:41.531 INFO [stderr]   --> examples/hello.rs:28:10
Dec 02 17:13:41.531 INFO [stderr]    |
Dec 02 17:13:41.532 INFO [stderr] 28 |         .serve(move || Ok::<_, hyper::Error>(server.clone()))
Dec 02 17:13:41.532 INFO [stderr]    |          ^^^^^ `(dyn hyper::rt::Future<Item=hyper::Response<hyper::Body>, Error=hyper::Error> + 'static)` cannot be sent between threads safely
Dec 02 17:13:41.532 INFO [stderr]    |
Dec 02 17:13:41.532 INFO [stderr]    = help: the trait `std::marker::Send` is not implemented for `(dyn hyper::rt::Future<Item=hyper::Response<hyper::Body>, Error=hyper::Error> + 'static)`
Dec 02 17:13:41.533 INFO [stderr]    = note: required because of the requirements on the impl of `std::marker::Send` for `std::ptr::Unique<(dyn hyper::rt::Future<Item=hyper::Response<hyper::Body>, Error=hyper::Error> + 'static)>`
Dec 02 17:13:41.533 INFO [stderr]    = note: required because it appears within the type `std::boxed::Box<(dyn hyper::rt::Future<Item=hyper::Response<hyper::Body>, Error=hyper::Error> + 'static)>`
Dec 02 17:13:41.533 INFO [stderr]    = note: required because it appears within the type `hyper::proto::h2::server::H2StreamState<std::boxed::Box<(dyn hyper::rt::Future<Item=hyper::Response<hyper::Body>, Error=hyper::Error> + 'static)>, hyper::Body>`
Dec 02 17:13:41.533 INFO [stderr]    = note: required because it appears within the type `hyper::proto::h2::server::H2Stream<std::boxed::Box<(dyn hyper::rt::Future<Item=hyper::Response<hyper::Body>, Error=hyper::Error> + 'static)>, hyper::Body>`
Dec 02 17:13:41.533 INFO [stderr]    = note: required because of the requirements on the impl of `hyper::common::exec::H2Exec<std::boxed::Box<(dyn hyper::rt::Future<Item=hyper::Response<hyper::Body>, Error=hyper::Error> + 'static)>, hyper::Body>` for `hyper::common::exec::Exec`
Dec 02 17:13:41.533 INFO [stderr] 
Dec 02 17:13:41.779 INFO [stderr] error[E0599]: no method named `map_err` found for type `hyper::Server<hyper::server::conn::AddrIncoming, [closure@examples/hello.rs:28:16: 28:61 server:_]>` in the current scope
Dec 02 17:13:41.779 INFO [stderr]   --> examples/hello.rs:29:10
Dec 02 17:13:41.779 INFO [stderr]    |
Dec 02 17:13:41.779 INFO [stderr] 29 |         .map_err(|e| eprintln!("failed to serve: {:?}", e));
Dec 02 17:13:41.779 INFO [stderr]    |          ^^^^^^^
Dec 02 17:13:41.779 INFO [stderr]    |
Dec 02 17:13:41.779 INFO [stderr]    = note: the method `map_err` exists but the following trait bounds were not satisfied:
Dec 02 17:13:41.779 INFO [stderr]            `hyper::Server<hyper::server::conn::AddrIncoming, [closure@examples/hello.rs:28:16: 28:61 server:_]> : hyper::rt::Future`
Dec 02 17:13:41.779 INFO [stderr]            `&mut hyper::Server<hyper::server::conn::AddrIncoming, [closure@examples/hello.rs:28:16: 28:61 server:_]> : hyper::rt::Future`
Dec 02 17:13:41.779 INFO [stderr] 
Dec 02 17:13:41.823 INFO [stderr] error: aborting due to 3 previous errors
Dec 02 17:13:41.823 INFO [stderr] 
Dec 02 17:13:41.823 INFO [stderr] Some errors occurred: E0277, E0599.
Dec 02 17:13:41.823 INFO [stderr] For more information about an error, try `rustc --explain E0277`.
Dec 02 17:13:41.859 INFO [stderr] error: Could not compile `serv`.
Dec 02 17:13:41.859 INFO [stderr] warning: build failed, waiting for other jobs to finish...
Dec 02 17:13:42.289 INFO [stderr] error[E0277]: `std::rc::Rc<serv::server::Routes>` cannot be sent between threads safely
Dec 02 17:13:42.289 INFO [stderr]   --> examples/hello_async.rs:36:10
Dec 02 17:13:42.289 INFO [stderr]    |
Dec 02 17:13:42.289 INFO [stderr] 36 |         .serve(move || Ok::<_, hyper::Error>(server.clone()))
Dec 02 17:13:42.289 INFO [stderr]    |          ^^^^^ `std::rc::Rc<serv::server::Routes>` cannot be sent between threads safely
Dec 02 17:13:42.289 INFO [stderr]    |
Dec 02 17:13:42.289 INFO [stderr]    = help: within `hyper::server::conn::spawn_all::NewSvcTask<hyper::server::conn::AddrStream, tokio::prelude::future::FutureResult<serv::Server, hyper::Error>, serv::Server, hyper::common::exec::Exec, hyper::server::conn::spawn_all::NoopWatcher>`, the trait `std::marker::Send` is not implemented for `std::rc::Rc<serv::server::Routes>`
Dec 02 17:13:42.289 INFO [stderr]    = note: required because it appears within the type `serv::Server`
Dec 02 17:13:42.289 INFO [stderr]    = note: required because it appears within the type `hyper::proto::h2::server::Server<hyper::common::io::rewind::Rewind<hyper::server::conn::AddrStream>, serv::Server, hyper::Body, hyper::common::exec::Exec>`
Dec 02 17:13:42.289 INFO [stderr]    = note: required because it appears within the type `tokio::prelude::future::Either<hyper::proto::h1::dispatch::Dispatcher<hyper::proto::h1::dispatch::Server<serv::Server>, hyper::Body, hyper::server::conn::AddrStream, hyper::proto::h1::role::Server>, hyper::proto::h2::server::Server<hyper::common::io::rewind::Rewind<hyper::server::conn::AddrStream>, serv::Server, hyper::Body, hyper::common::exec::Exec>>`
Dec 02 17:13:42.289 INFO [stderr]    = note: required because it appears within the type `std::option::Option<tokio::prelude::future::Either<hyper::proto::h1::dispatch::Dispatcher<hyper::proto::h1::dispatch::Server<serv::Server>, hyper::Body, hyper::server::conn::AddrStream, hyper::proto::h1::role::Server>, hyper::proto::h2::server::Server<hyper::common::io::rewind::Rewind<hyper::server::conn::AddrStream>, serv::Server, hyper::Body, hyper::common::exec::Exec>>>`
Dec 02 17:13:42.289 INFO [stderr]    = note: required because it appears within the type `hyper::server::conn::Connection<hyper::server::conn::AddrStream, serv::Server>`
Dec 02 17:13:42.289 INFO [stderr]    = note: required because it appears within the type `hyper::server::conn::upgrades::UpgradeableConnection<hyper::server::conn::AddrStream, serv::Server, hyper::common::exec::Exec>`
Dec 02 17:13:42.289 INFO [stderr]    = note: required because it appears within the type `hyper::server::conn::spawn_all::State<hyper::server::conn::AddrStream, tokio::prelude::future::FutureResult<serv::Server, hyper::Error>, serv::Server, hyper::common::exec::Exec, hyper::server::conn::spawn_all::NoopWatcher>`
Dec 02 17:13:42.289 INFO [stderr]    = note: required because it appears within the type `hyper::server::conn::spawn_all::NewSvcTask<hyper::server::conn::AddrStream, tokio::prelude::future::FutureResult<serv::Server, hyper::Error>, serv::Server, hyper::common::exec::Exec, hyper::server::conn::spawn_all::NoopWatcher>`
Dec 02 17:13:42.289 INFO [stderr]    = note: required because of the requirements on the impl of `hyper::common::exec::NewSvcExec<hyper::server::conn::AddrStream, tokio::prelude::future::FutureResult<serv::Server, hyper::Error>, serv::Server, hyper::common::exec::Exec, hyper::server::conn::spawn_all::NoopWatcher>` for `hyper::common::exec::Exec`
Dec 02 17:13:42.289 INFO [stderr] 
Dec 02 17:13:42.289 INFO [stderr] error[E0277]: `(dyn hyper::rt::Future<Item=hyper::Response<hyper::Body>, Error=hyper::Error> + 'static)` cannot be sent between threads safely
Dec 02 17:13:42.289 INFO [stderr]   --> examples/hello_async.rs:36:10
Dec 02 17:13:42.289 INFO [stderr]    |
Dec 02 17:13:42.289 INFO [stderr] 36 |         .serve(move || Ok::<_, hyper::Error>(server.clone()))
Dec 02 17:13:42.289 INFO [stderr]    |          ^^^^^ `(dyn hyper::rt::Future<Item=hyper::Response<hyper::Body>, Error=hyper::Error> + 'static)` cannot be sent between threads safely
Dec 02 17:13:42.289 INFO [stderr]    |
Dec 02 17:13:42.289 INFO [stderr]    = help: the trait `std::marker::Send` is not implemented for `(dyn hyper::rt::Future<Item=hyper::Response<hyper::Body>, Error=hyper::Error> + 'static)`
Dec 02 17:13:42.289 INFO [stderr]    = note: required because of the requirements on the impl of `std::marker::Send` for `std::ptr::Unique<(dyn hyper::rt::Future<Item=hyper::Response<hyper::Body>, Error=hyper::Error> + 'static)>`
Dec 02 17:13:42.289 INFO [stderr]    = note: required because it appears within the type `std::boxed::Box<(dyn hyper::rt::Future<Item=hyper::Response<hyper::Body>, Error=hyper::Error> + 'static)>`
Dec 02 17:13:42.289 INFO [stderr]    = note: required because it appears within the type `hyper::proto::h2::server::H2StreamState<std::boxed::Box<(dyn hyper::rt::Future<Item=hyper::Response<hyper::Body>, Error=hyper::Error> + 'static)>, hyper::Body>`
Dec 02 17:13:42.289 INFO [stderr]    = note: required because it appears within the type `hyper::proto::h2::server::H2Stream<std::boxed::Box<(dyn hyper::rt::Future<Item=hyper::Response<hyper::Body>, Error=hyper::Error> + 'static)>, hyper::Body>`
Dec 02 17:13:42.289 INFO [stderr]    = note: required because of the requirements on the impl of `hyper::common::exec::H2Exec<std::boxed::Box<(dyn hyper::rt::Future<Item=hyper::Response<hyper::Body>, Error=hyper::Error> + 'static)>, hyper::Body>` for `hyper::common::exec::Exec`
Dec 02 17:13:42.289 INFO [stderr] 
Dec 02 17:13:42.367 INFO [stderr] error[E0599]: no method named `map_err` found for type `hyper::Server<hyper::server::conn::AddrIncoming, [closure@examples/hello_async.rs:36:16: 36:61 server:_]>` in the current scope
Dec 02 17:13:42.367 INFO [stderr]   --> examples/hello_async.rs:37:10
Dec 02 17:13:42.367 INFO [stderr]    |
Dec 02 17:13:42.367 INFO [stderr] 37 |         .map_err(|e| eprintln!("failed to serve: {:?}", e));
Dec 02 17:13:42.367 INFO [stderr]    |          ^^^^^^^
Dec 02 17:13:42.367 INFO [stderr]    |
Dec 02 17:13:42.367 INFO [stderr]    = note: the method `map_err` exists but the following trait bounds were not satisfied:
Dec 02 17:13:42.367 INFO [stderr]            `hyper::Server<hyper::server::conn::AddrIncoming, [closure@examples/hello_async.rs:36:16: 36:61 server:_]> : hyper::rt::Future`
Dec 02 17:13:42.367 INFO [stderr]            `&mut hyper::Server<hyper::server::conn::AddrIncoming, [closure@examples/hello_async.rs:36:16: 36:61 server:_]> : hyper::rt::Future`
Dec 02 17:13:42.367 INFO [stderr] 
Dec 02 17:13:42.391 INFO [stderr] error: aborting due to 3 previous errors
Dec 02 17:13:42.391 INFO [stderr] 
Dec 02 17:13:42.391 INFO [stderr] Some errors occurred: E0277, E0599.
Dec 02 17:13:42.391 INFO [stderr] For more information about an error, try `rustc --explain E0277`.
Dec 02 17:13:42.423 INFO [stderr] error: Could not compile `serv`.
Dec 02 17:13:42.423 INFO [stderr] 
Dec 02 17:13:42.423 INFO [stderr] To learn more, run the command again with --verbose.
Dec 02 17:13:42.423 INFO [stderr] su: No module specific data is present
Dec 02 17:13:43.411 INFO running `"docker" "inspect" "4d68e250ad8ae2d01d726588ebc5fa97f61ed8610f9a76882d478f9a5e2e4dd0"`
Dec 02 17:13:43.804 INFO running `"docker" "rm" "-f" "4d68e250ad8ae2d01d726588ebc5fa97f61ed8610f9a76882d478f9a5e2e4dd0"`
Dec 02 17:13:44.046 INFO [stdout] 4d68e250ad8ae2d01d726588ebc5fa97f61ed8610f9a76882d478f9a5e2e4dd0
