Dec 02 18:00:22.737 INFO testing saikou-0.1.1 against 1.30.1 for beta-1.31-5
Dec 02 18:00:22.737 INFO running `"docker" "create" "-v" "/mnt/big/crater/work/local/target-dirs/beta-1.31-5/worker-7/1.30.1:/target:rw,Z" "-v" "/mnt/big/crater/work/local/test-source/worker-7/beta-1.31-5/1.30.1:/source:ro,Z" "-v" "/mnt/big/crater/work/local/cargo-home:/cargo-home:ro,Z" "-v" "/mnt/big/crater/work/local/rustup-home:/rustup-home:ro,Z" "-e" "USER_ID=1000" "-e" "SOURCE_DIR=/source" "-e" "USER_ID=1000" "-e" "CMD=cargo +1.30.1 build --frozen" "-e" "CARGO_TARGET_DIR=/target" "-e" "CARGO_INCREMENTAL=0" "-e" "RUST_BACKTRACE=full" "-e" "RUSTFLAGS=--cap-lints=warn" "-e" "CARGO_HOME=/cargo-home" "-e" "RUSTUP_HOME=/rustup-home" "-m" "1536M" "--network" "none" "crater"`
Dec 02 18:00:23.224 INFO [stdout] e125889f425dd3024bafd1aed66da73140c5b742a69822ff9ce2847f6d4df24b
Dec 02 18:00:23.226 INFO running `"docker" "start" "-a" "e125889f425dd3024bafd1aed66da73140c5b742a69822ff9ce2847f6d4df24b"`
Dec 02 18:00:24.786 INFO [stderr] usermod: no changes
Dec 02 18:00:24.827 INFO [stderr] warning: only one of `license` or `license-file` is necessary
Dec 02 18:00:25.195 INFO [stderr]    Compiling nodrop v0.1.13
Dec 02 18:00:25.215 INFO [stderr]    Compiling mac v0.1.1
Dec 02 18:00:25.216 INFO [stderr]    Compiling utf-8 v0.7.4
Dec 02 18:00:25.216 INFO [stderr]    Compiling scoped-tls v0.1.2
Dec 02 18:00:25.218 INFO [stderr]    Compiling slab v0.3.0
Dec 02 18:00:25.218 INFO [stderr]    Compiling try-lock v0.1.0
Dec 02 18:00:25.218 INFO [stderr]    Compiling take v0.1.0
Dec 02 18:00:25.219 INFO [stderr]    Compiling smallvec v0.2.1
Dec 02 18:00:28.695 INFO [stderr]    Compiling ego-tree v0.3.0
Dec 02 18:00:29.749 INFO [stderr]    Compiling rand_xorshift v0.1.0
Dec 02 18:00:30.011 INFO [stderr]    Compiling rand_hc v0.1.0
Dec 02 18:00:30.179 INFO [stderr]    Compiling rand_isaac v0.1.1
Dec 02 18:00:30.719 INFO [stderr]    Compiling owning_ref v0.4.0
Dec 02 18:00:31.337 INFO [stderr]    Compiling tokio-service v0.1.0
Dec 02 18:00:31.434 INFO [stderr]    Compiling relay v0.1.1
Dec 02 18:00:31.539 INFO [stderr]    Compiling dtoa-short v0.3.2
Dec 02 18:00:34.143 INFO [stderr]    Compiling arrayvec v0.4.8
Dec 02 18:00:34.167 INFO [stderr]    Compiling servo_arc v0.1.1
Dec 02 18:00:34.831 INFO [stderr]    Compiling want v0.0.4
Dec 02 18:00:34.843 INFO [stderr]    Compiling tokio-current-thread v0.1.4
Dec 02 18:00:35.655 INFO [stderr]    Compiling tokio-timer v0.2.8
Dec 02 18:00:36.495 INFO [stderr]    Compiling net2 v0.2.33
Dec 02 18:00:36.524 INFO [stderr]    Compiling futf v0.1.4
Dec 02 18:00:36.552 INFO [stderr]    Compiling syn v0.13.11
Dec 02 18:00:40.689 INFO [stderr]    Compiling lock_api v0.1.5
Dec 02 18:00:41.156 INFO [stderr]    Compiling unicase v2.2.0
Dec 02 18:00:44.128 INFO [stderr]    Compiling futures-cpupool v0.1.8
Dec 02 18:00:45.504 INFO [stderr]    Compiling openssl v0.9.24
Dec 02 18:00:45.663 INFO [stderr]    Compiling crossbeam-epoch v0.6.1
Dec 02 18:00:46.329 INFO [stderr]    Compiling tendril v0.4.0
Dec 02 18:00:46.347 INFO [stderr]    Compiling rand_chacha v0.1.0
Dec 02 18:00:46.811 INFO [stderr]    Compiling rand_pcg v0.1.1
Dec 02 18:00:49.987 INFO [stderr]    Compiling parking_lot_core v0.3.1
Dec 02 18:00:52.023 INFO [stderr]    Compiling tokio-io v0.1.10
Dec 02 18:00:52.037 INFO [stderr]    Compiling mio v0.6.16
Dec 02 18:00:52.037 INFO [stderr]    Compiling rand v0.6.1
Dec 02 18:00:52.041 INFO [stderr]    Compiling crossbeam-deque v0.6.2
Dec 02 18:00:52.551 INFO [stderr]    Compiling selectors v0.19.0
Dec 02 18:00:59.275 INFO [stderr]    Compiling mime v0.3.12
Dec 02 18:00:59.283 INFO [stderr]    Compiling parking_lot v0.6.4
Dec 02 18:00:59.283 INFO [stderr]    Compiling tokio-codec v0.1.1
Dec 02 18:01:00.179 INFO [stderr]    Compiling string_cache v0.7.3
Dec 02 18:01:03.779 INFO [stderr]    Compiling mio-uds v0.6.7
Dec 02 18:01:03.799 INFO [stderr]    Compiling tokio-reactor v0.1.7
Dec 02 18:01:03.847 INFO [stderr]    Compiling tokio-threadpool v0.1.9
Dec 02 18:01:03.879 INFO [stderr]    Compiling markup5ever v0.7.3
Dec 02 18:01:04.335 INFO [stderr]    Compiling native-tls v0.1.5
Dec 02 18:01:12.359 INFO [stderr]    Compiling tokio-uds v0.2.4
Dec 02 18:01:12.365 INFO [stderr]    Compiling tokio-udp v0.1.3
Dec 02 18:01:12.471 INFO [stderr]    Compiling tokio-tcp v0.1.2
Dec 02 18:01:12.655 INFO [stderr]    Compiling cssparser v0.23.10
Dec 02 18:01:12.739 INFO [stderr]    Compiling tokio-fs v0.1.4
Dec 02 18:01:16.575 INFO [stderr]    Compiling html5ever v0.22.5
Dec 02 18:01:21.089 INFO [stderr]    Compiling tokio v0.1.13
Dec 02 18:01:22.967 INFO [stderr] error[E0433]: failed to resolve. Could not find `Pat` in `syn`
Dec 02 18:01:22.967 INFO [stderr]   --> /cargo-home/registry/src/github.com-1ecc6299db9ec823/cssparser-0.23.10/build/match_byte.rs:89:23
Dec 02 18:01:22.967 INFO [stderr]    |
Dec 02 18:01:22.967 INFO [stderr] 89 |                 &syn::Pat::Lit(syn::PatLit{ref expr}) => {
Dec 02 18:01:22.967 INFO [stderr]    |                       ^^^ Could not find `Pat` in `syn`
Dec 02 18:01:22.967 INFO [stderr] 
Dec 02 18:01:22.967 INFO [stderr] error[E0433]: failed to resolve. Could not find `Pat` in `syn`
Dec 02 18:01:22.967 INFO [stderr]   --> /cargo-home/registry/src/github.com-1ecc6299db9ec823/cssparser-0.23.10/build/match_byte.rs:95:23
Dec 02 18:01:22.967 INFO [stderr]    |
Dec 02 18:01:22.967 INFO [stderr] 95 |                 &syn::Pat::Range(syn::PatRange { ref lo, ref hi, .. }) => {
Dec 02 18:01:22.967 INFO [stderr]    |                       ^^^ Could not find `Pat` in `syn`
Dec 02 18:01:22.967 INFO [stderr] 
Dec 02 18:01:22.967 INFO [stderr] error[E0433]: failed to resolve. Could not find `Pat` in `syn`
Dec 02 18:01:22.967 INFO [stderr]    --> /cargo-home/registry/src/github.com-1ecc6299db9ec823/cssparser-0.23.10/build/match_byte.rs:107:23
Dec 02 18:01:22.967 INFO [stderr]     |
Dec 02 18:01:22.967 INFO [stderr] 107 |                 &syn::Pat::Wild(_) => {
Dec 02 18:01:22.967 INFO [stderr]     |                       ^^^ Could not find `Pat` in `syn`
Dec 02 18:01:22.967 INFO [stderr] 
Dec 02 18:01:22.967 INFO [stderr] error[E0433]: failed to resolve. Could not find `Pat` in `syn`
Dec 02 18:01:22.967 INFO [stderr]    --> /cargo-home/registry/src/github.com-1ecc6299db9ec823/cssparser-0.23.10/build/match_byte.rs:114:23
Dec 02 18:01:22.967 INFO [stderr]     |
Dec 02 18:01:22.967 INFO [stderr] 114 |                 &syn::Pat::Ident(syn::PatIdent { ident, .. }) => {
Dec 02 18:01:22.967 INFO [stderr]     |                       ^^^ Could not find `Pat` in `syn`
Dec 02 18:01:22.967 INFO [stderr] 
Dec 02 18:01:22.967 INFO [stderr] error[E0407]: method `fold_stmt` is not a member of trait `Fold`
Dec 02 18:01:22.967 INFO [stderr]    --> /cargo-home/registry/src/github.com-1ecc6299db9ec823/cssparser-0.23.10/build/match_byte.rs:153:5
Dec 02 18:01:22.967 INFO [stderr]     |
Dec 02 18:01:22.967 INFO [stderr] 153 | /     fn fold_stmt(&mut self, stmt: syn::Stmt) -> syn::Stmt {
Dec 02 18:01:22.967 INFO [stderr] 154 | |         match stmt {
Dec 02 18:01:22.967 INFO [stderr] 155 | |             syn::Stmt::Item(syn::Item::Macro(syn::ItemMacro{ ref mac, .. })) => {
Dec 02 18:01:22.967 INFO [stderr] 156 | |                 if mac.path == parse_quote!(match_byte) {
Dec 02 18:01:22.967 INFO [stderr] ...   |
Dec 02 18:01:22.967 INFO [stderr] 163 | |         syn::fold::fold_stmt(self, stmt)
Dec 02 18:01:22.967 INFO [stderr] 164 | |     }
Dec 02 18:01:22.967 INFO [stderr]     | |_____^ not a member of trait `Fold`
Dec 02 18:01:22.967 INFO [stderr] 
Dec 02 18:01:22.987 INFO [stderr] error[E0433]: failed to resolve. Could not find `Stmt` in `syn`
Dec 02 18:01:22.987 INFO [stderr]    --> /cargo-home/registry/src/github.com-1ecc6299db9ec823/cssparser-0.23.10/build/match_byte.rs:155:18
Dec 02 18:01:22.987 INFO [stderr]     |
Dec 02 18:01:22.987 INFO [stderr] 155 |             syn::Stmt::Item(syn::Item::Macro(syn::ItemMacro{ ref mac, .. })) => {
Dec 02 18:01:22.987 INFO [stderr]     |                  ^^^^ Could not find `Stmt` in `syn`
Dec 02 18:01:22.987 INFO [stderr] 
Dec 02 18:01:22.987 INFO [stderr] error[E0433]: failed to resolve. Could not find `Item` in `syn`
Dec 02 18:01:22.987 INFO [stderr]    --> /cargo-home/registry/src/github.com-1ecc6299db9ec823/cssparser-0.23.10/build/match_byte.rs:155:34
Dec 02 18:01:22.987 INFO [stderr]     |
Dec 02 18:01:22.987 INFO [stderr] 155 |             syn::Stmt::Item(syn::Item::Macro(syn::ItemMacro{ ref mac, .. })) => {
Dec 02 18:01:22.987 INFO [stderr]     |                                  ^^^^ Could not find `Item` in `syn`
Dec 02 18:01:22.987 INFO [stderr] 
Dec 02 18:01:22.987 INFO [stderr] error[E0433]: failed to resolve. Could not find `Stmt` in `syn`
Dec 02 18:01:22.987 INFO [stderr]    --> /cargo-home/registry/src/github.com-1ecc6299db9ec823/cssparser-0.23.10/build/match_byte.rs:157:60
Dec 02 18:01:22.987 INFO [stderr]     |
Dec 02 18:01:22.987 INFO [stderr] 157 |                     return syn::fold::fold_stmt(self, syn::Stmt::Expr(expand_match_byte(&mac.tts)))
Dec 02 18:01:22.987 INFO [stderr]     |                                                            ^^^^ Could not find `Stmt` in `syn`
Dec 02 18:01:22.987 INFO [stderr] 
Dec 02 18:01:22.991 INFO [stderr] error[E0423]: expected function, found macro `syn::parse_file`
Dec 02 18:01:22.991 INFO [stderr]   --> /cargo-home/registry/src/github.com-1ecc6299db9ec823/cssparser-0.23.10/build/match_byte.rs:20:15
Dec 02 18:01:22.991 INFO [stderr]    |
Dec 02 18:01:22.991 INFO [stderr] 20 |     let ast = syn::parse_file(&source).expect("Parsing rules.rs module");
Dec 02 18:01:22.991 INFO [stderr]    |               ^^^^^^^^^^^^^^^ did you mean `syn::parse_file!(...)`?
Dec 02 18:01:22.991 INFO [stderr] 
Dec 02 18:01:22.991 INFO [stderr] error[E0573]: expected type, found macro `syn::Arm`
Dec 02 18:01:22.991 INFO [stderr]   --> /cargo-home/registry/src/github.com-1ecc6299db9ec823/cssparser-0.23.10/build/match_byte.rs:30:15
Dec 02 18:01:22.991 INFO [stderr]    |
Dec 02 18:01:22.991 INFO [stderr] 30 |     arms: Vec<syn::Arm>,
Dec 02 18:01:22.991 INFO [stderr]    |               ^^^^^^^^ did you mean `syn::Arm!(...)`?
Dec 02 18:01:22.991 INFO [stderr] 
Dec 02 18:01:22.991 INFO [stderr] error[E0573]: expected type, found macro `syn::Arm`
Dec 02 18:01:22.991 INFO [stderr]   --> /cargo-home/registry/src/github.com-1ecc6299db9ec823/cssparser-0.23.10/build/match_byte.rs:37:27
Dec 02 18:01:22.991 INFO [stderr]    |
Dec 02 18:01:22.991 INFO [stderr] 37 |         arms: many0!(syn!(syn::Arm)) >> (
Dec 02 18:01:22.991 INFO [stderr]    |                           ^^^^^^^^ did you mean `syn::Arm!(...)`?
Dec 02 18:01:22.991 INFO [stderr] 
Dec 02 18:01:22.991 INFO [stderr] error[E0574]: expected struct, variant or union type, found macro `syn::PatLit`
Dec 02 18:01:22.991 INFO [stderr]   --> /cargo-home/registry/src/github.com-1ecc6299db9ec823/cssparser-0.23.10/build/match_byte.rs:89:32
Dec 02 18:01:22.991 INFO [stderr]    |
Dec 02 18:01:22.991 INFO [stderr] 89 |                 &syn::Pat::Lit(syn::PatLit{ref expr}) => {
Dec 02 18:01:22.991 INFO [stderr]    |                                ^^^^^^^^^^^ did you mean `syn::PatLit!(...)`?
Dec 02 18:01:22.991 INFO [stderr] 
Dec 02 18:01:22.991 INFO [stderr] error[E0574]: expected struct, variant or union type, found macro `syn::PatRange`
Dec 02 18:01:22.991 INFO [stderr]   --> /cargo-home/registry/src/github.com-1ecc6299db9ec823/cssparser-0.23.10/build/match_byte.rs:95:34
Dec 02 18:01:22.991 INFO [stderr]    |
Dec 02 18:01:22.991 INFO [stderr] 95 |                 &syn::Pat::Range(syn::PatRange { ref lo, ref hi, .. }) => {
Dec 02 18:01:22.991 INFO [stderr]    |                                  ^^^^^^^^^^^^^ did you mean `syn::PatRange!(...)`?
Dec 02 18:01:22.991 INFO [stderr] 
Dec 02 18:01:22.991 INFO [stderr] error[E0574]: expected struct, variant or union type, found macro `syn::PatIdent`
Dec 02 18:01:22.991 INFO [stderr]    --> /cargo-home/registry/src/github.com-1ecc6299db9ec823/cssparser-0.23.10/build/match_byte.rs:114:34
Dec 02 18:01:22.991 INFO [stderr]     |
Dec 02 18:01:22.991 INFO [stderr] 114 |                 &syn::Pat::Ident(syn::PatIdent { ident, .. }) => {
Dec 02 18:01:22.991 INFO [stderr]     |                                  ^^^^^^^^^^^^^ did you mean `syn::PatIdent!(...)`?
Dec 02 18:01:22.991 INFO [stderr] 
Dec 02 18:01:22.991 INFO [stderr] error[E0573]: expected type, found macro `syn::Stmt`
Dec 02 18:01:22.991 INFO [stderr]    --> /cargo-home/registry/src/github.com-1ecc6299db9ec823/cssparser-0.23.10/build/match_byte.rs:153:35
Dec 02 18:01:22.991 INFO [stderr]     |
Dec 02 18:01:22.991 INFO [stderr] 153 |     fn fold_stmt(&mut self, stmt: syn::Stmt) -> syn::Stmt {
Dec 02 18:01:22.991 INFO [stderr]     |                                   ^^^^^^^^^ did you mean `syn::Stmt!(...)`?
Dec 02 18:01:22.991 INFO [stderr] 
Dec 02 18:01:22.991 INFO [stderr] error[E0573]: expected type, found macro `syn::Stmt`
Dec 02 18:01:22.991 INFO [stderr]    --> /cargo-home/registry/src/github.com-1ecc6299db9ec823/cssparser-0.23.10/build/match_byte.rs:153:49
Dec 02 18:01:22.991 INFO [stderr]     |
Dec 02 18:01:22.991 INFO [stderr] 153 |     fn fold_stmt(&mut self, stmt: syn::Stmt) -> syn::Stmt {
Dec 02 18:01:22.991 INFO [stderr]     |                                                 ^^^^^^^^^ did you mean `syn::Stmt!(...)`?
Dec 02 18:01:22.991 INFO [stderr] 
Dec 02 18:01:22.991 INFO [stderr] error[E0574]: expected struct, variant or union type, found macro `syn::ItemMacro`
Dec 02 18:01:22.991 INFO [stderr]    --> /cargo-home/registry/src/github.com-1ecc6299db9ec823/cssparser-0.23.10/build/match_byte.rs:155:46
Dec 02 18:01:22.991 INFO [stderr]     |
Dec 02 18:01:22.991 INFO [stderr] 155 |             syn::Stmt::Item(syn::Item::Macro(syn::ItemMacro{ ref mac, .. })) => {
Dec 02 18:01:22.991 INFO [stderr]     |                                              ^^^^^^^^^^^^^^ did you mean `syn::ItemMacro!(...)`?
Dec 02 18:01:22.991 INFO [stderr] 
Dec 02 18:01:22.991 INFO [stderr] error[E0423]: expected function, found macro `syn::fold::fold_stmt`
Dec 02 18:01:22.991 INFO [stderr]    --> /cargo-home/registry/src/github.com-1ecc6299db9ec823/cssparser-0.23.10/build/match_byte.rs:157:28
Dec 02 18:01:22.991 INFO [stderr]     |
Dec 02 18:01:22.991 INFO [stderr] 157 |                     return syn::fold::fold_stmt(self, syn::Stmt::Expr(expand_match_byte(&mac.tts)))
Dec 02 18:01:22.991 INFO [stderr]     |                            ^^^^^^^^^^^---------
Dec 02 18:01:22.991 INFO [stderr]     |                            |          |
Dec 02 18:01:22.991 INFO [stderr]     |                            |          did you mean `fold_lit`?
Dec 02 18:01:22.991 INFO [stderr]     |                            did you mean `syn::fold::fold_stmt!(...)`?
Dec 02 18:01:22.991 INFO [stderr] 
Dec 02 18:01:22.991 INFO [stderr] error[E0423]: expected function, found macro `syn::fold::fold_stmt`
Dec 02 18:01:22.991 INFO [stderr]    --> /cargo-home/registry/src/github.com-1ecc6299db9ec823/cssparser-0.23.10/build/match_byte.rs:163:9
Dec 02 18:01:22.991 INFO [stderr]     |
Dec 02 18:01:22.991 INFO [stderr] 163 |         syn::fold::fold_stmt(self, stmt)
Dec 02 18:01:22.991 INFO [stderr]     |         ^^^^^^^^^^^---------
Dec 02 18:01:22.991 INFO [stderr]     |         |          |
Dec 02 18:01:22.991 INFO [stderr]     |         |          did you mean `fold_lit`?
Dec 02 18:01:22.991 INFO [stderr]     |         did you mean `syn::fold::fold_stmt!(...)`?
Dec 02 18:01:22.991 INFO [stderr] 
Dec 02 18:01:23.255 INFO [stderr] error[E0599]: no method named `fold_file` found for type `match_byte::MatchByteParser` in the current scope
Dec 02 18:01:23.255 INFO [stderr]   --> /cargo-home/registry/src/github.com-1ecc6299db9ec823/cssparser-0.23.10/build/match_byte.rs:22:17
Dec 02 18:01:23.255 INFO [stderr]    |
Dec 02 18:01:23.255 INFO [stderr] 14 | struct MatchByteParser {
Dec 02 18:01:23.255 INFO [stderr]    | ---------------------- method `fold_file` not found for this
Dec 02 18:01:23.255 INFO [stderr] ...
Dec 02 18:01:23.255 INFO [stderr] 22 |     let ast = m.fold_file(ast);
Dec 02 18:01:23.255 INFO [stderr]    |                 ^^^^^^^^^
Dec 02 18:01:23.267 INFO [stderr] 
Dec 02 18:01:23.283 INFO [stderr] error[E0609]: no field `pats` on type `&_`
Dec 02 18:01:23.283 INFO [stderr]   --> /cargo-home/registry/src/github.com-1ecc6299db9ec823/cssparser-0.23.10/build/match_byte.rs:87:25
Dec 02 18:01:23.283 INFO [stderr]    |
Dec 02 18:01:23.283 INFO [stderr] 87 |         for pat in &arm.pats {
Dec 02 18:01:23.283 INFO [stderr]    |                         ^^^^
Dec 02 18:01:23.283 INFO [stderr] 
Dec 02 18:01:23.367 INFO [stderr] error[E0026]: struct `syn::ExprMacro` does not have a field named `mac`
Dec 02 18:01:23.367 INFO [stderr]    --> /cargo-home/registry/src/github.com-1ecc6299db9ec823/cssparser-0.23.10/build/match_byte.rs:168:46
Dec 02 18:01:23.367 INFO [stderr]     |
Dec 02 18:01:23.367 INFO [stderr] 168 |             syn::Expr::Macro(syn::ExprMacro{ ref mac, .. }) => {
Dec 02 18:01:23.367 INFO [stderr]     |                                              ^^^^^^^ struct `syn::ExprMacro` does not have this field
Dec 02 18:01:23.367 INFO [stderr] 
Dec 02 18:01:23.383 INFO [stderr] error: aborting due to 22 previous errors
Dec 02 18:01:23.395 INFO [stderr] 
Dec 02 18:01:23.395 INFO [stderr] Some errors occurred: E0026, E0407, E0423, E0433, E0573, E0574, E0599, E0609.
Dec 02 18:01:23.395 INFO [stderr] For more information about an error, try `rustc --explain E0026`.
Dec 02 18:01:23.415 INFO [stderr] error: Could not compile `cssparser`.
Dec 02 18:01:23.423 INFO [stderr] warning: build failed, waiting for other jobs to finish...
Dec 02 18:01:27.985 INFO [stderr] error: build failed
Dec 02 18:01:27.988 INFO [stderr] su: No module specific data is present
Dec 02 18:01:29.140 INFO running `"docker" "inspect" "e125889f425dd3024bafd1aed66da73140c5b742a69822ff9ce2847f6d4df24b"`
Dec 02 18:01:29.357 INFO running `"docker" "rm" "-f" "e125889f425dd3024bafd1aed66da73140c5b742a69822ff9ce2847f6d4df24b"`
Dec 02 18:01:29.690 INFO [stdout] e125889f425dd3024bafd1aed66da73140c5b742a69822ff9ce2847f6d4df24b
