Dec 02 19:50:36.577 INFO testing rowdy-0.0.8 against 1.30.1 for beta-1.31-5
Dec 02 19:50:36.577 INFO running `"docker" "create" "-v" "/mnt/big/crater/work/local/target-dirs/beta-1.31-5/worker-0/1.30.1:/target:rw,Z" "-v" "/mnt/big/crater/work/local/test-source/worker-0/beta-1.31-5/1.30.1:/source:ro,Z" "-v" "/mnt/big/crater/work/local/cargo-home:/cargo-home:ro,Z" "-v" "/mnt/big/crater/work/local/rustup-home:/rustup-home:ro,Z" "-e" "USER_ID=1000" "-e" "SOURCE_DIR=/source" "-e" "USER_ID=1000" "-e" "CMD=cargo +1.30.1 build --frozen" "-e" "CARGO_TARGET_DIR=/target" "-e" "CARGO_INCREMENTAL=0" "-e" "RUST_BACKTRACE=full" "-e" "RUSTFLAGS=--cap-lints=warn" "-e" "CARGO_HOME=/cargo-home" "-e" "RUSTUP_HOME=/rustup-home" "-m" "1536M" "--network" "none" "crater"`
Dec 02 19:50:36.996 INFO [stdout] a8f50e67259e423d759a4f411070a67afc9f8cb28ebff40920832e96d28f7a63
Dec 02 19:50:36.999 INFO running `"docker" "start" "-a" "a8f50e67259e423d759a4f411070a67afc9f8cb28ebff40920832e96d28f7a63"`
Dec 02 19:50:37.740 INFO [stderr] usermod: no changes
Dec 02 19:50:38.051 INFO [stderr]    Compiling ansi_term v0.9.0
Dec 02 19:50:38.052 INFO [stderr]    Compiling uuid v0.4.0
Dec 02 19:50:38.054 INFO [stderr]    Compiling blake2-rfc v0.2.18
Dec 02 19:50:38.060 INFO [stderr]    Compiling pear_codegen v0.0.20
Dec 02 19:50:38.060 INFO [stderr]    Compiling rocket v0.3.17
Dec 02 19:50:38.060 INFO [stderr]    Compiling rocket_codegen v0.3.17
Dec 02 19:50:38.061 INFO [stderr]    Compiling isatty v0.1.9
Dec 02 19:50:38.063 INFO [stderr]    Compiling toml v0.4.9
Dec 02 19:50:38.307 INFO [stderr] error: failed to run custom build command for `rocket_codegen v0.3.17`
Dec 02 19:50:38.307 INFO [stderr] process didn't exit successfully: `/target/debug/build/rocket_codegen-c5232cdd0a7a7f0a/build-script-build` (exit code: 101)
Dec 02 19:50:38.307 INFO [stderr] --- stderr
Dec 02 19:50:38.307 INFO [stderr] [1;31mError:[0m [37mRocket requires a nightly or dev version of Rust.[0m
Dec 02 19:50:38.307 INFO [stderr] [37mInstalled version is:[0m [33m1.30.1 (2018-11-07)[0m. [37mMinimum required:[0m [33m1.30.0-nightly (2018-08-23)[0m.
Dec 02 19:50:38.307 INFO [stderr] [34mSee the getting started guide ([0m[37mhttps://rocket.rs/guide/getting-started/[0m[34m) for more information.[0m
Dec 02 19:50:38.307 INFO [stderr] thread 'main' panicked at 'Aborting compilation due to incompatible compiler.', /cargo-home/registry/src/github.com-1ecc6299db9ec823/rocket_codegen-0.3.17/build.rs:38:17
Dec 02 19:50:38.307 INFO [stderr] stack backtrace:
Dec 02 19:50:38.307 INFO [stderr]    0:     0x55aeff7bb75e - std::sys::unix::backtrace::tracing::imp::unwind_backtrace::h15749a98198ba25f
Dec 02 19:50:38.307 INFO [stderr]                                at libstd/sys/unix/backtrace/tracing/gcc_s.rs:49
Dec 02 19:50:38.307 INFO [stderr]    1:     0x55aeff7acce6 - std::sys_common::backtrace::print::h0ba65c811294dbf0
Dec 02 19:50:38.307 INFO [stderr]                                at libstd/sys_common/backtrace.rs:71
Dec 02 19:50:38.307 INFO [stderr]                                at libstd/sys_common/backtrace.rs:59
Dec 02 19:50:38.307 INFO [stderr]    2:     0x55aeff7ab62d - std::panicking::default_hook::{{closure}}::h42bb31757f0fee64
Dec 02 19:50:38.307 INFO [stderr]                                at libstd/panicking.rs:211
Dec 02 19:50:38.307 INFO [stderr]    3:     0x55aeff7ab3a0 - std::panicking::default_hook::hebc8848d7aa7dbd9
Dec 02 19:50:38.307 INFO [stderr]                                at libstd/panicking.rs:227
Dec 02 19:50:38.308 INFO [stderr]    4:     0x55aeff7abc2c - std::panicking::rust_panic_with_hook::h86e619a638415243
Dec 02 19:50:38.308 INFO [stderr]                                at libstd/panicking.rs:477
Dec 02 19:50:38.308 INFO [stderr]    5:     0x55aeff78ec3f - std::panicking::begin_panic::heb767c19fcc99f5a
Dec 02 19:50:38.308 INFO [stderr]                                at libstd/panicking.rs:411
Dec 02 19:50:38.308 INFO [stderr]    6:     0x55aeff78cd92 - build_script_build::main::he9d75f7a954f7ddf
Dec 02 19:50:38.308 INFO [stderr]                                at /cargo-home/registry/src/github.com-1ecc6299db9ec823/rocket_codegen-0.3.17/build.rs:38
Dec 02 19:50:38.308 INFO [stderr]    7:     0x55aeff78f52f - std::rt::lang_start::{{closure}}::hd1578fbee069c28e
Dec 02 19:50:38.308 INFO [stderr]                                at libstd/rt.rs:74
Dec 02 19:50:38.308 INFO [stderr]    8:     0x55aeff7ab6d2 - std::panicking::try::do_call::h47665672c57b11e4
Dec 02 19:50:38.308 INFO [stderr]                                at libstd/rt.rs:59
Dec 02 19:50:38.308 INFO [stderr]                                at libstd/panicking.rs:310
Dec 02 19:50:38.308 INFO [stderr]    9:     0x55aeff7cc689 - __rust_maybe_catch_panic
Dec 02 19:50:38.308 INFO [stderr]                                at libpanic_unwind/lib.rs:103
Dec 02 19:50:38.308 INFO [stderr]   10:     0x55aeff7b6755 - std::rt::lang_start_internal::had9505969b8e20a2
Dec 02 19:50:38.308 INFO [stderr]                                at libstd/panicking.rs:289
Dec 02 19:50:38.308 INFO [stderr]                                at libstd/panic.rs:392
Dec 02 19:50:38.308 INFO [stderr]                                at libstd/rt.rs:58
Dec 02 19:50:38.308 INFO [stderr]   11:     0x55aeff78f507 - std::rt::lang_start::h6b9f2e9d23e59193
Dec 02 19:50:38.308 INFO [stderr]                                at libstd/rt.rs:74
Dec 02 19:50:38.308 INFO [stderr]   12:     0x55aeff78dc29 - main
Dec 02 19:50:38.308 INFO [stderr]   13:     0x7fbccc39f82f - __libc_start_main
Dec 02 19:50:38.308 INFO [stderr]   14:     0x55aeff78c448 - _start
Dec 02 19:50:38.308 INFO [stderr]   15:                0x0 - <unknown>
Dec 02 19:50:38.308 INFO [stderr] 
Dec 02 19:50:38.308 INFO [stderr] warning: build failed, waiting for other jobs to finish...
Dec 02 19:50:38.359 INFO [stderr] error: failed to run custom build command for `rocket v0.3.17`
Dec 02 19:50:38.359 INFO [stderr] process didn't exit successfully: `/target/debug/build/rocket-c4e66faee2f2b7c9/build-script-build` (exit code: 101)
Dec 02 19:50:38.359 INFO [stderr] --- stderr
Dec 02 19:50:38.359 INFO [stderr] [1;31mError:[0m [37mRocket requires a nightly or dev version of Rust.[0m
Dec 02 19:50:38.359 INFO [stderr] [37mInstalled version is:[0m [33m1.30.1 (2018-11-07)[0m. [37mMinimum required:[0m [33m1.27.0-nightly (2018-04-26)[0m.
Dec 02 19:50:38.359 INFO [stderr] [34mSee the getting started guide ([0m[37mhttps://rocket.rs/guide/getting-started/[0m[34m) for more information.[0m
Dec 02 19:50:38.359 INFO [stderr] thread 'main' panicked at 'Aborting compilation due to incompatible compiler.', /cargo-home/registry/src/github.com-1ecc6299db9ec823/rocket-0.3.17/build.rs:38:13
Dec 02 19:50:38.359 INFO [stderr] stack backtrace:
Dec 02 19:50:38.359 INFO [stderr]    0:     0x55819ded376e - std::sys::unix::backtrace::tracing::imp::unwind_backtrace::h15749a98198ba25f
Dec 02 19:50:38.359 INFO [stderr]                                at libstd/sys/unix/backtrace/tracing/gcc_s.rs:49
Dec 02 19:50:38.359 INFO [stderr]    1:     0x55819dec4cf6 - std::sys_common::backtrace::print::h0ba65c811294dbf0
Dec 02 19:50:38.359 INFO [stderr]                                at libstd/sys_common/backtrace.rs:71
Dec 02 19:50:38.359 INFO [stderr]                                at libstd/sys_common/backtrace.rs:59
Dec 02 19:50:38.359 INFO [stderr]    2:     0x55819dec363d - std::panicking::default_hook::{{closure}}::h42bb31757f0fee64
Dec 02 19:50:38.359 INFO [stderr]                                at libstd/panicking.rs:211
Dec 02 19:50:38.359 INFO [stderr]    3:     0x55819dec33b0 - std::panicking::default_hook::hebc8848d7aa7dbd9
Dec 02 19:50:38.359 INFO [stderr]                                at libstd/panicking.rs:227
Dec 02 19:50:38.359 INFO [stderr]    4:     0x55819dec3c3c - std::panicking::rust_panic_with_hook::h86e619a638415243
Dec 02 19:50:38.359 INFO [stderr]                                at libstd/panicking.rs:477
Dec 02 19:50:38.359 INFO [stderr]    5:     0x55819dea6c4f - std::panicking::begin_panic::h1f2b9e9d96bd8bd1
Dec 02 19:50:38.359 INFO [stderr]                                at libstd/panicking.rs:411
Dec 02 19:50:38.359 INFO [stderr]    6:     0x55819dea4d93 - build_script_build::main::h911ac25bbcea8e76
Dec 02 19:50:38.359 INFO [stderr]                                at /cargo-home/registry/src/github.com-1ecc6299db9ec823/rocket-0.3.17/build.rs:38
Dec 02 19:50:38.359 INFO [stderr]    7:     0x55819dea753f - std::rt::lang_start::{{closure}}::h252ed0ee3474df69
Dec 02 19:50:38.359 INFO [stderr]                                at libstd/rt.rs:74
Dec 02 19:50:38.359 INFO [stderr]    8:     0x55819dec36e2 - std::panicking::try::do_call::h47665672c57b11e4
Dec 02 19:50:38.359 INFO [stderr]                                at libstd/rt.rs:59
Dec 02 19:50:38.359 INFO [stderr]                                at libstd/panicking.rs:310
Dec 02 19:50:38.359 INFO [stderr]    9:     0x55819dee4699 - __rust_maybe_catch_panic
Dec 02 19:50:38.359 INFO [stderr]                                at libpanic_unwind/lib.rs:103
Dec 02 19:50:38.359 INFO [stderr]   10:     0x55819dece765 - std::rt::lang_start_internal::had9505969b8e20a2
Dec 02 19:50:38.359 INFO [stderr]                                at libstd/panicking.rs:289
Dec 02 19:50:38.359 INFO [stderr]                                at libstd/panic.rs:392
Dec 02 19:50:38.359 INFO [stderr]                                at libstd/rt.rs:58
Dec 02 19:50:38.359 INFO [stderr]   11:     0x55819dea7517 - std::rt::lang_start::h69706e9d9625c548
Dec 02 19:50:38.359 INFO [stderr]                                at libstd/rt.rs:74
Dec 02 19:50:38.359 INFO [stderr]   12:     0x55819dea5c39 - main
Dec 02 19:50:38.359 INFO [stderr]   13:     0x7f5549a4782f - __libc_start_main
Dec 02 19:50:38.359 INFO [stderr]   14:     0x55819dea4448 - _start
Dec 02 19:50:38.359 INFO [stderr]   15:                0x0 - <unknown>
Dec 02 19:50:38.359 INFO [stderr] 
Dec 02 19:50:38.359 INFO [stderr] warning: build failed, waiting for other jobs to finish...
Dec 02 19:50:38.427 INFO [stderr] error: failed to run custom build command for `pear_codegen v0.0.20`
Dec 02 19:50:38.427 INFO [stderr] process didn't exit successfully: `/target/debug/build/pear_codegen-df86f9f8daca6fae/build-script-build` (exit code: 101)
Dec 02 19:50:38.427 INFO [stderr] --- stderr
Dec 02 19:50:38.427 INFO [stderr] [1;31mError:[0m [37mPear requires a nightly or dev version of Rust.[0m
Dec 02 19:50:38.427 INFO [stderr] [37mInstalled version is:[0m [33m1.30.1 (2018-11-07)[0m. [37mMinimum required:[0m [33m1.30.0-nightly (2018-08-23)[0m.
Dec 02 19:50:38.427 INFO [stderr] thread 'main' panicked at 'Aborting compilation due to incompatible compiler.', /cargo-home/registry/src/github.com-1ecc6299db9ec823/pear_codegen-0.0.20/build.rs:31:13
Dec 02 19:50:38.427 INFO [stderr] stack backtrace:
Dec 02 19:50:38.427 INFO [stderr]    0:     0x55f7d596653e - std::sys::unix::backtrace::tracing::imp::unwind_backtrace::h15749a98198ba25f
Dec 02 19:50:38.427 INFO [stderr]                                at libstd/sys/unix/backtrace/tracing/gcc_s.rs:49
Dec 02 19:50:38.427 INFO [stderr]    1:     0x55f7d5957ac6 - std::sys_common::backtrace::print::h0ba65c811294dbf0
Dec 02 19:50:38.427 INFO [stderr]                                at libstd/sys_common/backtrace.rs:71
Dec 02 19:50:38.427 INFO [stderr]                                at libstd/sys_common/backtrace.rs:59
Dec 02 19:50:38.427 INFO [stderr]    2:     0x55f7d595640d - std::panicking::default_hook::{{closure}}::h42bb31757f0fee64
Dec 02 19:50:38.427 INFO [stderr]                                at libstd/panicking.rs:211
Dec 02 19:50:38.427 INFO [stderr]    3:     0x55f7d5956180 - std::panicking::default_hook::hebc8848d7aa7dbd9
Dec 02 19:50:38.427 INFO [stderr]                                at libstd/panicking.rs:227
Dec 02 19:50:38.427 INFO [stderr]    4:     0x55f7d5956a0c - std::panicking::rust_panic_with_hook::h86e619a638415243
Dec 02 19:50:38.427 INFO [stderr]                                at libstd/panicking.rs:477
Dec 02 19:50:38.427 INFO [stderr]    5:     0x55f7d5939a1f - std::panicking::begin_panic::hff0b0938de69e946
Dec 02 19:50:38.427 INFO [stderr]                                at libstd/panicking.rs:411
Dec 02 19:50:38.427 INFO [stderr]    6:     0x55f7d5937b5a - build_script_build::main::h3208cb5374859f64
Dec 02 19:50:38.427 INFO [stderr]                                at /cargo-home/registry/src/github.com-1ecc6299db9ec823/pear_codegen-0.0.20/build.rs:31
Dec 02 19:50:38.427 INFO [stderr]    7:     0x55f7d593a30f - std::rt::lang_start::{{closure}}::he88afd07f648b684
Dec 02 19:50:38.427 INFO [stderr]                                at libstd/rt.rs:74
Dec 02 19:50:38.427 INFO [stderr]    8:     0x55f7d59564b2 - std::panicking::try::do_call::h47665672c57b11e4
Dec 02 19:50:38.427 INFO [stderr]                                at libstd/rt.rs:59
Dec 02 19:50:38.427 INFO [stderr]                                at libstd/panicking.rs:310
Dec 02 19:50:38.427 INFO [stderr]    9:     0x55f7d5977469 - __rust_maybe_catch_panic
Dec 02 19:50:38.427 INFO [stderr]                                at libpanic_unwind/lib.rs:103
Dec 02 19:50:38.427 INFO [stderr]   10:     0x55f7d5961535 - std::rt::lang_start_internal::had9505969b8e20a2
Dec 02 19:50:38.427 INFO [stderr]                                at libstd/panicking.rs:289
Dec 02 19:50:38.427 INFO [stderr]                                at libstd/panic.rs:392
Dec 02 19:50:38.427 INFO [stderr]                                at libstd/rt.rs:58
Dec 02 19:50:38.427 INFO [stderr]   11:     0x55f7d593a2e7 - std::rt::lang_start::ha0952dc06a311b9d
Dec 02 19:50:38.427 INFO [stderr]                                at libstd/rt.rs:74
Dec 02 19:50:38.427 INFO [stderr]   12:     0x55f7d5938a09 - main
Dec 02 19:50:38.427 INFO [stderr]   13:     0x7f663526282f - __libc_start_main
Dec 02 19:50:38.427 INFO [stderr]   14:     0x55f7d5937448 - _start
Dec 02 19:50:38.427 INFO [stderr]   15:                0x0 - <unknown>
Dec 02 19:50:38.427 INFO [stderr] 
Dec 02 19:50:38.427 INFO [stderr] warning: build failed, waiting for other jobs to finish...
Dec 02 19:50:43.082 INFO [stderr] error: build failed
Dec 02 19:50:43.083 INFO [stderr] su: No module specific data is present
Dec 02 19:50:43.668 INFO running `"docker" "inspect" "a8f50e67259e423d759a4f411070a67afc9f8cb28ebff40920832e96d28f7a63"`
Dec 02 19:50:43.908 INFO running `"docker" "rm" "-f" "a8f50e67259e423d759a4f411070a67afc9f8cb28ebff40920832e96d28f7a63"`
Dec 02 19:50:44.149 INFO [stdout] a8f50e67259e423d759a4f411070a67afc9f8cb28ebff40920832e96d28f7a63
