Dec 02 20:03:31.076 INFO testing rocket-file-cache-1.0.0-beta against 1.30.1 for beta-1.31-5
Dec 02 20:03:31.076 INFO running `"docker" "create" "-v" "/mnt/big/crater/work/local/target-dirs/beta-1.31-5/worker-2/1.30.1:/target:rw,Z" "-v" "/mnt/big/crater/work/local/test-source/worker-2/beta-1.31-5/1.30.1:/source:ro,Z" "-v" "/mnt/big/crater/work/local/cargo-home:/cargo-home:ro,Z" "-v" "/mnt/big/crater/work/local/rustup-home:/rustup-home:ro,Z" "-e" "USER_ID=1000" "-e" "SOURCE_DIR=/source" "-e" "USER_ID=1000" "-e" "CMD=cargo +1.30.1 build --frozen" "-e" "CARGO_TARGET_DIR=/target" "-e" "CARGO_INCREMENTAL=0" "-e" "RUST_BACKTRACE=full" "-e" "RUSTFLAGS=--cap-lints=warn" "-e" "CARGO_HOME=/cargo-home" "-e" "RUSTUP_HOME=/rustup-home" "-m" "1536M" "--network" "none" "crater"`
Dec 02 20:03:31.525 INFO [stdout] dcfc030f5e7aa5cde5e6afc55b95ac3b00bdc11a32ff2aebaef937348bea5a92
Dec 02 20:03:31.528 INFO running `"docker" "start" "-a" "dcfc030f5e7aa5cde5e6afc55b95ac3b00bdc11a32ff2aebaef937348bea5a92"`
Dec 02 20:03:32.547 INFO [stderr] usermod: no changes
Dec 02 20:03:32.683 INFO [stderr]    Compiling state v0.4.1
Dec 02 20:03:32.683 INFO [stderr]    Compiling spin v0.4.8
Dec 02 20:03:32.683 INFO [stderr]    Compiling pear v0.0.20
Dec 02 20:03:32.683 INFO [stderr]    Compiling ordermap v0.2.13
Dec 02 20:03:32.687 INFO [stderr]    Compiling pear_codegen v0.0.20
Dec 02 20:03:32.687 INFO [stderr]    Compiling rocket v0.3.17
Dec 02 20:03:32.687 INFO [stderr]    Compiling hyper v0.10.15
Dec 02 20:03:32.687 INFO [stderr]    Compiling rayon v0.7.1
Dec 02 20:03:32.926 INFO [stderr] error[E0554]: #![feature] may not be used on the stable release channel
Dec 02 20:03:32.926 INFO [stderr]  --> /cargo-home/registry/src/github.com-1ecc6299db9ec823/spin-0.4.8/src/lib.rs:6:30
Dec 02 20:03:32.926 INFO [stderr]   |
Dec 02 20:03:32.926 INFO [stderr] 6 | #![cfg_attr(feature = "asm", feature(asm))]
Dec 02 20:03:32.926 INFO [stderr]   |                              ^^^^^^^^^^^^^
Dec 02 20:03:32.928 INFO [stderr] 
Dec 02 20:03:32.929 INFO [stderr] error: aborting due to previous error
Dec 02 20:03:32.930 INFO [stderr] 
Dec 02 20:03:32.930 INFO [stderr] For more information about this error, try `rustc --explain E0554`.
Dec 02 20:03:32.935 INFO [stderr] error: Could not compile `spin`.
Dec 02 20:03:32.936 INFO [stderr] warning: build failed, waiting for other jobs to finish...
Dec 02 20:03:33.095 INFO [stderr] error: failed to run custom build command for `pear_codegen v0.0.20`
Dec 02 20:03:33.095 INFO [stderr] process didn't exit successfully: `/target/debug/build/pear_codegen-df86f9f8daca6fae/build-script-build` (exit code: 101)
Dec 02 20:03:33.095 INFO [stderr] --- stderr
Dec 02 20:03:33.095 INFO [stderr] [1;31mError:[0m [37mPear requires a nightly or dev version of Rust.[0m
Dec 02 20:03:33.095 INFO [stderr] [37mInstalled version is:[0m [33m1.30.1 (2018-11-07)[0m. [37mMinimum required:[0m [33m1.30.0-nightly (2018-08-23)[0m.
Dec 02 20:03:33.095 INFO [stderr] thread 'main' panicked at 'Aborting compilation due to incompatible compiler.', /cargo-home/registry/src/github.com-1ecc6299db9ec823/pear_codegen-0.0.20/build.rs:31:13
Dec 02 20:03:33.095 INFO [stderr] stack backtrace:
Dec 02 20:03:33.095 INFO [stderr]    0:     0x5578d084053e - std::sys::unix::backtrace::tracing::imp::unwind_backtrace::h15749a98198ba25f
Dec 02 20:03:33.095 INFO [stderr]                                at libstd/sys/unix/backtrace/tracing/gcc_s.rs:49
Dec 02 20:03:33.095 INFO [stderr]    1:     0x5578d0831ac6 - std::sys_common::backtrace::print::h0ba65c811294dbf0
Dec 02 20:03:33.095 INFO [stderr]                                at libstd/sys_common/backtrace.rs:71
Dec 02 20:03:33.095 INFO [stderr]                                at libstd/sys_common/backtrace.rs:59
Dec 02 20:03:33.095 INFO [stderr]    2:     0x5578d083040d - std::panicking::default_hook::{{closure}}::h42bb31757f0fee64
Dec 02 20:03:33.095 INFO [stderr]                                at libstd/panicking.rs:211
Dec 02 20:03:33.095 INFO [stderr]    3:     0x5578d0830180 - std::panicking::default_hook::hebc8848d7aa7dbd9
Dec 02 20:03:33.095 INFO [stderr]                                at libstd/panicking.rs:227
Dec 02 20:03:33.095 INFO [stderr]    4:     0x5578d0830a0c - std::panicking::rust_panic_with_hook::h86e619a638415243
Dec 02 20:03:33.095 INFO [stderr]                                at libstd/panicking.rs:477
Dec 02 20:03:33.095 INFO [stderr]    5:     0x5578d0813a1f - std::panicking::begin_panic::hff0b0938de69e946
Dec 02 20:03:33.095 INFO [stderr]                                at libstd/panicking.rs:411
Dec 02 20:03:33.095 INFO [stderr]    6:     0x5578d0811b5a - build_script_build::main::h3208cb5374859f64
Dec 02 20:03:33.095 INFO [stderr]                                at /cargo-home/registry/src/github.com-1ecc6299db9ec823/pear_codegen-0.0.20/build.rs:31
Dec 02 20:03:33.095 INFO [stderr]    7:     0x5578d081430f - std::rt::lang_start::{{closure}}::he88afd07f648b684
Dec 02 20:03:33.095 INFO [stderr]                                at libstd/rt.rs:74
Dec 02 20:03:33.095 INFO [stderr]    8:     0x5578d08304b2 - std::panicking::try::do_call::h47665672c57b11e4
Dec 02 20:03:33.095 INFO [stderr]                                at libstd/rt.rs:59
Dec 02 20:03:33.095 INFO [stderr]                                at libstd/panicking.rs:310
Dec 02 20:03:33.095 INFO [stderr]    9:     0x5578d0851469 - __rust_maybe_catch_panic
Dec 02 20:03:33.095 INFO [stderr]                                at libpanic_unwind/lib.rs:103
Dec 02 20:03:33.095 INFO [stderr]   10:     0x5578d083b535 - std::rt::lang_start_internal::had9505969b8e20a2
Dec 02 20:03:33.095 INFO [stderr]                                at libstd/panicking.rs:289
Dec 02 20:03:33.095 INFO [stderr]                                at libstd/panic.rs:392
Dec 02 20:03:33.095 INFO [stderr]                                at libstd/rt.rs:58
Dec 02 20:03:33.095 INFO [stderr]   11:     0x5578d08142e7 - std::rt::lang_start::ha0952dc06a311b9d
Dec 02 20:03:33.095 INFO [stderr]                                at libstd/rt.rs:74
Dec 02 20:03:33.095 INFO [stderr]   12:     0x5578d0812a09 - main
Dec 02 20:03:33.095 INFO [stderr]   13:     0x7f7c2eab482f - __libc_start_main
Dec 02 20:03:33.095 INFO [stderr]   14:     0x5578d0811448 - _start
Dec 02 20:03:33.095 INFO [stderr]   15:                0x0 - <unknown>
Dec 02 20:03:33.095 INFO [stderr] 
Dec 02 20:03:33.095 INFO [stderr] warning: build failed, waiting for other jobs to finish...
Dec 02 20:03:33.226 INFO [stderr] error: failed to run custom build command for `rocket v0.3.17`
Dec 02 20:03:33.226 INFO [stderr] process didn't exit successfully: `/target/debug/build/rocket-c4e66faee2f2b7c9/build-script-build` (exit code: 101)
Dec 02 20:03:33.226 INFO [stderr] --- stderr
Dec 02 20:03:33.226 INFO [stderr] [1;31mError:[0m [37mRocket requires a nightly or dev version of Rust.[0m
Dec 02 20:03:33.226 INFO [stderr] [37mInstalled version is:[0m [33m1.30.1 (2018-11-07)[0m. [37mMinimum required:[0m [33m1.27.0-nightly (2018-04-26)[0m.
Dec 02 20:03:33.226 INFO [stderr] [34mSee the getting started guide ([0m[37mhttps://rocket.rs/guide/getting-started/[0m[34m) for more information.[0m
Dec 02 20:03:33.226 INFO [stderr] thread 'main' panicked at 'Aborting compilation due to incompatible compiler.', /cargo-home/registry/src/github.com-1ecc6299db9ec823/rocket-0.3.17/build.rs:38:13
Dec 02 20:03:33.226 INFO [stderr] stack backtrace:
Dec 02 20:03:33.226 INFO [stderr]    0:     0x55f7102c676e - std::sys::unix::backtrace::tracing::imp::unwind_backtrace::h15749a98198ba25f
Dec 02 20:03:33.226 INFO [stderr]                                at libstd/sys/unix/backtrace/tracing/gcc_s.rs:49
Dec 02 20:03:33.226 INFO [stderr]    1:     0x55f7102b7cf6 - std::sys_common::backtrace::print::h0ba65c811294dbf0
Dec 02 20:03:33.226 INFO [stderr]                                at libstd/sys_common/backtrace.rs:71
Dec 02 20:03:33.226 INFO [stderr]                                at libstd/sys_common/backtrace.rs:59
Dec 02 20:03:33.226 INFO [stderr]    2:     0x55f7102b663d - std::panicking::default_hook::{{closure}}::h42bb31757f0fee64
Dec 02 20:03:33.226 INFO [stderr]                                at libstd/panicking.rs:211
Dec 02 20:03:33.226 INFO [stderr]    3:     0x55f7102b63b0 - std::panicking::default_hook::hebc8848d7aa7dbd9
Dec 02 20:03:33.226 INFO [stderr]                                at libstd/panicking.rs:227
Dec 02 20:03:33.226 INFO [stderr]    4:     0x55f7102b6c3c - std::panicking::rust_panic_with_hook::h86e619a638415243
Dec 02 20:03:33.226 INFO [stderr]                                at libstd/panicking.rs:477
Dec 02 20:03:33.226 INFO [stderr]    5:     0x55f710299c4f - std::panicking::begin_panic::h1f2b9e9d96bd8bd1
Dec 02 20:03:33.226 INFO [stderr]                                at libstd/panicking.rs:411
Dec 02 20:03:33.226 INFO [stderr]    6:     0x55f710297d93 - build_script_build::main::h911ac25bbcea8e76
Dec 02 20:03:33.226 INFO [stderr]                                at /cargo-home/registry/src/github.com-1ecc6299db9ec823/rocket-0.3.17/build.rs:38
Dec 02 20:03:33.226 INFO [stderr]    7:     0x55f71029a53f - std::rt::lang_start::{{closure}}::h252ed0ee3474df69
Dec 02 20:03:33.226 INFO [stderr]                                at libstd/rt.rs:74
Dec 02 20:03:33.226 INFO [stderr]    8:     0x55f7102b66e2 - std::panicking::try::do_call::h47665672c57b11e4
Dec 02 20:03:33.226 INFO [stderr]                                at libstd/rt.rs:59
Dec 02 20:03:33.226 INFO [stderr]                                at libstd/panicking.rs:310
Dec 02 20:03:33.226 INFO [stderr]    9:     0x55f7102d7699 - __rust_maybe_catch_panic
Dec 02 20:03:33.226 INFO [stderr]                                at libpanic_unwind/lib.rs:103
Dec 02 20:03:33.226 INFO [stderr]   10:     0x55f7102c1765 - std::rt::lang_start_internal::had9505969b8e20a2
Dec 02 20:03:33.226 INFO [stderr]                                at libstd/panicking.rs:289
Dec 02 20:03:33.226 INFO [stderr]                                at libstd/panic.rs:392
Dec 02 20:03:33.226 INFO [stderr]                                at libstd/rt.rs:58
Dec 02 20:03:33.226 INFO [stderr]   11:     0x55f71029a517 - std::rt::lang_start::h69706e9d9625c548
Dec 02 20:03:33.226 INFO [stderr]                                at libstd/rt.rs:74
Dec 02 20:03:33.226 INFO [stderr]   12:     0x55f710298c39 - main
Dec 02 20:03:33.226 INFO [stderr]   13:     0x7fad1a88082f - __libc_start_main
Dec 02 20:03:33.226 INFO [stderr]   14:     0x55f710297448 - _start
Dec 02 20:03:33.226 INFO [stderr]   15:                0x0 - <unknown>
Dec 02 20:03:33.226 INFO [stderr] 
Dec 02 20:03:33.226 INFO [stderr] warning: build failed, waiting for other jobs to finish...
Dec 02 20:03:43.164 INFO [stderr] error: build failed
Dec 02 20:03:43.170 INFO [stderr] su: No module specific data is present
Dec 02 20:03:43.608 INFO running `"docker" "inspect" "dcfc030f5e7aa5cde5e6afc55b95ac3b00bdc11a32ff2aebaef937348bea5a92"`
Dec 02 20:03:43.832 INFO running `"docker" "rm" "-f" "dcfc030f5e7aa5cde5e6afc55b95ac3b00bdc11a32ff2aebaef937348bea5a92"`
Dec 02 20:03:44.038 INFO [stdout] dcfc030f5e7aa5cde5e6afc55b95ac3b00bdc11a32ff2aebaef937348bea5a92
