Dec 02 20:05:43.184 INFO testing rna-algos-0.1.7 against 1.30.1 for beta-1.31-5
Dec 02 20:05:43.184 INFO running `"docker" "create" "-v" "/mnt/big/crater/work/local/target-dirs/beta-1.31-5/worker-1/1.30.1:/target:rw,Z" "-v" "/mnt/big/crater/work/local/test-source/worker-1/beta-1.31-5/1.30.1:/source:ro,Z" "-v" "/mnt/big/crater/work/local/cargo-home:/cargo-home:ro,Z" "-v" "/mnt/big/crater/work/local/rustup-home:/rustup-home:ro,Z" "-e" "USER_ID=1000" "-e" "SOURCE_DIR=/source" "-e" "USER_ID=1000" "-e" "CMD=cargo +1.30.1 build --frozen" "-e" "CARGO_TARGET_DIR=/target" "-e" "CARGO_INCREMENTAL=0" "-e" "RUST_BACKTRACE=full" "-e" "RUSTFLAGS=--cap-lints=warn" "-e" "CARGO_HOME=/cargo-home" "-e" "RUSTUP_HOME=/rustup-home" "-m" "1536M" "--network" "none" "crater"`
Dec 02 20:05:43.629 INFO [stdout] e9687361fc0a2f9278700446445dac5cc70bbe3d610e208d6aedce1aad7e6881
Dec 02 20:05:43.631 INFO running `"docker" "start" "-a" "e9687361fc0a2f9278700446445dac5cc70bbe3d610e208d6aedce1aad7e6881"`
Dec 02 20:05:44.527 INFO [stderr] usermod: no changes
Dec 02 20:05:44.607 INFO [stderr]    Compiling bio-seq-algos v0.1.11
Dec 02 20:05:45.953 INFO [stderr]    Compiling rna-ss-params v0.1.13
Dec 02 20:05:51.963 INFO [stderr]    Compiling rna-algos v0.1.7 (/source)
Dec 02 20:05:52.959 INFO [stderr] error[E0425]: cannot find value `COEFFICENT_4_ALL_C_HL_DELTA_FE` in this scope
Dec 02 20:05:52.959 INFO [stderr]   --> src/utils.rs:67:31
Dec 02 20:05:52.959 INFO [stderr]    |
Dec 02 20:05:52.959 INFO [stderr] 67 |         + if is_all_c_hl(hl) {COEFFICENT_4_ALL_C_HL_DELTA_FE * hl_len as FreeEnergy + CONST_4_ALL_C_HL_DELTA_FE} else {0.}
Dec 02 20:05:52.959 INFO [stderr]    |                               ^^^^^^^^^^^^^^^^^^^^^^^^^^^^^^ did you mean `COEFFICIENT_4_ALL_C_HL_DELTA_FE`?
Dec 02 20:05:52.959 INFO [stderr] 
Dec 02 20:05:52.959 INFO [stderr] error[E0425]: cannot find value `COEFFICENT_4_LOG_EXTRAPOLATION_OF_INIT_BL_DELTA_FE` in this scope
Dec 02 20:05:52.959 INFO [stderr]    --> src/utils.rs:104:85
Dec 02 20:05:52.959 INFO [stderr]     |
Dec 02 20:05:52.959 INFO [stderr] 104 |       INIT_BL_DELTA_FES[MIN_LOOP_LEN_4_LOG_EXTRAPOLATION_OF_INIT_BL_DELTA_FE - 1] + COEFFICENT_4_LOG_EXTRAPOLATION_OF_INIT_BL_DELTA_FE * (bl_len as FreeEnergy / (MIN_LOOP_LEN_4_LOG_EXTRAPOLATION_OF_INIT_BL_DELTA_FE - 1) as FreeEnergy).ln()
Dec 02 20:05:52.959 INFO [stderr]     |                                                                                     ^^^^^^^^^^^^^^^^^^^^^^^^^^^^^^^^^^^^^^^^^^^^^^^^^^ did you mean `COEFFICIENT_4_LOG_EXTRAPOLATION_OF_INIT_BL_DELTA_FE`?
Dec 02 20:05:52.959 INFO [stderr] 
Dec 02 20:05:52.959 INFO [stderr] error[E0425]: cannot find value `COEFFICENT_4_LOG_EXTRAPOLATION_OF_INIT_IL_DELTA_FE` in this scope
Dec 02 20:05:52.959 INFO [stderr]    --> src/utils.rs:150:83
Dec 02 20:05:52.959 INFO [stderr]     |
Dec 02 20:05:52.959 INFO [stderr] 150 |     INIT_IL_DELTA_FES[MIN_LOOP_LEN_4_LOG_EXTRAPOLATION_OF_INIT_IL_DELTA_FE - 1] + COEFFICENT_4_LOG_EXTRAPOLATION_OF_INIT_IL_DELTA_FE * (il_len as FreeEnergy / (MIN_LOOP_LEN_4_LOG_EXTRAPOLATION_OF_INIT_IL_DELTA_FE - 1) as FreeEnergy).ln()
Dec 02 20:05:52.959 INFO [stderr]     |                                                                                   ^^^^^^^^^^^^^^^^^^^^^^^^^^^^^^^^^^^^^^^^^^^^^^^^^^ did you mean `COEFFICIENT_4_LOG_EXTRAPOLATION_OF_INIT_IL_DELTA_FE`?
Dec 02 20:05:52.959 INFO [stderr] 
Dec 02 20:05:53.103 INFO [stderr] error: aborting due to 3 previous errors
Dec 02 20:05:53.103 INFO [stderr] 
Dec 02 20:05:53.103 INFO [stderr] For more information about this error, try `rustc --explain E0425`.
Dec 02 20:05:53.108 INFO [stderr] error: Could not compile `rna-algos`.
Dec 02 20:05:53.108 INFO [stderr] 
Dec 02 20:05:53.108 INFO [stderr] To learn more, run the command again with --verbose.
Dec 02 20:05:53.109 INFO [stderr] su: No module specific data is present
Dec 02 20:05:54.116 INFO running `"docker" "inspect" "e9687361fc0a2f9278700446445dac5cc70bbe3d610e208d6aedce1aad7e6881"`
Dec 02 20:05:54.395 INFO running `"docker" "rm" "-f" "e9687361fc0a2f9278700446445dac5cc70bbe3d610e208d6aedce1aad7e6881"`
Dec 02 20:05:54.675 INFO [stdout] e9687361fc0a2f9278700446445dac5cc70bbe3d610e208d6aedce1aad7e6881
