Dec 02 21:04:47.497 INFO testing rats-0.0.1 against 1.30.1 for beta-1.31-5
Dec 02 21:04:47.497 INFO running `"docker" "create" "-v" "/mnt/big/crater/work/local/target-dirs/beta-1.31-5/worker-6/1.30.1:/target:rw,Z" "-v" "/mnt/big/crater/work/local/test-source/worker-6/beta-1.31-5/1.30.1:/source:ro,Z" "-v" "/mnt/big/crater/work/local/cargo-home:/cargo-home:ro,Z" "-v" "/mnt/big/crater/work/local/rustup-home:/rustup-home:ro,Z" "-e" "USER_ID=1000" "-e" "SOURCE_DIR=/source" "-e" "USER_ID=1000" "-e" "CMD=cargo +1.30.1 build --frozen" "-e" "CARGO_TARGET_DIR=/target" "-e" "CARGO_INCREMENTAL=0" "-e" "RUST_BACKTRACE=full" "-e" "RUSTFLAGS=--cap-lints=warn" "-e" "CARGO_HOME=/cargo-home" "-e" "RUSTUP_HOME=/rustup-home" "-m" "1536M" "--network" "none" "crater"`
Dec 02 21:04:48.060 INFO [stdout] cbfccb788e1528b2617143f8a05f6331f617735572c67dd0b138f1590068b2da
Dec 02 21:04:48.062 INFO running `"docker" "start" "-a" "cbfccb788e1528b2617143f8a05f6331f617735572c67dd0b138f1590068b2da"`
Dec 02 21:04:49.711 INFO [stderr] usermod: no changes
Dec 02 21:04:49.831 INFO [stderr]    Compiling rats v0.0.1 (/source)
Dec 02 21:04:51.878 INFO [stderr] error[E0554]: #![feature] may not be used on the stable release channel
Dec 02 21:04:51.878 INFO [stderr]  --> src/lib.rs:1:1
Dec 02 21:04:51.878 INFO [stderr]   |
Dec 02 21:04:51.878 INFO [stderr] 1 | #![feature(test)]
Dec 02 21:04:51.878 INFO [stderr]   | ^^^^^^^^^^^^^^^^^
Dec 02 21:04:51.878 INFO [stderr] 
Dec 02 21:04:51.878 INFO [stderr] error[E0554]: #![feature] may not be used on the stable release channel
Dec 02 21:04:51.878 INFO [stderr]  --> src/lib.rs:2:1
Dec 02 21:04:51.878 INFO [stderr]   |
Dec 02 21:04:51.878 INFO [stderr] 2 | #![feature(associated_type_defaults)]
Dec 02 21:04:51.878 INFO [stderr]   | ^^^^^^^^^^^^^^^^^^^^^^^^^^^^^^^^^^^^^
Dec 02 21:04:51.878 INFO [stderr] 
Dec 02 21:04:51.878 INFO [stderr] error[E0554]: #![feature] may not be used on the stable release channel
Dec 02 21:04:51.878 INFO [stderr]  --> src/lib.rs:3:1
Dec 02 21:04:51.878 INFO [stderr]   |
Dec 02 21:04:51.878 INFO [stderr] 3 | #![feature(specialization)]
Dec 02 21:04:51.878 INFO [stderr]   | ^^^^^^^^^^^^^^^^^^^^^^^^^^^
Dec 02 21:04:51.878 INFO [stderr] 
Dec 02 21:04:51.878 INFO [stderr] error[E0554]: #![feature] may not be used on the stable release channel
Dec 02 21:04:51.878 INFO [stderr]  --> src/lib.rs:4:1
Dec 02 21:04:51.878 INFO [stderr]   |
Dec 02 21:04:51.878 INFO [stderr] 4 | #![feature(tool_attributes)]
Dec 02 21:04:51.878 INFO [stderr]   | ^^^^^^^^^^^^^^^^^^^^^^^^^^^^
Dec 02 21:04:51.878 INFO [stderr] 
Dec 02 21:04:51.878 INFO [stderr] error: aborting due to 4 previous errors
Dec 02 21:04:51.878 INFO [stderr] 
Dec 02 21:04:51.878 INFO [stderr] For more information about this error, try `rustc --explain E0554`.
Dec 02 21:04:51.887 INFO [stderr] error: Could not compile `rats`.
Dec 02 21:04:51.887 INFO [stderr] 
Dec 02 21:04:51.887 INFO [stderr] To learn more, run the command again with --verbose.
Dec 02 21:04:51.887 INFO [stderr] su: No module specific data is present
Dec 02 21:04:52.740 INFO running `"docker" "inspect" "cbfccb788e1528b2617143f8a05f6331f617735572c67dd0b138f1590068b2da"`
Dec 02 21:04:53.111 INFO running `"docker" "rm" "-f" "cbfccb788e1528b2617143f8a05f6331f617735572c67dd0b138f1590068b2da"`
Dec 02 21:04:53.427 INFO [stdout] cbfccb788e1528b2617143f8a05f6331f617735572c67dd0b138f1590068b2da
