Dec 03 00:36:22.064 INFO testing newt-0.2.2 against 1.30.1 for beta-1.31-5
Dec 03 00:36:22.064 INFO running `"docker" "create" "-v" "/mnt/big/crater/work/local/target-dirs/beta-1.31-5/worker-1/1.30.1:/target:rw,Z" "-v" "/mnt/big/crater/work/local/test-source/worker-1/beta-1.31-5/1.30.1:/source:ro,Z" "-v" "/mnt/big/crater/work/local/cargo-home:/cargo-home:ro,Z" "-v" "/mnt/big/crater/work/local/rustup-home:/rustup-home:ro,Z" "-e" "USER_ID=1000" "-e" "SOURCE_DIR=/source" "-e" "USER_ID=1000" "-e" "CMD=cargo +1.30.1 build --frozen" "-e" "CARGO_TARGET_DIR=/target" "-e" "CARGO_INCREMENTAL=0" "-e" "RUST_BACKTRACE=full" "-e" "RUSTFLAGS=--cap-lints=warn" "-e" "CARGO_HOME=/cargo-home" "-e" "RUSTUP_HOME=/rustup-home" "-m" "1536M" "--network" "none" "crater"`
Dec 03 00:36:22.262 INFO [stdout] 8692bb258f113e7580ae3f34158a271bbd0b7a8a219008eee6ebf2b74221567f
Dec 03 00:36:22.267 INFO running `"docker" "start" "-a" "8692bb258f113e7580ae3f34158a271bbd0b7a8a219008eee6ebf2b74221567f"`
Dec 03 00:36:23.131 INFO [stderr] usermod: no changes
Dec 03 00:36:23.195 INFO [stderr]    Compiling newt-sys v0.1.3
Dec 03 00:38:08.319 INFO [stderr]    Compiling newt v0.2.2 (/source)
Dec 03 00:38:09.466 INFO [stderr]     Finished dev [unoptimized + debuginfo] target(s) in 1m 46s
Dec 03 00:38:09.468 INFO [stderr] su: No module specific data is present
Dec 03 00:38:09.768 INFO running `"docker" "inspect" "8692bb258f113e7580ae3f34158a271bbd0b7a8a219008eee6ebf2b74221567f"`
Dec 03 00:38:09.842 INFO running `"docker" "rm" "-f" "8692bb258f113e7580ae3f34158a271bbd0b7a8a219008eee6ebf2b74221567f"`
Dec 03 00:38:09.909 INFO [stdout] 8692bb258f113e7580ae3f34158a271bbd0b7a8a219008eee6ebf2b74221567f
Dec 03 00:38:09.911 INFO running `"docker" "create" "-v" "/mnt/big/crater/work/local/target-dirs/beta-1.31-5/worker-1/1.30.1:/target:rw,Z" "-v" "/mnt/big/crater/work/local/test-source/worker-1/beta-1.31-5/1.30.1:/source:ro,Z" "-v" "/mnt/big/crater/work/local/cargo-home:/cargo-home:ro,Z" "-v" "/mnt/big/crater/work/local/rustup-home:/rustup-home:ro,Z" "-e" "USER_ID=1000" "-e" "SOURCE_DIR=/source" "-e" "USER_ID=1000" "-e" "CMD=cargo +1.30.1 test --frozen --no-run" "-e" "CARGO_TARGET_DIR=/target" "-e" "CARGO_INCREMENTAL=0" "-e" "RUST_BACKTRACE=full" "-e" "RUSTFLAGS=--cap-lints=warn" "-e" "CARGO_HOME=/cargo-home" "-e" "RUSTUP_HOME=/rustup-home" "-m" "1536M" "--network" "none" "crater"`
Dec 03 00:38:10.166 INFO [stdout] c887212aea3a4adcb61379d53236dbcb0ee711ad75348f49631af468a3fe4049
Dec 03 00:38:10.173 INFO running `"docker" "start" "-a" "c887212aea3a4adcb61379d53236dbcb0ee711ad75348f49631af468a3fe4049"`
Dec 03 00:38:11.147 INFO [stderr] usermod: no changes
Dec 03 00:38:11.224 INFO [stderr]    Compiling newt v0.2.2 (/source)
Dec 03 00:38:13.165 INFO [stderr] error: linking with `cc` failed: exit code: 1
Dec 03 00:38:13.165 INFO [stderr]   |
Dec 03 00:38:13.165 INFO [stderr]   = note: "cc" "-Wl,--as-needed" "-Wl,-z,noexecstack" "-m64" "-L" "/rustup-home/toolchains/1.30.1-x86_64-unknown-linux-gnu/lib/rustlib/x86_64-unknown-linux-gnu/lib" "/target/debug/deps/compact_button_tests-92406f860410955c.compact_button_tests.8e90ixuz-cgu.0.rcgu.o" "/target/debug/deps/compact_button_tests-92406f860410955c.compact_button_tests.8e90ixuz-cgu.1.rcgu.o" "/target/debug/deps/compact_button_tests-92406f860410955c.compact_button_tests.8e90ixuz-cgu.2.rcgu.o" "/target/debug/deps/compact_button_tests-92406f860410955c.compact_button_tests.8e90ixuz-cgu.3.rcgu.o" "/target/debug/deps/compact_button_tests-92406f860410955c.compact_button_tests.8e90ixuz-cgu.4.rcgu.o" "/target/debug/deps/compact_button_tests-92406f860410955c.compact_button_tests.8e90ixuz-cgu.5.rcgu.o" "/target/debug/deps/compact_button_tests-92406f860410955c.compact_button_tests.8e90ixuz-cgu.6.rcgu.o" "/target/debug/deps/compact_button_tests-92406f860410955c.compact_button_tests.8e90ixuz-cgu.7.rcgu.o" "-o" "/target/debug/deps/compact_button_tests-92406f860410955c" "/target/debug/deps/compact_button_tests-92406f860410955c.1z1oqn6ga0e4whbh.rcgu.o" "-Wl,--gc-sections" "-pie" "-Wl,-zrelro" "-Wl,-znow" "-nodefaultlibs" "-L" "/target/debug/deps" "-L" "/target/debug/build/newt-sys-12802221fdee9511/out/install/popt-1.16/lib" "-L" "/target/debug/build/newt-sys-12802221fdee9511/out/install/slang-2.3.2/lib" "-L" "/target/debug/build/newt-sys-12802221fdee9511/out/install/newt-0.52.20/lib" "-L" "/rustup-home/toolchains/1.30.1-x86_64-unknown-linux-gnu/lib/rustlib/x86_64-unknown-linux-gnu/lib" "-Wl,-Bstatic" "/rustup-home/toolchains/1.30.1-x86_64-unknown-linux-gnu/lib/rustlib/x86_64-unknown-linux-gnu/lib/libtest-7d3b79922a124995.rlib" "/rustup-home/toolchains/1.30.1-x86_64-unknown-linux-gnu/lib/rustlib/x86_64-unknown-linux-gnu/lib/libterm-1fdcd4606476a7b2.rlib" "/rustup-home/toolchains/1.30.1-x86_64-unknown-linux-gnu/lib/rustlib/x86_64-unknown-linux-gnu/lib/libgetopts-5677446c1fdbeb16.rlib" "/target/debug/deps/libnewt-993029dacb25b6c4.rlib" "/target/debug/deps/liblibc-623bb4aec7b4d47a.rlib" "/target/debug/deps/libnewt_sys-d9c4be19710a8429.rlib" "-Wl,--start-group" "/rustup-home/toolchains/1.30.1-x86_64-unknown-linux-gnu/lib/rustlib/x86_64-unknown-linux-gnu/lib/libstd-a021829e87e39dcf.rlib" "/rustup-home/toolchains/1.30.1-x86_64-unknown-linux-gnu/lib/rustlib/x86_64-unknown-linux-gnu/lib/libpanic_unwind-ce8b5a3ae3174a34.rlib" "/rustup-home/toolchains/1.30.1-x86_64-unknown-linux-gnu/lib/rustlib/x86_64-unknown-linux-gnu/lib/liballoc_jemalloc-e0a5861af782ac1b.rlib" "/rustup-home/toolchains/1.30.1-x86_64-unknown-linux-gnu/lib/rustlib/x86_64-unknown-linux-gnu/lib/libunwind-faa54f218b0e3149.rlib" "/rustup-home/toolchains/1.30.1-x86_64-unknown-linux-gnu/lib/rustlib/x86_64-unknown-linux-gnu/lib/liballoc_system-60c1f13c2a2bc637.rlib" "/rustup-home/toolchains/1.30.1-x86_64-unknown-linux-gnu/lib/rustlib/x86_64-unknown-linux-gnu/lib/liblibc-62fff61d9c213778.rlib" "/rustup-home/toolchains/1.30.1-x86_64-unknown-linux-gnu/lib/rustlib/x86_64-unknown-linux-gnu/lib/liballoc-457f5d21aa274348.rlib" "/rustup-home/toolchains/1.30.1-x86_64-unknown-linux-gnu/lib/rustlib/x86_64-unknown-linux-gnu/lib/libcore-4694ab1fde4317be.rlib" "-Wl,--end-group" "/rustup-home/toolchains/1.30.1-x86_64-unknown-linux-gnu/lib/rustlib/x86_64-unknown-linux-gnu/lib/libcompiler_builtins-95d769f09dd6e7cb.rlib" "-Wl,-Bdynamic" "-lutil" "-lutil" "-ldl" "-lm" "-ldl" "-lrt" "-lpthread" "-lpthread" "-lgcc_s" "-lc" "-lm" "-lrt" "-lpthread" "-lutil" "-lutil"
Dec 03 00:38:13.165 INFO [stderr]   = note: /usr/bin/ld: /target/debug/deps/libnewt_sys-d9c4be19710a8429.rlib(button.o): relocation R_X86_64_32S against `.data' can not be used when making a shared object; recompile with -fPIC
Dec 03 00:38:13.165 INFO [stderr]           /target/debug/deps/libnewt_sys-d9c4be19710a8429.rlib: error adding symbols: Bad value
Dec 03 00:38:13.165 INFO [stderr]           collect2: error: ld returned 1 exit status
Dec 03 00:38:13.165 INFO [stderr]           
Dec 03 00:38:13.165 INFO [stderr] 
Dec 03 00:38:13.165 INFO [stderr] error: aborting due to previous error
Dec 03 00:38:13.165 INFO [stderr] 
Dec 03 00:38:13.165 INFO [stderr] error: Could not compile `newt`.
Dec 03 00:38:13.165 INFO [stderr] warning: build failed, waiting for other jobs to finish...
Dec 03 00:38:13.207 INFO [stderr] error: linking with `cc` failed: exit code: 1
Dec 03 00:38:13.207 INFO [stderr]   |
Dec 03 00:38:13.207 INFO [stderr]   = note: "cc" "-Wl,--as-needed" "-Wl,-z,noexecstack" "-m64" "-L" "/rustup-home/toolchains/1.30.1-x86_64-unknown-linux-gnu/lib/rustlib/x86_64-unknown-linux-gnu/lib" "/target/debug/deps/checkbox_tests-c1fa48fa543a8bfa.checkbox_tests.4bpus68b-cgu.0.rcgu.o" "/target/debug/deps/checkbox_tests-c1fa48fa543a8bfa.checkbox_tests.4bpus68b-cgu.1.rcgu.o" "/target/debug/deps/checkbox_tests-c1fa48fa543a8bfa.checkbox_tests.4bpus68b-cgu.2.rcgu.o" "/target/debug/deps/checkbox_tests-c1fa48fa543a8bfa.checkbox_tests.4bpus68b-cgu.3.rcgu.o" "/target/debug/deps/checkbox_tests-c1fa48fa543a8bfa.checkbox_tests.4bpus68b-cgu.4.rcgu.o" "/target/debug/deps/checkbox_tests-c1fa48fa543a8bfa.checkbox_tests.4bpus68b-cgu.5.rcgu.o" "/target/debug/deps/checkbox_tests-c1fa48fa543a8bfa.checkbox_tests.4bpus68b-cgu.6.rcgu.o" "/target/debug/deps/checkbox_tests-c1fa48fa543a8bfa.checkbox_tests.4bpus68b-cgu.7.rcgu.o" "-o" "/target/debug/deps/checkbox_tests-c1fa48fa543a8bfa" "/target/debug/deps/checkbox_tests-c1fa48fa543a8bfa.1k83wau5wkjbl9od.rcgu.o" "-Wl,--gc-sections" "-pie" "-Wl,-zrelro" "-Wl,-znow" "-nodefaultlibs" "-L" "/target/debug/deps" "-L" "/target/debug/build/newt-sys-12802221fdee9511/out/install/popt-1.16/lib" "-L" "/target/debug/build/newt-sys-12802221fdee9511/out/install/slang-2.3.2/lib" "-L" "/target/debug/build/newt-sys-12802221fdee9511/out/install/newt-0.52.20/lib" "-L" "/rustup-home/toolchains/1.30.1-x86_64-unknown-linux-gnu/lib/rustlib/x86_64-unknown-linux-gnu/lib" "-Wl,-Bstatic" "/rustup-home/toolchains/1.30.1-x86_64-unknown-linux-gnu/lib/rustlib/x86_64-unknown-linux-gnu/lib/libtest-7d3b79922a124995.rlib" "/rustup-home/toolchains/1.30.1-x86_64-unknown-linux-gnu/lib/rustlib/x86_64-unknown-linux-gnu/lib/libterm-1fdcd4606476a7b2.rlib" "/rustup-home/toolchains/1.30.1-x86_64-unknown-linux-gnu/lib/rustlib/x86_64-unknown-linux-gnu/lib/libgetopts-5677446c1fdbeb16.rlib" "/target/debug/deps/libnewt-993029dacb25b6c4.rlib" "/target/debug/deps/liblibc-623bb4aec7b4d47a.rlib" "/target/debug/deps/libnewt_sys-d9c4be19710a8429.rlib" "-Wl,--start-group" "/rustup-home/toolchains/1.30.1-x86_64-unknown-linux-gnu/lib/rustlib/x86_64-unknown-linux-gnu/lib/libstd-a021829e87e39dcf.rlib" "/rustup-home/toolchains/1.30.1-x86_64-unknown-linux-gnu/lib/rustlib/x86_64-unknown-linux-gnu/lib/libpanic_unwind-ce8b5a3ae3174a34.rlib" "/rustup-home/toolchains/1.30.1-x86_64-unknown-linux-gnu/lib/rustlib/x86_64-unknown-linux-gnu/lib/liballoc_jemalloc-e0a5861af782ac1b.rlib" "/rustup-home/toolchains/1.30.1-x86_64-unknown-linux-gnu/lib/rustlib/x86_64-unknown-linux-gnu/lib/libunwind-faa54f218b0e3149.rlib" "/rustup-home/toolchains/1.30.1-x86_64-unknown-linux-gnu/lib/rustlib/x86_64-unknown-linux-gnu/lib/liballoc_system-60c1f13c2a2bc637.rlib" "/rustup-home/toolchains/1.30.1-x86_64-unknown-linux-gnu/lib/rustlib/x86_64-unknown-linux-gnu/lib/liblibc-62fff61d9c213778.rlib" "/rustup-home/toolchains/1.30.1-x86_64-unknown-linux-gnu/lib/rustlib/x86_64-unknown-linux-gnu/lib/liballoc-457f5d21aa274348.rlib" "/rustup-home/toolchains/1.30.1-x86_64-unknown-linux-gnu/lib/rustlib/x86_64-unknown-linux-gnu/lib/libcore-4694ab1fde4317be.rlib" "-Wl,--end-group" "/rustup-home/toolchains/1.30.1-x86_64-unknown-linux-gnu/lib/rustlib/x86_64-unknown-linux-gnu/lib/libcompiler_builtins-95d769f09dd6e7cb.rlib" "-Wl,-Bdynamic" "-lutil" "-lutil" "-ldl" "-lm" "-ldl" "-lrt" "-lpthread" "-lpthread" "-lgcc_s" "-lc" "-lm" "-lrt" "-lpthread" "-lutil" "-lutil"
Dec 03 00:38:13.207 INFO [stderr]   = note: /usr/bin/ld: /target/debug/deps/libnewt_sys-d9c4be19710a8429.rlib(button.o): relocation R_X86_64_32S against `.data' can not be used when making a shared object; recompile with -fPIC
Dec 03 00:38:13.207 INFO [stderr]           /target/debug/deps/libnewt_sys-d9c4be19710a8429.rlib: error adding symbols: Bad value
Dec 03 00:38:13.207 INFO [stderr]           collect2: error: ld returned 1 exit status
Dec 03 00:38:13.207 INFO [stderr]           
Dec 03 00:38:13.207 INFO [stderr] 
Dec 03 00:38:13.207 INFO [stderr] error: aborting due to previous error
Dec 03 00:38:13.207 INFO [stderr] 
Dec 03 00:38:13.210 INFO [stderr] error: Could not compile `newt`.
Dec 03 00:38:13.210 INFO [stderr] warning: build failed, waiting for other jobs to finish...
Dec 03 00:38:13.212 INFO [stderr] error: linking with `cc` failed: exit code: 1
Dec 03 00:38:13.212 INFO [stderr]   |
Dec 03 00:38:13.212 INFO [stderr]   = note: "cc" "-Wl,--as-needed" "-Wl,-z,noexecstack" "-m64" "-L" "/rustup-home/toolchains/1.30.1-x86_64-unknown-linux-gnu/lib/rustlib/x86_64-unknown-linux-gnu/lib" "/target/debug/examples/simple-6b675b89525e645a.simple.erqb0u4v-cgu.0.rcgu.o" "/target/debug/examples/simple-6b675b89525e645a.simple.erqb0u4v-cgu.1.rcgu.o" "/target/debug/examples/simple-6b675b89525e645a.simple.erqb0u4v-cgu.10.rcgu.o" "/target/debug/examples/simple-6b675b89525e645a.simple.erqb0u4v-cgu.11.rcgu.o" "/target/debug/examples/simple-6b675b89525e645a.simple.erqb0u4v-cgu.12.rcgu.o" "/target/debug/examples/simple-6b675b89525e645a.simple.erqb0u4v-cgu.2.rcgu.o" "/target/debug/examples/simple-6b675b89525e645a.simple.erqb0u4v-cgu.3.rcgu.o" "/target/debug/examples/simple-6b675b89525e645a.simple.erqb0u4v-cgu.4.rcgu.o" "/target/debug/examples/simple-6b675b89525e645a.simple.erqb0u4v-cgu.5.rcgu.o" "/target/debug/examples/simple-6b675b89525e645a.simple.erqb0u4v-cgu.6.rcgu.o" "/target/debug/examples/simple-6b675b89525e645a.simple.erqb0u4v-cgu.7.rcgu.o" "/target/debug/examples/simple-6b675b89525e645a.simple.erqb0u4v-cgu.8.rcgu.o" "/target/debug/examples/simple-6b675b89525e645a.simple.erqb0u4v-cgu.9.rcgu.o" "-o" "/target/debug/examples/simple-6b675b89525e645a" "/target/debug/examples/simple-6b675b89525e645a.a9xuk8nfncl2mr8.rcgu.o" "-Wl,--gc-sections" "-pie" "-Wl,-zrelro" "-Wl,-znow" "-nodefaultlibs" "-L" "/target/debug/deps" "-L" "/target/debug/build/newt-sys-12802221fdee9511/out/install/popt-1.16/lib" "-L" "/target/debug/build/newt-sys-12802221fdee9511/out/install/slang-2.3.2/lib" "-L" "/target/debug/build/newt-sys-12802221fdee9511/out/install/newt-0.52.20/lib" "-L" "/rustup-home/toolchains/1.30.1-x86_64-unknown-linux-gnu/lib/rustlib/x86_64-unknown-linux-gnu/lib" "-Wl,-Bstatic" "/target/debug/deps/libnewt-993029dacb25b6c4.rlib" "/target/debug/deps/liblibc-623bb4aec7b4d47a.rlib" "/target/debug/deps/libnewt_sys-d9c4be19710a8429.rlib" "-Wl,--start-group" "/rustup-home/toolchains/1.30.1-x86_64-unknown-linux-gnu/lib/rustlib/x86_64-unknown-linux-gnu/lib/libstd-a021829e87e39dcf.rlib" "/rustup-home/toolchains/1.30.1-x86_64-unknown-linux-gnu/lib/rustlib/x86_64-unknown-linux-gnu/lib/libpanic_unwind-ce8b5a3ae3174a34.rlib" "/rustup-home/toolchains/1.30.1-x86_64-unknown-linux-gnu/lib/rustlib/x86_64-unknown-linux-gnu/lib/liballoc_jemalloc-e0a5861af782ac1b.rlib" "/rustup-home/toolchains/1.30.1-x86_64-unknown-linux-gnu/lib/rustlib/x86_64-unknown-linux-gnu/lib/libunwind-faa54f218b0e3149.rlib" "/rustup-home/toolchains/1.30.1-x86_64-unknown-linux-gnu/lib/rustlib/x86_64-unknown-linux-gnu/lib/liballoc_system-60c1f13c2a2bc637.rlib" "/rustup-home/toolchains/1.30.1-x86_64-unknown-linux-gnu/lib/rustlib/x86_64-unknown-linux-gnu/lib/liblibc-62fff61d9c213778.rlib" "/rustup-home/toolchains/1.30.1-x86_64-unknown-linux-gnu/lib/rustlib/x86_64-unknown-linux-gnu/lib/liballoc-457f5d21aa274348.rlib" "/rustup-home/toolchains/1.30.1-x86_64-unknown-linux-gnu/lib/rustlib/x86_64-unknown-linux-gnu/lib/libcore-4694ab1fde4317be.rlib" "-Wl,--end-group" "/rustup-home/toolchains/1.30.1-x86_64-unknown-linux-gnu/lib/rustlib/x86_64-unknown-linux-gnu/lib/libcompiler_builtins-95d769f09dd6e7cb.rlib" "-Wl,-Bdynamic" "-lutil" "-lutil" "-ldl" "-lm" "-ldl" "-lrt" "-lpthread" "-lpthread" "-lgcc_s" "-lc" "-lm" "-lrt" "-lpthread" "-lutil" "-lutil"
Dec 03 00:38:13.212 INFO [stderr]   = note: /usr/bin/ld: /target/debug/deps/libnewt_sys-d9c4be19710a8429.rlib(newt.o): relocation R_X86_64_32 against `.rodata.str1.1' can not be used when making a shared object; recompile with -fPIC
Dec 03 00:38:13.212 INFO [stderr]           /target/debug/deps/libnewt_sys-d9c4be19710a8429.rlib: error adding symbols: Bad value
Dec 03 00:38:13.212 INFO [stderr]           collect2: error: ld returned 1 exit status
Dec 03 00:38:13.212 INFO [stderr]           
Dec 03 00:38:13.212 INFO [stderr] 
Dec 03 00:38:13.215 INFO [stderr] error: aborting due to previous error
Dec 03 00:38:13.216 INFO [stderr] 
Dec 03 00:38:13.225 INFO [stderr] error: Could not compile `newt`.
Dec 03 00:38:13.231 INFO [stderr] warning: build failed, waiting for other jobs to finish...
Dec 03 00:38:13.250 INFO [stderr] error: linking with `cc` failed: exit code: 1
Dec 03 00:38:13.250 INFO [stderr]   |
Dec 03 00:38:13.250 INFO [stderr]   = note: "cc" "-Wl,--as-needed" "-Wl,-z,noexecstack" "-m64" "-L" "/rustup-home/toolchains/1.30.1-x86_64-unknown-linux-gnu/lib/rustlib/x86_64-unknown-linux-gnu/lib" "/target/debug/deps/button_tests-5cd2e2cea5873b21.button_tests.kt0cf7mk-cgu.0.rcgu.o" "/target/debug/deps/button_tests-5cd2e2cea5873b21.button_tests.kt0cf7mk-cgu.1.rcgu.o" "/target/debug/deps/button_tests-5cd2e2cea5873b21.button_tests.kt0cf7mk-cgu.2.rcgu.o" "/target/debug/deps/button_tests-5cd2e2cea5873b21.button_tests.kt0cf7mk-cgu.3.rcgu.o" "/target/debug/deps/button_tests-5cd2e2cea5873b21.button_tests.kt0cf7mk-cgu.4.rcgu.o" "/target/debug/deps/button_tests-5cd2e2cea5873b21.button_tests.kt0cf7mk-cgu.5.rcgu.o" "/target/debug/deps/button_tests-5cd2e2cea5873b21.button_tests.kt0cf7mk-cgu.6.rcgu.o" "/target/debug/deps/button_tests-5cd2e2cea5873b21.button_tests.kt0cf7mk-cgu.7.rcgu.o" "-o" "/target/debug/deps/button_tests-5cd2e2cea5873b21" "/target/debug/deps/button_tests-5cd2e2cea5873b21.5dhv4bd5wxldtig7.rcgu.o" "-Wl,--gc-sections" "-pie" "-Wl,-zrelro" "-Wl,-znow" "-nodefaultlibs" "-L" "/target/debug/deps" "-L" "/target/debug/build/newt-sys-12802221fdee9511/out/install/popt-1.16/lib" "-L" "/target/debug/build/newt-sys-12802221fdee9511/out/install/slang-2.3.2/lib" "-L" "/target/debug/build/newt-sys-12802221fdee9511/out/install/newt-0.52.20/lib" "-L" "/rustup-home/toolchains/1.30.1-x86_64-unknown-linux-gnu/lib/rustlib/x86_64-unknown-linux-gnu/lib" "-Wl,-Bstatic" "/rustup-home/toolchains/1.30.1-x86_64-unknown-linux-gnu/lib/rustlib/x86_64-unknown-linux-gnu/lib/libtest-7d3b79922a124995.rlib" "/rustup-home/toolchains/1.30.1-x86_64-unknown-linux-gnu/lib/rustlib/x86_64-unknown-linux-gnu/lib/libterm-1fdcd4606476a7b2.rlib" "/rustup-home/toolchains/1.30.1-x86_64-unknown-linux-gnu/lib/rustlib/x86_64-unknown-linux-gnu/lib/libgetopts-5677446c1fdbeb16.rlib" "/target/debug/deps/libnewt-993029dacb25b6c4.rlib" "/target/debug/deps/liblibc-623bb4aec7b4d47a.rlib" "/target/debug/deps/libnewt_sys-d9c4be19710a8429.rlib" "-Wl,--start-group" "/rustup-home/toolchains/1.30.1-x86_64-unknown-linux-gnu/lib/rustlib/x86_64-unknown-linux-gnu/lib/libstd-a021829e87e39dcf.rlib" "/rustup-home/toolchains/1.30.1-x86_64-unknown-linux-gnu/lib/rustlib/x86_64-unknown-linux-gnu/lib/libpanic_unwind-ce8b5a3ae3174a34.rlib" "/rustup-home/toolchains/1.30.1-x86_64-unknown-linux-gnu/lib/rustlib/x86_64-unknown-linux-gnu/lib/liballoc_jemalloc-e0a5861af782ac1b.rlib" "/rustup-home/toolchains/1.30.1-x86_64-unknown-linux-gnu/lib/rustlib/x86_64-unknown-linux-gnu/lib/libunwind-faa54f218b0e3149.rlib" "/rustup-home/toolchains/1.30.1-x86_64-unknown-linux-gnu/lib/rustlib/x86_64-unknown-linux-gnu/lib/liballoc_system-60c1f13c2a2bc637.rlib" "/rustup-home/toolchains/1.30.1-x86_64-unknown-linux-gnu/lib/rustlib/x86_64-unknown-linux-gnu/lib/liblibc-62fff61d9c213778.rlib" "/rustup-home/toolchains/1.30.1-x86_64-unknown-linux-gnu/lib/rustlib/x86_64-unknown-linux-gnu/lib/liballoc-457f5d21aa274348.rlib" "/rustup-home/toolchains/1.30.1-x86_64-unknown-linux-gnu/lib/rustlib/x86_64-unknown-linux-gnu/lib/libcore-4694ab1fde4317be.rlib" "-Wl,--end-group" "/rustup-home/toolchains/1.30.1-x86_64-unknown-linux-gnu/lib/rustlib/x86_64-unknown-linux-gnu/lib/libcompiler_builtins-95d769f09dd6e7cb.rlib" "-Wl,-Bdynamic" "-lutil" "-lutil" "-ldl" "-lm" "-ldl" "-lrt" "-lpthread" "-lpthread" "-lgcc_s" "-lc" "-lm" "-lrt" "-lpthread" "-lutil" "-lutil"
Dec 03 00:38:13.250 INFO [stderr]   = note: /usr/bin/ld: /target/debug/deps/libnewt_sys-d9c4be19710a8429.rlib(button.o): relocation R_X86_64_32S against `.data' can not be used when making a shared object; recompile with -fPIC
Dec 03 00:38:13.250 INFO [stderr]           /target/debug/deps/libnewt_sys-d9c4be19710a8429.rlib: error adding symbols: Bad value
Dec 03 00:38:13.250 INFO [stderr]           collect2: error: ld returned 1 exit status
Dec 03 00:38:13.250 INFO [stderr]           
Dec 03 00:38:13.250 INFO [stderr] 
Dec 03 00:38:13.250 INFO [stderr] error: aborting due to previous error
Dec 03 00:38:13.250 INFO [stderr] 
Dec 03 00:38:13.255 INFO [stderr] error: Could not compile `newt`.
Dec 03 00:38:13.255 INFO [stderr] warning: build failed, waiting for other jobs to finish...
Dec 03 00:38:13.263 INFO [stderr] error: linking with `cc` failed: exit code: 1
Dec 03 00:38:13.263 INFO [stderr]   |
Dec 03 00:38:13.263 INFO [stderr]   = note: "cc" "-Wl,--as-needed" "-Wl,-z,noexecstack" "-m64" "-L" "/rustup-home/toolchains/1.30.1-x86_64-unknown-linux-gnu/lib/rustlib/x86_64-unknown-linux-gnu/lib" "/target/debug/deps/form_tests-0c5fce1295b6217d.form_tests.1fbmzrja-cgu.0.rcgu.o" "/target/debug/deps/form_tests-0c5fce1295b6217d.form_tests.1fbmzrja-cgu.1.rcgu.o" "/target/debug/deps/form_tests-0c5fce1295b6217d.form_tests.1fbmzrja-cgu.2.rcgu.o" "/target/debug/deps/form_tests-0c5fce1295b6217d.form_tests.1fbmzrja-cgu.3.rcgu.o" "/target/debug/deps/form_tests-0c5fce1295b6217d.form_tests.1fbmzrja-cgu.4.rcgu.o" "/target/debug/deps/form_tests-0c5fce1295b6217d.form_tests.1fbmzrja-cgu.5.rcgu.o" "/target/debug/deps/form_tests-0c5fce1295b6217d.form_tests.1fbmzrja-cgu.6.rcgu.o" "/target/debug/deps/form_tests-0c5fce1295b6217d.form_tests.1fbmzrja-cgu.7.rcgu.o" "/target/debug/deps/form_tests-0c5fce1295b6217d.form_tests.1fbmzrja-cgu.8.rcgu.o" "/target/debug/deps/form_tests-0c5fce1295b6217d.form_tests.1fbmzrja-cgu.9.rcgu.o" "-o" "/target/debug/deps/form_tests-0c5fce1295b6217d" "/target/debug/deps/form_tests-0c5fce1295b6217d.4efokl8rae0uio8j.rcgu.o" "-Wl,--gc-sections" "-pie" "-Wl,-zrelro" "-Wl,-znow" "-nodefaultlibs" "-L" "/target/debug/deps" "-L" "/target/debug/build/newt-sys-12802221fdee9511/out/install/popt-1.16/lib" "-L" "/target/debug/build/newt-sys-12802221fdee9511/out/install/slang-2.3.2/lib" "-L" "/target/debug/build/newt-sys-12802221fdee9511/out/install/newt-0.52.20/lib" "-L" "/rustup-home/toolchains/1.30.1-x86_64-unknown-linux-gnu/lib/rustlib/x86_64-unknown-linux-gnu/lib" "-Wl,-Bstatic" "/rustup-home/toolchains/1.30.1-x86_64-unknown-linux-gnu/lib/rustlib/x86_64-unknown-linux-gnu/lib/libtest-7d3b79922a124995.rlib" "/rustup-home/toolchains/1.30.1-x86_64-unknown-linux-gnu/lib/rustlib/x86_64-unknown-linux-gnu/lib/libterm-1fdcd4606476a7b2.rlib" "/rustup-home/toolchains/1.30.1-x86_64-unknown-linux-gnu/lib/rustlib/x86_64-unknown-linux-gnu/lib/libgetopts-5677446c1fdbeb16.rlib" "/target/debug/deps/libnewt-993029dacb25b6c4.rlib" "/target/debug/deps/liblibc-623bb4aec7b4d47a.rlib" "/target/debug/deps/libnewt_sys-d9c4be19710a8429.rlib" "-Wl,--start-group" "/rustup-home/toolchains/1.30.1-x86_64-unknown-linux-gnu/lib/rustlib/x86_64-unknown-linux-gnu/lib/libstd-a021829e87e39dcf.rlib" "/rustup-home/toolchains/1.30.1-x86_64-unknown-linux-gnu/lib/rustlib/x86_64-unknown-linux-gnu/lib/libpanic_unwind-ce8b5a3ae3174a34.rlib" "/rustup-home/toolchains/1.30.1-x86_64-unknown-linux-gnu/lib/rustlib/x86_64-unknown-linux-gnu/lib/liballoc_jemalloc-e0a5861af782ac1b.rlib" "/rustup-home/toolchains/1.30.1-x86_64-unknown-linux-gnu/lib/rustlib/x86_64-unknown-linux-gnu/lib/libunwind-faa54f218b0e3149.rlib" "/rustup-home/toolchains/1.30.1-x86_64-unknown-linux-gnu/lib/rustlib/x86_64-unknown-linux-gnu/lib/liballoc_system-60c1f13c2a2bc637.rlib" "/rustup-home/toolchains/1.30.1-x86_64-unknown-linux-gnu/lib/rustlib/x86_64-unknown-linux-gnu/lib/liblibc-62fff61d9c213778.rlib" "/rustup-home/toolchains/1.30.1-x86_64-unknown-linux-gnu/lib/rustlib/x86_64-unknown-linux-gnu/lib/liballoc-457f5d21aa274348.rlib" "/rustup-home/toolchains/1.30.1-x86_64-unknown-linux-gnu/lib/rustlib/x86_64-unknown-linux-gnu/lib/libcore-4694ab1fde4317be.rlib" "-Wl,--end-group" "/rustup-home/toolchains/1.30.1-x86_64-unknown-linux-gnu/lib/rustlib/x86_64-unknown-linux-gnu/lib/libcompiler_builtins-95d769f09dd6e7cb.rlib" "-Wl,-Bdynamic" "-lutil" "-lutil" "-ldl" "-lm" "-ldl" "-lrt" "-lpthread" "-lpthread" "-lgcc_s" "-lc" "-lm" "-lrt" "-lpthread" "-lutil" "-lutil"
Dec 03 00:38:13.263 INFO [stderr]   = note: /usr/bin/ld: /target/debug/deps/libnewt_sys-d9c4be19710a8429.rlib(button.o): relocation R_X86_64_32S against `.data' can not be used when making a shared object; recompile with -fPIC
Dec 03 00:38:13.263 INFO [stderr]           /target/debug/deps/libnewt_sys-d9c4be19710a8429.rlib: error adding symbols: Bad value
Dec 03 00:38:13.263 INFO [stderr]           collect2: error: ld returned 1 exit status
Dec 03 00:38:13.263 INFO [stderr]           
Dec 03 00:38:13.263 INFO [stderr] 
Dec 03 00:38:13.263 INFO [stderr] error: aborting due to previous error
Dec 03 00:38:13.263 INFO [stderr] 
Dec 03 00:38:13.265 INFO [stderr] error: Could not compile `newt`.
Dec 03 00:38:13.265 INFO [stderr] warning: build failed, waiting for other jobs to finish...
Dec 03 00:38:13.375 INFO [stderr] error: linking with `cc` failed: exit code: 1
Dec 03 00:38:13.375 INFO [stderr]   |
Dec 03 00:38:13.375 INFO [stderr]   = note: "cc" "-Wl,--as-needed" "-Wl,-z,noexecstack" "-m64" "-L" "/rustup-home/toolchains/1.30.1-x86_64-unknown-linux-gnu/lib/rustlib/x86_64-unknown-linux-gnu/lib" "/target/debug/deps/entry_tests-e10f57be6008cb14.entry_tests.ddcgaudr-cgu.0.rcgu.o" "/target/debug/deps/entry_tests-e10f57be6008cb14.entry_tests.ddcgaudr-cgu.1.rcgu.o" "/target/debug/deps/entry_tests-e10f57be6008cb14.entry_tests.ddcgaudr-cgu.10.rcgu.o" "/target/debug/deps/entry_tests-e10f57be6008cb14.entry_tests.ddcgaudr-cgu.11.rcgu.o" "/target/debug/deps/entry_tests-e10f57be6008cb14.entry_tests.ddcgaudr-cgu.12.rcgu.o" "/target/debug/deps/entry_tests-e10f57be6008cb14.entry_tests.ddcgaudr-cgu.13.rcgu.o" "/target/debug/deps/entry_tests-e10f57be6008cb14.entry_tests.ddcgaudr-cgu.2.rcgu.o" "/target/debug/deps/entry_tests-e10f57be6008cb14.entry_tests.ddcgaudr-cgu.3.rcgu.o" "/target/debug/deps/entry_tests-e10f57be6008cb14.entry_tests.ddcgaudr-cgu.4.rcgu.o" "/target/debug/deps/entry_tests-e10f57be6008cb14.entry_tests.ddcgaudr-cgu.5.rcgu.o" "/target/debug/deps/entry_tests-e10f57be6008cb14.entry_tests.ddcgaudr-cgu.6.rcgu.o" "/target/debug/deps/entry_tests-e10f57be6008cb14.entry_tests.ddcgaudr-cgu.7.rcgu.o" "/target/debug/deps/entry_tests-e10f57be6008cb14.entry_tests.ddcgaudr-cgu.8.rcgu.o" "/target/debug/deps/entry_tests-e10f57be6008cb14.entry_tests.ddcgaudr-cgu.9.rcgu.o" "-o" "/target/debug/deps/entry_tests-e10f57be6008cb14" "/target/debug/deps/entry_tests-e10f57be6008cb14.5cnr8h14xzt8nbc.rcgu.o" "-Wl,--gc-sections" "-pie" "-Wl,-zrelro" "-Wl,-znow" "-nodefaultlibs" "-L" "/target/debug/deps" "-L" "/target/debug/build/newt-sys-12802221fdee9511/out/install/popt-1.16/lib" "-L" "/target/debug/build/newt-sys-12802221fdee9511/out/install/slang-2.3.2/lib" "-L" "/target/debug/build/newt-sys-12802221fdee9511/out/install/newt-0.52.20/lib" "-L" "/rustup-home/toolchains/1.30.1-x86_64-unknown-linux-gnu/lib/rustlib/x86_64-unknown-linux-gnu/lib" "-Wl,-Bstatic" "/rustup-home/toolchains/1.30.1-x86_64-unknown-linux-gnu/lib/rustlib/x86_64-unknown-linux-gnu/lib/libtest-7d3b79922a124995.rlib" "/rustup-home/toolchains/1.30.1-x86_64-unknown-linux-gnu/lib/rustlib/x86_64-unknown-linux-gnu/lib/libterm-1fdcd4606476a7b2.rlib" "/rustup-home/toolchains/1.30.1-x86_64-unknown-linux-gnu/lib/rustlib/x86_64-unknown-linux-gnu/lib/libgetopts-5677446c1fdbeb16.rlib" "/target/debug/deps/libnewt-993029dacb25b6c4.rlib" "/target/debug/deps/liblibc-623bb4aec7b4d47a.rlib" "/target/debug/deps/libnewt_sys-d9c4be19710a8429.rlib" "-Wl,--start-group" "/rustup-home/toolchains/1.30.1-x86_64-unknown-linux-gnu/lib/rustlib/x86_64-unknown-linux-gnu/lib/libstd-a021829e87e39dcf.rlib" "/rustup-home/toolchains/1.30.1-x86_64-unknown-linux-gnu/lib/rustlib/x86_64-unknown-linux-gnu/lib/libpanic_unwind-ce8b5a3ae3174a34.rlib" "/rustup-home/toolchains/1.30.1-x86_64-unknown-linux-gnu/lib/rustlib/x86_64-unknown-linux-gnu/lib/liballoc_jemalloc-e0a5861af782ac1b.rlib" "/rustup-home/toolchains/1.30.1-x86_64-unknown-linux-gnu/lib/rustlib/x86_64-unknown-linux-gnu/lib/libunwind-faa54f218b0e3149.rlib" "/rustup-home/toolchains/1.30.1-x86_64-unknown-linux-gnu/lib/rustlib/x86_64-unknown-linux-gnu/lib/liballoc_system-60c1f13c2a2bc637.rlib" "/rustup-home/toolchains/1.30.1-x86_64-unknown-linux-gnu/lib/rustlib/x86_64-unknown-linux-gnu/lib/liblibc-62fff61d9c213778.rlib" "/rustup-home/toolchains/1.30.1-x86_64-unknown-linux-gnu/lib/rustlib/x86_64-unknown-linux-gnu/lib/liballoc-457f5d21aa274348.rlib" "/rustup-home/toolchains/1.30.1-x86_64-unknown-linux-gnu/lib/rustlib/x86_64-unknown-linux-gnu/lib/libcore-4694ab1fde4317be.rlib" "-Wl,--end-group" "/rustup-home/toolchains/1.30.1-x86_64-unknown-linux-gnu/lib/rustlib/x86_64-unknown-linux-gnu/lib/libcompiler_builtins-95d769f09dd6e7cb.rlib" "-Wl,-Bdynamic" "-lutil" "-lutil" "-ldl" "-lm" "-ldl" "-lrt" "-lpthread" "-lpthread" "-lgcc_s" "-lc" "-lm" "-lrt" "-lpthread" "-lutil" "-lutil"
Dec 03 00:38:13.375 INFO [stderr]   = note: /usr/bin/ld: /target/debug/deps/libnewt_sys-d9c4be19710a8429.rlib(button.o): relocation R_X86_64_32S against `.data' can not be used when making a shared object; recompile with -fPIC
Dec 03 00:38:13.375 INFO [stderr]           /target/debug/deps/libnewt_sys-d9c4be19710a8429.rlib: error adding symbols: Bad value
Dec 03 00:38:13.375 INFO [stderr]           collect2: error: ld returned 1 exit status
Dec 03 00:38:13.375 INFO [stderr]           
Dec 03 00:38:13.375 INFO [stderr] 
Dec 03 00:38:13.375 INFO [stderr] error: aborting due to previous error
Dec 03 00:38:13.375 INFO [stderr] 
Dec 03 00:38:13.378 INFO [stderr] error: Could not compile `newt`.
Dec 03 00:38:13.378 INFO [stderr] warning: build failed, waiting for other jobs to finish...
Dec 03 00:38:13.818 INFO [stderr] error: linking with `cc` failed: exit code: 1
Dec 03 00:38:13.818 INFO [stderr]   |
Dec 03 00:38:13.819 INFO [stderr]   = note: "cc" "-Wl,--as-needed" "-Wl,-z,noexecstack" "-m64" "-L" "/rustup-home/toolchains/1.30.1-x86_64-unknown-linux-gnu/lib/rustlib/x86_64-unknown-linux-gnu/lib" "/target/debug/deps/checkbox_tree_tests-20a8149c8c381a16.checkbox_tree_tests.ax9ujxd1-cgu.0.rcgu.o" "/target/debug/deps/checkbox_tree_tests-20a8149c8c381a16.checkbox_tree_tests.ax9ujxd1-cgu.1.rcgu.o" "/target/debug/deps/checkbox_tree_tests-20a8149c8c381a16.checkbox_tree_tests.ax9ujxd1-cgu.10.rcgu.o" "/target/debug/deps/checkbox_tree_tests-20a8149c8c381a16.checkbox_tree_tests.ax9ujxd1-cgu.11.rcgu.o" "/target/debug/deps/checkbox_tree_tests-20a8149c8c381a16.checkbox_tree_tests.ax9ujxd1-cgu.12.rcgu.o" "/target/debug/deps/checkbox_tree_tests-20a8149c8c381a16.checkbox_tree_tests.ax9ujxd1-cgu.13.rcgu.o" "/target/debug/deps/checkbox_tree_tests-20a8149c8c381a16.checkbox_tree_tests.ax9ujxd1-cgu.14.rcgu.o" "/target/debug/deps/checkbox_tree_tests-20a8149c8c381a16.checkbox_tree_tests.ax9ujxd1-cgu.15.rcgu.o" "/target/debug/deps/checkbox_tree_tests-20a8149c8c381a16.checkbox_tree_tests.ax9ujxd1-cgu.2.rcgu.o" "/target/debug/deps/checkbox_tree_tests-20a8149c8c381a16.checkbox_tree_tests.ax9ujxd1-cgu.3.rcgu.o" "/target/debug/deps/checkbox_tree_tests-20a8149c8c381a16.checkbox_tree_tests.ax9ujxd1-cgu.4.rcgu.o" "/target/debug/deps/checkbox_tree_tests-20a8149c8c381a16.checkbox_tree_tests.ax9ujxd1-cgu.5.rcgu.o" "/target/debug/deps/checkbox_tree_tests-20a8149c8c381a16.checkbox_tree_tests.ax9ujxd1-cgu.6.rcgu.o" "/target/debug/deps/checkbox_tree_tests-20a8149c8c381a16.checkbox_tree_tests.ax9ujxd1-cgu.7.rcgu.o" "/target/debug/deps/checkbox_tree_tests-20a8149c8c381a16.checkbox_tree_tests.ax9ujxd1-cgu.8.rcgu.o" "/target/debug/deps/checkbox_tree_tests-20a8149c8c381a16.checkbox_tree_tests.ax9ujxd1-cgu.9.rcgu.o" "-o" "/target/debug/deps/checkbox_tree_tests-20a8149c8c381a16" "/target/debug/deps/checkbox_tree_tests-20a8149c8c381a16.5amlh45z15ig1oyu.rcgu.o" "-Wl,--gc-sections" "-pie" "-Wl,-zrelro" "-Wl,-znow" "-nodefaultlibs" "-L" "/target/debug/deps" "-L" "/target/debug/build/newt-sys-12802221fdee9511/out/install/popt-1.16/lib" "-L" "/target/debug/build/newt-sys-12802221fdee9511/out/install/slang-2.3.2/lib" "-L" "/target/debug/build/newt-sys-12802221fdee9511/out/install/newt-0.52.20/lib" "-L" "/rustup-home/toolchains/1.30.1-x86_64-unknown-linux-gnu/lib/rustlib/x86_64-unknown-linux-gnu/lib" "-Wl,-Bstatic" "/rustup-home/toolchains/1.30.1-x86_64-unknown-linux-gnu/lib/rustlib/x86_64-unknown-linux-gnu/lib/libtest-7d3b79922a124995.rlib" "/rustup-home/toolchains/1.30.1-x86_64-unknown-linux-gnu/lib/rustlib/x86_64-unknown-linux-gnu/lib/libterm-1fdcd4606476a7b2.rlib" "/rustup-home/toolchains/1.30.1-x86_64-unknown-linux-gnu/lib/rustlib/x86_64-unknown-linux-gnu/lib/libgetopts-5677446c1fdbeb16.rlib" "/target/debug/deps/libnewt-993029dacb25b6c4.rlib" "/target/debug/deps/liblibc-623bb4aec7b4d47a.rlib" "/target/debug/deps/libnewt_sys-d9c4be19710a8429.rlib" "-Wl,--start-group" "/rustup-home/toolchains/1.30.1-x86_64-unknown-linux-gnu/lib/rustlib/x86_64-unknown-linux-gnu/lib/libstd-a021829e87e39dcf.rlib" "/rustup-home/toolchains/1.30.1-x86_64-unknown-linux-gnu/lib/rustlib/x86_64-unknown-linux-gnu/lib/libpanic_unwind-ce8b5a3ae3174a34.rlib" "/rustup-home/toolchains/1.30.1-x86_64-unknown-linux-gnu/lib/rustlib/x86_64-unknown-linux-gnu/lib/liballoc_jemalloc-e0a5861af782ac1b.rlib" "/rustup-home/toolchains/1.30.1-x86_64-unknown-linux-gnu/lib/rustlib/x86_64-unknown-linux-gnu/lib/libunwind-faa54f218b0e3149.rlib" "/rustup-home/toolchains/1.30.1-x86_64-unknown-linux-gnu/lib/rustlib/x86_64-unknown-linux-gnu/lib/liballoc_system-60c1f13c2a2bc637.rlib" "/rustup-home/toolchains/1.30.1-x86_64-unknown-linux-gnu/lib/rustlib/x86_64-unknown-linux-gnu/lib/liblibc-62fff61d9c213778.rlib" "/rustup-home/toolchains/1.30.1-x86_64-unknown-linux-gnu/lib/rustlib/x86_64-unknown-linux-gnu/lib/liballoc-457f5d21aa274348.rlib" "/rustup-home/toolchains/1.30.1-x86_64-unknown-linux-gnu/lib/rustlib/x86_64-unknown-linux-gnu/lib/libcore-4694ab1fde4317be.rlib" "-Wl,--end-group" "/rustup-home/toolchains/1.30.1-x86_64-unknown-linux-gnu/lib/rustlib/x86_64-unknown-linux-gnu/lib/libcompiler_builtins-95d769f09dd6e7cb.rlib" "-Wl,-Bdynamic" "-lutil" "-lutil" "-ldl" "-lm" "-ldl" "-lrt" "-lpthread" "-lpthread" "-lgcc_s" "-lc" "-lm" "-lrt" "-lpthread" "-lutil" "-lutil"
Dec 03 00:38:13.819 INFO [stderr]   = note: /usr/bin/ld: /target/debug/deps/libnewt_sys-d9c4be19710a8429.rlib(button.o): relocation R_X86_64_32S against `.data' can not be used when making a shared object; recompile with -fPIC
Dec 03 00:38:13.819 INFO [stderr]           /target/debug/deps/libnewt_sys-d9c4be19710a8429.rlib: error adding symbols: Bad value
Dec 03 00:38:13.819 INFO [stderr]           collect2: error: ld returned 1 exit status
Dec 03 00:38:13.819 INFO [stderr]           
Dec 03 00:38:13.819 INFO [stderr] 
Dec 03 00:38:13.819 INFO [stderr] error: aborting due to previous error
Dec 03 00:38:13.819 INFO [stderr] 
Dec 03 00:38:13.823 INFO [stderr] error: Could not compile `newt`.
Dec 03 00:38:13.823 INFO [stderr] warning: build failed, waiting for other jobs to finish...
Dec 03 00:38:14.042 INFO [stderr] error: build failed
Dec 03 00:38:14.043 INFO [stderr] su: No module specific data is present
Dec 03 00:38:14.431 INFO running `"docker" "inspect" "c887212aea3a4adcb61379d53236dbcb0ee711ad75348f49631af468a3fe4049"`
Dec 03 00:38:14.534 INFO running `"docker" "rm" "-f" "c887212aea3a4adcb61379d53236dbcb0ee711ad75348f49631af468a3fe4049"`
Dec 03 00:38:14.623 INFO [stdout] c887212aea3a4adcb61379d53236dbcb0ee711ad75348f49631af468a3fe4049
