Dec 03 01:35:01.836 INFO testing mix_link-0.0.3 against 1.30.1 for beta-1.31-5
Dec 03 01:35:01.836 INFO running `"docker" "create" "-v" "/mnt/big/crater/work/local/target-dirs/beta-1.31-5/worker-3/1.30.1:/target:rw,Z" "-v" "/mnt/big/crater/work/local/test-source/worker-3/beta-1.31-5/1.30.1:/source:ro,Z" "-v" "/mnt/big/crater/work/local/cargo-home:/cargo-home:ro,Z" "-v" "/mnt/big/crater/work/local/rustup-home:/rustup-home:ro,Z" "-e" "USER_ID=1000" "-e" "SOURCE_DIR=/source" "-e" "USER_ID=1000" "-e" "CMD=cargo +1.30.1 build --frozen" "-e" "CARGO_TARGET_DIR=/target" "-e" "CARGO_INCREMENTAL=0" "-e" "RUST_BACKTRACE=full" "-e" "RUSTFLAGS=--cap-lints=warn" "-e" "CARGO_HOME=/cargo-home" "-e" "RUSTUP_HOME=/rustup-home" "-m" "1536M" "--network" "none" "crater"`
Dec 03 01:35:02.280 INFO [stdout] 445b0a2e3ac06b65a9a574eb928b90b80175ec1a85007833ae82e8ba17b07637
Dec 03 01:35:02.283 INFO running `"docker" "start" "-a" "445b0a2e3ac06b65a9a574eb928b90b80175ec1a85007833ae82e8ba17b07637"`
Dec 03 01:35:03.927 INFO [stderr] usermod: no changes
Dec 03 01:35:04.252 INFO [stderr]    Compiling subtle v0.6.3
Dec 03 01:35:04.252 INFO [stderr]    Compiling byteorder v1.2.7
Dec 03 01:35:04.252 INFO [stderr]    Compiling subtle v0.7.1
Dec 03 01:35:04.259 INFO [stderr]    Compiling subtle v1.0.0
Dec 03 01:35:04.271 INFO [stderr]    Compiling aez v0.0.2
Dec 03 01:35:04.276 INFO [stderr]    Compiling blake2b v0.7.0
Dec 03 01:35:04.276 INFO [stderr]    Compiling keystream v1.0.0
Dec 03 01:35:04.276 INFO [stderr]    Compiling static_slice v0.0.3
Dec 03 01:35:05.171 INFO [stderr]    Compiling clear_on_drop v0.2.3
Dec 03 01:35:06.746 INFO [stderr] error[E0554]: #![feature] may not be used on the stable release channel
Dec 03 01:35:06.746 INFO [stderr]   --> /cargo-home/registry/src/github.com-1ecc6299db9ec823/subtle-1.0.0/src/lib.rs:12:34
Dec 03 01:35:06.746 INFO [stderr]    |
Dec 03 01:35:06.746 INFO [stderr] 12 | #![cfg_attr(feature = "nightly", feature(asm))]
Dec 03 01:35:06.746 INFO [stderr]    |                                  ^^^^^^^^^^^^^
Dec 03 01:35:06.746 INFO [stderr] 
Dec 03 01:35:06.746 INFO [stderr] error[E0554]: #![feature] may not be used on the stable release channel
Dec 03 01:35:06.746 INFO [stderr]   --> /cargo-home/registry/src/github.com-1ecc6299db9ec823/subtle-1.0.0/src/lib.rs:13:34
Dec 03 01:35:06.746 INFO [stderr]    |
Dec 03 01:35:06.746 INFO [stderr] 13 | #![cfg_attr(feature = "nightly", feature(external_doc))]
Dec 03 01:35:06.746 INFO [stderr]    |                                  ^^^^^^^^^^^^^^^^^^^^^^
Dec 03 01:35:06.746 INFO [stderr] 
Dec 03 01:35:06.746 INFO [stderr] error: aborting due to 2 previous errors
Dec 03 01:35:06.746 INFO [stderr] 
Dec 03 01:35:06.746 INFO [stderr] For more information about this error, try `rustc --explain E0554`.
Dec 03 01:35:06.753 INFO [stderr] error: Could not compile `subtle`.
Dec 03 01:35:06.753 INFO [stderr] warning: build failed, waiting for other jobs to finish...
Dec 03 01:35:07.515 INFO [stderr] error[E0554]: #![feature] may not be used on the stable release channel
Dec 03 01:35:07.515 INFO [stderr]   --> /cargo-home/registry/src/github.com-1ecc6299db9ec823/subtle-0.6.3/src/lib.rs:13:34
Dec 03 01:35:07.515 INFO [stderr]    |
Dec 03 01:35:07.515 INFO [stderr] 13 | #![cfg_attr(feature = "nightly", feature(asm))]
Dec 03 01:35:07.515 INFO [stderr]    |                                  ^^^^^^^^^^^^^
Dec 03 01:35:07.515 INFO [stderr] 
Dec 03 01:35:07.515 INFO [stderr] error[E0554]: #![feature] may not be used on the stable release channel
Dec 03 01:35:07.515 INFO [stderr]   --> /cargo-home/registry/src/github.com-1ecc6299db9ec823/subtle-0.6.3/src/lib.rs:14:34
Dec 03 01:35:07.515 INFO [stderr]    |
Dec 03 01:35:07.515 INFO [stderr] 14 | #![cfg_attr(feature = "nightly", feature(external_doc))]
Dec 03 01:35:07.515 INFO [stderr]    |                                  ^^^^^^^^^^^^^^^^^^^^^^
Dec 03 01:35:07.515 INFO [stderr] 
Dec 03 01:35:07.515 INFO [stderr] error: aborting due to 2 previous errors
Dec 03 01:35:07.515 INFO [stderr] 
Dec 03 01:35:07.515 INFO [stderr] For more information about this error, try `rustc --explain E0554`.
Dec 03 01:35:07.515 INFO [stderr] error: Could not compile `subtle`.
Dec 03 01:35:07.515 INFO [stderr] warning: build failed, waiting for other jobs to finish...
Dec 03 01:35:08.467 INFO [stderr] error: build failed
Dec 03 01:35:08.477 INFO [stderr] su: No module specific data is present
Dec 03 01:35:08.951 INFO running `"docker" "inspect" "445b0a2e3ac06b65a9a574eb928b90b80175ec1a85007833ae82e8ba17b07637"`
Dec 03 01:35:09.129 INFO running `"docker" "rm" "-f" "445b0a2e3ac06b65a9a574eb928b90b80175ec1a85007833ae82e8ba17b07637"`
Dec 03 01:35:09.355 INFO [stdout] 445b0a2e3ac06b65a9a574eb928b90b80175ec1a85007833ae82e8ba17b07637
