Dec 03 02:19:12.476 INFO testing magicalstick-0.0.2 against 1.30.1 for beta-1.31-5
Dec 03 02:19:12.476 INFO running `"docker" "create" "-v" "/mnt/big/crater/work/local/target-dirs/beta-1.31-5/worker-7/1.30.1:/target:rw,Z" "-v" "/mnt/big/crater/work/local/test-source/worker-7/beta-1.31-5/1.30.1:/source:ro,Z" "-v" "/mnt/big/crater/work/local/cargo-home:/cargo-home:ro,Z" "-v" "/mnt/big/crater/work/local/rustup-home:/rustup-home:ro,Z" "-e" "USER_ID=1000" "-e" "SOURCE_DIR=/source" "-e" "USER_ID=1000" "-e" "CMD=cargo +1.30.1 build --frozen" "-e" "CARGO_TARGET_DIR=/target" "-e" "CARGO_INCREMENTAL=0" "-e" "RUST_BACKTRACE=full" "-e" "RUSTFLAGS=--cap-lints=warn" "-e" "CARGO_HOME=/cargo-home" "-e" "RUSTUP_HOME=/rustup-home" "-m" "1536M" "--network" "none" "crater"`
Dec 03 02:19:12.879 INFO [stdout] ac5f81c70d617e2b97b6186d4741de4e125421f1a62fbc9f1232176d845caae0
Dec 03 02:19:12.885 INFO running `"docker" "start" "-a" "ac5f81c70d617e2b97b6186d4741de4e125421f1a62fbc9f1232176d845caae0"`
Dec 03 02:19:14.103 INFO [stderr] usermod: no changes
Dec 03 02:19:14.519 INFO [stderr]    Compiling try_print v0.0.1
Dec 03 02:19:14.524 INFO [stderr]    Compiling cssparser v0.23.10
Dec 03 02:19:14.526 INFO [stderr]    Compiling cssparser-macros v0.3.5
Dec 03 02:19:14.526 INFO [stderr]    Compiling selectors v0.19.0
Dec 03 02:19:14.526 INFO [stderr]    Compiling hyper v0.11.27
Dec 03 02:19:23.398 INFO [stderr] error[E0433]: failed to resolve. Could not find `Pat` in `syn`
Dec 03 02:19:23.399 INFO [stderr]   --> /cargo-home/registry/src/github.com-1ecc6299db9ec823/cssparser-0.23.10/build/match_byte.rs:89:23
Dec 03 02:19:23.399 INFO [stderr]    |
Dec 03 02:19:23.399 INFO [stderr] 89 |                 &syn::Pat::Lit(syn::PatLit{ref expr}) => {
Dec 03 02:19:23.399 INFO [stderr]    |                       ^^^ Could not find `Pat` in `syn`
Dec 03 02:19:23.401 INFO [stderr] 
Dec 03 02:19:23.403 INFO [stderr] error[E0433]: failed to resolve. Could not find `Pat` in `syn`
Dec 03 02:19:23.403 INFO [stderr]   --> /cargo-home/registry/src/github.com-1ecc6299db9ec823/cssparser-0.23.10/build/match_byte.rs:95:23
Dec 03 02:19:23.403 INFO [stderr]    |
Dec 03 02:19:23.403 INFO [stderr] 95 |                 &syn::Pat::Range(syn::PatRange { ref lo, ref hi, .. }) => {
Dec 03 02:19:23.403 INFO [stderr]    |                       ^^^ Could not find `Pat` in `syn`
Dec 03 02:19:23.403 INFO [stderr] 
Dec 03 02:19:23.410 INFO [stderr] error[E0433]: failed to resolve. Could not find `Pat` in `syn`
Dec 03 02:19:23.410 INFO [stderr]    --> /cargo-home/registry/src/github.com-1ecc6299db9ec823/cssparser-0.23.10/build/match_byte.rs:107:23
Dec 03 02:19:23.411 INFO [stderr]     |
Dec 03 02:19:23.411 INFO [stderr] 107 |                 &syn::Pat::Wild(_) => {
Dec 03 02:19:23.411 INFO [stderr]     |                       ^^^ Could not find `Pat` in `syn`
Dec 03 02:19:23.411 INFO [stderr] 
Dec 03 02:19:23.411 INFO [stderr] error[E0433]: failed to resolve. Could not find `Pat` in `syn`
Dec 03 02:19:23.411 INFO [stderr]    --> /cargo-home/registry/src/github.com-1ecc6299db9ec823/cssparser-0.23.10/build/match_byte.rs:114:23
Dec 03 02:19:23.411 INFO [stderr]     |
Dec 03 02:19:23.411 INFO [stderr] 114 |                 &syn::Pat::Ident(syn::PatIdent { ident, .. }) => {
Dec 03 02:19:23.411 INFO [stderr]     |                       ^^^ Could not find `Pat` in `syn`
Dec 03 02:19:23.411 INFO [stderr] 
Dec 03 02:19:23.419 INFO [stderr] error[E0407]: method `fold_stmt` is not a member of trait `Fold`
Dec 03 02:19:23.419 INFO [stderr]    --> /cargo-home/registry/src/github.com-1ecc6299db9ec823/cssparser-0.23.10/build/match_byte.rs:153:5
Dec 03 02:19:23.419 INFO [stderr]     |
Dec 03 02:19:23.419 INFO [stderr] 153 | /     fn fold_stmt(&mut self, stmt: syn::Stmt) -> syn::Stmt {
Dec 03 02:19:23.419 INFO [stderr] 154 | |         match stmt {
Dec 03 02:19:23.419 INFO [stderr] 155 | |             syn::Stmt::Item(syn::Item::Macro(syn::ItemMacro{ ref mac, .. })) => {
Dec 03 02:19:23.419 INFO [stderr] 156 | |                 if mac.path == parse_quote!(match_byte) {
Dec 03 02:19:23.419 INFO [stderr] ...   |
Dec 03 02:19:23.419 INFO [stderr] 163 | |         syn::fold::fold_stmt(self, stmt)
Dec 03 02:19:23.419 INFO [stderr] 164 | |     }
Dec 03 02:19:23.419 INFO [stderr]     | |_____^ not a member of trait `Fold`
Dec 03 02:19:23.419 INFO [stderr] 
Dec 03 02:19:23.431 INFO [stderr] error[E0433]: failed to resolve. Could not find `Stmt` in `syn`
Dec 03 02:19:23.431 INFO [stderr]    --> /cargo-home/registry/src/github.com-1ecc6299db9ec823/cssparser-0.23.10/build/match_byte.rs:155:18
Dec 03 02:19:23.431 INFO [stderr]     |
Dec 03 02:19:23.431 INFO [stderr] 155 |             syn::Stmt::Item(syn::Item::Macro(syn::ItemMacro{ ref mac, .. })) => {
Dec 03 02:19:23.431 INFO [stderr]     |                  ^^^^ Could not find `Stmt` in `syn`
Dec 03 02:19:23.439 INFO [stderr] 
Dec 03 02:19:23.439 INFO [stderr] error[E0433]: failed to resolve. Could not find `Item` in `syn`
Dec 03 02:19:23.439 INFO [stderr]    --> /cargo-home/registry/src/github.com-1ecc6299db9ec823/cssparser-0.23.10/build/match_byte.rs:155:34
Dec 03 02:19:23.439 INFO [stderr]     |
Dec 03 02:19:23.439 INFO [stderr] 155 |             syn::Stmt::Item(syn::Item::Macro(syn::ItemMacro{ ref mac, .. })) => {
Dec 03 02:19:23.439 INFO [stderr]     |                                  ^^^^ Could not find `Item` in `syn`
Dec 03 02:19:23.439 INFO [stderr] 
Dec 03 02:19:23.447 INFO [stderr] error[E0433]: failed to resolve. Could not find `Stmt` in `syn`
Dec 03 02:19:23.447 INFO [stderr]    --> /cargo-home/registry/src/github.com-1ecc6299db9ec823/cssparser-0.23.10/build/match_byte.rs:157:60
Dec 03 02:19:23.447 INFO [stderr]     |
Dec 03 02:19:23.447 INFO [stderr] 157 |                     return syn::fold::fold_stmt(self, syn::Stmt::Expr(expand_match_byte(&mac.tts)))
Dec 03 02:19:23.447 INFO [stderr]     |                                                            ^^^^ Could not find `Stmt` in `syn`
Dec 03 02:19:23.447 INFO [stderr] 
Dec 03 02:19:23.447 INFO [stderr] error[E0423]: expected function, found macro `syn::parse_file`
Dec 03 02:19:23.447 INFO [stderr]   --> /cargo-home/registry/src/github.com-1ecc6299db9ec823/cssparser-0.23.10/build/match_byte.rs:20:15
Dec 03 02:19:23.447 INFO [stderr]    |
Dec 03 02:19:23.447 INFO [stderr] 20 |     let ast = syn::parse_file(&source).expect("Parsing rules.rs module");
Dec 03 02:19:23.447 INFO [stderr]    |               ^^^^^^^^^^^^^^^ did you mean `syn::parse_file!(...)`?
Dec 03 02:19:23.447 INFO [stderr] 
Dec 03 02:19:23.447 INFO [stderr] error[E0573]: expected type, found macro `syn::Arm`
Dec 03 02:19:23.447 INFO [stderr]   --> /cargo-home/registry/src/github.com-1ecc6299db9ec823/cssparser-0.23.10/build/match_byte.rs:30:15
Dec 03 02:19:23.447 INFO [stderr]    |
Dec 03 02:19:23.447 INFO [stderr] 30 |     arms: Vec<syn::Arm>,
Dec 03 02:19:23.447 INFO [stderr]    |               ^^^^^^^^ did you mean `syn::Arm!(...)`?
Dec 03 02:19:23.447 INFO [stderr] 
Dec 03 02:19:23.447 INFO [stderr] error[E0573]: expected type, found macro `syn::Arm`
Dec 03 02:19:23.447 INFO [stderr]   --> /cargo-home/registry/src/github.com-1ecc6299db9ec823/cssparser-0.23.10/build/match_byte.rs:37:27
Dec 03 02:19:23.447 INFO [stderr]    |
Dec 03 02:19:23.447 INFO [stderr] 37 |         arms: many0!(syn!(syn::Arm)) >> (
Dec 03 02:19:23.447 INFO [stderr]    |                           ^^^^^^^^ did you mean `syn::Arm!(...)`?
Dec 03 02:19:23.447 INFO [stderr] 
Dec 03 02:19:23.447 INFO [stderr] error[E0574]: expected struct, variant or union type, found macro `syn::PatLit`
Dec 03 02:19:23.447 INFO [stderr]   --> /cargo-home/registry/src/github.com-1ecc6299db9ec823/cssparser-0.23.10/build/match_byte.rs:89:32
Dec 03 02:19:23.447 INFO [stderr]    |
Dec 03 02:19:23.447 INFO [stderr] 89 |                 &syn::Pat::Lit(syn::PatLit{ref expr}) => {
Dec 03 02:19:23.447 INFO [stderr]    |                                ^^^^^^^^^^^ did you mean `syn::PatLit!(...)`?
Dec 03 02:19:23.447 INFO [stderr] 
Dec 03 02:19:23.447 INFO [stderr] error[E0574]: expected struct, variant or union type, found macro `syn::PatRange`
Dec 03 02:19:23.447 INFO [stderr]   --> /cargo-home/registry/src/github.com-1ecc6299db9ec823/cssparser-0.23.10/build/match_byte.rs:95:34
Dec 03 02:19:23.447 INFO [stderr]    |
Dec 03 02:19:23.447 INFO [stderr] 95 |                 &syn::Pat::Range(syn::PatRange { ref lo, ref hi, .. }) => {
Dec 03 02:19:23.447 INFO [stderr]    |                                  ^^^^^^^^^^^^^ did you mean `syn::PatRange!(...)`?
Dec 03 02:19:23.447 INFO [stderr] 
Dec 03 02:19:23.447 INFO [stderr] error[E0574]: expected struct, variant or union type, found macro `syn::PatIdent`
Dec 03 02:19:23.447 INFO [stderr]    --> /cargo-home/registry/src/github.com-1ecc6299db9ec823/cssparser-0.23.10/build/match_byte.rs:114:34
Dec 03 02:19:23.447 INFO [stderr]     |
Dec 03 02:19:23.447 INFO [stderr] 114 |                 &syn::Pat::Ident(syn::PatIdent { ident, .. }) => {
Dec 03 02:19:23.447 INFO [stderr]     |                                  ^^^^^^^^^^^^^ did you mean `syn::PatIdent!(...)`?
Dec 03 02:19:23.447 INFO [stderr] 
Dec 03 02:19:23.447 INFO [stderr] error[E0573]: expected type, found macro `syn::Stmt`
Dec 03 02:19:23.447 INFO [stderr]    --> /cargo-home/registry/src/github.com-1ecc6299db9ec823/cssparser-0.23.10/build/match_byte.rs:153:35
Dec 03 02:19:23.447 INFO [stderr]     |
Dec 03 02:19:23.447 INFO [stderr] 153 |     fn fold_stmt(&mut self, stmt: syn::Stmt) -> syn::Stmt {
Dec 03 02:19:23.447 INFO [stderr]     |                                   ^^^^^^^^^ did you mean `syn::Stmt!(...)`?
Dec 03 02:19:23.447 INFO [stderr] 
Dec 03 02:19:23.447 INFO [stderr] error[E0573]: expected type, found macro `syn::Stmt`
Dec 03 02:19:23.448 INFO [stderr]    --> /cargo-home/registry/src/github.com-1ecc6299db9ec823/cssparser-0.23.10/build/match_byte.rs:153:49
Dec 03 02:19:23.448 INFO [stderr]     |
Dec 03 02:19:23.448 INFO [stderr] 153 |     fn fold_stmt(&mut self, stmt: syn::Stmt) -> syn::Stmt {
Dec 03 02:19:23.448 INFO [stderr]     |                                                 ^^^^^^^^^ did you mean `syn::Stmt!(...)`?
Dec 03 02:19:23.448 INFO [stderr] 
Dec 03 02:19:23.448 INFO [stderr] error[E0574]: expected struct, variant or union type, found macro `syn::ItemMacro`
Dec 03 02:19:23.448 INFO [stderr]    --> /cargo-home/registry/src/github.com-1ecc6299db9ec823/cssparser-0.23.10/build/match_byte.rs:155:46
Dec 03 02:19:23.448 INFO [stderr]     |
Dec 03 02:19:23.448 INFO [stderr] 155 |             syn::Stmt::Item(syn::Item::Macro(syn::ItemMacro{ ref mac, .. })) => {
Dec 03 02:19:23.448 INFO [stderr]     |                                              ^^^^^^^^^^^^^^ did you mean `syn::ItemMacro!(...)`?
Dec 03 02:19:23.448 INFO [stderr] 
Dec 03 02:19:23.448 INFO [stderr] error[E0423]: expected function, found macro `syn::fold::fold_stmt`
Dec 03 02:19:23.448 INFO [stderr]    --> /cargo-home/registry/src/github.com-1ecc6299db9ec823/cssparser-0.23.10/build/match_byte.rs:157:28
Dec 03 02:19:23.448 INFO [stderr]     |
Dec 03 02:19:23.448 INFO [stderr] 157 |                     return syn::fold::fold_stmt(self, syn::Stmt::Expr(expand_match_byte(&mac.tts)))
Dec 03 02:19:23.448 INFO [stderr]     |                            ^^^^^^^^^^^---------
Dec 03 02:19:23.448 INFO [stderr]     |                            |          |
Dec 03 02:19:23.448 INFO [stderr]     |                            |          did you mean `fold_lit`?
Dec 03 02:19:23.448 INFO [stderr]     |                            did you mean `syn::fold::fold_stmt!(...)`?
Dec 03 02:19:23.448 INFO [stderr] 
Dec 03 02:19:23.448 INFO [stderr] error[E0423]: expected function, found macro `syn::fold::fold_stmt`
Dec 03 02:19:23.448 INFO [stderr]    --> /cargo-home/registry/src/github.com-1ecc6299db9ec823/cssparser-0.23.10/build/match_byte.rs:163:9
Dec 03 02:19:23.448 INFO [stderr]     |
Dec 03 02:19:23.448 INFO [stderr] 163 |         syn::fold::fold_stmt(self, stmt)
Dec 03 02:19:23.448 INFO [stderr]     |         ^^^^^^^^^^^---------
Dec 03 02:19:23.448 INFO [stderr]     |         |          |
Dec 03 02:19:23.448 INFO [stderr]     |         |          did you mean `fold_lit`?
Dec 03 02:19:23.448 INFO [stderr]     |         did you mean `syn::fold::fold_stmt!(...)`?
Dec 03 02:19:23.448 INFO [stderr] 
Dec 03 02:19:23.716 INFO [stderr] error[E0599]: no method named `fold_file` found for type `match_byte::MatchByteParser` in the current scope
Dec 03 02:19:23.716 INFO [stderr]   --> /cargo-home/registry/src/github.com-1ecc6299db9ec823/cssparser-0.23.10/build/match_byte.rs:22:17
Dec 03 02:19:23.716 INFO [stderr]    |
Dec 03 02:19:23.716 INFO [stderr] 14 | struct MatchByteParser {
Dec 03 02:19:23.716 INFO [stderr]    | ---------------------- method `fold_file` not found for this
Dec 03 02:19:23.716 INFO [stderr] ...
Dec 03 02:19:23.716 INFO [stderr] 22 |     let ast = m.fold_file(ast);
Dec 03 02:19:23.716 INFO [stderr]    |                 ^^^^^^^^^
Dec 03 02:19:23.716 INFO [stderr] 
Dec 03 02:19:23.752 INFO [stderr] error[E0609]: no field `pats` on type `&_`
Dec 03 02:19:23.752 INFO [stderr]   --> /cargo-home/registry/src/github.com-1ecc6299db9ec823/cssparser-0.23.10/build/match_byte.rs:87:25
Dec 03 02:19:23.752 INFO [stderr]    |
Dec 03 02:19:23.752 INFO [stderr] 87 |         for pat in &arm.pats {
Dec 03 02:19:23.752 INFO [stderr]    |                         ^^^^
Dec 03 02:19:23.759 INFO [stderr] 
Dec 03 02:19:23.843 INFO [stderr] error[E0026]: struct `syn::ExprMacro` does not have a field named `mac`
Dec 03 02:19:23.843 INFO [stderr]    --> /cargo-home/registry/src/github.com-1ecc6299db9ec823/cssparser-0.23.10/build/match_byte.rs:168:46
Dec 03 02:19:23.843 INFO [stderr]     |
Dec 03 02:19:23.843 INFO [stderr] 168 |             syn::Expr::Macro(syn::ExprMacro{ ref mac, .. }) => {
Dec 03 02:19:23.843 INFO [stderr]     |                                              ^^^^^^^ struct `syn::ExprMacro` does not have this field
Dec 03 02:19:23.843 INFO [stderr] 
Dec 03 02:19:23.855 INFO [stderr] error: aborting due to 22 previous errors
Dec 03 02:19:23.855 INFO [stderr] 
Dec 03 02:19:23.855 INFO [stderr] Some errors occurred: E0026, E0407, E0423, E0433, E0573, E0574, E0599, E0609.
Dec 03 02:19:23.855 INFO [stderr] For more information about an error, try `rustc --explain E0026`.
Dec 03 02:19:23.860 INFO [stderr] error: Could not compile `cssparser`.
Dec 03 02:19:23.860 INFO [stderr] warning: build failed, waiting for other jobs to finish...
Dec 03 02:19:33.359 INFO [stderr] error: build failed
Dec 03 02:19:33.359 INFO [stderr] su: No module specific data is present
Dec 03 02:19:33.839 INFO running `"docker" "inspect" "ac5f81c70d617e2b97b6186d4741de4e125421f1a62fbc9f1232176d845caae0"`
Dec 03 02:19:34.033 INFO running `"docker" "rm" "-f" "ac5f81c70d617e2b97b6186d4741de4e125421f1a62fbc9f1232176d845caae0"`
Dec 03 02:19:34.212 INFO [stdout] ac5f81c70d617e2b97b6186d4741de4e125421f1a62fbc9f1232176d845caae0
