Dec 03 03:54:53.437 INFO testing juniper_rocket-0.1.3 against 1.30.1 for beta-1.31-5
Dec 03 03:54:53.437 INFO running `"docker" "create" "-v" "/mnt/big/crater/work/local/target-dirs/beta-1.31-5/worker-5/1.30.1:/target:rw,Z" "-v" "/mnt/big/crater/work/local/test-source/worker-5/beta-1.31-5/1.30.1:/source:ro,Z" "-v" "/mnt/big/crater/work/local/cargo-home:/cargo-home:ro,Z" "-v" "/mnt/big/crater/work/local/rustup-home:/rustup-home:ro,Z" "-e" "USER_ID=1000" "-e" "SOURCE_DIR=/source" "-e" "USER_ID=1000" "-e" "CMD=cargo +1.30.1 build --frozen" "-e" "CARGO_TARGET_DIR=/target" "-e" "CARGO_INCREMENTAL=0" "-e" "RUST_BACKTRACE=full" "-e" "RUSTFLAGS=--cap-lints=warn" "-e" "CARGO_HOME=/cargo-home" "-e" "RUSTUP_HOME=/rustup-home" "-m" "1536M" "--network" "none" "crater"`
Dec 03 03:54:53.892 INFO [stdout] e53b02a68aaa0c08a7907c77ab2d11c3c4b60bf7ba65005e7796790e10a8c8c1
Dec 03 03:54:53.895 INFO running `"docker" "start" "-a" "e53b02a68aaa0c08a7907c77ab2d11c3c4b60bf7ba65005e7796790e10a8c8c1"`
Dec 03 03:54:55.846 INFO [stderr] usermod: no changes
Dec 03 03:54:56.143 INFO [stderr]    Compiling uuid v0.6.5
Dec 03 03:54:56.155 INFO [stderr]    Compiling pear_codegen v0.0.20
Dec 03 03:54:56.157 INFO [stderr]    Compiling rocket v0.3.17
Dec 03 03:54:56.158 INFO [stderr]    Compiling rocket_codegen v0.3.17
Dec 03 03:54:56.173 INFO [stderr]    Compiling indexmap v1.0.2
Dec 03 03:54:56.174 INFO [stderr]    Compiling syn v0.14.9
Dec 03 03:54:56.174 INFO [stderr]    Compiling chrono v0.4.6
Dec 03 03:54:56.174 INFO [stderr]    Compiling ring v0.11.0
Dec 03 03:54:56.947 INFO [stderr] error: failed to run custom build command for `pear_codegen v0.0.20`
Dec 03 03:54:56.947 INFO [stderr] process didn't exit successfully: `/target/debug/build/pear_codegen-df86f9f8daca6fae/build-script-build` (exit code: 101)
Dec 03 03:54:56.947 INFO [stderr] --- stderr
Dec 03 03:54:56.947 INFO [stderr] [1;31mError:[0m [37mPear requires a nightly or dev version of Rust.[0m
Dec 03 03:54:56.947 INFO [stderr] [37mInstalled version is:[0m [33m1.30.1 (2018-11-07)[0m. [37mMinimum required:[0m [33m1.30.0-nightly (2018-08-23)[0m.
Dec 03 03:54:56.947 INFO [stderr] thread 'main' panicked at 'Aborting compilation due to incompatible compiler.', /cargo-home/registry/src/github.com-1ecc6299db9ec823/pear_codegen-0.0.20/build.rs:31:13
Dec 03 03:54:56.947 INFO [stderr] stack backtrace:
Dec 03 03:54:56.947 INFO [stderr]    0:     0x55b85725453e - std::sys::unix::backtrace::tracing::imp::unwind_backtrace::h15749a98198ba25f
Dec 03 03:54:56.947 INFO [stderr]                                at libstd/sys/unix/backtrace/tracing/gcc_s.rs:49
Dec 03 03:54:56.947 INFO [stderr]    1:     0x55b857245ac6 - std::sys_common::backtrace::print::h0ba65c811294dbf0
Dec 03 03:54:56.947 INFO [stderr]                                at libstd/sys_common/backtrace.rs:71
Dec 03 03:54:56.947 INFO [stderr]                                at libstd/sys_common/backtrace.rs:59
Dec 03 03:54:56.947 INFO [stderr]    2:     0x55b85724440d - std::panicking::default_hook::{{closure}}::h42bb31757f0fee64
Dec 03 03:54:56.947 INFO [stderr]                                at libstd/panicking.rs:211
Dec 03 03:54:56.947 INFO [stderr]    3:     0x55b857244180 - std::panicking::default_hook::hebc8848d7aa7dbd9
Dec 03 03:54:56.947 INFO [stderr]                                at libstd/panicking.rs:227
Dec 03 03:54:56.947 INFO [stderr]    4:     0x55b857244a0c - std::panicking::rust_panic_with_hook::h86e619a638415243
Dec 03 03:54:56.947 INFO [stderr]                                at libstd/panicking.rs:477
Dec 03 03:54:56.947 INFO [stderr]    5:     0x55b857227a1f - std::panicking::begin_panic::hff0b0938de69e946
Dec 03 03:54:56.947 INFO [stderr]                                at libstd/panicking.rs:411
Dec 03 03:54:56.947 INFO [stderr]    6:     0x55b857225b5a - build_script_build::main::h3208cb5374859f64
Dec 03 03:54:56.947 INFO [stderr]                                at /cargo-home/registry/src/github.com-1ecc6299db9ec823/pear_codegen-0.0.20/build.rs:31
Dec 03 03:54:56.947 INFO [stderr]    7:     0x55b85722830f - std::rt::lang_start::{{closure}}::he88afd07f648b684
Dec 03 03:54:56.947 INFO [stderr]                                at libstd/rt.rs:74
Dec 03 03:54:56.947 INFO [stderr]    8:     0x55b8572444b2 - std::panicking::try::do_call::h47665672c57b11e4
Dec 03 03:54:56.947 INFO [stderr]                                at libstd/rt.rs:59
Dec 03 03:54:56.947 INFO [stderr]                                at libstd/panicking.rs:310
Dec 03 03:54:56.947 INFO [stderr]    9:     0x55b857265469 - __rust_maybe_catch_panic
Dec 03 03:54:56.947 INFO [stderr]                                at libpanic_unwind/lib.rs:103
Dec 03 03:54:56.947 INFO [stderr]   10:     0x55b85724f535 - std::rt::lang_start_internal::had9505969b8e20a2
Dec 03 03:54:56.947 INFO [stderr]                                at libstd/panicking.rs:289
Dec 03 03:54:56.947 INFO [stderr]                                at libstd/panic.rs:392
Dec 03 03:54:56.947 INFO [stderr]                                at libstd/rt.rs:58
Dec 03 03:54:56.947 INFO [stderr]   11:     0x55b8572282e7 - std::rt::lang_start::ha0952dc06a311b9d
Dec 03 03:54:56.947 INFO [stderr]                                at libstd/rt.rs:74
Dec 03 03:54:56.947 INFO [stderr]   12:     0x55b857226a09 - main
Dec 03 03:54:56.947 INFO [stderr]   13:     0x7fcb71ab482f - __libc_start_main
Dec 03 03:54:56.948 INFO [stderr]   14:     0x55b857225448 - _start
Dec 03 03:54:56.948 INFO [stderr]   15:                0x0 - <unknown>
Dec 03 03:54:56.948 INFO [stderr] 
Dec 03 03:54:56.948 INFO [stderr] warning: build failed, waiting for other jobs to finish...
Dec 03 03:54:56.949 INFO [stderr] error: failed to run custom build command for `rocket v0.3.17`
Dec 03 03:54:56.949 INFO [stderr] process didn't exit successfully: `/target/debug/build/rocket-c4e66faee2f2b7c9/build-script-build` (exit code: 101)
Dec 03 03:54:56.949 INFO [stderr] --- stderr
Dec 03 03:54:56.949 INFO [stderr] [1;31mError:[0m [37mRocket requires a nightly or dev version of Rust.[0m
Dec 03 03:54:56.949 INFO [stderr] [37mInstalled version is:[0m [33m1.30.1 (2018-11-07)[0m. [37mMinimum required:[0m [33m1.27.0-nightly (2018-04-26)[0m.
Dec 03 03:54:56.949 INFO [stderr] [34mSee the getting started guide ([0m[37mhttps://rocket.rs/guide/getting-started/[0m[34m) for more information.[0m
Dec 03 03:54:56.949 INFO [stderr] thread 'main' panicked at 'Aborting compilation due to incompatible compiler.', /cargo-home/registry/src/github.com-1ecc6299db9ec823/rocket-0.3.17/build.rs:38:13
Dec 03 03:54:56.949 INFO [stderr] stack backtrace:
Dec 03 03:54:56.949 INFO [stderr]    0:     0x5560c3c7d76e - std::sys::unix::backtrace::tracing::imp::unwind_backtrace::h15749a98198ba25f
Dec 03 03:54:56.949 INFO [stderr]                                at libstd/sys/unix/backtrace/tracing/gcc_s.rs:49
Dec 03 03:54:56.949 INFO [stderr]    1:     0x5560c3c6ecf6 - std::sys_common::backtrace::print::h0ba65c811294dbf0
Dec 03 03:54:56.949 INFO [stderr]                                at libstd/sys_common/backtrace.rs:71
Dec 03 03:54:56.949 INFO [stderr]                                at libstd/sys_common/backtrace.rs:59
Dec 03 03:54:56.949 INFO [stderr]    2:     0x5560c3c6d63d - std::panicking::default_hook::{{closure}}::h42bb31757f0fee64
Dec 03 03:54:56.949 INFO [stderr]                                at libstd/panicking.rs:211
Dec 03 03:54:56.949 INFO [stderr]    3:     0x5560c3c6d3b0 - std::panicking::default_hook::hebc8848d7aa7dbd9
Dec 03 03:54:56.949 INFO [stderr]                                at libstd/panicking.rs:227
Dec 03 03:54:56.949 INFO [stderr]    4:     0x5560c3c6dc3c - std::panicking::rust_panic_with_hook::h86e619a638415243
Dec 03 03:54:56.949 INFO [stderr]                                at libstd/panicking.rs:477
Dec 03 03:54:56.949 INFO [stderr]    5:     0x5560c3c50c4f - std::panicking::begin_panic::h1f2b9e9d96bd8bd1
Dec 03 03:54:56.949 INFO [stderr]                                at libstd/panicking.rs:411
Dec 03 03:54:56.949 INFO [stderr]    6:     0x5560c3c4ed93 - build_script_build::main::h911ac25bbcea8e76
Dec 03 03:54:56.949 INFO [stderr]                                at /cargo-home/registry/src/github.com-1ecc6299db9ec823/rocket-0.3.17/build.rs:38
Dec 03 03:54:56.949 INFO [stderr]    7:     0x5560c3c5153f - std::rt::lang_start::{{closure}}::h252ed0ee3474df69
Dec 03 03:54:56.949 INFO [stderr]                                at libstd/rt.rs:74
Dec 03 03:54:56.949 INFO [stderr]    8:     0x5560c3c6d6e2 - std::panicking::try::do_call::h47665672c57b11e4
Dec 03 03:54:56.949 INFO [stderr]                                at libstd/rt.rs:59
Dec 03 03:54:56.949 INFO [stderr]                                at libstd/panicking.rs:310
Dec 03 03:54:56.949 INFO [stderr]    9:     0x5560c3c8e699 - __rust_maybe_catch_panic
Dec 03 03:54:56.949 INFO [stderr]                                at libpanic_unwind/lib.rs:103
Dec 03 03:54:56.949 INFO [stderr]   10:     0x5560c3c78765 - std::rt::lang_start_internal::had9505969b8e20a2
Dec 03 03:54:56.949 INFO [stderr]                                at libstd/panicking.rs:289
Dec 03 03:54:56.949 INFO [stderr]                                at libstd/panic.rs:392
Dec 03 03:54:56.949 INFO [stderr]                                at libstd/rt.rs:58
Dec 03 03:54:56.949 INFO [stderr]   11:     0x5560c3c51517 - std::rt::lang_start::h69706e9d9625c548
Dec 03 03:54:56.949 INFO [stderr]                                at libstd/rt.rs:74
Dec 03 03:54:56.949 INFO [stderr]   12:     0x5560c3c4fc39 - main
Dec 03 03:54:56.949 INFO [stderr]   13:     0x7f3a8810d82f - __libc_start_main
Dec 03 03:54:56.949 INFO [stderr]   14:     0x5560c3c4e448 - _start
Dec 03 03:54:56.949 INFO [stderr]   15:                0x0 - <unknown>
Dec 03 03:54:56.949 INFO [stderr] 
Dec 03 03:54:56.950 INFO [stderr] warning: build failed, waiting for other jobs to finish...
Dec 03 03:54:57.031 INFO [stderr] error: failed to run custom build command for `rocket_codegen v0.3.17`
Dec 03 03:54:57.031 INFO [stderr] process didn't exit successfully: `/target/debug/build/rocket_codegen-c5232cdd0a7a7f0a/build-script-build` (exit code: 101)
Dec 03 03:54:57.031 INFO [stderr] --- stderr
Dec 03 03:54:57.031 INFO [stderr] [1;31mError:[0m [37mRocket requires a nightly or dev version of Rust.[0m
Dec 03 03:54:57.031 INFO [stderr] [37mInstalled version is:[0m [33m1.30.1 (2018-11-07)[0m. [37mMinimum required:[0m [33m1.30.0-nightly (2018-08-23)[0m.
Dec 03 03:54:57.031 INFO [stderr] [34mSee the getting started guide ([0m[37mhttps://rocket.rs/guide/getting-started/[0m[34m) for more information.[0m
Dec 03 03:54:57.031 INFO [stderr] thread 'main' panicked at 'Aborting compilation due to incompatible compiler.', /cargo-home/registry/src/github.com-1ecc6299db9ec823/rocket_codegen-0.3.17/build.rs:38:17
Dec 03 03:54:57.031 INFO [stderr] stack backtrace:
Dec 03 03:54:57.031 INFO [stderr]    0:     0x56217ef0175e - std::sys::unix::backtrace::tracing::imp::unwind_backtrace::h15749a98198ba25f
Dec 03 03:54:57.031 INFO [stderr]                                at libstd/sys/unix/backtrace/tracing/gcc_s.rs:49
Dec 03 03:54:57.031 INFO [stderr]    1:     0x56217eef2ce6 - std::sys_common::backtrace::print::h0ba65c811294dbf0
Dec 03 03:54:57.031 INFO [stderr]                                at libstd/sys_common/backtrace.rs:71
Dec 03 03:54:57.031 INFO [stderr]                                at libstd/sys_common/backtrace.rs:59
Dec 03 03:54:57.031 INFO [stderr]    2:     0x56217eef162d - std::panicking::default_hook::{{closure}}::h42bb31757f0fee64
Dec 03 03:54:57.031 INFO [stderr]                                at libstd/panicking.rs:211
Dec 03 03:54:57.031 INFO [stderr]    3:     0x56217eef13a0 - std::panicking::default_hook::hebc8848d7aa7dbd9
Dec 03 03:54:57.031 INFO [stderr]                                at libstd/panicking.rs:227
Dec 03 03:54:57.031 INFO [stderr]    4:     0x56217eef1c2c - std::panicking::rust_panic_with_hook::h86e619a638415243
Dec 03 03:54:57.031 INFO [stderr]                                at libstd/panicking.rs:477
Dec 03 03:54:57.031 INFO [stderr]    5:     0x56217eed4c3f - std::panicking::begin_panic::heb767c19fcc99f5a
Dec 03 03:54:57.031 INFO [stderr]                                at libstd/panicking.rs:411
Dec 03 03:54:57.032 INFO [stderr]    6:     0x56217eed2d92 - build_script_build::main::he9d75f7a954f7ddf
Dec 03 03:54:57.032 INFO [stderr]                                at /cargo-home/registry/src/github.com-1ecc6299db9ec823/rocket_codegen-0.3.17/build.rs:38
Dec 03 03:54:57.032 INFO [stderr]    7:     0x56217eed552f - std::rt::lang_start::{{closure}}::hd1578fbee069c28e
Dec 03 03:54:57.032 INFO [stderr]                                at libstd/rt.rs:74
Dec 03 03:54:57.032 INFO [stderr]    8:     0x56217eef16d2 - std::panicking::try::do_call::h47665672c57b11e4
Dec 03 03:54:57.032 INFO [stderr]                                at libstd/rt.rs:59
Dec 03 03:54:57.032 INFO [stderr]                                at libstd/panicking.rs:310
Dec 03 03:54:57.032 INFO [stderr]    9:     0x56217ef12689 - __rust_maybe_catch_panic
Dec 03 03:54:57.032 INFO [stderr]                                at libpanic_unwind/lib.rs:103
Dec 03 03:54:57.032 INFO [stderr]   10:     0x56217eefc755 - std::rt::lang_start_internal::had9505969b8e20a2
Dec 03 03:54:57.032 INFO [stderr]                                at libstd/panicking.rs:289
Dec 03 03:54:57.032 INFO [stderr]                                at libstd/panic.rs:392
Dec 03 03:54:57.032 INFO [stderr]                                at libstd/rt.rs:58
Dec 03 03:54:57.032 INFO [stderr]   11:     0x56217eed5507 - std::rt::lang_start::h6b9f2e9d23e59193
Dec 03 03:54:57.032 INFO [stderr]                                at libstd/rt.rs:74
Dec 03 03:54:57.032 INFO [stderr]   12:     0x56217eed3c29 - main
Dec 03 03:54:57.032 INFO [stderr]   13:     0x7f70f68ed82f - __libc_start_main
Dec 03 03:54:57.032 INFO [stderr]   14:     0x56217eed2448 - _start
Dec 03 03:54:57.032 INFO [stderr]   15:                0x0 - <unknown>
Dec 03 03:54:57.032 INFO [stderr] 
Dec 03 03:54:57.032 INFO [stderr] warning: build failed, waiting for other jobs to finish...
Dec 03 03:55:30.056 INFO [stderr] error: build failed
Dec 03 03:55:30.064 INFO [stderr] su: No module specific data is present
Dec 03 03:55:31.903 INFO running `"docker" "inspect" "e53b02a68aaa0c08a7907c77ab2d11c3c4b60bf7ba65005e7796790e10a8c8c1"`
Dec 03 03:55:32.257 INFO running `"docker" "rm" "-f" "e53b02a68aaa0c08a7907c77ab2d11c3c4b60bf7ba65005e7796790e10a8c8c1"`
Dec 03 03:55:32.642 INFO [stdout] e53b02a68aaa0c08a7907c77ab2d11c3c4b60bf7ba65005e7796790e10a8c8c1
