Dec 03 04:18:51.131 INFO testing j2534-0.1.1 against 1.30.1 for beta-1.31-5
Dec 03 04:18:51.131 INFO running `"docker" "create" "-v" "/mnt/big/crater/work/local/target-dirs/beta-1.31-5/worker-6/1.30.1:/target:rw,Z" "-v" "/mnt/big/crater/work/local/test-source/worker-6/beta-1.31-5/1.30.1:/source:ro,Z" "-v" "/mnt/big/crater/work/local/cargo-home:/cargo-home:ro,Z" "-v" "/mnt/big/crater/work/local/rustup-home:/rustup-home:ro,Z" "-e" "USER_ID=1000" "-e" "SOURCE_DIR=/source" "-e" "USER_ID=1000" "-e" "CMD=cargo +1.30.1 build --frozen" "-e" "CARGO_TARGET_DIR=/target" "-e" "CARGO_INCREMENTAL=0" "-e" "RUST_BACKTRACE=full" "-e" "RUSTFLAGS=--cap-lints=warn" "-e" "CARGO_HOME=/cargo-home" "-e" "RUSTUP_HOME=/rustup-home" "-m" "1536M" "--network" "none" "crater"`
Dec 03 04:18:51.383 INFO [stdout] 14a1801c0d5496c963fe62d51893e458afa73607cf5a2013b1c21231031d3c9e
Dec 03 04:18:51.389 INFO running `"docker" "start" "-a" "14a1801c0d5496c963fe62d51893e458afa73607cf5a2013b1c21231031d3c9e"`
Dec 03 04:18:52.052 INFO [stderr] usermod: no changes
Dec 03 04:18:52.101 INFO [stderr]    Compiling j2534 v0.1.1 (/source)
Dec 03 04:18:53.651 INFO [stderr]     Finished dev [unoptimized + debuginfo] target(s) in 1.57s
Dec 03 04:18:53.660 INFO [stderr] su: No module specific data is present
Dec 03 04:18:54.015 INFO running `"docker" "inspect" "14a1801c0d5496c963fe62d51893e458afa73607cf5a2013b1c21231031d3c9e"`
Dec 03 04:18:54.247 INFO running `"docker" "rm" "-f" "14a1801c0d5496c963fe62d51893e458afa73607cf5a2013b1c21231031d3c9e"`
Dec 03 04:18:54.356 INFO [stdout] 14a1801c0d5496c963fe62d51893e458afa73607cf5a2013b1c21231031d3c9e
Dec 03 04:18:54.358 INFO running `"docker" "create" "-v" "/mnt/big/crater/work/local/target-dirs/beta-1.31-5/worker-6/1.30.1:/target:rw,Z" "-v" "/mnt/big/crater/work/local/test-source/worker-6/beta-1.31-5/1.30.1:/source:ro,Z" "-v" "/mnt/big/crater/work/local/cargo-home:/cargo-home:ro,Z" "-v" "/mnt/big/crater/work/local/rustup-home:/rustup-home:ro,Z" "-e" "USER_ID=1000" "-e" "SOURCE_DIR=/source" "-e" "USER_ID=1000" "-e" "CMD=cargo +1.30.1 test --frozen --no-run" "-e" "CARGO_TARGET_DIR=/target" "-e" "CARGO_INCREMENTAL=0" "-e" "RUST_BACKTRACE=full" "-e" "RUSTFLAGS=--cap-lints=warn" "-e" "CARGO_HOME=/cargo-home" "-e" "RUSTUP_HOME=/rustup-home" "-m" "1536M" "--network" "none" "crater"`
Dec 03 04:18:54.730 INFO [stdout] 6924847de6d1e0f1fe52641b4dbe94a01447552ef8f60da7ea70775a750582ab
Dec 03 04:18:54.732 INFO running `"docker" "start" "-a" "6924847de6d1e0f1fe52641b4dbe94a01447552ef8f60da7ea70775a750582ab"`
Dec 03 04:18:55.387 INFO [stderr] usermod: no changes
Dec 03 04:18:55.431 INFO [stderr]    Compiling j2534 v0.1.1 (/source)
Dec 03 04:18:56.079 INFO [stderr] error[E0433]: failed to resolve. Could not find `Interface` in `j2534`
Dec 03 04:18:56.079 INFO [stderr]  --> examples/receive.rs:8:32
Dec 03 04:18:56.079 INFO [stderr]   |
Dec 03 04:18:56.079 INFO [stderr] 8 |         let i = Rc::new(j2534::Interface::new(&device.path).unwrap());
Dec 03 04:18:56.079 INFO [stderr]   |                                ^^^^^^^^^ Could not find `Interface` in `j2534`
Dec 03 04:18:56.079 INFO [stderr] 
Dec 03 04:18:56.079 INFO [stderr] error[E0433]: failed to resolve. Could not find `Device` in `j2534`
Dec 03 04:18:56.079 INFO [stderr]   --> examples/receive.rs:10:32
Dec 03 04:18:56.079 INFO [stderr]    |
Dec 03 04:18:56.079 INFO [stderr] 10 |         let d = Rc::new(j2534::Device::open_any(i).unwrap());
Dec 03 04:18:56.079 INFO [stderr]    |                                ^^^^^^ Could not find `Device` in `j2534`
Dec 03 04:18:56.079 INFO [stderr] 
Dec 03 04:18:56.079 INFO [stderr] error[E0433]: failed to resolve. Could not find `Channel` in `j2534`
Dec 03 04:18:56.079 INFO [stderr]   --> examples/receive.rs:15:30
Dec 03 04:18:56.079 INFO [stderr]    |
Dec 03 04:18:56.079 INFO [stderr] 15 |         let channel = j2534::Channel::connect(d, j2534::Protocol::CAN, j2534::ConnectFlags::NONE, 500000).unwrap();
Dec 03 04:18:56.079 INFO [stderr]    |                              ^^^^^^^ Could not find `Channel` in `j2534`
Dec 03 04:18:56.079 INFO [stderr] 
Dec 03 04:18:56.079 INFO [stderr] error[E0433]: failed to resolve. Could not find `Protocol` in `j2534`
Dec 03 04:18:56.079 INFO [stderr]   --> examples/receive.rs:15:57
Dec 03 04:18:56.079 INFO [stderr]    |
Dec 03 04:18:56.079 INFO [stderr] 15 |         let channel = j2534::Channel::connect(d, j2534::Protocol::CAN, j2534::ConnectFlags::NONE, 500000).unwrap();
Dec 03 04:18:56.079 INFO [stderr]    |                                                         ^^^^^^^^ Could not find `Protocol` in `j2534`
Dec 03 04:18:56.079 INFO [stderr] 
Dec 03 04:18:56.079 INFO [stderr] error[E0433]: failed to resolve. Could not find `ConnectFlags` in `j2534`
Dec 03 04:18:56.079 INFO [stderr]   --> examples/receive.rs:15:79
Dec 03 04:18:56.079 INFO [stderr]    |
Dec 03 04:18:56.079 INFO [stderr] 15 |         let channel = j2534::Channel::connect(d, j2534::Protocol::CAN, j2534::ConnectFlags::NONE, 500000).unwrap();
Dec 03 04:18:56.079 INFO [stderr]    |                                                                               ^^^^^^^^^^^^ Could not find `ConnectFlags` in `j2534`
Dec 03 04:18:56.079 INFO [stderr] 
Dec 03 04:18:56.079 INFO [stderr] error[E0433]: failed to resolve. Could not find `PassThruMsg` in `j2534`
Dec 03 04:18:56.079 INFO [stderr]   --> examples/receive.rs:17:57
Dec 03 04:18:56.079 INFO [stderr]    |
Dec 03 04:18:56.079 INFO [stderr] 17 |         let mut msgs: [j2534::PassThruMsg; 1] = [j2534::PassThruMsg::default(); 1];
Dec 03 04:18:56.079 INFO [stderr]    |                                                         ^^^^^^^^^^^ Could not find `PassThruMsg` in `j2534`
Dec 03 04:18:56.079 INFO [stderr] 
Dec 03 04:18:56.079 INFO [stderr] error[E0425]: cannot find function `list` in module `j2534`
Dec 03 04:18:56.079 INFO [stderr]  --> examples/receive.rs:6:26
Dec 03 04:18:56.079 INFO [stderr]   |
Dec 03 04:18:56.079 INFO [stderr] 6 |     for device in j2534::list().unwrap().iter() {
Dec 03 04:18:56.079 INFO [stderr]   |                          ^^^^ not found in `j2534`
Dec 03 04:18:56.079 INFO [stderr] 
Dec 03 04:18:56.079 INFO [stderr] error[E0412]: cannot find type `PassThruMsg` in module `j2534`
Dec 03 04:18:56.079 INFO [stderr]   --> examples/receive.rs:17:31
Dec 03 04:18:56.079 INFO [stderr]    |
Dec 03 04:18:56.079 INFO [stderr] 17 |         let mut msgs: [j2534::PassThruMsg; 1] = [j2534::PassThruMsg::default(); 1];
Dec 03 04:18:56.079 INFO [stderr]    |                               ^^^^^^^^^^^ not found in `j2534`
Dec 03 04:18:56.079 INFO [stderr] 
Dec 03 04:18:56.151 INFO [stderr] error: aborting due to 8 previous errors
Dec 03 04:18:56.151 INFO [stderr] 
Dec 03 04:18:56.151 INFO [stderr] Some errors occurred: E0412, E0425, E0433.
Dec 03 04:18:56.151 INFO [stderr] For more information about an error, try `rustc --explain E0412`.
Dec 03 04:18:56.159 INFO [stderr] error: Could not compile `j2534`.
Dec 03 04:18:56.159 INFO [stderr] warning: build failed, waiting for other jobs to finish...
Dec 03 04:18:56.641 INFO [stderr] error: build failed
Dec 03 04:18:56.641 INFO [stderr] su: No module specific data is present
Dec 03 04:18:56.971 INFO running `"docker" "inspect" "6924847de6d1e0f1fe52641b4dbe94a01447552ef8f60da7ea70775a750582ab"`
Dec 03 04:18:57.123 INFO running `"docker" "rm" "-f" "6924847de6d1e0f1fe52641b4dbe94a01447552ef8f60da7ea70775a750582ab"`
Dec 03 04:18:57.258 INFO [stdout] 6924847de6d1e0f1fe52641b4dbe94a01447552ef8f60da7ea70775a750582ab
