Dec 03 05:34:25.498 INFO testing http-signatures-0.4.1 against 1.30.1 for beta-1.31-5
Dec 03 05:34:25.498 INFO running `"docker" "create" "-v" "/mnt/big/crater/work/local/target-dirs/beta-1.31-5/worker-5/1.30.1:/target:rw,Z" "-v" "/mnt/big/crater/work/local/test-source/worker-5/beta-1.31-5/1.30.1:/source:ro,Z" "-v" "/mnt/big/crater/work/local/cargo-home:/cargo-home:ro,Z" "-v" "/mnt/big/crater/work/local/rustup-home:/rustup-home:ro,Z" "-e" "USER_ID=1000" "-e" "SOURCE_DIR=/source" "-e" "USER_ID=1000" "-e" "CMD=cargo +1.30.1 build --frozen" "-e" "CARGO_TARGET_DIR=/target" "-e" "CARGO_INCREMENTAL=0" "-e" "RUST_BACKTRACE=full" "-e" "RUSTFLAGS=--cap-lints=warn" "-e" "CARGO_HOME=/cargo-home" "-e" "RUSTUP_HOME=/rustup-home" "-m" "1536M" "--network" "none" "crater"`
Dec 03 05:34:25.711 INFO [stdout] eaa7e3ee7a66f6d532f57c7369ebe6c7158c0a994aee58ac7174171bae50ca69
Dec 03 05:34:25.713 INFO running `"docker" "start" "-a" "eaa7e3ee7a66f6d532f57c7369ebe6c7158c0a994aee58ac7174171bae50ca69"`
Dec 03 05:34:26.108 INFO [stderr] usermod: no changes
Dec 03 05:34:26.277 INFO [stderr]    Compiling ring v0.11.0
Dec 03 05:34:35.179 INFO [stderr]    Compiling http-signatures v0.4.1 (/source)
Dec 03 05:34:37.145 INFO [stderr]     Finished dev [unoptimized + debuginfo] target(s) in 11.02s
Dec 03 05:34:37.162 INFO [stderr] su: No module specific data is present
Dec 03 05:34:37.645 INFO running `"docker" "inspect" "eaa7e3ee7a66f6d532f57c7369ebe6c7158c0a994aee58ac7174171bae50ca69"`
Dec 03 05:34:37.740 INFO running `"docker" "rm" "-f" "eaa7e3ee7a66f6d532f57c7369ebe6c7158c0a994aee58ac7174171bae50ca69"`
Dec 03 05:34:37.853 INFO [stdout] eaa7e3ee7a66f6d532f57c7369ebe6c7158c0a994aee58ac7174171bae50ca69
Dec 03 05:34:37.855 INFO running `"docker" "create" "-v" "/mnt/big/crater/work/local/target-dirs/beta-1.31-5/worker-5/1.30.1:/target:rw,Z" "-v" "/mnt/big/crater/work/local/test-source/worker-5/beta-1.31-5/1.30.1:/source:ro,Z" "-v" "/mnt/big/crater/work/local/cargo-home:/cargo-home:ro,Z" "-v" "/mnt/big/crater/work/local/rustup-home:/rustup-home:ro,Z" "-e" "USER_ID=1000" "-e" "SOURCE_DIR=/source" "-e" "USER_ID=1000" "-e" "CMD=cargo +1.30.1 test --frozen --no-run" "-e" "CARGO_TARGET_DIR=/target" "-e" "CARGO_INCREMENTAL=0" "-e" "RUST_BACKTRACE=full" "-e" "RUSTFLAGS=--cap-lints=warn" "-e" "CARGO_HOME=/cargo-home" "-e" "RUSTUP_HOME=/rustup-home" "-m" "1536M" "--network" "none" "crater"`
Dec 03 05:34:38.018 INFO [stdout] 8ec1abb0412a1036e69967a3954ea285bca492e65b63d7803e2c6e6b93a691d4
Dec 03 05:34:38.020 INFO running `"docker" "start" "-a" "8ec1abb0412a1036e69967a3954ea285bca492e65b63d7803e2c6e6b93a691d4"`
Dec 03 05:34:38.483 INFO [stderr] usermod: no changes
Dec 03 05:34:38.711 INFO [stderr]    Compiling mio v0.6.16
Dec 03 05:34:38.719 INFO [stderr]    Compiling tokio-io v0.1.10
Dec 03 05:34:38.719 INFO [stderr]    Compiling tokio-threadpool v0.1.9
Dec 03 05:34:41.381 INFO [stderr]    Compiling tokio-codec v0.1.1
Dec 03 05:34:42.263 INFO [stderr]    Compiling mio-uds v0.6.7
Dec 03 05:34:42.263 INFO [stderr]    Compiling tokio-reactor v0.1.7
Dec 03 05:34:44.579 INFO [stderr]    Compiling tokio-fs v0.1.4
Dec 03 05:34:47.280 INFO [stderr]    Compiling tokio-uds v0.2.4
Dec 03 05:34:47.280 INFO [stderr]    Compiling tokio-tcp v0.1.2
Dec 03 05:34:47.280 INFO [stderr]    Compiling tokio-udp v0.1.3
Dec 03 05:34:51.548 INFO [stderr]    Compiling tokio v0.1.13
Dec 03 05:34:56.039 INFO [stderr]    Compiling http-signatures v0.4.1 (/source)
Dec 03 05:34:56.149 INFO [stderr] error[E0463]: can't find crate for `rocket_codegen`
Dec 03 05:34:56.149 INFO [stderr]   --> examples/rocket.rs:17:11
Dec 03 05:34:56.150 INFO [stderr]    |
Dec 03 05:34:56.150 INFO [stderr] 17 | #![plugin(rocket_codegen)]
Dec 03 05:34:56.150 INFO [stderr]    |           ^^^^^^^^^^^^^^ can't find crate
Dec 03 05:34:56.150 INFO [stderr] 
Dec 03 05:34:56.171 INFO [stderr] error: aborting due to previous error
Dec 03 05:34:56.171 INFO [stderr] 
Dec 03 05:34:56.171 INFO [stderr] For more information about this error, try `rustc --explain E0463`.
Dec 03 05:34:56.185 INFO [stderr] error: Could not compile `http-signatures`.
Dec 03 05:34:56.185 INFO [stderr] warning: build failed, waiting for other jobs to finish...
Dec 03 05:34:57.539 INFO [stderr] error[E0463]: can't find crate for `futures`
Dec 03 05:34:57.539 INFO [stderr]   --> examples/hyper_server.rs:16:1
Dec 03 05:34:57.539 INFO [stderr]    |
Dec 03 05:34:57.539 INFO [stderr] 16 | extern crate futures;
Dec 03 05:34:57.539 INFO [stderr]    | ^^^^^^^^^^^^^^^^^^^^^ can't find crate
Dec 03 05:34:57.551 INFO [stderr] 
Dec 03 05:34:57.564 INFO [stderr] error: aborting due to previous error
Dec 03 05:34:57.564 INFO [stderr] 
Dec 03 05:34:57.564 INFO [stderr] For more information about this error, try `rustc --explain E0463`.
Dec 03 05:34:57.567 INFO [stderr] error: Could not compile `http-signatures`.
Dec 03 05:34:57.567 INFO [stderr] warning: build failed, waiting for other jobs to finish...
Dec 03 05:34:57.588 INFO [stderr] error[E0463]: can't find crate for `futures`
Dec 03 05:34:57.588 INFO [stderr]   --> examples/hyper_client.rs:16:1
Dec 03 05:34:57.588 INFO [stderr]    |
Dec 03 05:34:57.588 INFO [stderr] 16 | extern crate futures;
Dec 03 05:34:57.588 INFO [stderr]    | ^^^^^^^^^^^^^^^^^^^^^ can't find crate
Dec 03 05:34:57.588 INFO [stderr] 
Dec 03 05:34:57.588 INFO [stderr] error: aborting due to previous error
Dec 03 05:34:57.588 INFO [stderr] 
Dec 03 05:34:57.588 INFO [stderr] For more information about this error, try `rustc --explain E0463`.
Dec 03 05:34:57.588 INFO [stderr] error: Could not compile `http-signatures`.
Dec 03 05:34:57.588 INFO [stderr] warning: build failed, waiting for other jobs to finish...
Dec 03 05:34:57.691 INFO [stderr] error[E0463]: can't find crate for `reqwest`
Dec 03 05:34:57.691 INFO [stderr]   --> examples/reqwest.rs:17:1
Dec 03 05:34:57.691 INFO [stderr]    |
Dec 03 05:34:57.691 INFO [stderr] 17 | extern crate reqwest;
Dec 03 05:34:57.691 INFO [stderr]    | ^^^^^^^^^^^^^^^^^^^^^ can't find crate
Dec 03 05:34:57.691 INFO [stderr] 
Dec 03 05:34:57.691 INFO [stderr] error: aborting due to previous error
Dec 03 05:34:57.691 INFO [stderr] 
Dec 03 05:34:57.691 INFO [stderr] For more information about this error, try `rustc --explain E0463`.
Dec 03 05:34:57.694 INFO [stderr] error: Could not compile `http-signatures`.
Dec 03 05:34:57.694 INFO [stderr] warning: build failed, waiting for other jobs to finish...
Dec 03 05:34:59.707 INFO [stderr] error: build failed
Dec 03 05:34:59.707 INFO [stderr] su: No module specific data is present
Dec 03 05:35:00.364 INFO running `"docker" "inspect" "8ec1abb0412a1036e69967a3954ea285bca492e65b63d7803e2c6e6b93a691d4"`
Dec 03 05:35:00.747 INFO running `"docker" "rm" "-f" "8ec1abb0412a1036e69967a3954ea285bca492e65b63d7803e2c6e6b93a691d4"`
Dec 03 05:35:00.995 INFO [stdout] 8ec1abb0412a1036e69967a3954ea285bca492e65b63d7803e2c6e6b93a691d4
