Dec 03 06:31:14.497 INFO testing grin_servers-0.4.0 against 1.30.1 for beta-1.31-5
Dec 03 06:31:14.497 INFO running `"docker" "create" "-v" "/mnt/big/crater/work/local/target-dirs/beta-1.31-5/worker-3/1.30.1:/target:rw,Z" "-v" "/mnt/big/crater/work/local/test-source/worker-3/beta-1.31-5/1.30.1:/source:ro,Z" "-v" "/mnt/big/crater/work/local/cargo-home:/cargo-home:ro,Z" "-v" "/mnt/big/crater/work/local/rustup-home:/rustup-home:ro,Z" "-e" "USER_ID=1000" "-e" "SOURCE_DIR=/source" "-e" "USER_ID=1000" "-e" "CMD=cargo +1.30.1 build --frozen" "-e" "CARGO_TARGET_DIR=/target" "-e" "CARGO_INCREMENTAL=0" "-e" "RUST_BACKTRACE=full" "-e" "RUSTFLAGS=--cap-lints=warn" "-e" "CARGO_HOME=/cargo-home" "-e" "RUSTUP_HOME=/rustup-home" "-m" "1536M" "--network" "none" "crater"`
Dec 03 06:31:15.067 INFO [stdout] 19b21dc166a219a6618f1cd32dd78066bc3e5575363b3acafe1aa1311d82835b
Dec 03 06:31:15.069 INFO running `"docker" "start" "-a" "19b21dc166a219a6618f1cd32dd78066bc3e5575363b3acafe1aa1311d82835b"`
Dec 03 06:31:17.623 INFO [stderr] usermod: no changes
Dec 03 06:31:17.711 INFO [stderr] warning: only one of `license` or `license-file` is necessary
Dec 03 06:31:18.263 INFO [stderr]    Compiling supercow v0.1.0
Dec 03 06:31:18.267 INFO [stderr]    Compiling liblmdb-sys v0.2.2
Dec 03 06:31:18.267 INFO [stderr]    Compiling arrayvec v0.4.8
Dec 03 06:31:18.275 INFO [stderr]    Compiling flate2-crc v0.1.1
Dec 03 06:31:18.275 INFO [stderr]    Compiling memchr v1.0.2
Dec 03 06:31:18.319 INFO [stderr]    Compiling log v0.4.6
Dec 03 06:31:18.319 INFO [stderr]    Compiling ring v0.13.5
Dec 03 06:31:18.331 INFO [stderr]    Compiling uuid v0.6.5
Dec 03 06:31:24.831 INFO [stderr]    Compiling serde-value v0.5.3
Dec 03 06:31:25.303 INFO [stderr]    Compiling chrono v0.4.6
Dec 03 06:31:27.671 INFO [stderr]    Compiling grin_secp256k1zkp v0.7.1
Dec 03 06:31:27.692 INFO [stderr]    Compiling nom v3.2.1
Dec 03 06:31:27.719 INFO [stderr]    Compiling csv v0.15.0
Dec 03 06:31:27.821 INFO [stderr]    Compiling flate2 v1.0.5
Dec 03 06:31:29.345 INFO [stderr]    Compiling num-rational v0.2.1
Dec 03 06:31:46.399 INFO [stderr]    Compiling tokio-io v0.1.10
Dec 03 06:31:46.999 INFO [stderr]    Compiling mio v0.6.16
Dec 03 06:31:47.031 INFO [stderr]    Compiling want v0.0.6
Dec 03 06:31:47.047 INFO [stderr]    Compiling log v0.3.9
Dec 03 06:31:54.535 INFO [stderr]    Compiling ripemd160 v0.7.0
Dec 03 06:31:54.575 INFO [stderr]    Compiling env_logger v0.5.13
Dec 03 06:31:54.757 INFO [stderr]    Compiling crossbeam-epoch v0.6.1
Dec 03 06:31:55.297 INFO [stderr]    Compiling blake2-rfc v0.2.18
Dec 03 06:31:57.396 INFO [stderr]    Compiling prettytable-rs v0.7.0
Dec 03 06:32:03.415 INFO [stderr]    Compiling zip v0.4.2
Dec 03 06:32:03.479 INFO [stderr]    Compiling sct v0.4.0
Dec 03 06:32:09.623 INFO [stderr]    Compiling webpki v0.18.1
Dec 03 06:32:09.623 INFO [stderr]    Compiling num v0.2.0
Dec 03 06:32:09.705 INFO [stderr]    Compiling log4rs v0.8.1
Dec 03 06:32:13.877 INFO [stderr]    Compiling cexpr v0.2.3
Dec 03 06:32:13.897 INFO [stderr]    Compiling failure v0.1.3
Dec 03 06:32:13.897 INFO [stderr]    Compiling jsonrpc-core v8.0.1
Dec 03 06:32:14.491 INFO [stderr]    Compiling tokio-codec v0.1.1
Dec 03 06:32:16.223 INFO [stderr]    Compiling h2 v0.1.13
Dec 03 06:32:22.267 INFO [stderr]    Compiling crossbeam-deque v0.6.2
Dec 03 06:32:26.052 INFO [stderr]    Compiling tokio-reactor v0.1.7
Dec 03 06:32:26.111 INFO [stderr]    Compiling mio-uds v0.6.7
Dec 03 06:32:28.953 INFO [stderr]    Compiling ct-logs v0.4.0
Dec 03 06:32:33.203 INFO [stderr]    Compiling rustls v0.13.1
Dec 03 06:32:40.044 INFO [stderr]    Compiling webpki-roots v0.15.0
Dec 03 06:32:40.084 INFO [stderr]    Compiling lmdb-zero v0.4.4
Dec 03 06:32:40.129 INFO [stderr]    Compiling tokio-threadpool v0.1.9
Dec 03 06:32:40.217 INFO [stderr]    Compiling bindgen v0.37.4
Dec 03 06:33:06.189 INFO [stderr]    Compiling tokio-uds v0.2.4
Dec 03 06:33:06.325 INFO [stderr]    Compiling tokio-udp v0.1.3
Dec 03 06:33:08.727 INFO [stderr]    Compiling tokio-tcp v0.1.2
Dec 03 06:33:25.279 INFO [stderr]    Compiling tokio-fs v0.1.4
Dec 03 06:33:27.303 INFO [stderr]    Compiling grin_util v0.4.0
Dec 03 06:33:36.229 INFO [stderr]    Compiling tokio v0.1.13
Dec 03 06:33:56.180 INFO [stderr]    Compiling croaring-sys v0.3.7
Dec 03 06:33:56.762 INFO [stderr]    Compiling grin_keychain v0.4.0
Dec 03 06:33:58.511 INFO [stderr]    Compiling tokio-core v0.1.17
Dec 03 06:33:58.511 INFO [stderr]    Compiling hyper v0.12.16
Dec 03 06:33:58.512 INFO [stderr]    Compiling tokio-rustls v0.7.2
Dec 03 06:34:22.928 INFO [stderr]    Compiling tokio-retry v0.1.1
Dec 03 06:34:36.641 INFO [stderr]    Compiling hyper-rustls v0.14.0
Dec 03 06:34:36.646 INFO [stderr]    Compiling hyper-staticfile v0.3.0
Dec 03 06:34:45.591 INFO [stderr] error: failed to run custom build command for `croaring-sys v0.3.7`
Dec 03 06:34:45.591 INFO [stderr] process didn't exit successfully: `/target/debug/build/croaring-sys-b9c1620adf2158d0/build-script-build` (exit code: 101)
Dec 03 06:34:45.591 INFO [stderr] --- stdout
Dec 03 06:34:45.591 INFO [stderr] TARGET = Some("x86_64-unknown-linux-gnu")
Dec 03 06:34:45.591 INFO [stderr] OPT_LEVEL = Some("0")
Dec 03 06:34:45.591 INFO [stderr] HOST = Some("x86_64-unknown-linux-gnu")
Dec 03 06:34:45.591 INFO [stderr] CC_x86_64-unknown-linux-gnu = None
Dec 03 06:34:45.591 INFO [stderr] CC_x86_64_unknown_linux_gnu = None
Dec 03 06:34:45.591 INFO [stderr] HOST_CC = None
Dec 03 06:34:45.591 INFO [stderr] CC = None
Dec 03 06:34:45.591 INFO [stderr] CFLAGS_x86_64-unknown-linux-gnu = None
Dec 03 06:34:45.591 INFO [stderr] CFLAGS_x86_64_unknown_linux_gnu = None
Dec 03 06:34:45.591 INFO [stderr] HOST_CFLAGS = None
Dec 03 06:34:45.591 INFO [stderr] CFLAGS = None
Dec 03 06:34:45.591 INFO [stderr] DEBUG = Some("true")
Dec 03 06:34:45.591 INFO [stderr] running: "cc" "-O0" "-ffunction-sections" "-fdata-sections" "-fPIC" "-g" "-fno-omit-frame-pointer" "-m64" "-Wall" "-Wextra" "-std=c11" "-march=native" "-O3" "-o" "/target/debug/build/croaring-sys-974fd9f1e1bbabbe/out/CRoaring/roaring.o" "-c" "CRoaring/roaring.c"
Dec 03 06:34:45.591 INFO [stderr] exit code: 0
Dec 03 06:34:45.591 INFO [stderr] AR_x86_64-unknown-linux-gnu = None
Dec 03 06:34:45.591 INFO [stderr] AR_x86_64_unknown_linux_gnu = None
Dec 03 06:34:45.591 INFO [stderr] HOST_AR = None
Dec 03 06:34:45.591 INFO [stderr] AR = None
Dec 03 06:34:45.591 INFO [stderr] running: "ar" "crs" "/target/debug/build/croaring-sys-974fd9f1e1bbabbe/out/libroaring.a" "/target/debug/build/croaring-sys-974fd9f1e1bbabbe/out/CRoaring/roaring.o"
Dec 03 06:34:45.591 INFO [stderr] exit code: 0
Dec 03 06:34:45.591 INFO [stderr] cargo:rustc-link-lib=static=roaring
Dec 03 06:34:45.591 INFO [stderr] cargo:rustc-link-search=native=/target/debug/build/croaring-sys-974fd9f1e1bbabbe/out
Dec 03 06:34:45.591 INFO [stderr] 
Dec 03 06:34:45.591 INFO [stderr] --- stderr
Dec 03 06:34:45.591 INFO [stderr] CRoaring/roaring.h:37:10: fatal error: 'stdbool.h' file not found
Dec 03 06:34:45.591 INFO [stderr] CRoaring/roaring.h:37:10: fatal error: 'stdbool.h' file not found, err: true
Dec 03 06:34:45.591 INFO [stderr] thread 'main' panicked at 'Unable to generate bindings: ()', libcore/result.rs:1009:5
Dec 03 06:34:45.591 INFO [stderr] stack backtrace:
Dec 03 06:34:45.591 INFO [stderr]    0:     0x55ecad6c63be - std::sys::unix::backtrace::tracing::imp::unwind_backtrace::h15749a98198ba25f
Dec 03 06:34:45.591 INFO [stderr]                                at libstd/sys/unix/backtrace/tracing/gcc_s.rs:49
Dec 03 06:34:45.591 INFO [stderr]    1:     0x55ecad6b4a06 - std::sys_common::backtrace::print::h0ba65c811294dbf0
Dec 03 06:34:45.591 INFO [stderr]                                at libstd/sys_common/backtrace.rs:71
Dec 03 06:34:45.591 INFO [stderr]                                at libstd/sys_common/backtrace.rs:59
Dec 03 06:34:45.591 INFO [stderr]    2:     0x55ecad6b2d7d - std::panicking::default_hook::{{closure}}::h42bb31757f0fee64
Dec 03 06:34:45.592 INFO [stderr]                                at libstd/panicking.rs:211
Dec 03 06:34:45.592 INFO [stderr]    3:     0x55ecad6b2af0 - std::panicking::default_hook::hebc8848d7aa7dbd9
Dec 03 06:34:45.592 INFO [stderr]                                at libstd/panicking.rs:227
Dec 03 06:34:45.592 INFO [stderr]    4:     0x55ecad6b342c - std::panicking::rust_panic_with_hook::h86e619a638415243
Dec 03 06:34:45.592 INFO [stderr]                                at libstd/panicking.rs:477
Dec 03 06:34:45.592 INFO [stderr]    5:     0x55ecad6b2fe9 - std::panicking::continue_panic_fmt::h2d2d2bfb065a70b2
Dec 03 06:34:45.592 INFO [stderr]                                at libstd/panicking.rs:391
Dec 03 06:34:45.592 INFO [stderr]    6:     0x55ecad6b2ee5 - rust_begin_unwind
Dec 03 06:34:45.592 INFO [stderr]                                at libstd/panicking.rs:326
Dec 03 06:34:45.592 INFO [stderr]    7:     0x55ecad70ec7b - core::panicking::panic_fmt::h2155aa66b67fe83c
Dec 03 06:34:45.592 INFO [stderr]                                at libcore/panicking.rs:77
Dec 03 06:34:45.592 INFO [stderr]    8:     0x55ecad04f9c9 - core::result::unwrap_failed::h4f09791540f595ec
Dec 03 06:34:45.592 INFO [stderr]                                at libcore/macros.rs:26
Dec 03 06:34:45.592 INFO [stderr]    9:     0x55ecad04f82c - <core::result::Result<T, E>>::expect::h98349ef880668be6
Dec 03 06:34:45.592 INFO [stderr]                                at libcore/result.rs:835
Dec 03 06:34:45.592 INFO [stderr]   10:     0x55ecad04fbf1 - build_script_build::main::haa43846abe4ad724
Dec 03 06:34:45.592 INFO [stderr]                                at /cargo-home/registry/src/github.com-1ecc6299db9ec823/croaring-sys-0.3.7/build.rs:15
Dec 03 06:34:45.592 INFO [stderr]   11:     0x55ecad0518ef - std::rt::lang_start::{{closure}}::h472fd5d3426b13dd
Dec 03 06:34:45.592 INFO [stderr]                                at libstd/rt.rs:74
Dec 03 06:34:45.592 INFO [stderr]   12:     0x55ecad6b2e82 - std::panicking::try::do_call::h47665672c57b11e4
Dec 03 06:34:45.592 INFO [stderr]                                at libstd/rt.rs:59
Dec 03 06:34:45.592 INFO [stderr]                                at libstd/panicking.rs:310
Dec 03 06:34:45.592 INFO [stderr]   13:     0x55ecad6d9419 - __rust_maybe_catch_panic
Dec 03 06:34:45.592 INFO [stderr]                                at libpanic_unwind/lib.rs:103
Dec 03 06:34:45.592 INFO [stderr]   14:     0x55ecad6c0875 - std::rt::lang_start_internal::had9505969b8e20a2
Dec 03 06:34:45.592 INFO [stderr]                                at libstd/panicking.rs:289
Dec 03 06:34:45.592 INFO [stderr]                                at libstd/panic.rs:392
Dec 03 06:34:45.592 INFO [stderr]                                at libstd/rt.rs:58
Dec 03 06:34:45.592 INFO [stderr]   15:     0x55ecad0518c7 - std::rt::lang_start::hd88e944929103cb9
Dec 03 06:34:45.592 INFO [stderr]                                at libstd/rt.rs:74
Dec 03 06:34:45.592 INFO [stderr]   16:     0x55ecad04fd69 - main
Dec 03 06:34:45.592 INFO [stderr]   17:     0x7ff64fe2682f - __libc_start_main
Dec 03 06:34:45.592 INFO [stderr]   18:     0x55ecad04f618 - _start
Dec 03 06:34:45.592 INFO [stderr]   19:                0x0 - <unknown>
Dec 03 06:34:45.592 INFO [stderr] 
Dec 03 06:34:45.592 INFO [stderr] warning: build failed, waiting for other jobs to finish...
Dec 03 06:34:49.503 INFO [stderr] error: build failed
Dec 03 06:34:49.507 INFO [stderr] su: No module specific data is present
Dec 03 06:34:50.471 INFO running `"docker" "inspect" "19b21dc166a219a6618f1cd32dd78066bc3e5575363b3acafe1aa1311d82835b"`
Dec 03 06:34:50.851 INFO running `"docker" "rm" "-f" "19b21dc166a219a6618f1cd32dd78066bc3e5575363b3acafe1aa1311d82835b"`
Dec 03 06:34:51.134 INFO [stdout] 19b21dc166a219a6618f1cd32dd78066bc3e5575363b3acafe1aa1311d82835b
