Dec 03 12:16:04.984 INFO testing fasttext-serving-0.2.8 against 1.30.1 for beta-1.31-5
Dec 03 12:16:04.984 INFO running `"docker" "create" "-v" "/mnt/big/crater/work/local/target-dirs/beta-1.31-5/worker-0/1.30.1:/target:rw,Z" "-v" "/mnt/big/crater/work/local/test-source/worker-0/beta-1.31-5/1.30.1:/source:ro,Z" "-v" "/mnt/big/crater/work/local/cargo-home:/cargo-home:ro,Z" "-v" "/mnt/big/crater/work/local/rustup-home:/rustup-home:ro,Z" "-e" "USER_ID=1000" "-e" "SOURCE_DIR=/source" "-e" "USER_ID=1000" "-e" "CMD=cargo +1.30.1 build --frozen" "-e" "CARGO_TARGET_DIR=/target" "-e" "CARGO_INCREMENTAL=0" "-e" "RUST_BACKTRACE=full" "-e" "RUSTFLAGS=--cap-lints=warn" "-e" "CARGO_HOME=/cargo-home" "-e" "RUSTUP_HOME=/rustup-home" "-m" "1536M" "--network" "none" "crater"`
Dec 03 12:16:05.247 INFO [stdout] 002c35e22e9282769d55adff84e0b2d6323f03fee806d02e9919cc5e22060882
Dec 03 12:16:05.249 INFO running `"docker" "start" "-a" "002c35e22e9282769d55adff84e0b2d6323f03fee806d02e9919cc5e22060882"`
Dec 03 12:16:05.828 INFO [stderr] usermod: no changes
Dec 03 12:16:06.063 INFO [stderr]    Compiling cfasttext-sys v0.1.5
Dec 03 12:16:06.064 INFO [stderr]    Compiling pear_codegen v0.0.20
Dec 03 12:16:06.067 INFO [stderr]    Compiling rocket v0.3.17
Dec 03 12:16:06.067 INFO [stderr]    Compiling rocket_codegen v0.3.17
Dec 03 12:16:06.072 INFO [stderr]    Compiling rayon v1.0.3
Dec 03 12:16:06.072 INFO [stderr]    Compiling cookie v0.9.2
Dec 03 12:16:06.331 INFO [stderr] error: failed to run custom build command for `pear_codegen v0.0.20`
Dec 03 12:16:06.331 INFO [stderr] process didn't exit successfully: `/target/debug/build/pear_codegen-df86f9f8daca6fae/build-script-build` (exit code: 101)
Dec 03 12:16:06.331 INFO [stderr] --- stderr
Dec 03 12:16:06.331 INFO [stderr] [1;31mError:[0m [37mPear requires a nightly or dev version of Rust.[0m
Dec 03 12:16:06.331 INFO [stderr] [37mInstalled version is:[0m [33m1.30.1 (2018-11-07)[0m. [37mMinimum required:[0m [33m1.30.0-nightly (2018-08-23)[0m.
Dec 03 12:16:06.331 INFO [stderr] thread 'main' panicked at 'Aborting compilation due to incompatible compiler.', /cargo-home/registry/src/github.com-1ecc6299db9ec823/pear_codegen-0.0.20/build.rs:31:13
Dec 03 12:16:06.331 INFO [stderr] stack backtrace:
Dec 03 12:16:06.331 INFO [stderr]    0:     0x55cd7633853e - std::sys::unix::backtrace::tracing::imp::unwind_backtrace::h15749a98198ba25f
Dec 03 12:16:06.331 INFO [stderr]                                at libstd/sys/unix/backtrace/tracing/gcc_s.rs:49
Dec 03 12:16:06.331 INFO [stderr]    1:     0x55cd76329ac6 - std::sys_common::backtrace::print::h0ba65c811294dbf0
Dec 03 12:16:06.331 INFO [stderr]                                at libstd/sys_common/backtrace.rs:71
Dec 03 12:16:06.331 INFO [stderr]                                at libstd/sys_common/backtrace.rs:59
Dec 03 12:16:06.331 INFO [stderr]    2:     0x55cd7632840d - std::panicking::default_hook::{{closure}}::h42bb31757f0fee64
Dec 03 12:16:06.331 INFO [stderr]                                at libstd/panicking.rs:211
Dec 03 12:16:06.331 INFO [stderr]    3:     0x55cd76328180 - std::panicking::default_hook::hebc8848d7aa7dbd9
Dec 03 12:16:06.331 INFO [stderr]                                at libstd/panicking.rs:227
Dec 03 12:16:06.331 INFO [stderr]    4:     0x55cd76328a0c - std::panicking::rust_panic_with_hook::h86e619a638415243
Dec 03 12:16:06.331 INFO [stderr]                                at libstd/panicking.rs:477
Dec 03 12:16:06.331 INFO [stderr]    5:     0x55cd7630ba1f - std::panicking::begin_panic::hff0b0938de69e946
Dec 03 12:16:06.331 INFO [stderr]                                at libstd/panicking.rs:411
Dec 03 12:16:06.331 INFO [stderr]    6:     0x55cd76309b5a - build_script_build::main::h3208cb5374859f64
Dec 03 12:16:06.331 INFO [stderr]                                at /cargo-home/registry/src/github.com-1ecc6299db9ec823/pear_codegen-0.0.20/build.rs:31
Dec 03 12:16:06.331 INFO [stderr]    7:     0x55cd7630c30f - std::rt::lang_start::{{closure}}::he88afd07f648b684
Dec 03 12:16:06.331 INFO [stderr]                                at libstd/rt.rs:74
Dec 03 12:16:06.331 INFO [stderr]    8:     0x55cd763284b2 - std::panicking::try::do_call::h47665672c57b11e4
Dec 03 12:16:06.331 INFO [stderr]                                at libstd/rt.rs:59
Dec 03 12:16:06.331 INFO [stderr]                                at libstd/panicking.rs:310
Dec 03 12:16:06.331 INFO [stderr]    9:     0x55cd76349469 - __rust_maybe_catch_panic
Dec 03 12:16:06.331 INFO [stderr]                                at libpanic_unwind/lib.rs:103
Dec 03 12:16:06.331 INFO [stderr]   10:     0x55cd76333535 - std::rt::lang_start_internal::had9505969b8e20a2
Dec 03 12:16:06.331 INFO [stderr]                                at libstd/panicking.rs:289
Dec 03 12:16:06.331 INFO [stderr]                                at libstd/panic.rs:392
Dec 03 12:16:06.331 INFO [stderr]                                at libstd/rt.rs:58
Dec 03 12:16:06.331 INFO [stderr]   11:     0x55cd7630c2e7 - std::rt::lang_start::ha0952dc06a311b9d
Dec 03 12:16:06.331 INFO [stderr]                                at libstd/rt.rs:74
Dec 03 12:16:06.331 INFO [stderr]   12:     0x55cd7630aa09 - main
Dec 03 12:16:06.331 INFO [stderr]   13:     0x7f284c49082f - __libc_start_main
Dec 03 12:16:06.331 INFO [stderr]   14:     0x55cd76309448 - _start
Dec 03 12:16:06.331 INFO [stderr]   15:                0x0 - <unknown>
Dec 03 12:16:06.331 INFO [stderr] 
Dec 03 12:16:06.331 INFO [stderr] warning: build failed, waiting for other jobs to finish...
Dec 03 12:16:06.408 INFO [stderr] error: failed to run custom build command for `rocket v0.3.17`
Dec 03 12:16:06.408 INFO [stderr] process didn't exit successfully: `/target/debug/build/rocket-c4e66faee2f2b7c9/build-script-build` (exit code: 101)
Dec 03 12:16:06.408 INFO [stderr] --- stderr
Dec 03 12:16:06.408 INFO [stderr] [1;31mError:[0m [37mRocket requires a nightly or dev version of Rust.[0m
Dec 03 12:16:06.408 INFO [stderr] [37mInstalled version is:[0m [33m1.30.1 (2018-11-07)[0m. [37mMinimum required:[0m [33m1.27.0-nightly (2018-04-26)[0m.
Dec 03 12:16:06.408 INFO [stderr] [34mSee the getting started guide ([0m[37mhttps://rocket.rs/guide/getting-started/[0m[34m) for more information.[0m
Dec 03 12:16:06.408 INFO [stderr] thread 'main' panicked at 'Aborting compilation due to incompatible compiler.', /cargo-home/registry/src/github.com-1ecc6299db9ec823/rocket-0.3.17/build.rs:38:13
Dec 03 12:16:06.408 INFO [stderr] stack backtrace:
Dec 03 12:16:06.408 INFO [stderr]    0:     0x561c7582376e - std::sys::unix::backtrace::tracing::imp::unwind_backtrace::h15749a98198ba25f
Dec 03 12:16:06.408 INFO [stderr]                                at libstd/sys/unix/backtrace/tracing/gcc_s.rs:49
Dec 03 12:16:06.408 INFO [stderr]    1:     0x561c75814cf6 - std::sys_common::backtrace::print::h0ba65c811294dbf0
Dec 03 12:16:06.408 INFO [stderr]                                at libstd/sys_common/backtrace.rs:71
Dec 03 12:16:06.408 INFO [stderr]                                at libstd/sys_common/backtrace.rs:59
Dec 03 12:16:06.408 INFO [stderr]    2:     0x561c7581363d - std::panicking::default_hook::{{closure}}::h42bb31757f0fee64
Dec 03 12:16:06.408 INFO [stderr]                                at libstd/panicking.rs:211
Dec 03 12:16:06.408 INFO [stderr]    3:     0x561c758133b0 - std::panicking::default_hook::hebc8848d7aa7dbd9
Dec 03 12:16:06.408 INFO [stderr]                                at libstd/panicking.rs:227
Dec 03 12:16:06.408 INFO [stderr]    4:     0x561c75813c3c - std::panicking::rust_panic_with_hook::h86e619a638415243
Dec 03 12:16:06.408 INFO [stderr]                                at libstd/panicking.rs:477
Dec 03 12:16:06.409 INFO [stderr]    5:     0x561c757f6c4f - std::panicking::begin_panic::h1f2b9e9d96bd8bd1
Dec 03 12:16:06.409 INFO [stderr]                                at libstd/panicking.rs:411
Dec 03 12:16:06.409 INFO [stderr]    6:     0x561c757f4d93 - build_script_build::main::h911ac25bbcea8e76
Dec 03 12:16:06.409 INFO [stderr]                                at /cargo-home/registry/src/github.com-1ecc6299db9ec823/rocket-0.3.17/build.rs:38
Dec 03 12:16:06.409 INFO [stderr]    7:     0x561c757f753f - std::rt::lang_start::{{closure}}::h252ed0ee3474df69
Dec 03 12:16:06.409 INFO [stderr]                                at libstd/rt.rs:74
Dec 03 12:16:06.409 INFO [stderr]    8:     0x561c758136e2 - std::panicking::try::do_call::h47665672c57b11e4
Dec 03 12:16:06.409 INFO [stderr]                                at libstd/rt.rs:59
Dec 03 12:16:06.409 INFO [stderr]                                at libstd/panicking.rs:310
Dec 03 12:16:06.409 INFO [stderr]    9:     0x561c75834699 - __rust_maybe_catch_panic
Dec 03 12:16:06.409 INFO [stderr]                                at libpanic_unwind/lib.rs:103
Dec 03 12:16:06.409 INFO [stderr]   10:     0x561c7581e765 - std::rt::lang_start_internal::had9505969b8e20a2
Dec 03 12:16:06.409 INFO [stderr]                                at libstd/panicking.rs:289
Dec 03 12:16:06.409 INFO [stderr]                                at libstd/panic.rs:392
Dec 03 12:16:06.409 INFO [stderr]                                at libstd/rt.rs:58
Dec 03 12:16:06.409 INFO [stderr]   11:     0x561c757f7517 - std::rt::lang_start::h69706e9d9625c548
Dec 03 12:16:06.409 INFO [stderr]                                at libstd/rt.rs:74
Dec 03 12:16:06.409 INFO [stderr]   12:     0x561c757f5c39 - main
Dec 03 12:16:06.409 INFO [stderr]   13:     0x7f6fe6b0f82f - __libc_start_main
Dec 03 12:16:06.409 INFO [stderr]   14:     0x561c757f4448 - _start
Dec 03 12:16:06.409 INFO [stderr]   15:                0x0 - <unknown>
Dec 03 12:16:06.409 INFO [stderr] 
Dec 03 12:16:06.409 INFO [stderr] warning: build failed, waiting for other jobs to finish...
Dec 03 12:16:06.575 INFO [stderr] error: failed to run custom build command for `rocket_codegen v0.3.17`
Dec 03 12:16:06.575 INFO [stderr] process didn't exit successfully: `/target/debug/build/rocket_codegen-c5232cdd0a7a7f0a/build-script-build` (exit code: 101)
Dec 03 12:16:06.575 INFO [stderr] --- stderr
Dec 03 12:16:06.575 INFO [stderr] [1;31mError:[0m [37mRocket requires a nightly or dev version of Rust.[0m
Dec 03 12:16:06.575 INFO [stderr] [37mInstalled version is:[0m [33m1.30.1 (2018-11-07)[0m. [37mMinimum required:[0m [33m1.30.0-nightly (2018-08-23)[0m.
Dec 03 12:16:06.575 INFO [stderr] [34mSee the getting started guide ([0m[37mhttps://rocket.rs/guide/getting-started/[0m[34m) for more information.[0m
Dec 03 12:16:06.575 INFO [stderr] thread 'main' panicked at 'Aborting compilation due to incompatible compiler.', /cargo-home/registry/src/github.com-1ecc6299db9ec823/rocket_codegen-0.3.17/build.rs:38:17
Dec 03 12:16:06.575 INFO [stderr] stack backtrace:
Dec 03 12:16:06.575 INFO [stderr]    0:     0x5614d159575e - std::sys::unix::backtrace::tracing::imp::unwind_backtrace::h15749a98198ba25f
Dec 03 12:16:06.575 INFO [stderr]                                at libstd/sys/unix/backtrace/tracing/gcc_s.rs:49
Dec 03 12:16:06.575 INFO [stderr]    1:     0x5614d1586ce6 - std::sys_common::backtrace::print::h0ba65c811294dbf0
Dec 03 12:16:06.575 INFO [stderr]                                at libstd/sys_common/backtrace.rs:71
Dec 03 12:16:06.575 INFO [stderr]                                at libstd/sys_common/backtrace.rs:59
Dec 03 12:16:06.575 INFO [stderr]    2:     0x5614d158562d - std::panicking::default_hook::{{closure}}::h42bb31757f0fee64
Dec 03 12:16:06.575 INFO [stderr]                                at libstd/panicking.rs:211
Dec 03 12:16:06.575 INFO [stderr]    3:     0x5614d15853a0 - std::panicking::default_hook::hebc8848d7aa7dbd9
Dec 03 12:16:06.575 INFO [stderr]                                at libstd/panicking.rs:227
Dec 03 12:16:06.575 INFO [stderr]    4:     0x5614d1585c2c - std::panicking::rust_panic_with_hook::h86e619a638415243
Dec 03 12:16:06.575 INFO [stderr]                                at libstd/panicking.rs:477
Dec 03 12:16:06.575 INFO [stderr]    5:     0x5614d1568c3f - std::panicking::begin_panic::heb767c19fcc99f5a
Dec 03 12:16:06.575 INFO [stderr]                                at libstd/panicking.rs:411
Dec 03 12:16:06.575 INFO [stderr]    6:     0x5614d1566d92 - build_script_build::main::he9d75f7a954f7ddf
Dec 03 12:16:06.575 INFO [stderr]                                at /cargo-home/registry/src/github.com-1ecc6299db9ec823/rocket_codegen-0.3.17/build.rs:38
Dec 03 12:16:06.575 INFO [stderr]    7:     0x5614d156952f - std::rt::lang_start::{{closure}}::hd1578fbee069c28e
Dec 03 12:16:06.575 INFO [stderr]                                at libstd/rt.rs:74
Dec 03 12:16:06.575 INFO [stderr]    8:     0x5614d15856d2 - std::panicking::try::do_call::h47665672c57b11e4
Dec 03 12:16:06.575 INFO [stderr]                                at libstd/rt.rs:59
Dec 03 12:16:06.575 INFO [stderr]                                at libstd/panicking.rs:310
Dec 03 12:16:06.575 INFO [stderr]    9:     0x5614d15a6689 - __rust_maybe_catch_panic
Dec 03 12:16:06.575 INFO [stderr]                                at libpanic_unwind/lib.rs:103
Dec 03 12:16:06.575 INFO [stderr]   10:     0x5614d1590755 - std::rt::lang_start_internal::had9505969b8e20a2
Dec 03 12:16:06.575 INFO [stderr]                                at libstd/panicking.rs:289
Dec 03 12:16:06.575 INFO [stderr]                                at libstd/panic.rs:392
Dec 03 12:16:06.575 INFO [stderr]                                at libstd/rt.rs:58
Dec 03 12:16:06.575 INFO [stderr]   11:     0x5614d1569507 - std::rt::lang_start::h6b9f2e9d23e59193
Dec 03 12:16:06.575 INFO [stderr]                                at libstd/rt.rs:74
Dec 03 12:16:06.575 INFO [stderr]   12:     0x5614d1567c29 - main
Dec 03 12:16:06.575 INFO [stderr]   13:     0x7f7c1866a82f - __libc_start_main
Dec 03 12:16:06.575 INFO [stderr]   14:     0x5614d1566448 - _start
Dec 03 12:16:06.575 INFO [stderr]   15:                0x0 - <unknown>
Dec 03 12:16:06.575 INFO [stderr] 
Dec 03 12:16:06.575 INFO [stderr] warning: build failed, waiting for other jobs to finish...
Dec 03 12:16:13.759 INFO [stderr] error: build failed
Dec 03 12:16:13.759 INFO [stderr] su: No module specific data is present
Dec 03 12:16:14.680 INFO running `"docker" "inspect" "002c35e22e9282769d55adff84e0b2d6323f03fee806d02e9919cc5e22060882"`
Dec 03 12:16:15.097 INFO running `"docker" "rm" "-f" "002c35e22e9282769d55adff84e0b2d6323f03fee806d02e9919cc5e22060882"`
Dec 03 12:16:15.358 INFO [stdout] 002c35e22e9282769d55adff84e0b2d6323f03fee806d02e9919cc5e22060882
