Dec 03 12:20:50.020 INFO testing failure_derive_without_backtrace-0.1.2 against 1.30.1 for beta-1.31-5
Dec 03 12:20:50.020 INFO running `"docker" "create" "-v" "/mnt/big/crater/work/local/target-dirs/beta-1.31-5/worker-6/1.30.1:/target:rw,Z" "-v" "/mnt/big/crater/work/local/test-source/worker-6/beta-1.31-5/1.30.1:/source:ro,Z" "-v" "/mnt/big/crater/work/local/cargo-home:/cargo-home:ro,Z" "-v" "/mnt/big/crater/work/local/rustup-home:/rustup-home:ro,Z" "-e" "USER_ID=1000" "-e" "SOURCE_DIR=/source" "-e" "USER_ID=1000" "-e" "CMD=cargo +1.30.1 build --frozen" "-e" "CARGO_TARGET_DIR=/target" "-e" "CARGO_INCREMENTAL=0" "-e" "RUST_BACKTRACE=full" "-e" "RUSTFLAGS=--cap-lints=warn" "-e" "CARGO_HOME=/cargo-home" "-e" "RUSTUP_HOME=/rustup-home" "-m" "1536M" "--network" "none" "crater"`
Dec 03 12:20:50.257 INFO [stdout] 65d785138322c31f165459e4e50bd13273a36e81855233296683e90165a46872
Dec 03 12:20:50.260 INFO running `"docker" "start" "-a" "65d785138322c31f165459e4e50bd13273a36e81855233296683e90165a46872"`
Dec 03 12:20:50.717 INFO [stderr] usermod: no changes
Dec 03 12:20:50.781 INFO [stderr]    Compiling failure_derive_without_backtrace v0.1.2 (/source)
Dec 03 12:20:50.782 INFO [stderr]    Compiling syn v0.14.9
Dec 03 12:21:02.519 INFO [stderr]    Compiling synstructure v0.9.0
Dec 03 12:21:14.393 INFO [stderr]     Finished dev [unoptimized + debuginfo] target(s) in 23.65s
Dec 03 12:21:14.396 INFO [stderr] su: No module specific data is present
Dec 03 12:21:14.979 INFO running `"docker" "inspect" "65d785138322c31f165459e4e50bd13273a36e81855233296683e90165a46872"`
Dec 03 12:21:15.177 INFO running `"docker" "rm" "-f" "65d785138322c31f165459e4e50bd13273a36e81855233296683e90165a46872"`
Dec 03 12:21:15.387 INFO [stdout] 65d785138322c31f165459e4e50bd13273a36e81855233296683e90165a46872
Dec 03 12:21:15.390 INFO running `"docker" "create" "-v" "/mnt/big/crater/work/local/target-dirs/beta-1.31-5/worker-6/1.30.1:/target:rw,Z" "-v" "/mnt/big/crater/work/local/test-source/worker-6/beta-1.31-5/1.30.1:/source:ro,Z" "-v" "/mnt/big/crater/work/local/cargo-home:/cargo-home:ro,Z" "-v" "/mnt/big/crater/work/local/rustup-home:/rustup-home:ro,Z" "-e" "USER_ID=1000" "-e" "SOURCE_DIR=/source" "-e" "USER_ID=1000" "-e" "CMD=cargo +1.30.1 test --frozen --no-run" "-e" "CARGO_TARGET_DIR=/target" "-e" "CARGO_INCREMENTAL=0" "-e" "RUST_BACKTRACE=full" "-e" "RUSTFLAGS=--cap-lints=warn" "-e" "CARGO_HOME=/cargo-home" "-e" "RUSTUP_HOME=/rustup-home" "-m" "1536M" "--network" "none" "crater"`
Dec 03 12:21:15.771 INFO [stdout] f011f95cf044e740ea113a8936d2e3af8d7c72b3159ef66b5234951302d0b625
Dec 03 12:21:15.773 INFO running `"docker" "start" "-a" "f011f95cf044e740ea113a8936d2e3af8d7c72b3159ef66b5234951302d0b625"`
Dec 03 12:21:16.353 INFO [stderr] usermod: no changes
Dec 03 12:21:16.392 INFO [stderr]    Compiling failure_derive_without_backtrace v0.1.2 (/source)
Dec 03 12:21:17.515 INFO [stderr] error[E0463]: can't find crate for `failure`
Dec 03 12:21:17.515 INFO [stderr]  --> tests/wraps.rs:1:1
Dec 03 12:21:17.515 INFO [stderr]   |
Dec 03 12:21:17.516 INFO [stderr] 1 | extern crate failure;
Dec 03 12:21:17.516 INFO [stderr]   | ^^^^^^^^^^^^^^^^^^^^^ can't find crate
Dec 03 12:21:17.516 INFO [stderr] 
Dec 03 12:21:17.517 INFO [stderr] error: aborting due to previous error
Dec 03 12:21:17.517 INFO [stderr] 
Dec 03 12:21:17.517 INFO [stderr] For more information about this error, try `rustc --explain E0463`.
Dec 03 12:21:17.522 INFO [stderr] error: Could not compile `failure_derive_without_backtrace`.
Dec 03 12:21:17.522 INFO [stderr] warning: build failed, waiting for other jobs to finish...
Dec 03 12:21:17.535 INFO [stderr] error[E0463]: can't find crate for `failure`
Dec 03 12:21:17.535 INFO [stderr]  --> tests/no_derive_display.rs:1:1
Dec 03 12:21:17.536 INFO [stderr]   |
Dec 03 12:21:17.536 INFO [stderr] 1 | extern crate failure;
Dec 03 12:21:17.536 INFO [stderr]   | ^^^^^^^^^^^^^^^^^^^^^ can't find crate
Dec 03 12:21:17.536 INFO [stderr] 
Dec 03 12:21:17.536 INFO [stderr] error: aborting due to previous error
Dec 03 12:21:17.536 INFO [stderr] 
Dec 03 12:21:17.536 INFO [stderr] For more information about this error, try `rustc --explain E0463`.
Dec 03 12:21:17.540 INFO [stderr] error: Could not compile `failure_derive_without_backtrace`.
Dec 03 12:21:17.540 INFO [stderr] warning: build failed, waiting for other jobs to finish...
Dec 03 12:21:17.761 INFO [stderr] error[E0463]: can't find crate for `failure`
Dec 03 12:21:17.761 INFO [stderr]  --> tests/backtrace.rs:1:1
Dec 03 12:21:17.761 INFO [stderr]   |
Dec 03 12:21:17.761 INFO [stderr] 1 | extern crate failure;
Dec 03 12:21:17.762 INFO [stderr]   | ^^^^^^^^^^^^^^^^^^^^^ can't find crate
Dec 03 12:21:17.762 INFO [stderr] 
Dec 03 12:21:17.763 INFO [stderr] error: aborting due to previous error
Dec 03 12:21:17.763 INFO [stderr] 
Dec 03 12:21:17.763 INFO [stderr] For more information about this error, try `rustc --explain E0463`.
Dec 03 12:21:17.768 INFO [stderr] error: Could not compile `failure_derive_without_backtrace`.
Dec 03 12:21:17.768 INFO [stderr] warning: build failed, waiting for other jobs to finish...
Dec 03 12:21:17.871 INFO [stderr] error[E0463]: can't find crate for `failure`
Dec 03 12:21:17.871 INFO [stderr]  --> tests/custom_type_bounds.rs:2:1
Dec 03 12:21:17.871 INFO [stderr]   |
Dec 03 12:21:17.871 INFO [stderr] 2 | extern crate failure;
Dec 03 12:21:17.871 INFO [stderr]   | ^^^^^^^^^^^^^^^^^^^^^ can't find crate
Dec 03 12:21:17.871 INFO [stderr] 
Dec 03 12:21:17.879 INFO [stderr] error: aborting due to previous error
Dec 03 12:21:17.879 INFO [stderr] 
Dec 03 12:21:17.879 INFO [stderr] For more information about this error, try `rustc --explain E0463`.
Dec 03 12:21:17.883 INFO [stderr] error: Could not compile `failure_derive_without_backtrace`.
Dec 03 12:21:17.883 INFO [stderr] warning: build failed, waiting for other jobs to finish...
Dec 03 12:21:18.145 INFO [stderr] error[E0463]: can't find crate for `failure`
Dec 03 12:21:18.145 INFO [stderr]  --> tests/tests.rs:1:1
Dec 03 12:21:18.145 INFO [stderr]   |
Dec 03 12:21:18.145 INFO [stderr] 1 | extern crate failure;
Dec 03 12:21:18.145 INFO [stderr]   | ^^^^^^^^^^^^^^^^^^^^^ can't find crate
Dec 03 12:21:18.145 INFO [stderr] 
Dec 03 12:21:18.145 INFO [stderr] error: aborting due to previous error
Dec 03 12:21:18.145 INFO [stderr] 
Dec 03 12:21:18.145 INFO [stderr] For more information about this error, try `rustc --explain E0463`.
Dec 03 12:21:18.145 INFO [stderr] error: Could not compile `failure_derive_without_backtrace`.
Dec 03 12:21:18.145 INFO [stderr] warning: build failed, waiting for other jobs to finish...
Dec 03 12:21:21.725 INFO [stderr] error: build failed
Dec 03 12:21:21.727 INFO [stderr] su: No module specific data is present
Dec 03 12:21:22.205 INFO running `"docker" "inspect" "f011f95cf044e740ea113a8936d2e3af8d7c72b3159ef66b5234951302d0b625"`
Dec 03 12:21:22.361 INFO running `"docker" "rm" "-f" "f011f95cf044e740ea113a8936d2e3af8d7c72b3159ef66b5234951302d0b625"`
Dec 03 12:21:22.616 INFO [stdout] f011f95cf044e740ea113a8936d2e3af8d7c72b3159ef66b5234951302d0b625
