Dec 03 12:57:25.852 INFO testing enum-tryfrom-0.2.1 against 1.30.1 for beta-1.31-5
Dec 03 12:57:25.852 INFO running `"docker" "create" "-v" "/mnt/big/crater/work/local/target-dirs/beta-1.31-5/worker-4/1.30.1:/target:rw,Z" "-v" "/mnt/big/crater/work/local/test-source/worker-4/beta-1.31-5/1.30.1:/source:ro,Z" "-v" "/mnt/big/crater/work/local/cargo-home:/cargo-home:ro,Z" "-v" "/mnt/big/crater/work/local/rustup-home:/rustup-home:ro,Z" "-e" "USER_ID=1000" "-e" "SOURCE_DIR=/source" "-e" "USER_ID=1000" "-e" "CMD=cargo +1.30.1 build --frozen" "-e" "CARGO_TARGET_DIR=/target" "-e" "CARGO_INCREMENTAL=0" "-e" "RUST_BACKTRACE=full" "-e" "RUSTFLAGS=--cap-lints=warn" "-e" "CARGO_HOME=/cargo-home" "-e" "RUSTUP_HOME=/rustup-home" "-m" "1536M" "--network" "none" "crater"`
Dec 03 12:57:26.295 INFO [stdout] 956adbcd2450daca94f6c0a39c2d183fa9fb51f449e29d906cf48f21fb710ca2
Dec 03 12:57:26.297 INFO running `"docker" "start" "-a" "956adbcd2450daca94f6c0a39c2d183fa9fb51f449e29d906cf48f21fb710ca2"`
Dec 03 12:57:27.102 INFO [stderr] usermod: no changes
Dec 03 12:57:27.167 INFO [stderr]    Compiling enum-tryfrom v0.2.1 (/source)
Dec 03 12:57:27.858 INFO [stderr]     Finished dev [unoptimized + debuginfo] target(s) in 0.73s
Dec 03 12:57:27.859 INFO [stderr] su: No module specific data is present
Dec 03 12:57:28.156 INFO running `"docker" "inspect" "956adbcd2450daca94f6c0a39c2d183fa9fb51f449e29d906cf48f21fb710ca2"`
Dec 03 12:57:28.224 INFO running `"docker" "rm" "-f" "956adbcd2450daca94f6c0a39c2d183fa9fb51f449e29d906cf48f21fb710ca2"`
Dec 03 12:57:28.403 INFO [stdout] 956adbcd2450daca94f6c0a39c2d183fa9fb51f449e29d906cf48f21fb710ca2
Dec 03 12:57:28.409 INFO running `"docker" "create" "-v" "/mnt/big/crater/work/local/target-dirs/beta-1.31-5/worker-4/1.30.1:/target:rw,Z" "-v" "/mnt/big/crater/work/local/test-source/worker-4/beta-1.31-5/1.30.1:/source:ro,Z" "-v" "/mnt/big/crater/work/local/cargo-home:/cargo-home:ro,Z" "-v" "/mnt/big/crater/work/local/rustup-home:/rustup-home:ro,Z" "-e" "USER_ID=1000" "-e" "SOURCE_DIR=/source" "-e" "USER_ID=1000" "-e" "CMD=cargo +1.30.1 test --frozen --no-run" "-e" "CARGO_TARGET_DIR=/target" "-e" "CARGO_INCREMENTAL=0" "-e" "RUST_BACKTRACE=full" "-e" "RUSTFLAGS=--cap-lints=warn" "-e" "CARGO_HOME=/cargo-home" "-e" "RUSTUP_HOME=/rustup-home" "-m" "1536M" "--network" "none" "crater"`
Dec 03 12:57:28.644 INFO [stdout] 7225f382148f24eabac8d2df34e0ca5c8dfd00f5ed07514f335f45ef57655a82
Dec 03 12:57:28.651 INFO running `"docker" "start" "-a" "7225f382148f24eabac8d2df34e0ca5c8dfd00f5ed07514f335f45ef57655a82"`
Dec 03 12:57:29.682 INFO [stderr] usermod: no changes
Dec 03 12:57:29.799 INFO [stderr]    Compiling compiletest_rs v0.3.17
Dec 03 12:57:29.806 INFO [stderr]    Compiling enum-tryfrom-derive v0.2.1
Dec 03 12:57:29.806 INFO [stderr]    Compiling syn v0.15.22
Dec 03 12:57:40.021 INFO [stderr]    Compiling serde_derive v1.0.80
Dec 03 12:58:00.023 INFO [stderr] error[E0433]: failed to resolve. Could not find `RunIgnored` in `test`
Dec 03 12:58:00.023 INFO [stderr]    --> /cargo-home/registry/src/github.com-1ecc6299db9ec823/compiletest_rs-0.3.17/src/lib.rs:100:52
Dec 03 12:58:00.023 INFO [stderr]     |
Dec 03 12:58:00.023 INFO [stderr] 100 |         run_ignored: if config.run_ignored { test::RunIgnored::Yes } else { test::RunIgnored::No },
Dec 03 12:58:00.023 INFO [stderr]     |                                                    ^^^^^^^^^^ Could not find `RunIgnored` in `test`
Dec 03 12:58:00.023 INFO [stderr] 
Dec 03 12:58:00.023 INFO [stderr] error[E0433]: failed to resolve. Could not find `RunIgnored` in `test`
Dec 03 12:58:00.023 INFO [stderr]    --> /cargo-home/registry/src/github.com-1ecc6299db9ec823/compiletest_rs-0.3.17/src/lib.rs:100:83
Dec 03 12:58:00.023 INFO [stderr]     |
Dec 03 12:58:00.023 INFO [stderr] 100 |         run_ignored: if config.run_ignored { test::RunIgnored::Yes } else { test::RunIgnored::No },
Dec 03 12:58:00.023 INFO [stderr]     |                                                                                   ^^^^^^^^^^ Could not find `RunIgnored` in `test`
Dec 03 12:58:00.023 INFO [stderr] 
Dec 03 12:58:00.027 INFO [stderr] error[E0554]: #![feature] may not be used on the stable release channel
Dec 03 12:58:00.027 INFO [stderr]   --> /cargo-home/registry/src/github.com-1ecc6299db9ec823/compiletest_rs-0.3.17/src/lib.rs:13:39
Dec 03 12:58:00.027 INFO [stderr]    |
Dec 03 12:58:00.027 INFO [stderr] 13 | #![cfg_attr(not(feature = "norustc"), feature(rustc_private))]
Dec 03 12:58:00.027 INFO [stderr]    |                                       ^^^^^^^^^^^^^^^^^^^^^^^
Dec 03 12:58:00.027 INFO [stderr] 
Dec 03 12:58:00.027 INFO [stderr] error[E0554]: #![feature] may not be used on the stable release channel
Dec 03 12:58:00.027 INFO [stderr]   --> /cargo-home/registry/src/github.com-1ecc6299db9ec823/compiletest_rs-0.3.17/src/lib.rs:14:38
Dec 03 12:58:00.027 INFO [stderr]    |
Dec 03 12:58:00.027 INFO [stderr] 14 | #![cfg_attr(not(feature = "stable"), feature(test))]
Dec 03 12:58:00.027 INFO [stderr]    |                                      ^^^^^^^^^^^^^^
Dec 03 12:58:00.027 INFO [stderr] 
Dec 03 12:58:00.035 INFO [stderr] error: aborting due to 4 previous errors
Dec 03 12:58:00.035 INFO [stderr] 
Dec 03 12:58:00.035 INFO [stderr] Some errors occurred: E0433, E0554.
Dec 03 12:58:00.035 INFO [stderr] For more information about an error, try `rustc --explain E0433`.
Dec 03 12:58:00.058 INFO [stderr] error: Could not compile `compiletest_rs`.
Dec 03 12:58:00.058 INFO [stderr] 
Dec 03 12:58:00.058 INFO [stderr] To learn more, run the command again with --verbose.
Dec 03 12:58:00.060 INFO [stderr] su: No module specific data is present
Dec 03 12:58:01.391 INFO running `"docker" "inspect" "7225f382148f24eabac8d2df34e0ca5c8dfd00f5ed07514f335f45ef57655a82"`
Dec 03 12:58:01.607 INFO running `"docker" "rm" "-f" "7225f382148f24eabac8d2df34e0ca5c8dfd00f5ed07514f335f45ef57655a82"`
Dec 03 12:58:01.931 INFO [stdout] 7225f382148f24eabac8d2df34e0ca5c8dfd00f5ed07514f335f45ef57655a82
