Dec 03 13:37:41.026 INFO testing druid-win-shell-0.1.1 against 1.30.1 for beta-1.31-5
Dec 03 13:37:41.026 INFO running `"docker" "create" "-v" "/mnt/big/crater/work/local/target-dirs/beta-1.31-5/worker-7/1.30.1:/target:rw,Z" "-v" "/mnt/big/crater/work/local/test-source/worker-7/beta-1.31-5/1.30.1:/source:ro,Z" "-v" "/mnt/big/crater/work/local/cargo-home:/cargo-home:ro,Z" "-v" "/mnt/big/crater/work/local/rustup-home:/rustup-home:ro,Z" "-e" "USER_ID=1000" "-e" "SOURCE_DIR=/source" "-e" "USER_ID=1000" "-e" "CMD=cargo +1.30.1 build --frozen" "-e" "CARGO_TARGET_DIR=/target" "-e" "CARGO_INCREMENTAL=0" "-e" "RUST_BACKTRACE=full" "-e" "RUSTFLAGS=--cap-lints=warn" "-e" "CARGO_HOME=/cargo-home" "-e" "RUSTUP_HOME=/rustup-home" "-m" "1536M" "--network" "none" "crater"`
Dec 03 13:37:41.499 INFO [stdout] 11d4c1f9c403b3367edf8b5b8942dfe9f1ed490717a7c762ecd4add0a4a5f131
Dec 03 13:37:41.504 INFO running `"docker" "start" "-a" "11d4c1f9c403b3367edf8b5b8942dfe9f1ed490717a7c762ecd4add0a4a5f131"`
Dec 03 13:37:42.966 INFO [stderr] usermod: no changes
Dec 03 13:37:43.095 INFO [stderr]    Compiling druid-win-shell v0.1.1 (/source)
Dec 03 13:37:43.927 INFO [stderr] error[E0433]: failed to resolve. Could not find `shared` in `winapi`
Dec 03 13:37:43.927 INFO [stderr]   --> src/dcomp.rs:25:13
Dec 03 13:37:43.927 INFO [stderr]    |
Dec 03 13:37:43.927 INFO [stderr] 25 | use winapi::shared::dxgi::IDXGIDevice;
Dec 03 13:37:43.927 INFO [stderr]    |             ^^^^^^ Could not find `shared` in `winapi`
Dec 03 13:37:43.927 INFO [stderr] 
Dec 03 13:37:43.927 INFO [stderr] error[E0433]: failed to resolve. Could not find `shared` in `winapi`
Dec 03 13:37:43.927 INFO [stderr]   --> src/dcomp.rs:26:13
Dec 03 13:37:43.927 INFO [stderr]    |
Dec 03 13:37:43.927 INFO [stderr] 26 | use winapi::shared::dxgi1_2::DXGI_ALPHA_MODE_IGNORE;
Dec 03 13:37:43.927 INFO [stderr]    |             ^^^^^^ Could not find `shared` in `winapi`
Dec 03 13:37:43.927 INFO [stderr] 
Dec 03 13:37:43.927 INFO [stderr] error[E0433]: failed to resolve. Could not find `shared` in `winapi`
Dec 03 13:37:43.927 INFO [stderr]   --> src/dcomp.rs:27:13
Dec 03 13:37:43.927 INFO [stderr]    |
Dec 03 13:37:43.927 INFO [stderr] 27 | use winapi::shared::dxgiformat::DXGI_FORMAT_B8G8R8A8_UNORM;
Dec 03 13:37:43.927 INFO [stderr]    |             ^^^^^^ Could not find `shared` in `winapi`
Dec 03 13:37:43.927 INFO [stderr] 
Dec 03 13:37:43.927 INFO [stderr] error[E0433]: failed to resolve. Could not find `shared` in `winapi`
Dec 03 13:37:43.927 INFO [stderr]   --> src/dcomp.rs:28:13
Dec 03 13:37:43.927 INFO [stderr]    |
Dec 03 13:37:43.927 INFO [stderr] 28 | use winapi::shared::minwindef::{FALSE, TRUE};
Dec 03 13:37:43.927 INFO [stderr]    |             ^^^^^^ Could not find `shared` in `winapi`
Dec 03 13:37:43.927 INFO [stderr] 
Dec 03 13:37:43.927 INFO [stderr] error[E0433]: failed to resolve. Could not find `shared` in `winapi`
Dec 03 13:37:43.927 INFO [stderr]   --> src/dcomp.rs:29:13
Dec 03 13:37:43.927 INFO [stderr]    |
Dec 03 13:37:43.927 INFO [stderr] 29 | use winapi::shared::windef::{HWND, POINT, RECT};
Dec 03 13:37:43.927 INFO [stderr]    |             ^^^^^^ Could not find `shared` in `winapi`
Dec 03 13:37:43.927 INFO [stderr] 
Dec 03 13:37:43.927 INFO [stderr] error[E0433]: failed to resolve. Could not find `shared` in `winapi`
Dec 03 13:37:43.927 INFO [stderr]   --> src/dcomp.rs:30:13
Dec 03 13:37:43.927 INFO [stderr]    |
Dec 03 13:37:43.927 INFO [stderr] 30 | use winapi::shared::winerror::SUCCEEDED;
Dec 03 13:37:43.927 INFO [stderr]    |             ^^^^^^ Could not find `shared` in `winapi`
Dec 03 13:37:43.927 INFO [stderr] 
Dec 03 13:37:43.927 INFO [stderr] error[E0433]: failed to resolve. Could not find `um` in `winapi`
Dec 03 13:37:43.927 INFO [stderr]   --> src/dcomp.rs:31:13
Dec 03 13:37:43.927 INFO [stderr]    |
Dec 03 13:37:43.927 INFO [stderr] 31 | use winapi::um::d2d1::*;
Dec 03 13:37:43.927 INFO [stderr]    |             ^^ Could not find `um` in `winapi`
Dec 03 13:37:43.927 INFO [stderr] 
Dec 03 13:37:43.927 INFO [stderr] error[E0433]: failed to resolve. Could not find `um` in `winapi`
Dec 03 13:37:43.927 INFO [stderr]   --> src/dcomp.rs:32:13
Dec 03 13:37:43.927 INFO [stderr]    |
Dec 03 13:37:43.927 INFO [stderr] 32 | use winapi::um::d2d1_1::*;
Dec 03 13:37:43.927 INFO [stderr]    |             ^^ Could not find `um` in `winapi`
Dec 03 13:37:43.939 INFO [stderr] 
Dec 03 13:37:43.939 INFO [stderr] error[E0433]: failed to resolve. Could not find `um` in `winapi`
Dec 03 13:37:43.939 INFO [stderr]   --> src/dcomp.rs:33:13
Dec 03 13:37:43.939 INFO [stderr]    |
Dec 03 13:37:43.939 INFO [stderr] 33 | use winapi::um::d3d11::*;
Dec 03 13:37:43.939 INFO [stderr]    |             ^^ Could not find `um` in `winapi`
Dec 03 13:37:43.939 INFO [stderr] 
Dec 03 13:37:43.939 INFO [stderr] error[E0433]: failed to resolve. Could not find `um` in `winapi`
Dec 03 13:37:43.939 INFO [stderr]   --> src/dcomp.rs:34:13
Dec 03 13:37:43.939 INFO [stderr]    |
Dec 03 13:37:43.939 INFO [stderr] 34 | use winapi::um::d3dcommon::D3D_DRIVER_TYPE_HARDWARE;
Dec 03 13:37:43.939 INFO [stderr]    |             ^^ Could not find `um` in `winapi`
Dec 03 13:37:43.939 INFO [stderr] 
Dec 03 13:37:43.939 INFO [stderr] error[E0433]: failed to resolve. Could not find `um` in `winapi`
Dec 03 13:37:43.939 INFO [stderr]   --> src/dcomp.rs:35:13
Dec 03 13:37:43.939 INFO [stderr]    |
Dec 03 13:37:43.939 INFO [stderr] 35 | use winapi::um::unknwnbase::IUnknown;
Dec 03 13:37:43.939 INFO [stderr]    |             ^^ Could not find `um` in `winapi`
Dec 03 13:37:43.939 INFO [stderr] 
Dec 03 13:37:43.939 INFO [stderr] error[E0433]: failed to resolve. Could not find `um` in `winapi`
Dec 03 13:37:43.939 INFO [stderr]   --> src/dcomp.rs:36:13
Dec 03 13:37:43.939 INFO [stderr]    |
Dec 03 13:37:43.939 INFO [stderr] 36 | use winapi::um::dcomp::*;
Dec 03 13:37:43.939 INFO [stderr]    |             ^^ Could not find `um` in `winapi`
Dec 03 13:37:43.939 INFO [stderr] 
Dec 03 13:37:43.939 INFO [stderr] error[E0433]: failed to resolve. Could not find `um` in `winapi`
Dec 03 13:37:43.939 INFO [stderr]   --> src/dcomp.rs:37:13
Dec 03 13:37:43.939 INFO [stderr]    |
Dec 03 13:37:43.939 INFO [stderr] 37 | use winapi::um::dcompanimation::*;
Dec 03 13:37:43.939 INFO [stderr]    |             ^^ Could not find `um` in `winapi`
Dec 03 13:37:43.939 INFO [stderr] 
Dec 03 13:37:43.939 INFO [stderr] error[E0433]: failed to resolve. Could not find `um` in `winapi`
Dec 03 13:37:43.939 INFO [stderr]   --> src/dcomp.rs:38:13
Dec 03 13:37:43.939 INFO [stderr]    |
Dec 03 13:37:43.939 INFO [stderr] 38 | use winapi::um::winnt::HRESULT;
Dec 03 13:37:43.939 INFO [stderr]    |             ^^ Could not find `um` in `winapi`
Dec 03 13:37:43.939 INFO [stderr] 
Dec 03 13:37:43.939 INFO [stderr] error[E0432]: unresolved import `winapi::Interface`
Dec 03 13:37:43.939 INFO [stderr]   --> src/dcomp.rs:24:5
Dec 03 13:37:43.939 INFO [stderr]    |
Dec 03 13:37:43.939 INFO [stderr] 24 | use winapi::Interface;
Dec 03 13:37:43.939 INFO [stderr]    |     ^^^^^^^^^^^^^^^^^ no `Interface` in the root
Dec 03 13:37:43.939 INFO [stderr] 
Dec 03 13:37:43.939 INFO [stderr] error[E0432]: unresolved import `wio::com`
Dec 03 13:37:43.939 INFO [stderr]   --> src/dcomp.rs:39:10
Dec 03 13:37:43.939 INFO [stderr]    |
Dec 03 13:37:43.939 INFO [stderr] 39 | use wio::com::ComPtr;
Dec 03 13:37:43.939 INFO [stderr]    |          ^^^ Could not find `com` in `wio`
Dec 03 13:37:43.939 INFO [stderr] 
Dec 03 13:37:43.939 INFO [stderr] error[E0432]: unresolved import `direct2d::RenderTarget`
Dec 03 13:37:43.939 INFO [stderr]   --> src/dcomp.rs:41:22
Dec 03 13:37:43.939 INFO [stderr]    |
Dec 03 13:37:43.939 INFO [stderr] 41 | use direct2d::{self, RenderTarget};
Dec 03 13:37:43.939 INFO [stderr]    |                      ^^^^^^^^^^^^ no `RenderTarget` in the root
Dec 03 13:37:43.939 INFO [stderr] 
Dec 03 13:37:43.939 INFO [stderr] error[E0432]: unresolved import `direct2d::math`
Dec 03 13:37:43.939 INFO [stderr]   --> src/dcomp.rs:42:15
Dec 03 13:37:43.939 INFO [stderr]    |
Dec 03 13:37:43.939 INFO [stderr] 42 | use direct2d::math::Matrix3x2F;
Dec 03 13:37:43.939 INFO [stderr]    |               ^^^^ Could not find `math` in `direct2d`
Dec 03 13:37:43.939 INFO [stderr] 
Dec 03 13:37:43.939 INFO [stderr] error[E0433]: failed to resolve. Could not find `shared` in `winapi`
Dec 03 13:37:43.939 INFO [stderr]   --> src/dialog.rs:20:13
Dec 03 13:37:43.939 INFO [stderr]    |
Dec 03 13:37:43.939 INFO [stderr] 20 | use winapi::shared::minwindef::*;
Dec 03 13:37:43.939 INFO [stderr]    |             ^^^^^^ Could not find `shared` in `winapi`
Dec 03 13:37:43.939 INFO [stderr] 
Dec 03 13:37:43.940 INFO [stderr] error[E0433]: failed to resolve. Could not find `shared` in `winapi`
Dec 03 13:37:43.940 INFO [stderr]   --> src/dialog.rs:21:13
Dec 03 13:37:43.940 INFO [stderr]    |
Dec 03 13:37:43.940 INFO [stderr] 21 | use winapi::shared::ntdef::LPWSTR;
Dec 03 13:37:43.940 INFO [stderr]    |             ^^^^^^ Could not find `shared` in `winapi`
Dec 03 13:37:43.940 INFO [stderr] 
Dec 03 13:37:43.940 INFO [stderr] error[E0433]: failed to resolve. Could not find `shared` in `winapi`
Dec 03 13:37:43.940 INFO [stderr]   --> src/dialog.rs:22:13
Dec 03 13:37:43.940 INFO [stderr]    |
Dec 03 13:37:43.940 INFO [stderr] 22 | use winapi::shared::windef::*;
Dec 03 13:37:43.940 INFO [stderr]    |             ^^^^^^ Could not find `shared` in `winapi`
Dec 03 13:37:43.940 INFO [stderr] 
Dec 03 13:37:43.940 INFO [stderr] error[E0433]: failed to resolve. Could not find `shared` in `winapi`
Dec 03 13:37:43.940 INFO [stderr]   --> src/dialog.rs:23:13
Dec 03 13:37:43.940 INFO [stderr]    |
Dec 03 13:37:43.940 INFO [stderr] 23 | use winapi::shared::wtypesbase::*;
Dec 03 13:37:43.940 INFO [stderr]    |             ^^^^^^ Could not find `shared` in `winapi`
Dec 03 13:37:43.940 INFO [stderr] 
Dec 03 13:37:43.940 INFO [stderr] error[E0433]: failed to resolve. Could not find `um` in `winapi`
Dec 03 13:37:43.940 INFO [stderr]   --> src/dialog.rs:24:13
Dec 03 13:37:43.940 INFO [stderr]    |
Dec 03 13:37:43.940 INFO [stderr] 24 | use winapi::um::combaseapi::*;
Dec 03 13:37:43.940 INFO [stderr]    |             ^^ Could not find `um` in `winapi`
Dec 03 13:37:43.940 INFO [stderr] 
Dec 03 13:37:43.940 INFO [stderr] error[E0433]: failed to resolve. Could not find `um` in `winapi`
Dec 03 13:37:43.940 INFO [stderr]   --> src/dialog.rs:25:13
Dec 03 13:37:43.940 INFO [stderr]    |
Dec 03 13:37:43.940 INFO [stderr] 25 | use winapi::um::shobjidl::*;
Dec 03 13:37:43.940 INFO [stderr]    |             ^^ Could not find `um` in `winapi`
Dec 03 13:37:43.940 INFO [stderr] 
Dec 03 13:37:43.940 INFO [stderr] error[E0433]: failed to resolve. Could not find `um` in `winapi`
Dec 03 13:37:43.940 INFO [stderr]   --> src/dialog.rs:26:13
Dec 03 13:37:43.940 INFO [stderr]    |
Dec 03 13:37:43.940 INFO [stderr] 26 | use winapi::um::shobjidl_core::*;
Dec 03 13:37:43.940 INFO [stderr]    |             ^^ Could not find `um` in `winapi`
Dec 03 13:37:43.940 INFO [stderr] 
Dec 03 13:37:43.940 INFO [stderr] error[E0432]: unresolved import `winapi::Interface`
Dec 03 13:37:43.940 INFO [stderr]   --> src/dialog.rs:19:5
Dec 03 13:37:43.940 INFO [stderr]    |
Dec 03 13:37:43.940 INFO [stderr] 19 | use winapi::Interface;
Dec 03 13:37:43.940 INFO [stderr]    |     ^^^^^^^^^^^^^^^^^ no `Interface` in the root
Dec 03 13:37:43.940 INFO [stderr] 
Dec 03 13:37:43.940 INFO [stderr] error[E0433]: failed to resolve. Could not find `shared` in `winapi`
Dec 03 13:37:43.940 INFO [stderr]   --> src/menu.rs:20:13
Dec 03 13:37:43.940 INFO [stderr]    |
Dec 03 13:37:43.940 INFO [stderr] 20 | use winapi::shared::basetsd::*;
Dec 03 13:37:43.940 INFO [stderr]    |             ^^^^^^ Could not find `shared` in `winapi`
Dec 03 13:37:43.940 INFO [stderr] 
Dec 03 13:37:43.940 INFO [stderr] error[E0433]: failed to resolve. Could not find `shared` in `winapi`
Dec 03 13:37:43.940 INFO [stderr]   --> src/menu.rs:21:13
Dec 03 13:37:43.940 INFO [stderr]    |
Dec 03 13:37:43.940 INFO [stderr] 21 | use winapi::shared::windef::*;
Dec 03 13:37:43.940 INFO [stderr]    |             ^^^^^^ Could not find `shared` in `winapi`
Dec 03 13:37:43.940 INFO [stderr] 
Dec 03 13:37:43.940 INFO [stderr] error[E0433]: failed to resolve. Could not find `um` in `winapi`
Dec 03 13:37:43.940 INFO [stderr]   --> src/menu.rs:22:13
Dec 03 13:37:43.940 INFO [stderr]    |
Dec 03 13:37:43.940 INFO [stderr] 22 | use winapi::um::winuser::*;
Dec 03 13:37:43.940 INFO [stderr]    |             ^^ Could not find `um` in `winapi`
Dec 03 13:37:43.940 INFO [stderr] 
Dec 03 13:37:43.940 INFO [stderr] error[E0432]: unresolved import `wio::com`
Dec 03 13:37:43.940 INFO [stderr]   --> src/dialog.rs:27:10
Dec 03 13:37:43.940 INFO [stderr]    |
Dec 03 13:37:43.940 INFO [stderr] 27 | use wio::com::ComPtr;
Dec 03 13:37:43.940 INFO [stderr]    |          ^^^ Could not find `com` in `wio`
Dec 03 13:37:43.940 INFO [stderr] 
Dec 03 13:37:43.940 INFO [stderr] error[E0432]: unresolved import `winapi::Interface`
Dec 03 13:37:43.940 INFO [stderr]   --> src/paint.rs:25:5
Dec 03 13:37:43.940 INFO [stderr]    |
Dec 03 13:37:43.940 INFO [stderr] 25 | use winapi::Interface;
Dec 03 13:37:43.940 INFO [stderr]    |     ^^^^^^^^^^^^^^^^^ no `Interface` in the root
Dec 03 13:37:43.940 INFO [stderr] 
Dec 03 13:37:43.940 INFO [stderr] error[E0433]: failed to resolve. Could not find `um` in `winapi`
Dec 03 13:37:43.940 INFO [stderr]   --> src/paint.rs:27:13
Dec 03 13:37:43.940 INFO [stderr]    |
Dec 03 13:37:43.940 INFO [stderr] 27 | use winapi::um::d2d1::*;
Dec 03 13:37:43.940 INFO [stderr]    |             ^^ Could not find `um` in `winapi`
Dec 03 13:37:43.940 INFO [stderr] 
Dec 03 13:37:43.940 INFO [stderr] error[E0433]: failed to resolve. Could not find `um` in `winapi`
Dec 03 13:37:43.940 INFO [stderr]   --> src/paint.rs:28:13
Dec 03 13:37:43.940 INFO [stderr]    |
Dec 03 13:37:43.940 INFO [stderr] 28 | use winapi::um::dcommon::*;
Dec 03 13:37:43.940 INFO [stderr]    |             ^^ Could not find `um` in `winapi`
Dec 03 13:37:43.940 INFO [stderr] 
Dec 03 13:37:43.940 INFO [stderr] error[E0433]: failed to resolve. Could not find `um` in `winapi`
Dec 03 13:37:43.940 INFO [stderr]   --> src/paint.rs:29:13
Dec 03 13:37:43.940 INFO [stderr]    |
Dec 03 13:37:43.940 INFO [stderr] 29 | use winapi::um::winuser::*;
Dec 03 13:37:43.940 INFO [stderr]    |             ^^ Could not find `um` in `winapi`
Dec 03 13:37:43.940 INFO [stderr] 
Dec 03 13:37:43.941 INFO [stderr] error[E0433]: failed to resolve. Could not find `shared` in `winapi`
Dec 03 13:37:43.941 INFO [stderr]   --> src/paint.rs:30:13
Dec 03 13:37:43.941 INFO [stderr]    |
Dec 03 13:37:43.941 INFO [stderr] 30 | use winapi::shared::dxgi::*;
Dec 03 13:37:43.941 INFO [stderr]    |             ^^^^^^ Could not find `shared` in `winapi`
Dec 03 13:37:43.941 INFO [stderr] 
Dec 03 13:37:43.941 INFO [stderr] error[E0433]: failed to resolve. Could not find `shared` in `winapi`
Dec 03 13:37:43.941 INFO [stderr]   --> src/paint.rs:31:13
Dec 03 13:37:43.941 INFO [stderr]    |
Dec 03 13:37:43.941 INFO [stderr] 31 | use winapi::shared::dxgi1_2::*;
Dec 03 13:37:43.941 INFO [stderr]    |             ^^^^^^ Could not find `shared` in `winapi`
Dec 03 13:37:43.941 INFO [stderr] 
Dec 03 13:37:43.941 INFO [stderr] error[E0433]: failed to resolve. Could not find `shared` in `winapi`
Dec 03 13:37:43.941 INFO [stderr]   --> src/paint.rs:32:13
Dec 03 13:37:43.941 INFO [stderr]    |
Dec 03 13:37:43.941 INFO [stderr] 32 | use winapi::shared::dxgiformat::*;
Dec 03 13:37:43.941 INFO [stderr]    |             ^^^^^^ Could not find `shared` in `winapi`
Dec 03 13:37:43.941 INFO [stderr] 
Dec 03 13:37:43.941 INFO [stderr] error[E0433]: failed to resolve. Could not find `shared` in `winapi`
Dec 03 13:37:43.941 INFO [stderr]   --> src/paint.rs:33:13
Dec 03 13:37:43.941 INFO [stderr]    |
Dec 03 13:37:43.941 INFO [stderr] 33 | use winapi::shared::windef::*;
Dec 03 13:37:43.941 INFO [stderr]    |             ^^^^^^ Could not find `shared` in `winapi`
Dec 03 13:37:43.941 INFO [stderr] 
Dec 03 13:37:43.941 INFO [stderr] error[E0433]: failed to resolve. Could not find `shared` in `winapi`
Dec 03 13:37:43.941 INFO [stderr]   --> src/paint.rs:34:13
Dec 03 13:37:43.941 INFO [stderr]    |
Dec 03 13:37:43.941 INFO [stderr] 34 | use winapi::shared::winerror::*;
Dec 03 13:37:43.941 INFO [stderr]    |             ^^^^^^ Could not find `shared` in `winapi`
Dec 03 13:37:43.941 INFO [stderr] 
Dec 03 13:37:43.941 INFO [stderr] error[E0432]: unresolved import `winapi::ctypes`
Dec 03 13:37:43.941 INFO [stderr]   --> src/paint.rs:26:13
Dec 03 13:37:43.941 INFO [stderr]    |
Dec 03 13:37:43.941 INFO [stderr] 26 | use winapi::ctypes::{c_void};
Dec 03 13:37:43.941 INFO [stderr]    |             ^^^^^^ Could not find `ctypes` in `winapi`
Dec 03 13:37:43.941 INFO [stderr] 
Dec 03 13:37:43.941 INFO [stderr] error[E0432]: unresolved import `direct2d::enums`
Dec 03 13:37:43.941 INFO [stderr]   --> src/paint.rs:37:15
Dec 03 13:37:43.941 INFO [stderr]    |
Dec 03 13:37:43.941 INFO [stderr] 37 | use direct2d::enums::{AlphaMode, RenderTargetType};
Dec 03 13:37:43.941 INFO [stderr]    |               ^^^^^ Could not find `enums` in `direct2d`
Dec 03 13:37:43.941 INFO [stderr] 
Dec 03 13:37:43.941 INFO [stderr] error[E0433]: failed to resolve. Could not find `windows` in `os`
Dec 03 13:37:43.941 INFO [stderr]   --> src/util.rs:23:14
Dec 03 13:37:43.941 INFO [stderr]    |
Dec 03 13:37:43.941 INFO [stderr] 23 | use std::os::windows::ffi::{OsStrExt, OsStringExt};
Dec 03 13:37:43.941 INFO [stderr]    |              ^^^^^^^ Could not find `windows` in `os`
Dec 03 13:37:43.941 INFO [stderr] 
Dec 03 13:37:43.941 INFO [stderr] error[E0432]: unresolved import `direct2d::render_target`
Dec 03 13:37:43.941 INFO [stderr]   --> src/paint.rs:38:15
Dec 03 13:37:43.941 INFO [stderr]    |
Dec 03 13:37:43.941 INFO [stderr] 38 | use direct2d::render_target::{DxgiSurfaceRenderTarget, GenericRenderTarget, HwndRenderTarget};
Dec 03 13:37:43.941 INFO [stderr]    |               ^^^^^^^^^^^^^ Could not find `render_target` in `direct2d`
Dec 03 13:37:43.941 INFO [stderr] 
Dec 03 13:37:43.941 INFO [stderr] error[E0433]: failed to resolve. Could not find `shared` in `winapi`
Dec 03 13:37:43.941 INFO [stderr]   --> src/util.rs:27:13
Dec 03 13:37:43.941 INFO [stderr]    |
Dec 03 13:37:43.941 INFO [stderr] 27 | use winapi::shared::guiddef::REFIID;
Dec 03 13:37:43.941 INFO [stderr]    |             ^^^^^^ Could not find `shared` in `winapi`
Dec 03 13:37:43.941 INFO [stderr] 
Dec 03 13:37:43.941 INFO [stderr] error[E0433]: failed to resolve. Could not find `shared` in `winapi`
Dec 03 13:37:43.941 INFO [stderr]   --> src/util.rs:28:13
Dec 03 13:37:43.941 INFO [stderr]    |
Dec 03 13:37:43.941 INFO [stderr] 28 | use winapi::shared::minwindef::*;
Dec 03 13:37:43.941 INFO [stderr]    |             ^^^^^^ Could not find `shared` in `winapi`
Dec 03 13:37:43.941 INFO [stderr] 
Dec 03 13:37:43.941 INFO [stderr] error[E0433]: failed to resolve. Could not find `shared` in `winapi`
Dec 03 13:37:43.941 INFO [stderr]   --> src/util.rs:29:13
Dec 03 13:37:43.941 INFO [stderr]    |
Dec 03 13:37:43.941 INFO [stderr] 29 | use winapi::shared::ntdef::*;
Dec 03 13:37:43.941 INFO [stderr]    |             ^^^^^^ Could not find `shared` in `winapi`
Dec 03 13:37:43.941 INFO [stderr] 
Dec 03 13:37:43.941 INFO [stderr] error[E0433]: failed to resolve. Could not find `shared` in `winapi`
Dec 03 13:37:43.941 INFO [stderr]   --> src/util.rs:30:13
Dec 03 13:37:43.941 INFO [stderr]    |
Dec 03 13:37:43.941 INFO [stderr] 30 | use winapi::shared::windef::*;
Dec 03 13:37:43.941 INFO [stderr]    |             ^^^^^^ Could not find `shared` in `winapi`
Dec 03 13:37:43.941 INFO [stderr] 
Dec 03 13:37:43.941 INFO [stderr] error[E0433]: failed to resolve. Could not find `shared` in `winapi`
Dec 03 13:37:43.941 INFO [stderr]   --> src/util.rs:31:13
Dec 03 13:37:43.941 INFO [stderr]    |
Dec 03 13:37:43.941 INFO [stderr] 31 | use winapi::shared::winerror::SUCCEEDED;
Dec 03 13:37:43.941 INFO [stderr]    |             ^^^^^^ Could not find `shared` in `winapi`
Dec 03 13:37:43.941 INFO [stderr] 
Dec 03 13:37:43.941 INFO [stderr] error[E0433]: failed to resolve. Could not find `um` in `winapi`
Dec 03 13:37:43.941 INFO [stderr]   --> src/util.rs:32:13
Dec 03 13:37:43.941 INFO [stderr]    |
Dec 03 13:37:43.941 INFO [stderr] 32 | use winapi::um::fileapi::*;
Dec 03 13:37:43.941 INFO [stderr]    |             ^^ Could not find `um` in `winapi`
Dec 03 13:37:43.941 INFO [stderr] 
Dec 03 13:37:43.942 INFO [stderr] error[E0433]: failed to resolve. Could not find `um` in `winapi`
Dec 03 13:37:43.942 INFO [stderr]   --> src/util.rs:33:13
Dec 03 13:37:43.942 INFO [stderr]    |
Dec 03 13:37:43.942 INFO [stderr] 33 | use winapi::um::handleapi::*;
Dec 03 13:37:43.942 INFO [stderr]    |             ^^ Could not find `um` in `winapi`
Dec 03 13:37:43.942 INFO [stderr] 
Dec 03 13:37:43.942 INFO [stderr] error[E0433]: failed to resolve. Could not find `um` in `winapi`
Dec 03 13:37:43.942 INFO [stderr]   --> src/util.rs:34:13
Dec 03 13:37:43.942 INFO [stderr]    |
Dec 03 13:37:43.942 INFO [stderr] 34 | use winapi::um::libloaderapi::*;
Dec 03 13:37:43.942 INFO [stderr]    |             ^^ Could not find `um` in `winapi`
Dec 03 13:37:43.942 INFO [stderr] 
Dec 03 13:37:43.942 INFO [stderr] error[E0433]: failed to resolve. Could not find `um` in `winapi`
Dec 03 13:37:43.942 INFO [stderr]   --> src/util.rs:35:13
Dec 03 13:37:43.942 INFO [stderr]    |
Dec 03 13:37:43.942 INFO [stderr] 35 | use winapi::um::processenv::*;
Dec 03 13:37:43.942 INFO [stderr]    |             ^^ Could not find `um` in `winapi`
Dec 03 13:37:43.942 INFO [stderr] 
Dec 03 13:37:43.942 INFO [stderr] error[E0433]: failed to resolve. Could not find `um` in `winapi`
Dec 03 13:37:43.942 INFO [stderr]   --> src/util.rs:36:13
Dec 03 13:37:43.942 INFO [stderr]    |
Dec 03 13:37:43.942 INFO [stderr] 36 | use winapi::um::shellscalingapi::*;
Dec 03 13:37:43.942 INFO [stderr]    |             ^^ Could not find `um` in `winapi`
Dec 03 13:37:43.942 INFO [stderr] 
Dec 03 13:37:43.942 INFO [stderr] error[E0433]: failed to resolve. Could not find `um` in `winapi`
Dec 03 13:37:43.942 INFO [stderr]   --> src/util.rs:37:13
Dec 03 13:37:43.942 INFO [stderr]    |
Dec 03 13:37:43.942 INFO [stderr] 37 | use winapi::um::unknwnbase::IUnknown;
Dec 03 13:37:43.942 INFO [stderr]    |             ^^ Could not find `um` in `winapi`
Dec 03 13:37:43.942 INFO [stderr] 
Dec 03 13:37:43.942 INFO [stderr] error[E0433]: failed to resolve. Could not find `um` in `winapi`
Dec 03 13:37:43.942 INFO [stderr]   --> src/util.rs:38:13
Dec 03 13:37:43.942 INFO [stderr]    |
Dec 03 13:37:43.942 INFO [stderr] 38 | use winapi::um::winbase::*;
Dec 03 13:37:43.942 INFO [stderr]    |             ^^ Could not find `um` in `winapi`
Dec 03 13:37:43.942 INFO [stderr] 
Dec 03 13:37:43.942 INFO [stderr] error[E0433]: failed to resolve. Could not find `um` in `winapi`
Dec 03 13:37:43.942 INFO [stderr]   --> src/util.rs:39:13
Dec 03 13:37:43.942 INFO [stderr]    |
Dec 03 13:37:43.942 INFO [stderr] 39 | use winapi::um::wincon::*;
Dec 03 13:37:43.942 INFO [stderr]    |             ^^ Could not find `um` in `winapi`
Dec 03 13:37:43.942 INFO [stderr] 
Dec 03 13:37:43.942 INFO [stderr] error[E0433]: failed to resolve. Could not find `um` in `winapi`
Dec 03 13:37:43.942 INFO [stderr]   --> src/util.rs:41:13
Dec 03 13:37:43.942 INFO [stderr]    |
Dec 03 13:37:43.942 INFO [stderr] 41 | use winapi::um::winnt::{GENERIC_READ, GENERIC_WRITE, FILE_SHARE_WRITE};
Dec 03 13:37:43.942 INFO [stderr]    |             ^^ Could not find `um` in `winapi`
Dec 03 13:37:43.942 INFO [stderr] 
Dec 03 13:37:43.942 INFO [stderr] error[E0432]: unresolved import `winapi::ctypes`
Dec 03 13:37:43.942 INFO [stderr]   --> src/util.rs:26:13
Dec 03 13:37:43.942 INFO [stderr]    |
Dec 03 13:37:43.942 INFO [stderr] 26 | use winapi::ctypes::c_void;
Dec 03 13:37:43.942 INFO [stderr]    |             ^^^^^^ Could not find `ctypes` in `winapi`
Dec 03 13:37:43.942 INFO [stderr] 
Dec 03 13:37:43.942 INFO [stderr] error[E0433]: failed to resolve. Could not find `shared` in `winapi`
Dec 03 13:37:43.942 INFO [stderr]   --> src/win_main.rs:20:13
Dec 03 13:37:43.942 INFO [stderr]    |
Dec 03 13:37:43.942 INFO [stderr] 20 | use winapi::shared::windef::*;
Dec 03 13:37:43.942 INFO [stderr]    |             ^^^^^^ Could not find `shared` in `winapi`
Dec 03 13:37:43.942 INFO [stderr] 
Dec 03 13:37:43.942 INFO [stderr] error[E0432]: unresolved import `direct2d::enums`
Dec 03 13:37:43.942 INFO [stderr]   --> src/util.rs:43:15
Dec 03 13:37:43.942 INFO [stderr]    |
Dec 03 13:37:43.942 INFO [stderr] 43 | use direct2d::enums::DrawTextOptions;
Dec 03 13:37:43.942 INFO [stderr]    |               ^^^^^ Could not find `enums` in `direct2d`
Dec 03 13:37:43.942 INFO [stderr] 
Dec 03 13:37:43.942 INFO [stderr] error[E0433]: failed to resolve. Could not find `um` in `winapi`
Dec 03 13:37:43.942 INFO [stderr]   --> src/win_main.rs:22:13
Dec 03 13:37:43.942 INFO [stderr]    |
Dec 03 13:37:43.942 INFO [stderr] 22 | use winapi::um::winbase::*;
Dec 03 13:37:43.942 INFO [stderr]    |             ^^ Could not find `um` in `winapi`
Dec 03 13:37:43.942 INFO [stderr] 
Dec 03 13:37:43.942 INFO [stderr] error[E0433]: failed to resolve. Could not find `um` in `winapi`
Dec 03 13:37:43.942 INFO [stderr]   --> src/win_main.rs:23:13
Dec 03 13:37:43.942 INFO [stderr]    |
Dec 03 13:37:43.942 INFO [stderr] 23 | use winapi::um::winnt::*;
Dec 03 13:37:43.942 INFO [stderr]    |             ^^ Could not find `um` in `winapi`
Dec 03 13:37:43.942 INFO [stderr] 
Dec 03 13:37:43.942 INFO [stderr] error[E0433]: failed to resolve. Could not find `um` in `winapi`
Dec 03 13:37:43.942 INFO [stderr]   --> src/win_main.rs:24:13
Dec 03 13:37:43.942 INFO [stderr]    |
Dec 03 13:37:43.942 INFO [stderr] 24 | use winapi::um::winuser::*;
Dec 03 13:37:43.942 INFO [stderr]    |             ^^ Could not find `um` in `winapi`
Dec 03 13:37:43.942 INFO [stderr] 
Dec 03 13:37:43.942 INFO [stderr] error[E0432]: unresolved import `winapi::ctypes`
Dec 03 13:37:43.942 INFO [stderr]   --> src/win_main.rs:21:13
Dec 03 13:37:43.943 INFO [stderr]    |
Dec 03 13:37:43.943 INFO [stderr] 21 | use winapi::ctypes::c_int;
Dec 03 13:37:43.943 INFO [stderr]    |             ^^^^^^ Could not find `ctypes` in `winapi`
Dec 03 13:37:43.943 INFO [stderr] 
Dec 03 13:37:43.943 INFO [stderr] error[E0432]: unresolved import `winapi::Interface`
Dec 03 13:37:43.943 INFO [stderr]   --> src/window.rs:27:5
Dec 03 13:37:43.943 INFO [stderr]    |
Dec 03 13:37:43.943 INFO [stderr] 27 | use winapi::Interface;
Dec 03 13:37:43.943 INFO [stderr]    |     ^^^^^^^^^^^^^^^^^ no `Interface` in the root
Dec 03 13:37:43.943 INFO [stderr] 
Dec 03 13:37:43.943 INFO [stderr] error[E0433]: failed to resolve. Could not find `shared` in `winapi`
Dec 03 13:37:43.943 INFO [stderr]   --> src/window.rs:29:13
Dec 03 13:37:43.943 INFO [stderr]    |
Dec 03 13:37:43.943 INFO [stderr] 29 | use winapi::shared::basetsd::*;
Dec 03 13:37:43.943 INFO [stderr]    |             ^^^^^^ Could not find `shared` in `winapi`
Dec 03 13:37:43.943 INFO [stderr] 
Dec 03 13:37:43.943 INFO [stderr] error[E0433]: failed to resolve. Could not find `shared` in `winapi`
Dec 03 13:37:43.943 INFO [stderr]   --> src/window.rs:30:13
Dec 03 13:37:43.943 INFO [stderr]    |
Dec 03 13:37:43.943 INFO [stderr] 30 | use winapi::shared::dxgi::*;
Dec 03 13:37:43.943 INFO [stderr]    |             ^^^^^^ Could not find `shared` in `winapi`
Dec 03 13:37:43.943 INFO [stderr] 
Dec 03 13:37:43.943 INFO [stderr] error[E0433]: failed to resolve. Could not find `shared` in `winapi`
Dec 03 13:37:43.943 INFO [stderr]   --> src/window.rs:31:13
Dec 03 13:37:43.943 INFO [stderr]    |
Dec 03 13:37:43.943 INFO [stderr] 31 | use winapi::shared::dxgi1_2::*;
Dec 03 13:37:43.943 INFO [stderr]    |             ^^^^^^ Could not find `shared` in `winapi`
Dec 03 13:37:43.943 INFO [stderr] 
Dec 03 13:37:43.943 INFO [stderr] error[E0433]: failed to resolve. Could not find `shared` in `winapi`
Dec 03 13:37:43.943 INFO [stderr]   --> src/window.rs:32:13
Dec 03 13:37:43.943 INFO [stderr]    |
Dec 03 13:37:43.943 INFO [stderr] 32 | use winapi::shared::dxgitype::*;
Dec 03 13:37:43.943 INFO [stderr]    |             ^^^^^^ Could not find `shared` in `winapi`
Dec 03 13:37:43.943 INFO [stderr] 
Dec 03 13:37:43.943 INFO [stderr] error[E0433]: failed to resolve. Could not find `shared` in `winapi`
Dec 03 13:37:43.943 INFO [stderr]   --> src/window.rs:33:13
Dec 03 13:37:43.943 INFO [stderr]    |
Dec 03 13:37:43.943 INFO [stderr] 33 | use winapi::shared::dxgiformat::*;
Dec 03 13:37:43.943 INFO [stderr]    |             ^^^^^^ Could not find `shared` in `winapi`
Dec 03 13:37:43.943 INFO [stderr] 
Dec 03 13:37:43.943 INFO [stderr] error[E0433]: failed to resolve. Could not find `shared` in `winapi`
Dec 03 13:37:43.943 INFO [stderr]   --> src/window.rs:34:13
Dec 03 13:37:43.943 INFO [stderr]    |
Dec 03 13:37:43.943 INFO [stderr] 34 | use winapi::shared::minwindef::*;
Dec 03 13:37:43.943 INFO [stderr]    |             ^^^^^^ Could not find `shared` in `winapi`
Dec 03 13:37:43.943 INFO [stderr] 
Dec 03 13:37:43.943 INFO [stderr] error[E0433]: failed to resolve. Could not find `shared` in `winapi`
Dec 03 13:37:43.943 INFO [stderr]   --> src/window.rs:35:13
Dec 03 13:37:43.943 INFO [stderr]    |
Dec 03 13:37:43.943 INFO [stderr] 35 | use winapi::shared::windef::*;
Dec 03 13:37:43.943 INFO [stderr]    |             ^^^^^^ Could not find `shared` in `winapi`
Dec 03 13:37:43.943 INFO [stderr] 
Dec 03 13:37:43.943 INFO [stderr] error[E0433]: failed to resolve. Could not find `shared` in `winapi`
Dec 03 13:37:43.943 INFO [stderr]   --> src/window.rs:36:13
Dec 03 13:37:43.943 INFO [stderr]    |
Dec 03 13:37:43.943 INFO [stderr] 36 | use winapi::shared::winerror::*;
Dec 03 13:37:43.943 INFO [stderr]    |             ^^^^^^ Could not find `shared` in `winapi`
Dec 03 13:37:43.943 INFO [stderr] 
Dec 03 13:37:43.943 INFO [stderr] error[E0433]: failed to resolve. Could not find `um` in `winapi`
Dec 03 13:37:43.943 INFO [stderr]   --> src/window.rs:37:13
Dec 03 13:37:43.943 INFO [stderr]    |
Dec 03 13:37:43.943 INFO [stderr] 37 | use winapi::um::d2d1::*;
Dec 03 13:37:43.943 INFO [stderr]    |             ^^ Could not find `um` in `winapi`
Dec 03 13:37:43.943 INFO [stderr] 
Dec 03 13:37:43.943 INFO [stderr] error[E0433]: failed to resolve. Could not find `um` in `winapi`
Dec 03 13:37:43.943 INFO [stderr]   --> src/window.rs:38:13
Dec 03 13:37:43.943 INFO [stderr]    |
Dec 03 13:37:43.943 INFO [stderr] 38 | use winapi::um::unknwnbase::*;
Dec 03 13:37:43.943 INFO [stderr]    |             ^^ Could not find `um` in `winapi`
Dec 03 13:37:43.943 INFO [stderr] 
Dec 03 13:37:43.943 INFO [stderr] error[E0433]: failed to resolve. Could not find `um` in `winapi`
Dec 03 13:37:43.943 INFO [stderr]   --> src/window.rs:39:13
Dec 03 13:37:43.943 INFO [stderr]    |
Dec 03 13:37:43.943 INFO [stderr] 39 | use winapi::um::wingdi::*;
Dec 03 13:37:43.943 INFO [stderr]    |             ^^ Could not find `um` in `winapi`
Dec 03 13:37:43.943 INFO [stderr] 
Dec 03 13:37:43.943 INFO [stderr] error[E0433]: failed to resolve. Could not find `um` in `winapi`
Dec 03 13:37:43.943 INFO [stderr]   --> src/window.rs:40:13
Dec 03 13:37:43.943 INFO [stderr]    |
Dec 03 13:37:43.943 INFO [stderr] 40 | use winapi::um::winnt::*;
Dec 03 13:37:43.943 INFO [stderr]    |             ^^ Could not find `um` in `winapi`
Dec 03 13:37:43.943 INFO [stderr] 
Dec 03 13:37:43.943 INFO [stderr] error[E0433]: failed to resolve. Could not find `um` in `winapi`
Dec 03 13:37:43.943 INFO [stderr]   --> src/window.rs:41:13
Dec 03 13:37:43.943 INFO [stderr]    |
Dec 03 13:37:43.943 INFO [stderr] 41 | use winapi::um::winuser::*;
Dec 03 13:37:43.943 INFO [stderr]    |             ^^ Could not find `um` in `winapi`
Dec 03 13:37:43.943 INFO [stderr] 
Dec 03 13:37:43.943 INFO [stderr] error[E0432]: unresolved import `winapi::ctypes`
Dec 03 13:37:43.943 INFO [stderr]   --> src/window.rs:28:13
Dec 03 13:37:43.943 INFO [stderr]    |
Dec 03 13:37:43.943 INFO [stderr] 28 | use winapi::ctypes::{c_int, c_void};
Dec 03 13:37:43.943 INFO [stderr]    |             ^^^^^^ Could not find `ctypes` in `winapi`
Dec 03 13:37:43.943 INFO [stderr] 
Dec 03 13:37:43.944 INFO [stderr] error[E0432]: unresolved import `direct2d::math`
Dec 03 13:37:43.944 INFO [stderr]   --> src/window.rs:44:15
Dec 03 13:37:43.944 INFO [stderr]    |
Dec 03 13:37:43.944 INFO [stderr] 44 | use direct2d::math::SizeU;
Dec 03 13:37:43.944 INFO [stderr]    |               ^^^^ Could not find `math` in `direct2d`
Dec 03 13:37:43.944 INFO [stderr] 
Dec 03 13:37:43.944 INFO [stderr] error[E0432]: unresolved import `direct2d::render_target`
Dec 03 13:37:43.944 INFO [stderr]   --> src/window.rs:45:15
Dec 03 13:37:43.944 INFO [stderr]    |
Dec 03 13:37:43.944 INFO [stderr] 45 | use direct2d::render_target::{GenericRenderTarget, HwndRenderTarget, RenderTarget};
Dec 03 13:37:43.944 INFO [stderr]    |               ^^^^^^^^^^^^^ Could not find `render_target` in `direct2d`
Dec 03 13:37:43.944 INFO [stderr] 
Dec 03 13:37:44.027 INFO [stderr] error[E0433]: failed to resolve. Use of undeclared type or module `IDCompositionDevice`
Dec 03 13:37:44.027 INFO [stderr]    --> src/dcomp.rs:109:18
Dec 03 13:37:44.027 INFO [stderr]     |
Dec 03 13:37:44.027 INFO [stderr] 109 |                 &IDCompositionDevice::uuidof(),
Dec 03 13:37:44.027 INFO [stderr]     |                  ^^^^^^^^^^^^^^^^^^^ Use of undeclared type or module `IDCompositionDevice`
Dec 03 13:37:44.027 INFO [stderr] 
Dec 03 13:37:44.075 INFO [stderr] error: cannot find macro `DEFINE_GUID!` in this scope
Dec 03 13:37:44.075 INFO [stderr]   --> src/dialog.rs:61:1
Dec 03 13:37:44.075 INFO [stderr]    |
Dec 03 13:37:44.075 INFO [stderr] 61 | DEFINE_GUID!{CLSID_FileOpenDialog,
Dec 03 13:37:44.075 INFO [stderr]    | ^^^^^^^^^^^
Dec 03 13:37:44.075 INFO [stderr] 
Dec 03 13:37:44.075 INFO [stderr] error: cannot find macro `DEFINE_GUID!` in this scope
Dec 03 13:37:44.075 INFO [stderr]   --> src/dialog.rs:63:1
Dec 03 13:37:44.075 INFO [stderr]    |
Dec 03 13:37:44.075 INFO [stderr] 63 | DEFINE_GUID!{CLSID_FileSaveDialog,
Dec 03 13:37:44.075 INFO [stderr]    | ^^^^^^^^^^^
Dec 03 13:37:44.075 INFO [stderr] 
Dec 03 13:37:44.087 INFO [stderr] error[E0433]: failed to resolve. Use of undeclared type or module `IFileOpenDialog`
Dec 03 13:37:44.087 INFO [stderr]   --> src/dialog.rs:71:57
Dec 03 13:37:44.087 INFO [stderr]    |
Dec 03 13:37:44.087 INFO [stderr] 71 |         FileDialogType::Open => (&CLSID_FileOpenDialog, IFileOpenDialog::uuidof()),
Dec 03 13:37:44.087 INFO [stderr]    |                                                         ^^^^^^^^^^^^^^^ Use of undeclared type or module `IFileOpenDialog`
Dec 03 13:37:44.087 INFO [stderr] 
Dec 03 13:37:44.087 INFO [stderr] error[E0433]: failed to resolve. Use of undeclared type or module `IFileSaveDialog`
Dec 03 13:37:44.087 INFO [stderr]   --> src/dialog.rs:72:57
Dec 03 13:37:44.087 INFO [stderr]    |
Dec 03 13:37:44.087 INFO [stderr] 72 |         FileDialogType::Save => (&CLSID_FileSaveDialog, IFileSaveDialog::uuidof()),
Dec 03 13:37:44.087 INFO [stderr]    |                                                         ^^^^^^^^^^^^^^^ Use of undeclared type or module `IFileSaveDialog`
Dec 03 13:37:44.087 INFO [stderr] 
Dec 03 13:37:44.164 INFO [stderr] error[E0433]: failed to resolve. Use of undeclared type or module `IDXGISurface`
Dec 03 13:37:44.164 INFO [stderr]   --> src/paint.rs:75:43
Dec 03 13:37:44.164 INFO [stderr]    |
Dec 03 13:37:44.164 INFO [stderr] 75 |     as_result((*swap_chain).GetBuffer(0, &IDXGISurface::uuidof(),
Dec 03 13:37:44.164 INFO [stderr]    |                                           ^^^^^^^^^^^^ Use of undeclared type or module `IDXGISurface`
Dec 03 13:37:44.167 INFO [stderr] 
Dec 03 13:37:44.207 INFO [stderr] error[E0433]: failed to resolve. Use of undeclared type or module `OsStringExt`
Dec 03 13:37:44.207 INFO [stderr]   --> src/util.rs:99:9
Dec 03 13:37:44.207 INFO [stderr]    |
Dec 03 13:37:44.207 INFO [stderr] 99 |         OsStringExt::from_wide(self.to_u16_slice())
Dec 03 13:37:44.207 INFO [stderr]    |         ^^^^^^^^^^^ Use of undeclared type or module `OsStringExt`
Dec 03 13:37:44.207 INFO [stderr] 
Dec 03 13:37:44.571 INFO [stderr] error[E0408]: variable `WM_KEYDOWN` is not bound in all patterns
Dec 03 13:37:44.571 INFO [stderr]    --> src/window.rs:498:26
Dec 03 13:37:44.571 INFO [stderr]     |
Dec 03 13:37:44.571 INFO [stderr] 498 |             WM_KEYDOWN | WM_SYSKEYDOWN => {
Dec 03 13:37:44.571 INFO [stderr]     |             ----------   ^^^^^^^^^^^^^ pattern doesn't bind `WM_KEYDOWN`
Dec 03 13:37:44.571 INFO [stderr]     |             |
Dec 03 13:37:44.571 INFO [stderr]     |             variable not in all patterns
Dec 03 13:37:44.571 INFO [stderr] 
Dec 03 13:37:44.571 INFO [stderr] error[E0408]: variable `WM_SYSKEYDOWN` is not bound in all patterns
Dec 03 13:37:44.571 INFO [stderr]    --> src/window.rs:498:13
Dec 03 13:37:44.571 INFO [stderr]     |
Dec 03 13:37:44.571 INFO [stderr] 498 |             WM_KEYDOWN | WM_SYSKEYDOWN => {
Dec 03 13:37:44.571 INFO [stderr]     |             ^^^^^^^^^^   ------------- variable not in all patterns
Dec 03 13:37:44.571 INFO [stderr]     |             |
Dec 03 13:37:44.571 INFO [stderr]     |             pattern doesn't bind `WM_SYSKEYDOWN`
Dec 03 13:37:44.571 INFO [stderr] 
Dec 03 13:37:44.595 INFO [stderr] error[E0408]: variable `WM_LBUTTONDBLCLK` is not bound in all patterns
Dec 03 13:37:44.595 INFO [stderr]    --> src/window.rs:528:32
Dec 03 13:37:44.595 INFO [stderr]     |
Dec 03 13:37:44.595 INFO [stderr] 528 |             WM_LBUTTONDBLCLK | WM_LBUTTONDOWN | WM_LBUTTONUP |
Dec 03 13:37:44.595 INFO [stderr]     |             ----------------   ^^^^^^^^^^^^^^   ^^^^^^^^^^^^ pattern doesn't bind `WM_LBUTTONDBLCLK`
Dec 03 13:37:44.595 INFO [stderr]     |             |                  |
Dec 03 13:37:44.595 INFO [stderr]     |             |                  pattern doesn't bind `WM_LBUTTONDBLCLK`
Dec 03 13:37:44.595 INFO [stderr]     |             variable not in all patterns
Dec 03 13:37:44.595 INFO [stderr] 529 |                 WM_MBUTTONDBLCLK | WM_MBUTTONDOWN | WM_MBUTTONUP |
Dec 03 13:37:44.595 INFO [stderr]     |                 ^^^^^^^^^^^^^^^^   ^^^^^^^^^^^^^^   ^^^^^^^^^^^^ pattern doesn't bind `WM_LBUTTONDBLCLK`
Dec 03 13:37:44.595 INFO [stderr]     |                 |                  |
Dec 03 13:37:44.595 INFO [stderr]     |                 |                  pattern doesn't bind `WM_LBUTTONDBLCLK`
Dec 03 13:37:44.595 INFO [stderr]     |                 pattern doesn't bind `WM_LBUTTONDBLCLK`
Dec 03 13:37:44.595 INFO [stderr] 530 |                 WM_RBUTTONDBLCLK | WM_RBUTTONDOWN | WM_RBUTTONUP |
Dec 03 13:37:44.595 INFO [stderr]     |                 ^^^^^^^^^^^^^^^^   ^^^^^^^^^^^^^^   ^^^^^^^^^^^^ pattern doesn't bind `WM_LBUTTONDBLCLK`
Dec 03 13:37:44.595 INFO [stderr]     |                 |                  |
Dec 03 13:37:44.595 INFO [stderr]     |                 |                  pattern doesn't bind `WM_LBUTTONDBLCLK`
Dec 03 13:37:44.595 INFO [stderr]     |                 pattern doesn't bind `WM_LBUTTONDBLCLK`
Dec 03 13:37:44.595 INFO [stderr] 531 |                 WM_XBUTTONDBLCLK | WM_XBUTTONDOWN | WM_XBUTTONUP =>
Dec 03 13:37:44.595 INFO [stderr]     |                 ^^^^^^^^^^^^^^^^   ^^^^^^^^^^^^^^   ^^^^^^^^^^^^ pattern doesn't bind `WM_LBUTTONDBLCLK`
Dec 03 13:37:44.595 INFO [stderr]     |                 |                  |
Dec 03 13:37:44.595 INFO [stderr]     |                 |                  pattern doesn't bind `WM_LBUTTONDBLCLK`
Dec 03 13:37:44.595 INFO [stderr]     |                 pattern doesn't bind `WM_LBUTTONDBLCLK`
Dec 03 13:37:44.595 INFO [stderr] 
Dec 03 13:37:44.600 INFO [stderr] error[E0408]: variable `WM_LBUTTONDOWN` is not bound in all patterns
Dec 03 13:37:44.600 INFO [stderr]    --> src/window.rs:528:13
Dec 03 13:37:44.600 INFO [stderr]     |
Dec 03 13:37:44.600 INFO [stderr] 528 |             WM_LBUTTONDBLCLK | WM_LBUTTONDOWN | WM_LBUTTONUP |
Dec 03 13:37:44.600 INFO [stderr]     |             ^^^^^^^^^^^^^^^^   --------------   ^^^^^^^^^^^^ pattern doesn't bind `WM_LBUTTONDOWN`
Dec 03 13:37:44.600 INFO [stderr]     |             |                  |
Dec 03 13:37:44.600 INFO [stderr]     |             |                  variable not in all patterns
Dec 03 13:37:44.600 INFO [stderr]     |             pattern doesn't bind `WM_LBUTTONDOWN`
Dec 03 13:37:44.600 INFO [stderr] 529 |                 WM_MBUTTONDBLCLK | WM_MBUTTONDOWN | WM_MBUTTONUP |
Dec 03 13:37:44.600 INFO [stderr]     |                 ^^^^^^^^^^^^^^^^   ^^^^^^^^^^^^^^   ^^^^^^^^^^^^ pattern doesn't bind `WM_LBUTTONDOWN`
Dec 03 13:37:44.600 INFO [stderr]     |                 |                  |
Dec 03 13:37:44.600 INFO [stderr]     |                 |                  pattern doesn't bind `WM_LBUTTONDOWN`
Dec 03 13:37:44.600 INFO [stderr]     |                 pattern doesn't bind `WM_LBUTTONDOWN`
Dec 03 13:37:44.600 INFO [stderr] 530 |                 WM_RBUTTONDBLCLK | WM_RBUTTONDOWN | WM_RBUTTONUP |
Dec 03 13:37:44.600 INFO [stderr]     |                 ^^^^^^^^^^^^^^^^   ^^^^^^^^^^^^^^   ^^^^^^^^^^^^ pattern doesn't bind `WM_LBUTTONDOWN`
Dec 03 13:37:44.600 INFO [stderr]     |                 |                  |
Dec 03 13:37:44.600 INFO [stderr]     |                 |                  pattern doesn't bind `WM_LBUTTONDOWN`
Dec 03 13:37:44.600 INFO [stderr]     |                 pattern doesn't bind `WM_LBUTTONDOWN`
Dec 03 13:37:44.600 INFO [stderr] 531 |                 WM_XBUTTONDBLCLK | WM_XBUTTONDOWN | WM_XBUTTONUP =>
Dec 03 13:37:44.600 INFO [stderr]     |                 ^^^^^^^^^^^^^^^^   ^^^^^^^^^^^^^^   ^^^^^^^^^^^^ pattern doesn't bind `WM_LBUTTONDOWN`
Dec 03 13:37:44.600 INFO [stderr]     |                 |                  |
Dec 03 13:37:44.600 INFO [stderr]     |                 |                  pattern doesn't bind `WM_LBUTTONDOWN`
Dec 03 13:37:44.600 INFO [stderr]     |                 pattern doesn't bind `WM_LBUTTONDOWN`
Dec 03 13:37:44.600 INFO [stderr] 
Dec 03 13:37:44.600 INFO [stderr] error[E0408]: variable `WM_LBUTTONUP` is not bound in all patterns
Dec 03 13:37:44.600 INFO [stderr]    --> src/window.rs:528:13
Dec 03 13:37:44.600 INFO [stderr]     |
Dec 03 13:37:44.600 INFO [stderr] 528 |             WM_LBUTTONDBLCLK | WM_LBUTTONDOWN | WM_LBUTTONUP |
Dec 03 13:37:44.600 INFO [stderr]     |             ^^^^^^^^^^^^^^^^   ^^^^^^^^^^^^^^   ------------ variable not in all patterns
Dec 03 13:37:44.600 INFO [stderr]     |             |                  |
Dec 03 13:37:44.600 INFO [stderr]     |             |                  pattern doesn't bind `WM_LBUTTONUP`
Dec 03 13:37:44.600 INFO [stderr]     |             pattern doesn't bind `WM_LBUTTONUP`
Dec 03 13:37:44.600 INFO [stderr] 529 |                 WM_MBUTTONDBLCLK | WM_MBUTTONDOWN | WM_MBUTTONUP |
Dec 03 13:37:44.600 INFO [stderr]     |                 ^^^^^^^^^^^^^^^^   ^^^^^^^^^^^^^^   ^^^^^^^^^^^^ pattern doesn't bind `WM_LBUTTONUP`
Dec 03 13:37:44.600 INFO [stderr]     |                 |                  |
Dec 03 13:37:44.600 INFO [stderr]     |                 |                  pattern doesn't bind `WM_LBUTTONUP`
Dec 03 13:37:44.600 INFO [stderr]     |                 pattern doesn't bind `WM_LBUTTONUP`
Dec 03 13:37:44.600 INFO [stderr] 530 |                 WM_RBUTTONDBLCLK | WM_RBUTTONDOWN | WM_RBUTTONUP |
Dec 03 13:37:44.600 INFO [stderr]     |                 ^^^^^^^^^^^^^^^^   ^^^^^^^^^^^^^^   ^^^^^^^^^^^^ pattern doesn't bind `WM_LBUTTONUP`
Dec 03 13:37:44.600 INFO [stderr]     |                 |                  |
Dec 03 13:37:44.600 INFO [stderr]     |                 |                  pattern doesn't bind `WM_LBUTTONUP`
Dec 03 13:37:44.600 INFO [stderr]     |                 pattern doesn't bind `WM_LBUTTONUP`
Dec 03 13:37:44.600 INFO [stderr] 531 |                 WM_XBUTTONDBLCLK | WM_XBUTTONDOWN | WM_XBUTTONUP =>
Dec 03 13:37:44.600 INFO [stderr]     |                 ^^^^^^^^^^^^^^^^   ^^^^^^^^^^^^^^   ^^^^^^^^^^^^ pattern doesn't bind `WM_LBUTTONUP`
Dec 03 13:37:44.600 INFO [stderr]     |                 |                  |
Dec 03 13:37:44.600 INFO [stderr]     |                 |                  pattern doesn't bind `WM_LBUTTONUP`
Dec 03 13:37:44.600 INFO [stderr]     |                 pattern doesn't bind `WM_LBUTTONUP`
Dec 03 13:37:44.600 INFO [stderr] 
Dec 03 13:37:44.600 INFO [stderr] error[E0408]: variable `WM_MBUTTONDBLCLK` is not bound in all patterns
Dec 03 13:37:44.600 INFO [stderr]    --> src/window.rs:528:13
Dec 03 13:37:44.600 INFO [stderr]     |
Dec 03 13:37:44.600 INFO [stderr] 528 |             WM_LBUTTONDBLCLK | WM_LBUTTONDOWN | WM_LBUTTONUP |
Dec 03 13:37:44.600 INFO [stderr]     |             ^^^^^^^^^^^^^^^^   ^^^^^^^^^^^^^^   ^^^^^^^^^^^^ pattern doesn't bind `WM_MBUTTONDBLCLK`
Dec 03 13:37:44.600 INFO [stderr]     |             |                  |
Dec 03 13:37:44.600 INFO [stderr]     |             |                  pattern doesn't bind `WM_MBUTTONDBLCLK`
Dec 03 13:37:44.600 INFO [stderr]     |             pattern doesn't bind `WM_MBUTTONDBLCLK`
Dec 03 13:37:44.600 INFO [stderr] 529 |                 WM_MBUTTONDBLCLK | WM_MBUTTONDOWN | WM_MBUTTONUP |
Dec 03 13:37:44.600 INFO [stderr]     |                 ----------------   ^^^^^^^^^^^^^^   ^^^^^^^^^^^^ pattern doesn't bind `WM_MBUTTONDBLCLK`
Dec 03 13:37:44.600 INFO [stderr]     |                 |                  |
Dec 03 13:37:44.600 INFO [stderr]     |                 |                  pattern doesn't bind `WM_MBUTTONDBLCLK`
Dec 03 13:37:44.600 INFO [stderr]     |                 variable not in all patterns
Dec 03 13:37:44.600 INFO [stderr] 530 |                 WM_RBUTTONDBLCLK | WM_RBUTTONDOWN | WM_RBUTTONUP |
Dec 03 13:37:44.601 INFO [stderr]     |                 ^^^^^^^^^^^^^^^^   ^^^^^^^^^^^^^^   ^^^^^^^^^^^^ pattern doesn't bind `WM_MBUTTONDBLCLK`
Dec 03 13:37:44.601 INFO [stderr]     |                 |                  |
Dec 03 13:37:44.601 INFO [stderr]     |                 |                  pattern doesn't bind `WM_MBUTTONDBLCLK`
Dec 03 13:37:44.601 INFO [stderr]     |                 pattern doesn't bind `WM_MBUTTONDBLCLK`
Dec 03 13:37:44.601 INFO [stderr] 531 |                 WM_XBUTTONDBLCLK | WM_XBUTTONDOWN | WM_XBUTTONUP =>
Dec 03 13:37:44.601 INFO [stderr]     |                 ^^^^^^^^^^^^^^^^   ^^^^^^^^^^^^^^   ^^^^^^^^^^^^ pattern doesn't bind `WM_MBUTTONDBLCLK`
Dec 03 13:37:44.601 INFO [stderr]     |                 |                  |
Dec 03 13:37:44.601 INFO [stderr]     |                 |                  pattern doesn't bind `WM_MBUTTONDBLCLK`
Dec 03 13:37:44.601 INFO [stderr]     |                 pattern doesn't bind `WM_MBUTTONDBLCLK`
Dec 03 13:37:44.601 INFO [stderr] 
Dec 03 13:37:44.601 INFO [stderr] error[E0408]: variable `WM_MBUTTONDOWN` is not bound in all patterns
Dec 03 13:37:44.601 INFO [stderr]    --> src/window.rs:528:13
Dec 03 13:37:44.601 INFO [stderr]     |
Dec 03 13:37:44.601 INFO [stderr] 528 |             WM_LBUTTONDBLCLK | WM_LBUTTONDOWN | WM_LBUTTONUP |
Dec 03 13:37:44.601 INFO [stderr]     |             ^^^^^^^^^^^^^^^^   ^^^^^^^^^^^^^^   ^^^^^^^^^^^^ pattern doesn't bind `WM_MBUTTONDOWN`
Dec 03 13:37:44.601 INFO [stderr]     |             |                  |
Dec 03 13:37:44.601 INFO [stderr]     |             |                  pattern doesn't bind `WM_MBUTTONDOWN`
Dec 03 13:37:44.601 INFO [stderr]     |             pattern doesn't bind `WM_MBUTTONDOWN`
Dec 03 13:37:44.601 INFO [stderr] 529 |                 WM_MBUTTONDBLCLK | WM_MBUTTONDOWN | WM_MBUTTONUP |
Dec 03 13:37:44.601 INFO [stderr]     |                 ^^^^^^^^^^^^^^^^   --------------   ^^^^^^^^^^^^ pattern doesn't bind `WM_MBUTTONDOWN`
Dec 03 13:37:44.601 INFO [stderr]     |                 |                  |
Dec 03 13:37:44.601 INFO [stderr]     |                 |                  variable not in all patterns
Dec 03 13:37:44.601 INFO [stderr]     |                 pattern doesn't bind `WM_MBUTTONDOWN`
Dec 03 13:37:44.601 INFO [stderr] 530 |                 WM_RBUTTONDBLCLK | WM_RBUTTONDOWN | WM_RBUTTONUP |
Dec 03 13:37:44.601 INFO [stderr]     |                 ^^^^^^^^^^^^^^^^   ^^^^^^^^^^^^^^   ^^^^^^^^^^^^ pattern doesn't bind `WM_MBUTTONDOWN`
Dec 03 13:37:44.601 INFO [stderr]     |                 |                  |
Dec 03 13:37:44.601 INFO [stderr]     |                 |                  pattern doesn't bind `WM_MBUTTONDOWN`
Dec 03 13:37:44.601 INFO [stderr]     |                 pattern doesn't bind `WM_MBUTTONDOWN`
Dec 03 13:37:44.601 INFO [stderr] 531 |                 WM_XBUTTONDBLCLK | WM_XBUTTONDOWN | WM_XBUTTONUP =>
Dec 03 13:37:44.601 INFO [stderr]     |                 ^^^^^^^^^^^^^^^^   ^^^^^^^^^^^^^^   ^^^^^^^^^^^^ pattern doesn't bind `WM_MBUTTONDOWN`
Dec 03 13:37:44.601 INFO [stderr]     |                 |                  |
Dec 03 13:37:44.601 INFO [stderr]     |                 |                  pattern doesn't bind `WM_MBUTTONDOWN`
Dec 03 13:37:44.601 INFO [stderr]     |                 pattern doesn't bind `WM_MBUTTONDOWN`
Dec 03 13:37:44.601 INFO [stderr] 
Dec 03 13:37:44.601 INFO [stderr] error[E0408]: variable `WM_MBUTTONUP` is not bound in all patterns
Dec 03 13:37:44.601 INFO [stderr]    --> src/window.rs:528:13
Dec 03 13:37:44.601 INFO [stderr]     |
Dec 03 13:37:44.601 INFO [stderr] 528 |             WM_LBUTTONDBLCLK | WM_LBUTTONDOWN | WM_LBUTTONUP |
Dec 03 13:37:44.601 INFO [stderr]     |             ^^^^^^^^^^^^^^^^   ^^^^^^^^^^^^^^   ^^^^^^^^^^^^ pattern doesn't bind `WM_MBUTTONUP`
Dec 03 13:37:44.601 INFO [stderr]     |             |                  |
Dec 03 13:37:44.601 INFO [stderr]     |             |                  pattern doesn't bind `WM_MBUTTONUP`
Dec 03 13:37:44.601 INFO [stderr]     |             pattern doesn't bind `WM_MBUTTONUP`
Dec 03 13:37:44.601 INFO [stderr] 529 |                 WM_MBUTTONDBLCLK | WM_MBUTTONDOWN | WM_MBUTTONUP |
Dec 03 13:37:44.601 INFO [stderr]     |                 ^^^^^^^^^^^^^^^^   ^^^^^^^^^^^^^^   ------------ variable not in all patterns
Dec 03 13:37:44.601 INFO [stderr]     |                 |                  |
Dec 03 13:37:44.601 INFO [stderr]     |                 |                  pattern doesn't bind `WM_MBUTTONUP`
Dec 03 13:37:44.601 INFO [stderr]     |                 pattern doesn't bind `WM_MBUTTONUP`
Dec 03 13:37:44.601 INFO [stderr] 530 |                 WM_RBUTTONDBLCLK | WM_RBUTTONDOWN | WM_RBUTTONUP |
Dec 03 13:37:44.601 INFO [stderr]     |                 ^^^^^^^^^^^^^^^^   ^^^^^^^^^^^^^^   ^^^^^^^^^^^^ pattern doesn't bind `WM_MBUTTONUP`
Dec 03 13:37:44.601 INFO [stderr]     |                 |                  |
Dec 03 13:37:44.601 INFO [stderr]     |                 |                  pattern doesn't bind `WM_MBUTTONUP`
Dec 03 13:37:44.601 INFO [stderr]     |                 pattern doesn't bind `WM_MBUTTONUP`
Dec 03 13:37:44.601 INFO [stderr] 531 |                 WM_XBUTTONDBLCLK | WM_XBUTTONDOWN | WM_XBUTTONUP =>
Dec 03 13:37:44.601 INFO [stderr]     |                 ^^^^^^^^^^^^^^^^   ^^^^^^^^^^^^^^   ^^^^^^^^^^^^ pattern doesn't bind `WM_MBUTTONUP`
Dec 03 13:37:44.601 INFO [stderr]     |                 |                  |
Dec 03 13:37:44.601 INFO [stderr]     |                 |                  pattern doesn't bind `WM_MBUTTONUP`
Dec 03 13:37:44.601 INFO [stderr]     |                 pattern doesn't bind `WM_MBUTTONUP`
Dec 03 13:37:44.601 INFO [stderr] 
Dec 03 13:37:44.601 INFO [stderr] error[E0408]: variable `WM_RBUTTONDBLCLK` is not bound in all patterns
Dec 03 13:37:44.601 INFO [stderr]    --> src/window.rs:528:13
Dec 03 13:37:44.601 INFO [stderr]     |
Dec 03 13:37:44.601 INFO [stderr] 528 |             WM_LBUTTONDBLCLK | WM_LBUTTONDOWN | WM_LBUTTONUP |
Dec 03 13:37:44.601 INFO [stderr]     |             ^^^^^^^^^^^^^^^^   ^^^^^^^^^^^^^^   ^^^^^^^^^^^^ pattern doesn't bind `WM_RBUTTONDBLCLK`
Dec 03 13:37:44.601 INFO [stderr]     |             |                  |
Dec 03 13:37:44.601 INFO [stderr]     |             |                  pattern doesn't bind `WM_RBUTTONDBLCLK`
Dec 03 13:37:44.601 INFO [stderr]     |             pattern doesn't bind `WM_RBUTTONDBLCLK`
Dec 03 13:37:44.601 INFO [stderr] 529 |                 WM_MBUTTONDBLCLK | WM_MBUTTONDOWN | WM_MBUTTONUP |
Dec 03 13:37:44.601 INFO [stderr]     |                 ^^^^^^^^^^^^^^^^   ^^^^^^^^^^^^^^   ^^^^^^^^^^^^ pattern doesn't bind `WM_RBUTTONDBLCLK`
Dec 03 13:37:44.601 INFO [stderr]     |                 |                  |
Dec 03 13:37:44.601 INFO [stderr]     |                 |                  pattern doesn't bind `WM_RBUTTONDBLCLK`
Dec 03 13:37:44.601 INFO [stderr]     |                 pattern doesn't bind `WM_RBUTTONDBLCLK`
Dec 03 13:37:44.601 INFO [stderr] 530 |                 WM_RBUTTONDBLCLK | WM_RBUTTONDOWN | WM_RBUTTONUP |
Dec 03 13:37:44.601 INFO [stderr]     |                 ----------------   ^^^^^^^^^^^^^^   ^^^^^^^^^^^^ pattern doesn't bind `WM_RBUTTONDBLCLK`
Dec 03 13:37:44.601 INFO [stderr]     |                 |                  |
Dec 03 13:37:44.601 INFO [stderr]     |                 |                  pattern doesn't bind `WM_RBUTTONDBLCLK`
Dec 03 13:37:44.601 INFO [stderr]     |                 variable not in all patterns
Dec 03 13:37:44.601 INFO [stderr] 531 |                 WM_XBUTTONDBLCLK | WM_XBUTTONDOWN | WM_XBUTTONUP =>
Dec 03 13:37:44.601 INFO [stderr]     |                 ^^^^^^^^^^^^^^^^   ^^^^^^^^^^^^^^   ^^^^^^^^^^^^ pattern doesn't bind `WM_RBUTTONDBLCLK`
Dec 03 13:37:44.601 INFO [stderr]     |                 |                  |
Dec 03 13:37:44.601 INFO [stderr]     |                 |                  pattern doesn't bind `WM_RBUTTONDBLCLK`
Dec 03 13:37:44.601 INFO [stderr]     |                 pattern doesn't bind `WM_RBUTTONDBLCLK`
Dec 03 13:37:44.601 INFO [stderr] 
Dec 03 13:37:44.601 INFO [stderr] error[E0408]: variable `WM_RBUTTONDOWN` is not bound in all patterns
Dec 03 13:37:44.601 INFO [stderr]    --> src/window.rs:528:13
Dec 03 13:37:44.601 INFO [stderr]     |
Dec 03 13:37:44.601 INFO [stderr] 528 |             WM_LBUTTONDBLCLK | WM_LBUTTONDOWN | WM_LBUTTONUP |
Dec 03 13:37:44.602 INFO [stderr]     |             ^^^^^^^^^^^^^^^^   ^^^^^^^^^^^^^^   ^^^^^^^^^^^^ pattern doesn't bind `WM_RBUTTONDOWN`
Dec 03 13:37:44.602 INFO [stderr]     |             |                  |
Dec 03 13:37:44.602 INFO [stderr]     |             |                  pattern doesn't bind `WM_RBUTTONDOWN`
Dec 03 13:37:44.602 INFO [stderr]     |             pattern doesn't bind `WM_RBUTTONDOWN`
Dec 03 13:37:44.602 INFO [stderr] 529 |                 WM_MBUTTONDBLCLK | WM_MBUTTONDOWN | WM_MBUTTONUP |
Dec 03 13:37:44.602 INFO [stderr]     |                 ^^^^^^^^^^^^^^^^   ^^^^^^^^^^^^^^   ^^^^^^^^^^^^ pattern doesn't bind `WM_RBUTTONDOWN`
Dec 03 13:37:44.602 INFO [stderr]     |                 |                  |
Dec 03 13:37:44.602 INFO [stderr]     |                 |                  pattern doesn't bind `WM_RBUTTONDOWN`
Dec 03 13:37:44.602 INFO [stderr]     |                 pattern doesn't bind `WM_RBUTTONDOWN`
Dec 03 13:37:44.602 INFO [stderr] 530 |                 WM_RBUTTONDBLCLK | WM_RBUTTONDOWN | WM_RBUTTONUP |
Dec 03 13:37:44.602 INFO [stderr]     |                 ^^^^^^^^^^^^^^^^   --------------   ^^^^^^^^^^^^ pattern doesn't bind `WM_RBUTTONDOWN`
Dec 03 13:37:44.602 INFO [stderr]     |                 |                  |
Dec 03 13:37:44.602 INFO [stderr]     |                 |                  variable not in all patterns
Dec 03 13:37:44.602 INFO [stderr]     |                 pattern doesn't bind `WM_RBUTTONDOWN`
Dec 03 13:37:44.602 INFO [stderr] 531 |                 WM_XBUTTONDBLCLK | WM_XBUTTONDOWN | WM_XBUTTONUP =>
Dec 03 13:37:44.602 INFO [stderr]     |                 ^^^^^^^^^^^^^^^^   ^^^^^^^^^^^^^^   ^^^^^^^^^^^^ pattern doesn't bind `WM_RBUTTONDOWN`
Dec 03 13:37:44.602 INFO [stderr]     |                 |                  |
Dec 03 13:37:44.602 INFO [stderr]     |                 |                  pattern doesn't bind `WM_RBUTTONDOWN`
Dec 03 13:37:44.602 INFO [stderr]     |                 pattern doesn't bind `WM_RBUTTONDOWN`
Dec 03 13:37:44.602 INFO [stderr] 
Dec 03 13:37:44.602 INFO [stderr] error[E0408]: variable `WM_RBUTTONUP` is not bound in all patterns
Dec 03 13:37:44.602 INFO [stderr]    --> src/window.rs:528:13
Dec 03 13:37:44.602 INFO [stderr]     |
Dec 03 13:37:44.602 INFO [stderr] 528 |             WM_LBUTTONDBLCLK | WM_LBUTTONDOWN | WM_LBUTTONUP |
Dec 03 13:37:44.602 INFO [stderr]     |             ^^^^^^^^^^^^^^^^   ^^^^^^^^^^^^^^   ^^^^^^^^^^^^ pattern doesn't bind `WM_RBUTTONUP`
Dec 03 13:37:44.602 INFO [stderr]     |             |                  |
Dec 03 13:37:44.602 INFO [stderr]     |             |                  pattern doesn't bind `WM_RBUTTONUP`
Dec 03 13:37:44.602 INFO [stderr]     |             pattern doesn't bind `WM_RBUTTONUP`
Dec 03 13:37:44.602 INFO [stderr] 529 |                 WM_MBUTTONDBLCLK | WM_MBUTTONDOWN | WM_MBUTTONUP |
Dec 03 13:37:44.602 INFO [stderr]     |                 ^^^^^^^^^^^^^^^^   ^^^^^^^^^^^^^^   ^^^^^^^^^^^^ pattern doesn't bind `WM_RBUTTONUP`
Dec 03 13:37:44.602 INFO [stderr]     |                 |                  |
Dec 03 13:37:44.602 INFO [stderr]     |                 |                  pattern doesn't bind `WM_RBUTTONUP`
Dec 03 13:37:44.602 INFO [stderr]     |                 pattern doesn't bind `WM_RBUTTONUP`
Dec 03 13:37:44.602 INFO [stderr] 530 |                 WM_RBUTTONDBLCLK | WM_RBUTTONDOWN | WM_RBUTTONUP |
Dec 03 13:37:44.602 INFO [stderr]     |                 ^^^^^^^^^^^^^^^^   ^^^^^^^^^^^^^^   ------------ variable not in all patterns
Dec 03 13:37:44.602 INFO [stderr]     |                 |                  |
Dec 03 13:37:44.602 INFO [stderr]     |                 |                  pattern doesn't bind `WM_RBUTTONUP`
Dec 03 13:37:44.602 INFO [stderr]     |                 pattern doesn't bind `WM_RBUTTONUP`
Dec 03 13:37:44.602 INFO [stderr] 531 |                 WM_XBUTTONDBLCLK | WM_XBUTTONDOWN | WM_XBUTTONUP =>
Dec 03 13:37:44.602 INFO [stderr]     |                 ^^^^^^^^^^^^^^^^   ^^^^^^^^^^^^^^   ^^^^^^^^^^^^ pattern doesn't bind `WM_RBUTTONUP`
Dec 03 13:37:44.602 INFO [stderr]     |                 |                  |
Dec 03 13:37:44.602 INFO [stderr]     |                 |                  pattern doesn't bind `WM_RBUTTONUP`
Dec 03 13:37:44.602 INFO [stderr]     |                 pattern doesn't bind `WM_RBUTTONUP`
Dec 03 13:37:44.602 INFO [stderr] 
Dec 03 13:37:44.602 INFO [stderr] error[E0408]: variable `WM_XBUTTONDBLCLK` is not bound in all patterns
Dec 03 13:37:44.602 INFO [stderr]    --> src/window.rs:528:13
Dec 03 13:37:44.602 INFO [stderr]     |
Dec 03 13:37:44.602 INFO [stderr] 528 |             WM_LBUTTONDBLCLK | WM_LBUTTONDOWN | WM_LBUTTONUP |
Dec 03 13:37:44.602 INFO [stderr]     |             ^^^^^^^^^^^^^^^^   ^^^^^^^^^^^^^^   ^^^^^^^^^^^^ pattern doesn't bind `WM_XBUTTONDBLCLK`
Dec 03 13:37:44.602 INFO [stderr]     |             |                  |
Dec 03 13:37:44.602 INFO [stderr]     |             |                  pattern doesn't bind `WM_XBUTTONDBLCLK`
Dec 03 13:37:44.602 INFO [stderr]     |             pattern doesn't bind `WM_XBUTTONDBLCLK`
Dec 03 13:37:44.602 INFO [stderr] 529 |                 WM_MBUTTONDBLCLK | WM_MBUTTONDOWN | WM_MBUTTONUP |
Dec 03 13:37:44.602 INFO [stderr]     |                 ^^^^^^^^^^^^^^^^   ^^^^^^^^^^^^^^   ^^^^^^^^^^^^ pattern doesn't bind `WM_XBUTTONDBLCLK`
Dec 03 13:37:44.602 INFO [stderr]     |                 |                  |
Dec 03 13:37:44.602 INFO [stderr]     |                 |                  pattern doesn't bind `WM_XBUTTONDBLCLK`
Dec 03 13:37:44.602 INFO [stderr]     |                 pattern doesn't bind `WM_XBUTTONDBLCLK`
Dec 03 13:37:44.602 INFO [stderr] 530 |                 WM_RBUTTONDBLCLK | WM_RBUTTONDOWN | WM_RBUTTONUP |
Dec 03 13:37:44.602 INFO [stderr]     |                 ^^^^^^^^^^^^^^^^   ^^^^^^^^^^^^^^   ^^^^^^^^^^^^ pattern doesn't bind `WM_XBUTTONDBLCLK`
Dec 03 13:37:44.602 INFO [stderr]     |                 |                  |
Dec 03 13:37:44.602 INFO [stderr]     |                 |                  pattern doesn't bind `WM_XBUTTONDBLCLK`
Dec 03 13:37:44.602 INFO [stderr]     |                 pattern doesn't bind `WM_XBUTTONDBLCLK`
Dec 03 13:37:44.602 INFO [stderr] 531 |                 WM_XBUTTONDBLCLK | WM_XBUTTONDOWN | WM_XBUTTONUP =>
Dec 03 13:37:44.602 INFO [stderr]     |                 ----------------   ^^^^^^^^^^^^^^   ^^^^^^^^^^^^ pattern doesn't bind `WM_XBUTTONDBLCLK`
Dec 03 13:37:44.602 INFO [stderr]     |                 |                  |
Dec 03 13:37:44.602 INFO [stderr]     |                 |                  pattern doesn't bind `WM_XBUTTONDBLCLK`
Dec 03 13:37:44.602 INFO [stderr]     |                 variable not in all patterns
Dec 03 13:37:44.602 INFO [stderr] 
Dec 03 13:37:44.602 INFO [stderr] error[E0408]: variable `WM_XBUTTONDOWN` is not bound in all patterns
Dec 03 13:37:44.602 INFO [stderr]    --> src/window.rs:528:13
Dec 03 13:37:44.602 INFO [stderr]     |
Dec 03 13:37:44.602 INFO [stderr] 528 |             WM_LBUTTONDBLCLK | WM_LBUTTONDOWN | WM_LBUTTONUP |
Dec 03 13:37:44.602 INFO [stderr]     |             ^^^^^^^^^^^^^^^^   ^^^^^^^^^^^^^^   ^^^^^^^^^^^^ pattern doesn't bind `WM_XBUTTONDOWN`
Dec 03 13:37:44.602 INFO [stderr]     |             |                  |
Dec 03 13:37:44.602 INFO [stderr]     |             |                  pattern doesn't bind `WM_XBUTTONDOWN`
Dec 03 13:37:44.602 INFO [stderr]     |             pattern doesn't bind `WM_XBUTTONDOWN`
Dec 03 13:37:44.602 INFO [stderr] 529 |                 WM_MBUTTONDBLCLK | WM_MBUTTONDOWN | WM_MBUTTONUP |
Dec 03 13:37:44.602 INFO [stderr]     |                 ^^^^^^^^^^^^^^^^   ^^^^^^^^^^^^^^   ^^^^^^^^^^^^ pattern doesn't bind `WM_XBUTTONDOWN`
Dec 03 13:37:44.602 INFO [stderr]     |                 |                  |
Dec 03 13:37:44.602 INFO [stderr]     |                 |                  pattern doesn't bind `WM_XBUTTONDOWN`
Dec 03 13:37:44.602 INFO [stderr]     |                 pattern doesn't bind `WM_XBUTTONDOWN`
Dec 03 13:37:44.602 INFO [stderr] 530 |                 WM_RBUTTONDBLCLK | WM_RBUTTONDOWN | WM_RBUTTONUP |
Dec 03 13:37:44.602 INFO [stderr]     |                 ^^^^^^^^^^^^^^^^   ^^^^^^^^^^^^^^   ^^^^^^^^^^^^ pattern doesn't bind `WM_XBUTTONDOWN`
Dec 03 13:37:44.602 INFO [stderr]     |                 |                  |
Dec 03 13:37:44.602 INFO [stderr]     |                 |                  pattern doesn't bind `WM_XBUTTONDOWN`
Dec 03 13:37:44.603 INFO [stderr]     |                 pattern doesn't bind `WM_XBUTTONDOWN`
Dec 03 13:37:44.603 INFO [stderr] 531 |                 WM_XBUTTONDBLCLK | WM_XBUTTONDOWN | WM_XBUTTONUP =>
Dec 03 13:37:44.603 INFO [stderr]     |                 ^^^^^^^^^^^^^^^^   --------------   ^^^^^^^^^^^^ pattern doesn't bind `WM_XBUTTONDOWN`
Dec 03 13:37:44.603 INFO [stderr]     |                 |                  |
Dec 03 13:37:44.603 INFO [stderr]     |                 |                  variable not in all patterns
Dec 03 13:37:44.603 INFO [stderr]     |                 pattern doesn't bind `WM_XBUTTONDOWN`
Dec 03 13:37:44.603 INFO [stderr] 
Dec 03 13:37:44.603 INFO [stderr] error[E0408]: variable `WM_XBUTTONUP` is not bound in all patterns
Dec 03 13:37:44.603 INFO [stderr]    --> src/window.rs:528:13
Dec 03 13:37:44.603 INFO [stderr]     |
Dec 03 13:37:44.603 INFO [stderr] 528 |             WM_LBUTTONDBLCLK | WM_LBUTTONDOWN | WM_LBUTTONUP |
Dec 03 13:37:44.603 INFO [stderr]     |             ^^^^^^^^^^^^^^^^   ^^^^^^^^^^^^^^   ^^^^^^^^^^^^ pattern doesn't bind `WM_XBUTTONUP`
Dec 03 13:37:44.603 INFO [stderr]     |             |                  |
Dec 03 13:37:44.603 INFO [stderr]     |             |                  pattern doesn't bind `WM_XBUTTONUP`
Dec 03 13:37:44.603 INFO [stderr]     |             pattern doesn't bind `WM_XBUTTONUP`
Dec 03 13:37:44.603 INFO [stderr] 529 |                 WM_MBUTTONDBLCLK | WM_MBUTTONDOWN | WM_MBUTTONUP |
Dec 03 13:37:44.603 INFO [stderr]     |                 ^^^^^^^^^^^^^^^^   ^^^^^^^^^^^^^^   ^^^^^^^^^^^^ pattern doesn't bind `WM_XBUTTONUP`
Dec 03 13:37:44.603 INFO [stderr]     |                 |                  |
Dec 03 13:37:44.603 INFO [stderr]     |                 |                  pattern doesn't bind `WM_XBUTTONUP`
Dec 03 13:37:44.603 INFO [stderr]     |                 pattern doesn't bind `WM_XBUTTONUP`
Dec 03 13:37:44.603 INFO [stderr] 530 |                 WM_RBUTTONDBLCLK | WM_RBUTTONDOWN | WM_RBUTTONUP |
Dec 03 13:37:44.603 INFO [stderr]     |                 ^^^^^^^^^^^^^^^^   ^^^^^^^^^^^^^^   ^^^^^^^^^^^^ pattern doesn't bind `WM_XBUTTONUP`
Dec 03 13:37:44.603 INFO [stderr]     |                 |                  |
Dec 03 13:37:44.603 INFO [stderr]     |                 |                  pattern doesn't bind `WM_XBUTTONUP`
Dec 03 13:37:44.603 INFO [stderr]     |                 pattern doesn't bind `WM_XBUTTONUP`
Dec 03 13:37:44.603 INFO [stderr] 531 |                 WM_XBUTTONDBLCLK | WM_XBUTTONDOWN | WM_XBUTTONUP =>
Dec 03 13:37:44.603 INFO [stderr]     |                 ^^^^^^^^^^^^^^^^   ^^^^^^^^^^^^^^   ------------ variable not in all patterns
Dec 03 13:37:44.603 INFO [stderr]     |                 |                  |
Dec 03 13:37:44.603 INFO [stderr]     |                 |                  pattern doesn't bind `WM_XBUTTONUP`
Dec 03 13:37:44.603 INFO [stderr]     |                 pattern doesn't bind `WM_XBUTTONUP`
Dec 03 13:37:44.603 INFO [stderr] 
Dec 03 13:37:44.603 INFO [stderr] error[E0408]: variable `WM_LBUTTONDBLCLK` is not bound in all patterns
Dec 03 13:37:44.603 INFO [stderr]    --> src/window.rs:534:40
Dec 03 13:37:44.603 INFO [stderr]     |
Dec 03 13:37:44.603 INFO [stderr] 534 |                     WM_LBUTTONDBLCLK | WM_LBUTTONDOWN | WM_LBUTTONUP => MouseButton::Left,
Dec 03 13:37:44.603 INFO [stderr]     |                     ----------------   ^^^^^^^^^^^^^^   ^^^^^^^^^^^^ pattern doesn't bind `WM_LBUTTONDBLCLK`
Dec 03 13:37:44.603 INFO [stderr]     |                     |                  |
Dec 03 13:37:44.603 INFO [stderr]     |                     |                  pattern doesn't bind `WM_LBUTTONDBLCLK`
Dec 03 13:37:44.603 INFO [stderr]     |                     variable not in all patterns
Dec 03 13:37:44.603 INFO [stderr] 
Dec 03 13:37:44.603 INFO [stderr] error[E0408]: variable `WM_LBUTTONDOWN` is not bound in all patterns
Dec 03 13:37:44.603 INFO [stderr]    --> src/window.rs:534:21
Dec 03 13:37:44.603 INFO [stderr]     |
Dec 03 13:37:44.603 INFO [stderr] 534 |                     WM_LBUTTONDBLCLK | WM_LBUTTONDOWN | WM_LBUTTONUP => MouseButton::Left,
Dec 03 13:37:44.603 INFO [stderr]     |                     ^^^^^^^^^^^^^^^^   --------------   ^^^^^^^^^^^^ pattern doesn't bind `WM_LBUTTONDOWN`
Dec 03 13:37:44.603 INFO [stderr]     |                     |                  |
Dec 03 13:37:44.603 INFO [stderr]     |                     |                  variable not in all patterns
Dec 03 13:37:44.603 INFO [stderr]     |                     pattern doesn't bind `WM_LBUTTONDOWN`
Dec 03 13:37:44.603 INFO [stderr] 
Dec 03 13:37:44.603 INFO [stderr] error[E0408]: variable `WM_LBUTTONUP` is not bound in all patterns
Dec 03 13:37:44.603 INFO [stderr]    --> src/window.rs:534:21
Dec 03 13:37:44.603 INFO [stderr]     |
Dec 03 13:37:44.603 INFO [stderr] 534 |                     WM_LBUTTONDBLCLK | WM_LBUTTONDOWN | WM_LBUTTONUP => MouseButton::Left,
Dec 03 13:37:44.603 INFO [stderr]     |                     ^^^^^^^^^^^^^^^^   ^^^^^^^^^^^^^^   ------------ variable not in all patterns
Dec 03 13:37:44.603 INFO [stderr]     |                     |                  |
Dec 03 13:37:44.603 INFO [stderr]     |                     |                  pattern doesn't bind `WM_LBUTTONUP`
Dec 03 13:37:44.603 INFO [stderr]     |                     pattern doesn't bind `WM_LBUTTONUP`
Dec 03 13:37:44.603 INFO [stderr] 
Dec 03 13:37:44.603 INFO [stderr] error[E0408]: variable `WM_MBUTTONDBLCLK` is not bound in all patterns
Dec 03 13:37:44.603 INFO [stderr]    --> src/window.rs:535:40
Dec 03 13:37:44.603 INFO [stderr]     |
Dec 03 13:37:44.603 INFO [stderr] 535 |                     WM_MBUTTONDBLCLK | WM_MBUTTONDOWN | WM_MBUTTONUP => MouseButton::Middle,
Dec 03 13:37:44.603 INFO [stderr]     |                     ----------------   ^^^^^^^^^^^^^^   ^^^^^^^^^^^^ pattern doesn't bind `WM_MBUTTONDBLCLK`
Dec 03 13:37:44.603 INFO [stderr]     |                     |                  |
Dec 03 13:37:44.603 INFO [stderr]     |                     |                  pattern doesn't bind `WM_MBUTTONDBLCLK`
Dec 03 13:37:44.603 INFO [stderr]     |                     variable not in all patterns
Dec 03 13:37:44.603 INFO [stderr] 
Dec 03 13:37:44.603 INFO [stderr] error[E0408]: variable `WM_MBUTTONDOWN` is not bound in all patterns
Dec 03 13:37:44.603 INFO [stderr]    --> src/window.rs:535:21
Dec 03 13:37:44.603 INFO [stderr]     |
Dec 03 13:37:44.603 INFO [stderr] 535 |                     WM_MBUTTONDBLCLK | WM_MBUTTONDOWN | WM_MBUTTONUP => MouseButton::Middle,
Dec 03 13:37:44.603 INFO [stderr]     |                     ^^^^^^^^^^^^^^^^   --------------   ^^^^^^^^^^^^ pattern doesn't bind `WM_MBUTTONDOWN`
Dec 03 13:37:44.603 INFO [stderr]     |                     |                  |
Dec 03 13:37:44.603 INFO [stderr]     |                     |                  variable not in all patterns
Dec 03 13:37:44.603 INFO [stderr]     |                     pattern doesn't bind `WM_MBUTTONDOWN`
Dec 03 13:37:44.603 INFO [stderr] 
Dec 03 13:37:44.603 INFO [stderr] error[E0408]: variable `WM_MBUTTONUP` is not bound in all patterns
Dec 03 13:37:44.603 INFO [stderr]    --> src/window.rs:535:21
Dec 03 13:37:44.603 INFO [stderr]     |
Dec 03 13:37:44.603 INFO [stderr] 535 |                     WM_MBUTTONDBLCLK | WM_MBUTTONDOWN | WM_MBUTTONUP => MouseButton::Middle,
Dec 03 13:37:44.603 INFO [stderr]     |                     ^^^^^^^^^^^^^^^^   ^^^^^^^^^^^^^^   ------------ variable not in all patterns
Dec 03 13:37:44.603 INFO [stderr]     |                     |                  |
Dec 03 13:37:44.603 INFO [stderr]     |                     |                  pattern doesn't bind `WM_MBUTTONUP`
Dec 03 13:37:44.604 INFO [stderr]     |                     pattern doesn't bind `WM_MBUTTONUP`
Dec 03 13:37:44.604 INFO [stderr] 
Dec 03 13:37:44.604 INFO [stderr] error[E0408]: variable `WM_RBUTTONDBLCLK` is not bound in all patterns
Dec 03 13:37:44.604 INFO [stderr]    --> src/window.rs:536:40
Dec 03 13:37:44.604 INFO [stderr]     |
Dec 03 13:37:44.604 INFO [stderr] 536 |                     WM_RBUTTONDBLCLK | WM_RBUTTONDOWN | WM_RBUTTONUP => MouseButton::Right,
Dec 03 13:37:44.604 INFO [stderr]     |                     ----------------   ^^^^^^^^^^^^^^   ^^^^^^^^^^^^ pattern doesn't bind `WM_RBUTTONDBLCLK`
Dec 03 13:37:44.604 INFO [stderr]     |                     |                  |
Dec 03 13:37:44.604 INFO [stderr]     |                     |                  pattern doesn't bind `WM_RBUTTONDBLCLK`
Dec 03 13:37:44.604 INFO [stderr]     |                     variable not in all patterns
Dec 03 13:37:44.604 INFO [stderr] 
Dec 03 13:37:44.604 INFO [stderr] error[E0408]: variable `WM_RBUTTONDOWN` is not bound in all patterns
Dec 03 13:37:44.604 INFO [stderr]    --> src/window.rs:536:21
Dec 03 13:37:44.604 INFO [stderr]     |
Dec 03 13:37:44.604 INFO [stderr] 536 |                     WM_RBUTTONDBLCLK | WM_RBUTTONDOWN | WM_RBUTTONUP => MouseButton::Right,
Dec 03 13:37:44.604 INFO [stderr]     |                     ^^^^^^^^^^^^^^^^   --------------   ^^^^^^^^^^^^ pattern doesn't bind `WM_RBUTTONDOWN`
Dec 03 13:37:44.604 INFO [stderr]     |                     |                  |
Dec 03 13:37:44.604 INFO [stderr]     |                     |                  variable not in all patterns
Dec 03 13:37:44.604 INFO [stderr]     |                     pattern doesn't bind `WM_RBUTTONDOWN`
Dec 03 13:37:44.604 INFO [stderr] 
Dec 03 13:37:44.604 INFO [stderr] error[E0408]: variable `WM_RBUTTONUP` is not bound in all patterns
Dec 03 13:37:44.604 INFO [stderr]    --> src/window.rs:536:21
Dec 03 13:37:44.604 INFO [stderr]     |
Dec 03 13:37:44.604 INFO [stderr] 536 |                     WM_RBUTTONDBLCLK | WM_RBUTTONDOWN | WM_RBUTTONUP => MouseButton::Right,
Dec 03 13:37:44.604 INFO [stderr]     |                     ^^^^^^^^^^^^^^^^   ^^^^^^^^^^^^^^   ------------ variable not in all patterns
Dec 03 13:37:44.604 INFO [stderr]     |                     |                  |
Dec 03 13:37:44.604 INFO [stderr]     |                     |                  pattern doesn't bind `WM_RBUTTONUP`
Dec 03 13:37:44.604 INFO [stderr]     |                     pattern doesn't bind `WM_RBUTTONUP`
Dec 03 13:37:44.604 INFO [stderr] 
Dec 03 13:37:44.607 INFO [stderr] error[E0408]: variable `WM_XBUTTONDBLCLK` is not bound in all patterns
Dec 03 13:37:44.607 INFO [stderr]    --> src/window.rs:537:40
Dec 03 13:37:44.607 INFO [stderr]     |
Dec 03 13:37:44.607 INFO [stderr] 537 |                     WM_XBUTTONDBLCLK | WM_XBUTTONDOWN | WM_XBUTTONUP =>
Dec 03 13:37:44.607 INFO [stderr]     |                     ----------------   ^^^^^^^^^^^^^^   ^^^^^^^^^^^^ pattern doesn't bind `WM_XBUTTONDBLCLK`
Dec 03 13:37:44.607 INFO [stderr]     |                     |                  |
Dec 03 13:37:44.607 INFO [stderr]     |                     |                  pattern doesn't bind `WM_XBUTTONDBLCLK`
Dec 03 13:37:44.607 INFO [stderr]     |                     variable not in all patterns
Dec 03 13:37:44.607 INFO [stderr] 
Dec 03 13:37:44.607 INFO [stderr] error[E0408]: variable `WM_XBUTTONDOWN` is not bound in all patterns
Dec 03 13:37:44.607 INFO [stderr]    --> src/window.rs:537:21
Dec 03 13:37:44.607 INFO [stderr]     |
Dec 03 13:37:44.607 INFO [stderr] 537 |                     WM_XBUTTONDBLCLK | WM_XBUTTONDOWN | WM_XBUTTONUP =>
Dec 03 13:37:44.607 INFO [stderr]     |                     ^^^^^^^^^^^^^^^^   --------------   ^^^^^^^^^^^^ pattern doesn't bind `WM_XBUTTONDOWN`
Dec 03 13:37:44.607 INFO [stderr]     |                     |                  |
Dec 03 13:37:44.607 INFO [stderr]     |                     |                  variable not in all patterns
Dec 03 13:37:44.607 INFO [stderr]     |                     pattern doesn't bind `WM_XBUTTONDOWN`
Dec 03 13:37:44.607 INFO [stderr] 
Dec 03 13:37:44.607 INFO [stderr] error[E0408]: variable `WM_XBUTTONUP` is not bound in all patterns
Dec 03 13:37:44.607 INFO [stderr]    --> src/window.rs:537:21
Dec 03 13:37:44.607 INFO [stderr]     |
Dec 03 13:37:44.607 INFO [stderr] 537 |                     WM_XBUTTONDBLCLK | WM_XBUTTONDOWN | WM_XBUTTONUP =>
Dec 03 13:37:44.607 INFO [stderr]     |                     ^^^^^^^^^^^^^^^^   ^^^^^^^^^^^^^^   ------------ variable not in all patterns
Dec 03 13:37:44.607 INFO [stderr]     |                     |                  |
Dec 03 13:37:44.607 INFO [stderr]     |                     |                  pattern doesn't bind `WM_XBUTTONUP`
Dec 03 13:37:44.607 INFO [stderr]     |                     pattern doesn't bind `WM_XBUTTONUP`
Dec 03 13:37:44.607 INFO [stderr] 
Dec 03 13:37:44.607 INFO [stderr] error[E0408]: variable `WM_LBUTTONDOWN` is not bound in all patterns
Dec 03 13:37:44.607 INFO [stderr]    --> src/window.rs:549:38
Dec 03 13:37:44.607 INFO [stderr]     |
Dec 03 13:37:44.607 INFO [stderr] 549 |                     WM_LBUTTONDOWN | WM_MBUTTONDOWN | WM_RBUTTONDOWN | WM_XBUTTONDOWN =>
Dec 03 13:37:44.607 INFO [stderr]     |                     --------------   ^^^^^^^^^^^^^^   ^^^^^^^^^^^^^^   ^^^^^^^^^^^^^^ pattern doesn't bind `WM_LBUTTONDOWN`
Dec 03 13:37:44.607 INFO [stderr]     |                     |                |                |
Dec 03 13:37:44.607 INFO [stderr]     |                     |                |                pattern doesn't bind `WM_LBUTTONDOWN`
Dec 03 13:37:44.607 INFO [stderr]     |                     |                pattern doesn't bind `WM_LBUTTONDOWN`
Dec 03 13:37:44.607 INFO [stderr]     |                     variable not in all patterns
Dec 03 13:37:44.607 INFO [stderr] 
Dec 03 13:37:44.607 INFO [stderr] error[E0408]: variable `WM_MBUTTONDOWN` is not bound in all patterns
Dec 03 13:37:44.607 INFO [stderr]    --> src/window.rs:549:21
Dec 03 13:37:44.607 INFO [stderr]     |
Dec 03 13:37:44.607 INFO [stderr] 549 |                     WM_LBUTTONDOWN | WM_MBUTTONDOWN | WM_RBUTTONDOWN | WM_XBUTTONDOWN =>
Dec 03 13:37:44.607 INFO [stderr]     |                     ^^^^^^^^^^^^^^   --------------   ^^^^^^^^^^^^^^   ^^^^^^^^^^^^^^ pattern doesn't bind `WM_MBUTTONDOWN`
Dec 03 13:37:44.607 INFO [stderr]     |                     |                |                |
Dec 03 13:37:44.607 INFO [stderr]     |                     |                |                pattern doesn't bind `WM_MBUTTONDOWN`
Dec 03 13:37:44.607 INFO [stderr]     |                     |                variable not in all patterns
Dec 03 13:37:44.607 INFO [stderr]     |                     pattern doesn't bind `WM_MBUTTONDOWN`
Dec 03 13:37:44.607 INFO [stderr] 
Dec 03 13:37:44.607 INFO [stderr] error[E0408]: variable `WM_RBUTTONDOWN` is not bound in all patterns
Dec 03 13:37:44.607 INFO [stderr]    --> src/window.rs:549:21
Dec 03 13:37:44.607 INFO [stderr]     |
Dec 03 13:37:44.607 INFO [stderr] 549 |                     WM_LBUTTONDOWN | WM_MBUTTONDOWN | WM_RBUTTONDOWN | WM_XBUTTONDOWN =>
Dec 03 13:37:44.607 INFO [stderr]     |                     ^^^^^^^^^^^^^^   ^^^^^^^^^^^^^^   --------------   ^^^^^^^^^^^^^^ pattern doesn't bind `WM_RBUTTONDOWN`
Dec 03 13:37:44.607 INFO [stderr]     |                     |                |                |
Dec 03 13:37:44.607 INFO [stderr]     |                     |                |                variable not in all patterns
Dec 03 13:37:44.607 INFO [stderr]     |                     |                pattern doesn't bind `WM_RBUTTONDOWN`
Dec 03 13:37:44.607 INFO [stderr]     |                     pattern doesn't bind `WM_RBUTTONDOWN`
Dec 03 13:37:44.607 INFO [stderr] 
Dec 03 13:37:44.607 INFO [stderr] error[E0408]: variable `WM_XBUTTONDOWN` is not bound in all patterns
Dec 03 13:37:44.607 INFO [stderr]    --> src/window.rs:549:21
Dec 03 13:37:44.607 INFO [stderr]     |
Dec 03 13:37:44.607 INFO [stderr] 549 |                     WM_LBUTTONDOWN | WM_MBUTTONDOWN | WM_RBUTTONDOWN | WM_XBUTTONDOWN =>
Dec 03 13:37:44.607 INFO [stderr]     |                     ^^^^^^^^^^^^^^   ^^^^^^^^^^^^^^   ^^^^^^^^^^^^^^   -------------- variable not in all patterns
Dec 03 13:37:44.607 INFO [stderr]     |                     |                |                |
Dec 03 13:37:44.607 INFO [stderr]     |                     |                |                pattern doesn't bind `WM_XBUTTONDOWN`
Dec 03 13:37:44.607 INFO [stderr]     |                     |                pattern doesn't bind `WM_XBUTTONDOWN`
Dec 03 13:37:44.607 INFO [stderr]     |                     pattern doesn't bind `WM_XBUTTONDOWN`
Dec 03 13:37:44.607 INFO [stderr] 
Dec 03 13:37:44.607 INFO [stderr] error[E0408]: variable `WM_LBUTTONDBLCLK` is not bound in all patterns
Dec 03 13:37:44.607 INFO [stderr]    --> src/window.rs:551:40
Dec 03 13:37:44.607 INFO [stderr]     |
Dec 03 13:37:44.607 INFO [stderr] 551 |                     WM_LBUTTONDBLCLK | WM_MBUTTONDBLCLK | WM_RBUTTONDBLCLK | WM_XBUTTONDBLCLK =>
Dec 03 13:37:44.607 INFO [stderr]     |                     ----------------   ^^^^^^^^^^^^^^^^   ^^^^^^^^^^^^^^^^   ^^^^^^^^^^^^^^^^ pattern doesn't bind `WM_LBUTTONDBLCLK`
Dec 03 13:37:44.607 INFO [stderr]     |                     |                  |                  |
Dec 03 13:37:44.607 INFO [stderr]     |                     |                  |                  pattern doesn't bind `WM_LBUTTONDBLCLK`
Dec 03 13:37:44.607 INFO [stderr]     |                     |                  pattern doesn't bind `WM_LBUTTONDBLCLK`
Dec 03 13:37:44.607 INFO [stderr]     |                     variable not in all patterns
Dec 03 13:37:44.607 INFO [stderr] 
Dec 03 13:37:44.607 INFO [stderr] error[E0408]: variable `WM_MBUTTONDBLCLK` is not bound in all patterns
Dec 03 13:37:44.607 INFO [stderr]    --> src/window.rs:551:21
Dec 03 13:37:44.607 INFO [stderr]     |
Dec 03 13:37:44.607 INFO [stderr] 551 |                     WM_LBUTTONDBLCLK | WM_MBUTTONDBLCLK | WM_RBUTTONDBLCLK | WM_XBUTTONDBLCLK =>
Dec 03 13:37:44.607 INFO [stderr]     |                     ^^^^^^^^^^^^^^^^   ----------------   ^^^^^^^^^^^^^^^^   ^^^^^^^^^^^^^^^^ pattern doesn't bind `WM_MBUTTONDBLCLK`
Dec 03 13:37:44.607 INFO [stderr]     |                     |                  |                  |
Dec 03 13:37:44.607 INFO [stderr]     |                     |                  |                  pattern doesn't bind `WM_MBUTTONDBLCLK`
Dec 03 13:37:44.607 INFO [stderr]     |                     |                  variable not in all patterns
Dec 03 13:37:44.607 INFO [stderr]     |                     pattern doesn't bind `WM_MBUTTONDBLCLK`
Dec 03 13:37:44.608 INFO [stderr] 
Dec 03 13:37:44.608 INFO [stderr] error[E0408]: variable `WM_RBUTTONDBLCLK` is not bound in all patterns
Dec 03 13:37:44.608 INFO [stderr]    --> src/window.rs:551:21
Dec 03 13:37:44.608 INFO [stderr]     |
Dec 03 13:37:44.608 INFO [stderr] 551 |                     WM_LBUTTONDBLCLK | WM_MBUTTONDBLCLK | WM_RBUTTONDBLCLK | WM_XBUTTONDBLCLK =>
Dec 03 13:37:44.608 INFO [stderr]     |                     ^^^^^^^^^^^^^^^^   ^^^^^^^^^^^^^^^^   ----------------   ^^^^^^^^^^^^^^^^ pattern doesn't bind `WM_RBUTTONDBLCLK`
Dec 03 13:37:44.608 INFO [stderr]     |                     |                  |                  |
Dec 03 13:37:44.608 INFO [stderr]     |                     |                  |                  variable not in all patterns
Dec 03 13:37:44.608 INFO [stderr]     |                     |                  pattern doesn't bind `WM_RBUTTONDBLCLK`
Dec 03 13:37:44.608 INFO [stderr]     |                     pattern doesn't bind `WM_RBUTTONDBLCLK`
Dec 03 13:37:44.608 INFO [stderr] 
Dec 03 13:37:44.608 INFO [stderr] error[E0408]: variable `WM_XBUTTONDBLCLK` is not bound in all patterns
Dec 03 13:37:44.608 INFO [stderr]    --> src/window.rs:551:21
Dec 03 13:37:44.608 INFO [stderr]     |
Dec 03 13:37:44.608 INFO [stderr] 551 |                     WM_LBUTTONDBLCLK | WM_MBUTTONDBLCLK | WM_RBUTTONDBLCLK | WM_XBUTTONDBLCLK =>
Dec 03 13:37:44.608 INFO [stderr]     |                     ^^^^^^^^^^^^^^^^   ^^^^^^^^^^^^^^^^   ^^^^^^^^^^^^^^^^   ---------------- variable not in all patterns
Dec 03 13:37:44.608 INFO [stderr]     |                     |                  |                  |
Dec 03 13:37:44.608 INFO [stderr]     |                     |                  |                  pattern doesn't bind `WM_XBUTTONDBLCLK`
Dec 03 13:37:44.608 INFO [stderr]     |                     |                  pattern doesn't bind `WM_XBUTTONDBLCLK`
Dec 03 13:37:44.608 INFO [stderr]     |                     pattern doesn't bind `WM_XBUTTONDBLCLK`
Dec 03 13:37:44.608 INFO [stderr] 
Dec 03 13:37:44.608 INFO [stderr] error[E0408]: variable `WM_LBUTTONUP` is not bound in all patterns
Dec 03 13:37:44.608 INFO [stderr]    --> src/window.rs:553:36
Dec 03 13:37:44.608 INFO [stderr]     |
Dec 03 13:37:44.608 INFO [stderr] 553 |                     WM_LBUTTONUP | WM_MBUTTONUP | WM_RBUTTONUP | WM_XBUTTONUP =>
Dec 03 13:37:44.608 INFO [stderr]     |                     ------------   ^^^^^^^^^^^^   ^^^^^^^^^^^^   ^^^^^^^^^^^^ pattern doesn't bind `WM_LBUTTONUP`
Dec 03 13:37:44.608 INFO [stderr]     |                     |              |              |
Dec 03 13:37:44.608 INFO [stderr]     |                     |              |              pattern doesn't bind `WM_LBUTTONUP`
Dec 03 13:37:44.608 INFO [stderr]     |                     |              pattern doesn't bind `WM_LBUTTONUP`
Dec 03 13:37:44.608 INFO [stderr]     |                     variable not in all patterns
Dec 03 13:37:44.608 INFO [stderr] 
Dec 03 13:37:44.608 INFO [stderr] error[E0408]: variable `WM_MBUTTONUP` is not bound in all patterns
Dec 03 13:37:44.608 INFO [stderr]    --> src/window.rs:553:21
Dec 03 13:37:44.608 INFO [stderr]     |
Dec 03 13:37:44.608 INFO [stderr] 553 |                     WM_LBUTTONUP | WM_MBUTTONUP | WM_RBUTTONUP | WM_XBUTTONUP =>
Dec 03 13:37:44.608 INFO [stderr]     |                     ^^^^^^^^^^^^   ------------   ^^^^^^^^^^^^   ^^^^^^^^^^^^ pattern doesn't bind `WM_MBUTTONUP`
Dec 03 13:37:44.608 INFO [stderr]     |                     |              |              |
Dec 03 13:37:44.608 INFO [stderr]     |                     |              |              pattern doesn't bind `WM_MBUTTONUP`
Dec 03 13:37:44.608 INFO [stderr]     |                     |              variable not in all patterns
Dec 03 13:37:44.608 INFO [stderr]     |                     pattern doesn't bind `WM_MBUTTONUP`
Dec 03 13:37:44.608 INFO [stderr] 
Dec 03 13:37:44.608 INFO [stderr] error[E0408]: variable `WM_RBUTTONUP` is not bound in all patterns
Dec 03 13:37:44.608 INFO [stderr]    --> src/window.rs:553:21
Dec 03 13:37:44.608 INFO [stderr]     |
Dec 03 13:37:44.608 INFO [stderr] 553 |                     WM_LBUTTONUP | WM_MBUTTONUP | WM_RBUTTONUP | WM_XBUTTONUP =>
Dec 03 13:37:44.608 INFO [stderr]     |                     ^^^^^^^^^^^^   ^^^^^^^^^^^^   ------------   ^^^^^^^^^^^^ pattern doesn't bind `WM_RBUTTONUP`
Dec 03 13:37:44.608 INFO [stderr]     |                     |              |              |
Dec 03 13:37:44.608 INFO [stderr]     |                     |              |              variable not in all patterns
Dec 03 13:37:44.608 INFO [stderr]     |                     |              pattern doesn't bind `WM_RBUTTONUP`
Dec 03 13:37:44.608 INFO [stderr]     |                     pattern doesn't bind `WM_RBUTTONUP`
Dec 03 13:37:44.608 INFO [stderr] 
Dec 03 13:37:44.608 INFO [stderr] error[E0408]: variable `WM_XBUTTONUP` is not bound in all patterns
Dec 03 13:37:44.608 INFO [stderr]    --> src/window.rs:553:21
Dec 03 13:37:44.608 INFO [stderr]     |
Dec 03 13:37:44.608 INFO [stderr] 553 |                     WM_LBUTTONUP | WM_MBUTTONUP | WM_RBUTTONUP | WM_XBUTTONUP =>
Dec 03 13:37:44.608 INFO [stderr]     |                     ^^^^^^^^^^^^   ^^^^^^^^^^^^   ^^^^^^^^^^^^   ------------ variable not in all patterns
Dec 03 13:37:44.608 INFO [stderr]     |                     |              |              |
Dec 03 13:37:44.608 INFO [stderr]     |                     |              |              pattern doesn't bind `WM_XBUTTONUP`
Dec 03 13:37:44.608 INFO [stderr]     |                     |              pattern doesn't bind `WM_XBUTTONUP`
Dec 03 13:37:44.608 INFO [stderr]     |                     pattern doesn't bind `WM_XBUTTONUP`
Dec 03 13:37:44.608 INFO [stderr] 
Dec 03 13:37:44.675 INFO [stderr] error[E0433]: failed to resolve. Could not find `Factory` in `direct2d`
Dec 03 13:37:44.675 INFO [stderr]    --> src/window.rs:657:40
Dec 03 13:37:44.675 INFO [stderr]     |
Dec 03 13:37:44.675 INFO [stderr] 657 |                 d2d_factory: direct2d::Factory::new().unwrap(),
Dec 03 13:37:44.675 INFO [stderr]     |                                        ^^^^^^^ Could not find `Factory` in `direct2d`
Dec 03 13:37:44.675 INFO [stderr] 
Dec 03 13:37:45.035 INFO [stderr] error[E0433]: failed to resolve. Use of undeclared type or module `ID2D1HwndRenderTarget`
Dec 03 13:37:45.035 INFO [stderr]    --> src/window.rs:974:42
Dec 03 13:37:45.035 INFO [stderr]     |
Dec 03 13:37:45.035 INFO [stderr] 974 |     let err = (*raw_ptr).QueryInterface(&ID2D1HwndRenderTarget::uuidof(), &mut hwnd);
Dec 03 13:37:45.035 INFO [stderr]     |                                          ^^^^^^^^^^^^^^^^^^^^^ Use of undeclared type or module `ID2D1HwndRenderTarget`
Dec 03 13:37:45.035 INFO [stderr] 
Dec 03 13:37:45.052 INFO [stderr] error[E0412]: cannot find type `HRESULT` in this scope
Dec 03 13:37:45.052 INFO [stderr]   --> src/dcomp.rs:46:29
Dec 03 13:37:45.052 INFO [stderr]    |
Dec 03 13:37:45.052 INFO [stderr] 46 | unsafe fn wrap<T, U, F>(hr: HRESULT, ptr: *mut T, f: F) -> Result<U, HRESULT>
Dec 03 13:37:45.052 INFO [stderr]    |                             ^^^^^^^ not found in this scope
Dec 03 13:37:45.052 INFO [stderr] 
Dec 03 13:37:45.052 INFO [stderr] error[E0412]: cannot find type `HRESULT` in this scope
Dec 03 13:37:45.052 INFO [stderr]   --> src/dcomp.rs:46:70
Dec 03 13:37:45.052 INFO [stderr]    |
Dec 03 13:37:45.052 INFO [stderr] 46 | unsafe fn wrap<T, U, F>(hr: HRESULT, ptr: *mut T, f: F) -> Result<U, HRESULT>
Dec 03 13:37:45.052 INFO [stderr]    |                                                                      ^^^^^^^ not found in this scope
Dec 03 13:37:45.052 INFO [stderr] 
Dec 03 13:37:45.052 INFO [stderr] error[E0425]: cannot find function `SUCCEEDED` in this scope
Dec 03 13:37:45.052 INFO [stderr]   --> src/dcomp.rs:49:8
Dec 03 13:37:45.052 INFO [stderr]    |
Dec 03 13:37:45.052 INFO [stderr] 49 |     if SUCCEEDED(hr) {
Dec 03 13:37:45.052 INFO [stderr]    |        ^^^^^^^^^ not found in this scope
Dec 03 13:37:45.052 INFO [stderr] 
Dec 03 13:37:45.052 INFO [stderr] error[E0412]: cannot find type `HRESULT` in this scope
Dec 03 13:37:45.052 INFO [stderr]   --> src/dcomp.rs:56:17
Dec 03 13:37:45.052 INFO [stderr]    |
Dec 03 13:37:45.052 INFO [stderr] 56 | fn unit_err(hr: HRESULT) -> Result<(), HRESULT> {
Dec 03 13:37:45.052 INFO [stderr]    |                 ^^^^^^^ not found in this scope
Dec 03 13:37:45.052 INFO [stderr] 
Dec 03 13:37:45.052 INFO [stderr] error[E0412]: cannot find type `HRESULT` in this scope
Dec 03 13:37:45.052 INFO [stderr]   --> src/dcomp.rs:56:40
Dec 03 13:37:45.052 INFO [stderr]    |
Dec 03 13:37:45.052 INFO [stderr] 56 | fn unit_err(hr: HRESULT) -> Result<(), HRESULT> {
Dec 03 13:37:45.052 INFO [stderr]    |                                        ^^^^^^^ not found in this scope
Dec 03 13:37:45.052 INFO [stderr] 
Dec 03 13:37:45.052 INFO [stderr] error[E0425]: cannot find function `SUCCEEDED` in this scope
Dec 03 13:37:45.052 INFO [stderr]   --> src/dcomp.rs:57:8
Dec 03 13:37:45.052 INFO [stderr]    |
Dec 03 13:37:45.052 INFO [stderr] 57 |     if SUCCEEDED(hr) { Ok(()) } else { Err(hr) }
Dec 03 13:37:45.052 INFO [stderr]    |        ^^^^^^^^^ not found in this scope
Dec 03 13:37:45.052 INFO [stderr] 
Dec 03 13:37:45.052 INFO [stderr] error[E0412]: cannot find type `ID3D11Device` in this scope
Dec 03 13:37:45.052 INFO [stderr]   --> src/dcomp.rs:60:31
Dec 03 13:37:45.052 INFO [stderr]    |
Dec 03 13:37:45.052 INFO [stderr] 60 | pub struct D3D11Device(ComPtr<ID3D11Device>);
Dec 03 13:37:45.052 INFO [stderr]    |                               ^^^^^^^^^^^^ did you mean `D3D11Device`?
Dec 03 13:37:45.052 INFO [stderr] 
Dec 03 13:37:45.052 INFO [stderr] error[E0412]: cannot find type `ID2D1Device` in this scope
Dec 03 13:37:45.053 INFO [stderr]   --> src/dcomp.rs:61:30
Dec 03 13:37:45.053 INFO [stderr]    |
Dec 03 13:37:45.053 INFO [stderr] 61 | pub struct D2D1Device(ComPtr<ID2D1Device>);
Dec 03 13:37:45.053 INFO [stderr]    |                              ^^^^^^^^^^^ did you mean `D2D1Device`?
Dec 03 13:37:45.053 INFO [stderr] 
Dec 03 13:37:45.053 INFO [stderr] error[E0412]: cannot find type `IDCompositionDevice` in this scope
Dec 03 13:37:45.053 INFO [stderr]   --> src/dcomp.rs:62:38
Dec 03 13:37:45.053 INFO [stderr]    |
Dec 03 13:37:45.053 INFO [stderr] 62 | pub struct DCompositionDevice(ComPtr<IDCompositionDevice>);
Dec 03 13:37:45.053 INFO [stderr]    |                                      ^^^^^^^^^^^^^^^^^^^ did you mean `DCompositionDevice`?
Dec 03 13:37:45.053 INFO [stderr] 
Dec 03 13:37:45.053 INFO [stderr] error[E0412]: cannot find type `IDCompositionTarget` in this scope
Dec 03 13:37:45.053 INFO [stderr]   --> src/dcomp.rs:63:38
Dec 03 13:37:45.053 INFO [stderr]    |
Dec 03 13:37:45.053 INFO [stderr] 63 | pub struct DCompositionTarget(ComPtr<IDCompositionTarget>);
Dec 03 13:37:45.053 INFO [stderr]    |                                      ^^^^^^^^^^^^^^^^^^^ did you mean `DCompositionTarget`?
Dec 03 13:37:45.053 INFO [stderr] 
Dec 03 13:37:45.053 INFO [stderr] error[E0412]: cannot find type `IDCompositionVisual` in this scope
Dec 03 13:37:45.053 INFO [stderr]   --> src/dcomp.rs:64:38
Dec 03 13:37:45.053 INFO [stderr]    |
Dec 03 13:37:45.053 INFO [stderr] 64 | pub struct DCompositionVisual(ComPtr<IDCompositionVisual>);
Dec 03 13:37:45.053 INFO [stderr]    |                                      ^^^^^^^^^^^^^^^^^^^ did you mean `DCompositionVisual`?
Dec 03 13:37:45.053 INFO [stderr] 
Dec 03 13:37:45.053 INFO [stderr] error[E0412]: cannot find type `IDCompositionVirtualSurface` in this scope
Dec 03 13:37:45.053 INFO [stderr]   --> src/dcomp.rs:65:46
Dec 03 13:37:45.053 INFO [stderr]    |
Dec 03 13:37:45.053 INFO [stderr] 65 | pub struct DCompositionVirtualSurface(ComPtr<IDCompositionVirtualSurface>);
Dec 03 13:37:45.053 INFO [stderr]    |                                              ^^^^^^^^^^^^^^^^^^^^^^^^^^^ did you mean `DCompositionVirtualSurface`?
Dec 03 13:37:45.053 INFO [stderr] 
Dec 03 13:37:45.053 INFO [stderr] error[E0412]: cannot find type `IUnknown` in this scope
Dec 03 13:37:45.053 INFO [stderr]   --> src/dcomp.rs:69:46
Dec 03 13:37:45.053 INFO [stderr]    |
Dec 03 13:37:45.053 INFO [stderr] 69 |     unsafe fn unknown_ptr(&mut self) -> *mut IUnknown;
Dec 03 13:37:45.053 INFO [stderr]    |                                              ^^^^^^^^ not found in this scope
Dec 03 13:37:45.053 INFO [stderr] 
Dec 03 13:37:45.053 INFO [stderr] error[E0412]: cannot find type `HRESULT` in this scope
Dec 03 13:37:45.053 INFO [stderr]   --> src/dcomp.rs:74:48
Dec 03 13:37:45.053 INFO [stderr]    |
Dec 03 13:37:45.053 INFO [stderr] 74 |     pub fn new_simple() -> Result<D3D11Device, HRESULT> {
Dec 03 13:37:45.053 INFO [stderr]    |                                                ^^^^^^^ not found in this scope
Dec 03 13:37:45.053 INFO [stderr] 
Dec 03 13:37:45.053 INFO [stderr] error[E0412]: cannot find type `ID3D11Device` in this scope
Dec 03 13:37:45.053 INFO [stderr]   --> src/dcomp.rs:76:40
Dec 03 13:37:45.053 INFO [stderr]    |
Dec 03 13:37:45.053 INFO [stderr] 76 |             let mut d3d11_device: *mut ID3D11Device = null_mut();
Dec 03 13:37:45.053 INFO [stderr]    |                                        ^^^^^^^^^^^^ did you mean `D3D11Device`?
Dec 03 13:37:45.053 INFO [stderr] 
Dec 03 13:37:45.053 INFO [stderr] error[E0425]: cannot find value `D3D11_CREATE_DEVICE_BGRA_SUPPORT` in this scope
Dec 03 13:37:45.053 INFO [stderr]   --> src/dcomp.rs:77:25
Dec 03 13:37:45.053 INFO [stderr]    |
Dec 03 13:37:45.053 INFO [stderr] 77 |             let flags = D3D11_CREATE_DEVICE_BGRA_SUPPORT;  // could probably set single threaded
Dec 03 13:37:45.053 INFO [stderr]    |                         ^^^^^^^^^^^^^^^^^^^^^^^^^^^^^^^^ not found in this scope
Dec 03 13:37:45.053 INFO [stderr] 
Dec 03 13:37:45.053 INFO [stderr] error[E0425]: cannot find function `D3D11CreateDevice` in this scope
Dec 03 13:37:45.053 INFO [stderr]   --> src/dcomp.rs:78:22
Dec 03 13:37:45.053 INFO [stderr]    |
Dec 03 13:37:45.053 INFO [stderr] 78 |             let hr = D3D11CreateDevice(null_mut(), D3D_DRIVER_TYPE_HARDWARE, null_mut(), flags,
Dec 03 13:37:45.053 INFO [stderr]    |                      ^^^^^^^^^^^^^^^^^ not found in this scope
Dec 03 13:37:45.053 INFO [stderr] 
Dec 03 13:37:45.053 INFO [stderr] error[E0425]: cannot find value `D3D_DRIVER_TYPE_HARDWARE` in this scope
Dec 03 13:37:45.053 INFO [stderr]   --> src/dcomp.rs:78:52
Dec 03 13:37:45.053 INFO [stderr]    |
Dec 03 13:37:45.053 INFO [stderr] 78 |             let hr = D3D11CreateDevice(null_mut(), D3D_DRIVER_TYPE_HARDWARE, null_mut(), flags,
Dec 03 13:37:45.053 INFO [stderr]    |                                                    ^^^^^^^^^^^^^^^^^^^^^^^^ not found in this scope
Dec 03 13:37:45.053 INFO [stderr] 
Dec 03 13:37:45.053 INFO [stderr] error[E0425]: cannot find value `D3D11_SDK_VERSION` in this scope
Dec 03 13:37:45.053 INFO [stderr]   --> src/dcomp.rs:79:28
Dec 03 13:37:45.053 INFO [stderr]    |
Dec 03 13:37:45.053 INFO [stderr] 79 |                 null(), 0, D3D11_SDK_VERSION, &mut d3d11_device, null_mut(), null_mut());
Dec 03 13:37:45.053 INFO [stderr]    |                            ^^^^^^^^^^^^^^^^^ not found in this scope
Dec 03 13:37:45.053 INFO [stderr] 
Dec 03 13:37:45.053 INFO [stderr] error[E0425]: cannot find function `SUCCEEDED` in this scope
Dec 03 13:37:45.053 INFO [stderr]   --> src/dcomp.rs:80:17
Dec 03 13:37:45.053 INFO [stderr]    |
Dec 03 13:37:45.053 INFO [stderr] 80 |             if !SUCCEEDED(hr) {
Dec 03 13:37:45.053 INFO [stderr]    |                 ^^^^^^^^^ not found in this scope
Dec 03 13:37:45.053 INFO [stderr] 
Dec 03 13:37:45.053 INFO [stderr] error[E0412]: cannot find type `HRESULT` in this scope
Dec 03 13:37:45.053 INFO [stderr]   --> src/dcomp.rs:87:64
Dec 03 13:37:45.053 INFO [stderr]    |
Dec 03 13:37:45.053 INFO [stderr] 87 |     pub fn create_d2d1_device(&mut self) -> Result<D2D1Device, HRESULT> {
Dec 03 13:37:45.053 INFO [stderr]    |                                                                ^^^^^^^ not found in this scope
Dec 03 13:37:45.053 INFO [stderr] 
Dec 03 13:37:45.053 INFO [stderr] error[E0412]: cannot find type `IDXGIDevice` in this scope
Dec 03 13:37:45.054 INFO [stderr]   --> src/dcomp.rs:89:41
Dec 03 13:37:45.054 INFO [stderr]    |
Dec 03 13:37:45.054 INFO [stderr] 89 |             let mut dxgi_device: ComPtr<IDXGIDevice> = self.0.cast()?;
Dec 03 13:37:45.054 INFO [stderr]    |                                         ^^^^^^^^^^^ not found in this scope
Dec 03 13:37:45.054 INFO [stderr] 
Dec 03 13:37:45.054 INFO [stderr] error[E0412]: cannot find type `ID2D1Device` in this scope
Dec 03 13:37:45.054 INFO [stderr]   --> src/dcomp.rs:90:39
Dec 03 13:37:45.054 INFO [stderr]    |
Dec 03 13:37:45.054 INFO [stderr] 90 |             let mut d2d1_device: *mut ID2D1Device = null_mut();
Dec 03 13:37:45.054 INFO [stderr]    |                                       ^^^^^^^^^^^ did you mean `D2D1Device`?
Dec 03 13:37:45.054 INFO [stderr] 
Dec 03 13:37:45.054 INFO [stderr] error[E0425]: cannot find function `D2D1CreateDevice` in this scope
Dec 03 13:37:45.054 INFO [stderr]   --> src/dcomp.rs:91:22
Dec 03 13:37:45.054 INFO [stderr]    |
Dec 03 13:37:45.054 INFO [stderr] 91 |             let hr = D2D1CreateDevice(dxgi_device.as_raw(), null(), &mut d2d1_device);
Dec 03 13:37:45.054 INFO [stderr]    |                      ^^^^^^^^^^^^^^^^ not found in this scope
Dec 03 13:37:45.054 INFO [stderr] 
Dec 03 13:37:45.054 INFO [stderr] error[E0412]: cannot find type `ID3D11Device` in this scope
Dec 03 13:37:45.054 INFO [stderr]   --> src/dcomp.rs:96:39
Dec 03 13:37:45.054 INFO [stderr]    |
Dec 03 13:37:45.054 INFO [stderr] 96 |     pub fn raw_ptr(&mut self) -> *mut ID3D11Device {
Dec 03 13:37:45.054 INFO [stderr]    |                                       ^^^^^^^^^^^^ did you mean `D3D11Device`?
Dec 03 13:37:45.054 INFO [stderr] 
Dec 03 13:37:45.054 INFO [stderr] error[E0412]: cannot find type `HRESULT` in this scope
Dec 03 13:37:45.054 INFO [stderr]    --> src/dcomp.rs:104:79
Dec 03 13:37:45.054 INFO [stderr]     |
Dec 03 13:37:45.054 INFO [stderr] 104 |     pub fn create_composition_device(&mut self) -> Result<DCompositionDevice, HRESULT> {
Dec 03 13:37:45.054 INFO [stderr]     |                                                                               ^^^^^^^ not found in this scope
Dec 03 13:37:45.054 INFO [stderr] 
Dec 03 13:37:45.054 INFO [stderr] error[E0412]: cannot find type `IDCompositionDevice` in this scope
Dec 03 13:37:45.054 INFO [stderr]    --> src/dcomp.rs:107:40
Dec 03 13:37:45.054 INFO [stderr]     |
Dec 03 13:37:45.054 INFO [stderr] 107 |             let mut dcomp_device: *mut IDCompositionDevice = null_mut();
Dec 03 13:37:45.054 INFO [stderr]     |                                        ^^^^^^^^^^^^^^^^^^^ did you mean `DCompositionDevice`?
Dec 03 13:37:45.054 INFO [stderr] 
Dec 03 13:37:45.054 INFO [stderr] error[E0412]: cannot find type `IUnknown` in this scope
Dec 03 13:37:45.054 INFO [stderr]    --> src/dcomp.rs:108:53
Dec 03 13:37:45.054 INFO [stderr]     |
Dec 03 13:37:45.054 INFO [stderr] 108 |             let hr = create(self.0.as_raw() as *mut IUnknown,
Dec 03 13:37:45.054 INFO [stderr]     |                                                     ^^^^^^^^ not found in this scope
Dec 03 13:37:45.054 INFO [stderr] 
Dec 03 13:37:45.054 INFO [stderr] error[E0412]: cannot find type `HWND` in this scope
Dec 03 13:37:45.054 INFO [stderr]    --> src/dcomp.rs:117:59
Dec 03 13:37:45.054 INFO [stderr]     |
Dec 03 13:37:45.054 INFO [stderr] 117 |     pub unsafe fn create_target_for_hwnd(&mut self, hwnd: HWND, topmost: bool)
Dec 03 13:37:45.054 INFO [stderr]     |                                                           ^^^^ not found in this scope
Dec 03 13:37:45.054 INFO [stderr] 
Dec 03 13:37:45.054 INFO [stderr] error[E0412]: cannot find type `HRESULT` in this scope
Dec 03 13:37:45.054 INFO [stderr]    --> src/dcomp.rs:118:39
Dec 03 13:37:45.054 INFO [stderr]     |
Dec 03 13:37:45.054 INFO [stderr] 118 |         -> Result<DCompositionTarget, HRESULT>
Dec 03 13:37:45.054 INFO [stderr]     |                                       ^^^^^^^ not found in this scope
Dec 03 13:37:45.054 INFO [stderr] 
Dec 03 13:37:45.054 INFO [stderr] error[E0412]: cannot find type `IDCompositionTarget` in this scope
Dec 03 13:37:45.054 INFO [stderr]    --> src/dcomp.rs:120:36
Dec 03 13:37:45.054 INFO [stderr]     |
Dec 03 13:37:45.054 INFO [stderr] 120 |         let mut dcomp_target: *mut IDCompositionTarget = null_mut();
Dec 03 13:37:45.054 INFO [stderr]     |                                    ^^^^^^^^^^^^^^^^^^^ did you mean `DCompositionTarget`?
Dec 03 13:37:45.054 INFO [stderr] 
Dec 03 13:37:45.054 INFO [stderr] error[E0425]: cannot find value `TRUE` in this scope
Dec 03 13:37:45.054 INFO [stderr]    --> src/dcomp.rs:121:64
Dec 03 13:37:45.054 INFO [stderr]     |
Dec 03 13:37:45.054 INFO [stderr] 121 |         let hr = self.0.CreateTargetForHwnd(hwnd, if topmost { TRUE } else { FALSE },
Dec 03 13:37:45.054 INFO [stderr]     |                                                                ^^^^ not found in this scope
Dec 03 13:37:45.054 INFO [stderr] 
Dec 03 13:37:45.054 INFO [stderr] error[E0425]: cannot find value `FALSE` in this scope
Dec 03 13:37:45.054 INFO [stderr]    --> src/dcomp.rs:121:78
Dec 03 13:37:45.054 INFO [stderr]     |
Dec 03 13:37:45.054 INFO [stderr] 121 |         let hr = self.0.CreateTargetForHwnd(hwnd, if topmost { TRUE } else { FALSE },
Dec 03 13:37:45.054 INFO [stderr]     |                                                                              ^^^^^ not found in this scope
Dec 03 13:37:45.054 INFO [stderr] 
Dec 03 13:37:45.054 INFO [stderr] error[E0412]: cannot find type `HRESULT` in this scope
Dec 03 13:37:45.054 INFO [stderr]    --> src/dcomp.rs:126:67
Dec 03 13:37:45.054 INFO [stderr]     |
Dec 03 13:37:45.054 INFO [stderr] 126 |     pub fn create_visual(&mut self) -> Result<DCompositionVisual, HRESULT> {
Dec 03 13:37:45.054 INFO [stderr]     |                                                                   ^^^^^^^ not found in this scope
Dec 03 13:37:45.054 INFO [stderr] 
Dec 03 13:37:45.054 INFO [stderr] error[E0412]: cannot find type `IDCompositionVisual` in this scope
Dec 03 13:37:45.054 INFO [stderr]    --> src/dcomp.rs:128:34
Dec 03 13:37:45.054 INFO [stderr]     |
Dec 03 13:37:45.054 INFO [stderr] 128 |             let mut visual: *mut IDCompositionVisual = null_mut();
Dec 03 13:37:45.054 INFO [stderr]     |                                  ^^^^^^^^^^^^^^^^^^^ did you mean `DCompositionVisual`?
Dec 03 13:37:45.054 INFO [stderr] 
Dec 03 13:37:45.054 INFO [stderr] error[E0412]: cannot find type `HRESULT` in this scope
Dec 03 13:37:45.055 INFO [stderr]    --> src/dcomp.rs:136:47
Dec 03 13:37:45.055 INFO [stderr]     |
Dec 03 13:37:45.055 INFO [stderr] 136 |         -> Result<DCompositionVirtualSurface, HRESULT>
Dec 03 13:37:45.055 INFO [stderr]     |                                               ^^^^^^^ not found in this scope
Dec 03 13:37:45.055 INFO [stderr] 
Dec 03 13:37:45.055 INFO [stderr] error[E0412]: cannot find type `IDCompositionVirtualSurface` in this scope
Dec 03 13:37:45.055 INFO [stderr]    --> src/dcomp.rs:139:35
Dec 03 13:37:45.055 INFO [stderr]     |
Dec 03 13:37:45.055 INFO [stderr] 139 |             let mut surface: *mut IDCompositionVirtualSurface = null_mut();
Dec 03 13:37:45.055 INFO [stderr]     |                                   ^^^^^^^^^^^^^^^^^^^^^^^^^^^ did you mean `DCompositionVirtualSurface`?
Dec 03 13:37:45.055 INFO [stderr] 
Dec 03 13:37:45.055 INFO [stderr] error[E0425]: cannot find value `DXGI_FORMAT_B8G8R8A8_UNORM` in this scope
Dec 03 13:37:45.055 INFO [stderr]    --> src/dcomp.rs:140:65
Dec 03 13:37:45.055 INFO [stderr]     |
Dec 03 13:37:45.055 INFO [stderr] 140 |             let hr = self.0.CreateVirtualSurface(width, height, DXGI_FORMAT_B8G8R8A8_UNORM,
Dec 03 13:37:45.055 INFO [stderr]     |                                                                 ^^^^^^^^^^^^^^^^^^^^^^^^^^ not found in this scope
Dec 03 13:37:45.055 INFO [stderr] 
Dec 03 13:37:45.055 INFO [stderr] error[E0425]: cannot find value `DXGI_ALPHA_MODE_IGNORE` in this scope
Dec 03 13:37:45.055 INFO [stderr]    --> src/dcomp.rs:141:17
Dec 03 13:37:45.055 INFO [stderr]     |
Dec 03 13:37:45.055 INFO [stderr] 141 |                 DXGI_ALPHA_MODE_IGNORE, &mut surface);
Dec 03 13:37:45.055 INFO [stderr]     |                 ^^^^^^^^^^^^^^^^^^^^^^ not found in this scope
Dec 03 13:37:45.055 INFO [stderr] 
Dec 03 13:37:45.055 INFO [stderr] error[E0412]: cannot find type `HRESULT` in this scope
Dec 03 13:37:45.055 INFO [stderr]    --> src/dcomp.rs:146:44
Dec 03 13:37:45.055 INFO [stderr]     |
Dec 03 13:37:45.055 INFO [stderr] 146 |     pub fn commit(&mut self) -> Result<(), HRESULT> {
Dec 03 13:37:45.055 INFO [stderr]     |                                            ^^^^^^^ not found in this scope
Dec 03 13:37:45.055 INFO [stderr] 
Dec 03 13:37:45.055 INFO [stderr] error[E0412]: cannot find type `HRESULT` in this scope
Dec 03 13:37:45.055 INFO [stderr]    --> src/dcomp.rs:155:48
Dec 03 13:37:45.055 INFO [stderr]     |
Dec 03 13:37:45.055 INFO [stderr] 155 |     pub fn clear_root(&mut self) -> Result<(), HRESULT> {
Dec 03 13:37:45.055 INFO [stderr]     |                                                ^^^^^^^ not found in this scope
Dec 03 13:37:45.055 INFO [stderr] 
Dec 03 13:37:45.055 INFO [stderr] error[E0412]: cannot find type `HRESULT` in this scope
Dec 03 13:37:45.055 INFO [stderr]    --> src/dcomp.rs:161:79
Dec 03 13:37:45.055 INFO [stderr]     |
Dec 03 13:37:45.055 INFO [stderr] 161 |     pub fn set_root(&mut self, visual: &mut DCompositionVisual) -> Result<(), HRESULT> {
Dec 03 13:37:45.055 INFO [stderr]     |                                                                               ^^^^^^^ not found in this scope
Dec 03 13:37:45.055 INFO [stderr] 
Dec 03 13:37:45.055 INFO [stderr] error[E0412]: cannot find type `HRESULT` in this scope
Dec 03 13:37:45.055 INFO [stderr]    --> src/dcomp.rs:169:78
Dec 03 13:37:45.055 INFO [stderr]     |
Dec 03 13:37:45.055 INFO [stderr] 169 |     pub fn set_content<T: Content>(&mut self, content: &mut T) -> Result<(), HRESULT> {
Dec 03 13:37:45.055 INFO [stderr]     |                                                                              ^^^^^^^ not found in this scope
Dec 03 13:37:45.055 INFO [stderr] 
Dec 03 13:37:45.055 INFO [stderr] error[E0412]: cannot find type `IUnknown` in this scope
Dec 03 13:37:45.055 INFO [stderr]    --> src/dcomp.rs:176:60
Dec 03 13:37:45.055 INFO [stderr]     |
Dec 03 13:37:45.055 INFO [stderr] 176 |     pub unsafe fn set_content_raw(&mut self, content: *mut IUnknown) -> Result<(), HRESULT> {
Dec 03 13:37:45.055 INFO [stderr]     |                                                            ^^^^^^^^ not found in this scope
Dec 03 13:37:45.055 INFO [stderr] 
Dec 03 13:37:45.055 INFO [stderr] error[E0412]: cannot find type `HRESULT` in this scope
Dec 03 13:37:45.055 INFO [stderr]    --> src/dcomp.rs:176:84
Dec 03 13:37:45.055 INFO [stderr]     |
Dec 03 13:37:45.055 INFO [stderr] 176 |     pub unsafe fn set_content_raw(&mut self, content: *mut IUnknown) -> Result<(), HRESULT> {
Dec 03 13:37:45.055 INFO [stderr]     |                                                                                    ^^^^^^^ not found in this scope
Dec 03 13:37:45.055 INFO [stderr] 
Dec 03 13:37:45.055 INFO [stderr] error[E0412]: cannot find type `DWORD` in this scope
Dec 03 13:37:45.055 INFO [stderr]   --> src/dialog.rs:47:30
Dec 03 13:37:45.055 INFO [stderr]    |
Dec 03 13:37:45.055 INFO [stderr] 47 | pub struct FileDialogOptions(DWORD);
Dec 03 13:37:45.055 INFO [stderr]    |                              ^^^^^ not found in this scope
Dec 03 13:37:45.055 INFO [stderr] 
Dec 03 13:37:45.055 INFO [stderr] error[E0425]: cannot find value `FOS_FORCESHOWHIDDEN` in this scope
Dec 03 13:37:45.055 INFO [stderr]   --> src/dialog.rs:54:19
Dec 03 13:37:45.055 INFO [stderr]    |
Dec 03 13:37:45.055 INFO [stderr] 54 |         self.0 |= FOS_FORCESHOWHIDDEN;
Dec 03 13:37:45.055 INFO [stderr]    |                   ^^^^^^^^^^^^^^^^^^^ not found in this scope
Dec 03 13:37:45.055 INFO [stderr] 
Dec 03 13:37:45.055 INFO [stderr] error[E0412]: cannot find type `HWND` in this scope
Dec 03 13:37:45.055 INFO [stderr]   --> src/dialog.rs:66:55
Dec 03 13:37:45.055 INFO [stderr]    |
Dec 03 13:37:45.055 INFO [stderr] 66 | pub(crate) unsafe fn get_file_dialog_path(hwnd_owner: HWND, ty: FileDialogType,
Dec 03 13:37:45.055 INFO [stderr]    |                                                       ^^^^ not found in this scope
Dec 03 13:37:45.055 INFO [stderr] 
Dec 03 13:37:45.055 INFO [stderr] error[E0412]: cannot find type `IFileDialog` in this scope
Dec 03 13:37:45.055 INFO [stderr]   --> src/dialog.rs:69:23
Dec 03 13:37:45.055 INFO [stderr]    |
Dec 03 13:37:45.055 INFO [stderr] 69 |     let mut pfd: *mut IFileDialog = null_mut();
Dec 03 13:37:45.055 INFO [stderr]    |                       ^^^^^^^^^^^ not found in this scope
Dec 03 13:37:45.055 INFO [stderr] 
Dec 03 13:37:45.056 INFO [stderr] error[E0425]: cannot find value `CLSID_FileOpenDialog` in this scope
Dec 03 13:37:45.056 INFO [stderr]   --> src/dialog.rs:71:35
Dec 03 13:37:45.056 INFO [stderr]    |
Dec 03 13:37:45.056 INFO [stderr] 71 |         FileDialogType::Open => (&CLSID_FileOpenDialog, IFileOpenDialog::uuidof()),
Dec 03 13:37:45.056 INFO [stderr]    |                                   ^^^^^^^^^^^^^^^^^^^^ not found in this scope
Dec 03 13:37:45.056 INFO [stderr] 
Dec 03 13:37:45.056 INFO [stderr] error[E0425]: cannot find value `CLSID_FileSaveDialog` in this scope
Dec 03 13:37:45.056 INFO [stderr]   --> src/dialog.rs:72:35
Dec 03 13:37:45.056 INFO [stderr]    |
Dec 03 13:37:45.056 INFO [stderr] 72 |         FileDialogType::Save => (&CLSID_FileSaveDialog, IFileSaveDialog::uuidof()),
Dec 03 13:37:45.056 INFO [stderr]    |                                   ^^^^^^^^^^^^^^^^^^^^ not found in this scope
Dec 03 13:37:45.056 INFO [stderr] 
Dec 03 13:37:45.056 INFO [stderr] error[E0425]: cannot find function `CoCreateInstance` in this scope
Dec 03 13:37:45.056 INFO [stderr]   --> src/dialog.rs:74:15
Dec 03 13:37:45.056 INFO [stderr]    |
Dec 03 13:37:45.056 INFO [stderr] 74 |     as_result(CoCreateInstance(class,
Dec 03 13:37:45.056 INFO [stderr]    |               ^^^^^^^^^^^^^^^^ not found in this scope
Dec 03 13:37:45.056 INFO [stderr] 
Dec 03 13:37:45.056 INFO [stderr] error[E0425]: cannot find value `CLSCTX_INPROC_SERVER` in this scope
Dec 03 13:37:45.056 INFO [stderr]   --> src/dialog.rs:76:13
Dec 03 13:37:45.056 INFO [stderr]    |
Dec 03 13:37:45.056 INFO [stderr] 76 |             CLSCTX_INPROC_SERVER,
Dec 03 13:37:45.056 INFO [stderr]    |             ^^^^^^^^^^^^^^^^^^^^ not found in this scope
Dec 03 13:37:45.056 INFO [stderr] 
Dec 03 13:37:45.056 INFO [stderr] error[E0412]: cannot find type `IFileDialog` in this scope
Dec 03 13:37:45.056 INFO [stderr]   --> src/dialog.rs:78:35
Dec 03 13:37:45.056 INFO [stderr]    |
Dec 03 13:37:45.056 INFO [stderr] 78 |             &mut pfd as *mut *mut IFileDialog as *mut LPVOID
Dec 03 13:37:45.056 INFO [stderr]    |                                   ^^^^^^^^^^^ not found in this scope
Dec 03 13:37:45.056 INFO [stderr] 
Dec 03 13:37:45.056 INFO [stderr] error[E0412]: cannot find type `LPVOID` in this scope
Dec 03 13:37:45.056 INFO [stderr]   --> src/dialog.rs:78:55
Dec 03 13:37:45.056 INFO [stderr]    |
Dec 03 13:37:45.056 INFO [stderr] 78 |             &mut pfd as *mut *mut IFileDialog as *mut LPVOID
Dec 03 13:37:45.056 INFO [stderr]    |                                                       ^^^^^^ not found in this scope
Dec 03 13:37:45.056 INFO [stderr] 
Dec 03 13:37:45.056 INFO [stderr] error[E0412]: cannot find type `IShellItem` in this scope
Dec 03 13:37:45.056 INFO [stderr]   --> src/dialog.rs:83:30
Dec 03 13:37:45.056 INFO [stderr]    |
Dec 03 13:37:45.056 INFO [stderr] 83 |     let mut result_ptr: *mut IShellItem = null_mut();
Dec 03 13:37:45.056 INFO [stderr]    |                              ^^^^^^^^^^ not found in this scope
Dec 03 13:37:45.056 INFO [stderr] 
Dec 03 13:37:45.056 INFO [stderr] error[E0412]: cannot find type `LPWSTR` in this scope
Dec 03 13:37:45.056 INFO [stderr]   --> src/dialog.rs:86:27
Dec 03 13:37:45.056 INFO [stderr]    |
Dec 03 13:37:45.056 INFO [stderr] 86 |     let mut display_name: LPWSTR = null_mut();
Dec 03 13:37:45.056 INFO [stderr]    |                           ^^^^^^ not found in this scope
Dec 03 13:37:45.056 INFO [stderr] 
Dec 03 13:37:45.056 INFO [stderr] error[E0425]: cannot find value `SIGDN_FILESYSPATH` in this scope
Dec 03 13:37:45.056 INFO [stderr]   --> src/dialog.rs:87:41
Dec 03 13:37:45.056 INFO [stderr]    |
Dec 03 13:37:45.056 INFO [stderr] 87 |     as_result(shell_item.GetDisplayName(SIGDN_FILESYSPATH, &mut display_name))?;
Dec 03 13:37:45.056 INFO [stderr]    |                                         ^^^^^^^^^^^^^^^^^ not found in this scope
Dec 03 13:37:45.056 INFO [stderr] 
Dec 03 13:37:45.056 INFO [stderr] error[E0425]: cannot find function `CoTaskMemFree` in this scope
Dec 03 13:37:45.056 INFO [stderr]   --> src/dialog.rs:89:5
Dec 03 13:37:45.056 INFO [stderr]    |
Dec 03 13:37:45.056 INFO [stderr] 89 |     CoTaskMemFree(display_name as LPVOID);
Dec 03 13:37:45.056 INFO [stderr]    |     ^^^^^^^^^^^^^ not found in this scope
Dec 03 13:37:45.056 INFO [stderr] 
Dec 03 13:37:45.056 INFO [stderr] error[E0412]: cannot find type `LPVOID` in this scope
Dec 03 13:37:45.056 INFO [stderr]   --> src/dialog.rs:89:35
Dec 03 13:37:45.056 INFO [stderr]    |
Dec 03 13:37:45.056 INFO [stderr] 89 |     CoTaskMemFree(display_name as LPVOID);
Dec 03 13:37:45.056 INFO [stderr]    |                                   ^^^^^^ not found in this scope
Dec 03 13:37:45.057 INFO [stderr] 
Dec 03 13:37:45.057 INFO [stderr] error[E0412]: cannot find type `HMENU` in this scope
Dec 03 13:37:45.057 INFO [stderr]   --> src/menu.rs:29:12
Dec 03 13:37:45.057 INFO [stderr]    |
Dec 03 13:37:45.057 INFO [stderr] 29 |     hmenu: HMENU,
Dec 03 13:37:45.057 INFO [stderr]    |            ^^^^^ not found in this scope
Dec 03 13:37:45.057 INFO [stderr] 
Dec 03 13:37:45.057 INFO [stderr] error[E0425]: cannot find function `DestroyMenu` in this scope
Dec 03 13:37:45.057 INFO [stderr]   --> src/menu.rs:35:13
Dec 03 13:37:45.057 INFO [stderr]    |
Dec 03 13:37:45.057 INFO [stderr] 35 |             DestroyMenu(self.hmenu);
Dec 03 13:37:45.057 INFO [stderr]    |             ^^^^^^^^^^^ not found in this scope
Dec 03 13:37:45.057 INFO [stderr] 
Dec 03 13:37:45.057 INFO [stderr] error[E0425]: cannot find function `CreateMenu` in this scope
Dec 03 13:37:45.057 INFO [stderr]   --> src/menu.rs:43:25
Dec 03 13:37:45.057 INFO [stderr]    |
Dec 03 13:37:45.057 INFO [stderr] 43 |             let hmenu = CreateMenu();
Dec 03 13:37:45.057 INFO [stderr]    |                         ^^^^^^^^^^ not found in this scope
Dec 03 13:37:45.057 INFO [stderr] 
Dec 03 13:37:45.057 INFO [stderr] error[E0412]: cannot find type `HMENU` in this scope
Dec 03 13:37:45.057 INFO [stderr]   --> src/menu.rs:48:32
Dec 03 13:37:45.057 INFO [stderr]    |
Dec 03 13:37:45.057 INFO [stderr] 48 |     pub fn into_hmenu(self) -> HMENU {
Dec 03 13:37:45.057 INFO [stderr]    |                                ^^^^^ not found in this scope
Dec 03 13:37:45.057 INFO [stderr] 
Dec 03 13:37:45.057 INFO [stderr] error[E0425]: cannot find function `AppendMenuW` in this scope
Dec 03 13:37:45.057 INFO [stderr]   --> src/menu.rs:60:13
Dec 03 13:37:45.057 INFO [stderr]    |
Dec 03 13:37:45.057 INFO [stderr] 60 |             AppendMenuW(self.hmenu, MF_POPUP, menu.into_hmenu() as UINT_PTR,
Dec 03 13:37:45.057 INFO [stderr]    |             ^^^^^^^^^^^ not found in this scope
Dec 03 13:37:45.057 INFO [stderr] 
Dec 03 13:37:45.057 INFO [stderr] error[E0425]: cannot find value `MF_POPUP` in this scope
Dec 03 13:37:45.057 INFO [stderr]   --> src/menu.rs:60:37
Dec 03 13:37:45.057 INFO [stderr]    |
Dec 03 13:37:45.057 INFO [stderr] 60 |             AppendMenuW(self.hmenu, MF_POPUP, menu.into_hmenu() as UINT_PTR,
Dec 03 13:37:45.057 INFO [stderr]    |                                     ^^^^^^^^ not found in this scope
Dec 03 13:37:45.057 INFO [stderr] 
Dec 03 13:37:45.057 INFO [stderr] error[E0412]: cannot find type `UINT_PTR` in this scope
Dec 03 13:37:45.057 INFO [stderr]   --> src/menu.rs:60:68
Dec 03 13:37:45.057 INFO [stderr]    |
Dec 03 13:37:45.057 INFO [stderr] 60 |             AppendMenuW(self.hmenu, MF_POPUP, menu.into_hmenu() as UINT_PTR,
Dec 03 13:37:45.057 INFO [stderr]    |                                                                    ^^^^^^^^ not found in this scope
Dec 03 13:37:45.057 INFO [stderr] 
Dec 03 13:37:45.057 INFO [stderr] error[E0425]: cannot find function `AppendMenuW` in this scope
Dec 03 13:37:45.057 INFO [stderr]   --> src/menu.rs:68:13
Dec 03 13:37:45.057 INFO [stderr]    |
Dec 03 13:37:45.057 INFO [stderr] 68 |             AppendMenuW(self.hmenu, MF_STRING, id as UINT_PTR, text.to_wide().as_ptr());
Dec 03 13:37:45.057 INFO [stderr]    |             ^^^^^^^^^^^ not found in this scope
Dec 03 13:37:45.057 INFO [stderr] 
Dec 03 13:37:45.057 INFO [stderr] error[E0425]: cannot find value `MF_STRING` in this scope
Dec 03 13:37:45.057 INFO [stderr]   --> src/menu.rs:68:37
Dec 03 13:37:45.057 INFO [stderr]    |
Dec 03 13:37:45.057 INFO [stderr] 68 |             AppendMenuW(self.hmenu, MF_STRING, id as UINT_PTR, text.to_wide().as_ptr());
Dec 03 13:37:45.057 INFO [stderr]    |                                     ^^^^^^^^^ not found in this scope
Dec 03 13:37:45.057 INFO [stderr] 
Dec 03 13:37:45.057 INFO [stderr] error[E0412]: cannot find type `UINT_PTR` in this scope
Dec 03 13:37:45.057 INFO [stderr]   --> src/menu.rs:68:54
Dec 03 13:37:45.057 INFO [stderr]    |
Dec 03 13:37:45.057 INFO [stderr] 68 |             AppendMenuW(self.hmenu, MF_STRING, id as UINT_PTR, text.to_wide().as_ptr());
Dec 03 13:37:45.057 INFO [stderr]    |                                                      ^^^^^^^^ not found in this scope
Dec 03 13:37:45.057 INFO [stderr] 
Dec 03 13:37:45.057 INFO [stderr] error[E0425]: cannot find function `AppendMenuW` in this scope
Dec 03 13:37:45.057 INFO [stderr]   --> src/menu.rs:75:13
Dec 03 13:37:45.057 INFO [stderr]    |
Dec 03 13:37:45.057 INFO [stderr] 75 |             AppendMenuW(self.hmenu, MF_SEPARATOR, 0, null());
Dec 03 13:37:45.057 INFO [stderr]    |             ^^^^^^^^^^^ not found in this scope
Dec 03 13:37:45.057 INFO [stderr] 
Dec 03 13:37:45.057 INFO [stderr] error[E0425]: cannot find value `MF_SEPARATOR` in this scope
Dec 03 13:37:45.057 INFO [stderr]   --> src/menu.rs:75:37
Dec 03 13:37:45.057 INFO [stderr]    |
Dec 03 13:37:45.057 INFO [stderr] 75 |             AppendMenuW(self.hmenu, MF_SEPARATOR, 0, null());
Dec 03 13:37:45.057 INFO [stderr]    |                                     ^^^^^^^^^^^^ not found in this scope
Dec 03 13:37:45.057 INFO [stderr] 
Dec 03 13:37:45.057 INFO [stderr] error[E0412]: cannot find type `Factory` in module `direct2d`
Dec 03 13:37:45.057 INFO [stderr]   --> src/paint.rs:45:43
Dec 03 13:37:45.057 INFO [stderr]    |
Dec 03 13:37:45.057 INFO [stderr] 45 |     pub(crate) d2d_factory: &'a direct2d::Factory,
Dec 03 13:37:45.057 INFO [stderr]    |                                           ^^^^^^^ not found in `direct2d`
Dec 03 13:37:45.057 INFO [stderr] 
Dec 03 13:37:45.057 INFO [stderr] error[E0412]: cannot find type `Factory` in module `direct2d`
Dec 03 13:37:45.057 INFO [stderr]   --> src/paint.rs:49:67
Dec 03 13:37:45.057 INFO [stderr]    |
Dec 03 13:37:45.057 INFO [stderr] 49 | pub(crate) unsafe fn create_render_target(d2d_factory: &direct2d::Factory, hwnd: HWND)
Dec 03 13:37:45.057 INFO [stderr]    |                                                                   ^^^^^^^ not found in `direct2d`
Dec 03 13:37:45.057 INFO [stderr] 
Dec 03 13:37:45.057 INFO [stderr] error[E0412]: cannot find type `HWND` in this scope
Dec 03 13:37:45.057 INFO [stderr]   --> src/paint.rs:49:82
Dec 03 13:37:45.057 INFO [stderr]    |
Dec 03 13:37:45.058 INFO [stderr] 49 | pub(crate) unsafe fn create_render_target(d2d_factory: &direct2d::Factory, hwnd: HWND)
Dec 03 13:37:45.058 INFO [stderr]    |                                                                                  ^^^^ not found in this scope
Dec 03 13:37:45.058 INFO [stderr] 
Dec 03 13:37:45.058 INFO [stderr] error[E0412]: cannot find type `RECT` in this scope
Dec 03 13:37:45.058 INFO [stderr]   --> src/paint.rs:52:19
Dec 03 13:37:45.058 INFO [stderr]    |
Dec 03 13:37:45.058 INFO [stderr] 52 |     let mut rect: RECT = mem::uninitialized();
Dec 03 13:37:45.058 INFO [stderr]    |                   ^^^^ not found in this scope
Dec 03 13:37:45.058 INFO [stderr] 
Dec 03 13:37:45.058 INFO [stderr] error[E0425]: cannot find function `GetClientRect` in this scope
Dec 03 13:37:45.058 INFO [stderr]   --> src/paint.rs:53:5
Dec 03 13:37:45.058 INFO [stderr]    |
Dec 03 13:37:45.058 INFO [stderr] 53 |     GetClientRect(hwnd, &mut rect);
Dec 03 13:37:45.058 INFO [stderr]    |     ^^^^^^^^^^^^^ not found in this scope
Dec 03 13:37:45.058 INFO [stderr] 
Dec 03 13:37:45.058 INFO [stderr] error[E0412]: cannot find type `Factory` in module `direct2d`
Dec 03 13:37:45.058 INFO [stderr]   --> src/paint.rs:71:72
Dec 03 13:37:45.058 INFO [stderr]    |
Dec 03 13:37:45.058 INFO [stderr] 71 | pub(crate) unsafe fn create_render_target_dxgi(d2d_factory: &direct2d::Factory,
Dec 03 13:37:45.058 INFO [stderr]    |                                                                        ^^^^^^^ not found in `direct2d`
Dec 03 13:37:45.058 INFO [stderr] 
Dec 03 13:37:45.058 INFO [stderr] error[E0412]: cannot find type `IDXGISwapChain1` in this scope
Dec 03 13:37:45.058 INFO [stderr]   --> src/paint.rs:72:22
Dec 03 13:37:45.058 INFO [stderr]    |
Dec 03 13:37:45.058 INFO [stderr] 72 |     swap_chain: *mut IDXGISwapChain1, dpi: f32) -> Result<DxgiSurfaceRenderTarget, Error>
Dec 03 13:37:45.058 INFO [stderr]    |                      ^^^^^^^^^^^^^^^ not found in this scope
Dec 03 13:37:45.058 INFO [stderr] 
Dec 03 13:37:45.058 INFO [stderr] error[E0412]: cannot find type `IDXGISurface` in this scope
Dec 03 13:37:45.058 INFO [stderr]   --> src/paint.rs:74:26
Dec 03 13:37:45.058 INFO [stderr]    |
Dec 03 13:37:45.058 INFO [stderr] 74 |     let mut buffer: *mut IDXGISurface = null_mut();
Dec 03 13:37:45.058 INFO [stderr]    |                          ^^^^^^^^^^^^ not found in this scope
Dec 03 13:37:45.058 INFO [stderr] 
Dec 03 13:37:45.058 INFO [stderr] error[E0422]: cannot find struct, variant or union type `D2D1_RENDER_TARGET_PROPERTIES` in this scope
Dec 03 13:37:45.058 INFO [stderr]   --> src/paint.rs:77:17
Dec 03 13:37:45.058 INFO [stderr]    |
Dec 03 13:37:45.058 INFO [stderr] 77 |     let props = D2D1_RENDER_TARGET_PROPERTIES {
Dec 03 13:37:45.058 INFO [stderr]    |                 ^^^^^^^^^^^^^^^^^^^^^^^^^^^^^ not found in this scope
Dec 03 13:37:45.058 INFO [stderr] 
Dec 03 13:37:45.058 INFO [stderr] error[E0425]: cannot find value `D2D1_RENDER_TARGET_TYPE_DEFAULT` in this scope
Dec 03 13:37:45.058 INFO [stderr]   --> src/paint.rs:78:16
Dec 03 13:37:45.058 INFO [stderr]    |
Dec 03 13:37:45.058 INFO [stderr] 78 |         _type: D2D1_RENDER_TARGET_TYPE_DEFAULT,
Dec 03 13:37:45.058 INFO [stderr]    |                ^^^^^^^^^^^^^^^^^^^^^^^^^^^^^^^ not found in this scope
Dec 03 13:37:45.058 INFO [stderr] 
Dec 03 13:37:45.064 INFO [stderr] error[E0422]: cannot find struct, variant or union type `D2D1_PIXEL_FORMAT` in this scope
Dec 03 13:37:45.064 INFO [stderr]   --> src/paint.rs:79:22
Dec 03 13:37:45.064 INFO [stderr]    |
Dec 03 13:37:45.064 INFO [stderr] 79 |         pixelFormat: D2D1_PIXEL_FORMAT {
Dec 03 13:37:45.064 INFO [stderr]    |                      ^^^^^^^^^^^^^^^^^ not found in this scope
Dec 03 13:37:45.064 INFO [stderr] 
Dec 03 13:37:45.064 INFO [stderr] error[E0425]: cannot find value `DXGI_FORMAT_B8G8R8A8_UNORM` in this scope
Dec 03 13:37:45.064 INFO [stderr]   --> src/paint.rs:80:21
Dec 03 13:37:45.064 INFO [stderr]    |
Dec 03 13:37:45.064 INFO [stderr] 80 |             format: DXGI_FORMAT_B8G8R8A8_UNORM,
Dec 03 13:37:45.064 INFO [stderr]    |                     ^^^^^^^^^^^^^^^^^^^^^^^^^^ not found in this scope
Dec 03 13:37:45.064 INFO [stderr] 
Dec 03 13:37:45.064 INFO [stderr] error[E0425]: cannot find value `D2D1_ALPHA_MODE_IGNORE` in this scope
Dec 03 13:37:45.064 INFO [stderr]   --> src/paint.rs:81:24
Dec 03 13:37:45.064 INFO [stderr]    |
Dec 03 13:37:45.064 INFO [stderr] 81 |             alphaMode: D2D1_ALPHA_MODE_IGNORE,
Dec 03 13:37:45.064 INFO [stderr]    |                        ^^^^^^^^^^^^^^^^^^^^^^ not found in this scope
Dec 03 13:37:45.064 INFO [stderr] 
Dec 03 13:37:45.064 INFO [stderr] error[E0425]: cannot find value `D2D1_RENDER_TARGET_USAGE_NONE` in this scope
Dec 03 13:37:45.064 INFO [stderr]   --> src/paint.rs:85:16
Dec 03 13:37:45.064 INFO [stderr]    |
Dec 03 13:37:45.064 INFO [stderr] 85 |         usage: D2D1_RENDER_TARGET_USAGE_NONE,
Dec 03 13:37:45.064 INFO [stderr]    |                ^^^^^^^^^^^^^^^^^^^^^^^^^^^^^ not found in this scope
Dec 03 13:37:45.064 INFO [stderr] 
Dec 03 13:37:45.064 INFO [stderr] error[E0425]: cannot find value `D2D1_FEATURE_LEVEL_DEFAULT` in this scope
Dec 03 13:37:45.064 INFO [stderr]   --> src/paint.rs:86:19
Dec 03 13:37:45.064 INFO [stderr]    |
Dec 03 13:37:45.064 INFO [stderr] 86 |         minLevel: D2D1_FEATURE_LEVEL_DEFAULT,
Dec 03 13:37:45.064 INFO [stderr]    |                   ^^^^^^^^^^^^^^^^^^^^^^^^^^ not found in this scope
Dec 03 13:37:45.064 INFO [stderr] 
Dec 03 13:37:45.064 INFO [stderr] error[E0412]: cannot find type `ID2D1RenderTarget` in this scope
Dec 03 13:37:45.064 INFO [stderr]   --> src/paint.rs:89:33
Dec 03 13:37:45.064 INFO [stderr]    |
Dec 03 13:37:45.064 INFO [stderr] 89 |     let mut render_target: *mut ID2D1RenderTarget = null_mut();
Dec 03 13:37:45.064 INFO [stderr]    |                                 ^^^^^^^^^^^^^^^^^ not found in this scope
Dec 03 13:37:45.064 INFO [stderr] 
Dec 03 13:37:45.064 INFO [stderr] error[E0425]: cannot find function `SUCCEEDED` in this scope
Dec 03 13:37:45.064 INFO [stderr]   --> src/paint.rs:93:8
Dec 03 13:37:45.064 INFO [stderr]    |
Dec 03 13:37:45.064 INFO [stderr] 93 |     if SUCCEEDED(res) {
Dec 03 13:37:45.064 INFO [stderr]    |        ^^^^^^^^^ not found in this scope
Dec 03 13:37:45.064 INFO [stderr] 
Dec 03 13:37:45.064 INFO [stderr] error[E0412]: cannot find type `Factory` in module `direct2d`
Dec 03 13:37:45.064 INFO [stderr]    --> src/paint.rs:105:45
Dec 03 13:37:45.064 INFO [stderr]     |
Dec 03 13:37:45.064 INFO [stderr] 105 |     pub fn d2d_factory(&self) -> &direct2d::Factory {
Dec 03 13:37:45.064 INFO [stderr]     |                                             ^^^^^^^ not found in `direct2d`
Dec 03 13:37:45.064 INFO [stderr] 
Dec 03 13:37:45.064 INFO [stderr] error[E0412]: cannot find type `HRESULT` in this scope
Dec 03 13:37:45.064 INFO [stderr]   --> src/util.rs:49:8
Dec 03 13:37:45.064 INFO [stderr]    |
Dec 03 13:37:45.064 INFO [stderr] 49 |     Hr(HRESULT),
Dec 03 13:37:45.064 INFO [stderr]    |        ^^^^^^^ not found in this scope
Dec 03 13:37:45.064 INFO [stderr] 
Dec 03 13:37:45.064 INFO [stderr] error[E0412]: cannot find type `HRESULT` in this scope
Dec 03 13:37:45.064 INFO [stderr]   --> src/util.rs:67:22
Dec 03 13:37:45.064 INFO [stderr]    |
Dec 03 13:37:45.064 INFO [stderr] 67 | pub fn as_result(hr: HRESULT) -> Result<(), Error> {
Dec 03 13:37:45.064 INFO [stderr]    |                      ^^^^^^^ not found in this scope
Dec 03 13:37:45.064 INFO [stderr] 
Dec 03 13:37:45.064 INFO [stderr] error[E0425]: cannot find function `SUCCEEDED` in this scope
Dec 03 13:37:45.064 INFO [stderr]   --> src/util.rs:68:8
Dec 03 13:37:45.064 INFO [stderr]    |
Dec 03 13:37:45.064 INFO [stderr] 68 |     if SUCCEEDED(hr) {
Dec 03 13:37:45.064 INFO [stderr]    |        ^^^^^^^^^ not found in this scope
Dec 03 13:37:45.064 INFO [stderr] 
Dec 03 13:37:45.064 INFO [stderr] error[E0412]: cannot find type `HRESULT` in this scope
Dec 03 13:37:45.064 INFO [stderr]   --> src/util.rs:75:11
Dec 03 13:37:45.064 INFO [stderr]    |
Dec 03 13:37:45.064 INFO [stderr] 75 | impl From<HRESULT> for Error {
Dec 03 13:37:45.064 INFO [stderr]    |           ^^^^^^^ not found in this scope
Dec 03 13:37:45.064 INFO [stderr] 
Dec 03 13:37:45.064 INFO [stderr] error[E0412]: cannot find type `HRESULT` in this scope
Dec 03 13:37:45.064 INFO [stderr]   --> src/util.rs:76:17
Dec 03 13:37:45.064 INFO [stderr]    |
Dec 03 13:37:45.064 INFO [stderr] 76 |     fn from(hr: HRESULT) -> Error {
Dec 03 13:37:45.064 INFO [stderr]    |                 ^^^^^^^ not found in this scope
Dec 03 13:37:45.064 INFO [stderr] 
Dec 03 13:37:45.064 INFO [stderr] error[E0412]: cannot find type `LPWSTR` in this scope
Dec 03 13:37:45.065 INFO [stderr]    --> src/util.rs:107:19
Dec 03 13:37:45.065 INFO [stderr]     |
Dec 03 13:37:45.065 INFO [stderr] 107 | impl FromWide for LPWSTR {
Dec 03 13:37:45.065 INFO [stderr]     |                   ^^^^^^ not found in this scope
Dec 03 13:37:45.065 INFO [stderr] 
Dec 03 13:37:45.065 INFO [stderr] error[E0412]: cannot find type `UINT` in this scope
Dec 03 13:37:45.065 INFO [stderr]    --> src/util.rs:125:55
Dec 03 13:37:45.065 INFO [stderr]     |
Dec 03 13:37:45.065 INFO [stderr] 125 | type GetDpiForSystem = unsafe extern "system" fn() -> UINT;
Dec 03 13:37:45.065 INFO [stderr]     |                                                       ^^^^ not found in this scope
Dec 03 13:37:45.065 INFO [stderr] 
Dec 03 13:37:45.065 INFO [stderr] error[E0412]: cannot find type `HMONITOR` in this scope
Dec 03 13:37:45.065 INFO [stderr]    --> src/util.rs:126:51
Dec 03 13:37:45.065 INFO [stderr]     |
Dec 03 13:37:45.065 INFO [stderr] 126 | type GetDpiForMonitor = unsafe extern "system" fn(HMONITOR, MONITOR_DPI_TYPE, *mut UINT, *mut UINT);
Dec 03 13:37:45.065 INFO [stderr]     |                                                   ^^^^^^^^ not found in this scope
Dec 03 13:37:45.065 INFO [stderr] 
Dec 03 13:37:45.065 INFO [stderr] error[E0412]: cannot find type `MONITOR_DPI_TYPE` in this scope
Dec 03 13:37:45.065 INFO [stderr]    --> src/util.rs:126:61
Dec 03 13:37:45.065 INFO [stderr]     |
Dec 03 13:37:45.065 INFO [stderr] 126 | type GetDpiForMonitor = unsafe extern "system" fn(HMONITOR, MONITOR_DPI_TYPE, *mut UINT, *mut UINT);
Dec 03 13:37:45.065 INFO [stderr]     |                                                             ^^^^^^^^^^^^^^^^ not found in this scope
Dec 03 13:37:45.065 INFO [stderr] 
Dec 03 13:37:45.065 INFO [stderr] error[E0412]: cannot find type `UINT` in this scope
Dec 03 13:37:45.065 INFO [stderr]    --> src/util.rs:126:84
Dec 03 13:37:45.065 INFO [stderr]     |
Dec 03 13:37:45.065 INFO [stderr] 126 | type GetDpiForMonitor = unsafe extern "system" fn(HMONITOR, MONITOR_DPI_TYPE, *mut UINT, *mut UINT);
Dec 03 13:37:45.065 INFO [stderr]     |                                                                                    ^^^^ not found in this scope
Dec 03 13:37:45.065 INFO [stderr] 
Dec 03 13:37:45.065 INFO [stderr] error[E0412]: cannot find type `UINT` in this scope
Dec 03 13:37:45.065 INFO [stderr]    --> src/util.rs:126:95
Dec 03 13:37:45.065 INFO [stderr]     |
Dec 03 13:37:45.065 INFO [stderr] 126 | type GetDpiForMonitor = unsafe extern "system" fn(HMONITOR, MONITOR_DPI_TYPE, *mut UINT, *mut UINT);
Dec 03 13:37:45.065 INFO [stderr]     |                                                                                               ^^^^ not found in this scope
Dec 03 13:37:45.065 INFO [stderr] 
Dec 03 13:37:45.065 INFO [stderr] error[E0412]: cannot find type `PROCESS_DPI_AWARENESS` in this scope
Dec 03 13:37:45.065 INFO [stderr]    --> src/util.rs:128:57
Dec 03 13:37:45.065 INFO [stderr]     |
Dec 03 13:37:45.065 INFO [stderr] 128 | type SetProcessDpiAwareness = unsafe extern "system" fn(PROCESS_DPI_AWARENESS) -> HRESULT;
Dec 03 13:37:45.065 INFO [stderr]     |                                                         ^^^^^^^^^^^^^^^^^^^^^ not found in this scope
Dec 03 13:37:45.065 INFO [stderr] 
Dec 03 13:37:45.065 INFO [stderr] error[E0412]: cannot find type `HRESULT` in this scope
Dec 03 13:37:45.065 INFO [stderr]    --> src/util.rs:128:83
Dec 03 13:37:45.065 INFO [stderr]     |
Dec 03 13:37:45.065 INFO [stderr] 128 | type SetProcessDpiAwareness = unsafe extern "system" fn(PROCESS_DPI_AWARENESS) -> HRESULT;
Dec 03 13:37:45.065 INFO [stderr]     |                                                                                   ^^^^^^^ not found in this scope
Dec 03 13:37:45.065 INFO [stderr] 
Dec 03 13:37:45.065 INFO [stderr] error[E0412]: cannot find type `IUnknown` in this scope
Dec 03 13:37:45.065 INFO [stderr]    --> src/util.rs:130:29
Dec 03 13:37:45.065 INFO [stderr]     |
Dec 03 13:37:45.065 INFO [stderr] 130 |     renderingDevice: *const IUnknown,
Dec 03 13:37:45.065 INFO [stderr]     |                             ^^^^^^^^ not found in this scope
Dec 03 13:37:45.065 INFO [stderr] 
Dec 03 13:37:45.065 INFO [stderr] error[E0412]: cannot find type `REFIID` in this scope
Dec 03 13:37:45.065 INFO [stderr]    --> src/util.rs:131:10
Dec 03 13:37:45.065 INFO [stderr]     |
Dec 03 13:37:45.065 INFO [stderr] 131 |     iid: REFIID,
Dec 03 13:37:45.065 INFO [stderr]     |          ^^^^^^ not found in this scope
Dec 03 13:37:45.065 INFO [stderr] 
Dec 03 13:37:45.065 INFO [stderr] error[E0412]: cannot find type `HRESULT` in this scope
Dec 03 13:37:45.065 INFO [stderr]    --> src/util.rs:133:6
Dec 03 13:37:45.065 INFO [stderr]     |
Dec 03 13:37:45.065 INFO [stderr] 133 | ) -> HRESULT;
Dec 03 13:37:45.065 INFO [stderr]     |      ^^^^^^^ not found in this scope
Dec 03 13:37:45.065 INFO [stderr] 
Dec 03 13:37:45.065 INFO [stderr] error[E0412]: cannot find type `UINT` in this scope
Dec 03 13:37:45.065 INFO [stderr]    --> src/util.rs:135:12
Dec 03 13:37:45.065 INFO [stderr]     |
Dec 03 13:37:45.065 INFO [stderr] 135 |     Flags: UINT,
Dec 03 13:37:45.065 INFO [stderr]     |            ^^^^ not found in this scope
Dec 03 13:37:45.065 INFO [stderr] 
Dec 03 13:37:45.065 INFO [stderr] error[E0412]: cannot find type `REFIID` in this scope
Dec 03 13:37:45.065 INFO [stderr]    --> src/util.rs:136:11
Dec 03 13:37:45.065 INFO [stderr]     |
Dec 03 13:37:45.065 INFO [stderr] 136 |     riid: REFIID,
Dec 03 13:37:45.065 INFO [stderr]     |           ^^^^^^ not found in this scope
Dec 03 13:37:45.065 INFO [stderr] 
Dec 03 13:37:45.065 INFO [stderr] error[E0412]: cannot find type `HRESULT` in this scope
Dec 03 13:37:45.065 INFO [stderr]    --> src/util.rs:138:6
Dec 03 13:37:45.065 INFO [stderr]     |
Dec 03 13:37:45.065 INFO [stderr] 138 | ) -> HRESULT;
Dec 03 13:37:45.065 INFO [stderr]     |      ^^^^^^^ not found in this scope
Dec 03 13:37:45.065 INFO [stderr] 
Dec 03 13:37:45.065 INFO [stderr] error[E0412]: cannot find type `HMODULE` in this scope
Dec 03 13:37:45.065 INFO [stderr]    --> src/util.rs:176:36
Dec 03 13:37:45.065 INFO [stderr]     |
Dec 03 13:37:45.065 INFO [stderr] 176 |     fn load_library(name: &str) -> HMODULE {
Dec 03 13:37:45.065 INFO [stderr]     |                                    ^^^^^^^ not found in this scope
Dec 03 13:37:45.065 INFO [stderr] 
Dec 03 13:37:45.065 INFO [stderr] error[E0425]: cannot find function `GetModuleHandleW` in this scope
Dec 03 13:37:45.065 INFO [stderr]    --> src/util.rs:181:32
Dec 03 13:37:45.065 INFO [stderr]     |
Dec 03 13:37:45.066 INFO [stderr] 181 |         let library = unsafe { GetModuleHandleW(encoded_name.as_ptr()) };
Dec 03 13:37:45.066 INFO [stderr]     |                                ^^^^^^^^^^^^^^^^ not found in this scope
Dec 03 13:37:45.066 INFO [stderr] 
Dec 03 13:37:45.066 INFO [stderr] error[E0425]: cannot find function `LoadLibraryW` in this scope
Dec 03 13:37:45.066 INFO [stderr]    --> src/util.rs:186:32
Dec 03 13:37:45.066 INFO [stderr]     |
Dec 03 13:37:45.066 INFO [stderr] 186 |         let library = unsafe { LoadLibraryW(encoded_name.as_ptr()) };
Dec 03 13:37:45.066 INFO [stderr]     |                                ^^^^^^^^^^^^ did you mean `load_library`?
Dec 03 13:37:45.066 INFO [stderr] 
Dec 03 13:37:45.066 INFO [stderr] error[E0425]: cannot find function `GetProcAddress` in this scope
Dec 03 13:37:45.066 INFO [stderr]    --> src/util.rs:162:41
Dec 03 13:37:45.066 INFO [stderr]     |
Dec 03 13:37:45.066 INFO [stderr] 162 |             let function_ptr = unsafe { GetProcAddress($lib, cstr.as_ptr()) };
Dec 03 13:37:45.066 INFO [stderr]     |                                         ^^^^^^^^^^^^^^ not found in this scope
Dec 03 13:37:45.066 INFO [stderr] ...
Dec 03 13:37:45.066 INFO [stderr] 204 |         load_function!(shcore, SetProcessDpiAwareness, "8.1");
Dec 03 13:37:45.066 INFO [stderr]     |         ------------------------------------------------------ in this macro invocation
Dec 03 13:37:45.066 INFO [stderr] 
Dec 03 13:37:45.066 INFO [stderr] error[E0425]: cannot find function `GetProcAddress` in this scope
Dec 03 13:37:45.066 INFO [stderr]    --> src/util.rs:162:41
Dec 03 13:37:45.066 INFO [stderr]     |
Dec 03 13:37:45.066 INFO [stderr] 162 |             let function_ptr = unsafe { GetProcAddress($lib, cstr.as_ptr()) };
Dec 03 13:37:45.066 INFO [stderr]     |                                         ^^^^^^^^^^^^^^ not found in this scope
Dec 03 13:37:45.066 INFO [stderr] ...
Dec 03 13:37:45.066 INFO [stderr] 205 |         load_function!(shcore, GetDpiForMonitor, "8.1");
Dec 03 13:37:45.066 INFO [stderr]     |         ------------------------------------------------ in this macro invocation
Dec 03 13:37:45.066 INFO [stderr] 
Dec 03 13:37:45.066 INFO [stderr] error[E0425]: cannot find function `GetProcAddress` in this scope
Dec 03 13:37:45.066 INFO [stderr]    --> src/util.rs:162:41
Dec 03 13:37:45.066 INFO [stderr]     |
Dec 03 13:37:45.066 INFO [stderr] 162 |             let function_ptr = unsafe { GetProcAddress($lib, cstr.as_ptr()) };
Dec 03 13:37:45.066 INFO [stderr]     |                                         ^^^^^^^^^^^^^^ not found in this scope
Dec 03 13:37:45.066 INFO [stderr] ...
Dec 03 13:37:45.066 INFO [stderr] 211 |         load_function!(user32, GetDpiForSystem, "10");
Dec 03 13:37:45.066 INFO [stderr]     |         ---------------------------------------------- in this macro invocation
Dec 03 13:37:45.066 INFO [stderr] 
Dec 03 13:37:45.066 INFO [stderr] error[E0425]: cannot find function `GetProcAddress` in this scope
Dec 03 13:37:45.066 INFO [stderr]    --> src/util.rs:162:41
Dec 03 13:37:45.066 INFO [stderr]     |
Dec 03 13:37:45.066 INFO [stderr] 162 |             let function_ptr = unsafe { GetProcAddress($lib, cstr.as_ptr()) };
Dec 03 13:37:45.066 INFO [stderr]     |                                         ^^^^^^^^^^^^^^ not found in this scope
Dec 03 13:37:45.066 INFO [stderr] ...
Dec 03 13:37:45.066 INFO [stderr] 215 |         load_function!(dcomp, DCompositionCreateDevice2, "8.1");
Dec 03 13:37:45.066 INFO [stderr]     |         -------------------------------------------------------- in this macro invocation
Dec 03 13:37:45.066 INFO [stderr] 
Dec 03 13:37:45.066 INFO [stderr] error[E0425]: cannot find function `GetProcAddress` in this scope
Dec 03 13:37:45.066 INFO [stderr]    --> src/util.rs:162:41
Dec 03 13:37:45.066 INFO [stderr]     |
Dec 03 13:37:45.066 INFO [stderr] 162 |             let function_ptr = unsafe { GetProcAddress($lib, cstr.as_ptr()) };
Dec 03 13:37:45.066 INFO [stderr]     |                                         ^^^^^^^^^^^^^^ not found in this scope
Dec 03 13:37:45.066 INFO [stderr] ...
Dec 03 13:37:45.066 INFO [stderr] 219 |         load_function!(dxgi, CreateDXGIFactory2, "8.1");
Dec 03 13:37:45.066 INFO [stderr]     |         ------------------------------------------------ in this macro invocation
Dec 03 13:37:45.066 INFO [stderr] 
Dec 03 13:37:45.066 INFO [stderr] error[E0425]: cannot find value `PROCESS_SYSTEM_DPI_AWARE` in this scope
Dec 03 13:37:45.066 INFO [stderr]    --> src/util.rs:241:18
Dec 03 13:37:45.066 INFO [stderr]     |
Dec 03 13:37:45.066 INFO [stderr] 241 |             func(PROCESS_SYSTEM_DPI_AWARE); // TODO: per monitor (much harder)
Dec 03 13:37:45.066 INFO [stderr]     |                  ^^^^^^^^^^^^^^^^^^^^^^^^ not found in this scope
Dec 03 13:37:45.066 INFO [stderr] 
Dec 03 13:37:45.066 INFO [stderr] error[E0425]: cannot find function `GetStdHandle` in this scope
Dec 03 13:37:45.066 INFO [stderr]    --> src/util.rs:274:22
Dec 03 13:37:45.066 INFO [stderr]     |
Dec 03 13:37:45.066 INFO [stderr] 274 |         let stdout = GetStdHandle(STD_OUTPUT_HANDLE);
Dec 03 13:37:45.066 INFO [stderr]     |                      ^^^^^^^^^^^^ not found in this scope
Dec 03 13:37:45.066 INFO [stderr] 
Dec 03 13:37:45.066 INFO [stderr] error[E0425]: cannot find value `STD_OUTPUT_HANDLE` in this scope
Dec 03 13:37:45.066 INFO [stderr]    --> src/util.rs:274:35
Dec 03 13:37:45.066 INFO [stderr]     |
Dec 03 13:37:45.066 INFO [stderr] 274 |         let stdout = GetStdHandle(STD_OUTPUT_HANDLE);
Dec 03 13:37:45.066 INFO [stderr]     |                                   ^^^^^^^^^^^^^^^^^ not found in this scope
Dec 03 13:37:45.066 INFO [stderr] 
Dec 03 13:37:45.066 INFO [stderr] error[E0425]: cannot find value `INVALID_HANDLE_VALUE` in this scope
Dec 03 13:37:45.066 INFO [stderr]    --> src/util.rs:275:22
Dec 03 13:37:45.066 INFO [stderr]     |
Dec 03 13:37:45.066 INFO [stderr] 275 |         if stdout != INVALID_HANDLE_VALUE && GetFileType(stdout) != FILE_TYPE_UNKNOWN {
Dec 03 13:37:45.066 INFO [stderr]     |                      ^^^^^^^^^^^^^^^^^^^^ not found in this scope
Dec 03 13:37:45.066 INFO [stderr] 
Dec 03 13:37:45.066 INFO [stderr] error[E0425]: cannot find function `GetFileType` in this scope
Dec 03 13:37:45.066 INFO [stderr]    --> src/util.rs:275:46
Dec 03 13:37:45.066 INFO [stderr]     |
Dec 03 13:37:45.066 INFO [stderr] 275 |         if stdout != INVALID_HANDLE_VALUE && GetFileType(stdout) != FILE_TYPE_UNKNOWN {
Dec 03 13:37:45.066 INFO [stderr]     |                                              ^^^^^^^^^^^ not found in this scope
Dec 03 13:37:45.066 INFO [stderr] 
Dec 03 13:37:45.066 INFO [stderr] error[E0425]: cannot find value `FILE_TYPE_UNKNOWN` in this scope
Dec 03 13:37:45.066 INFO [stderr]    --> src/util.rs:275:69
Dec 03 13:37:45.066 INFO [stderr]     |
Dec 03 13:37:45.066 INFO [stderr] 275 |         if stdout != INVALID_HANDLE_VALUE && GetFileType(stdout) != FILE_TYPE_UNKNOWN {
Dec 03 13:37:45.066 INFO [stderr]     |                                                                     ^^^^^^^^^^^^^^^^^ not found in this scope
Dec 03 13:37:45.066 INFO [stderr] 
Dec 03 13:37:45.066 INFO [stderr] error[E0425]: cannot find function `AttachConsole` in this scope
Dec 03 13:37:45.067 INFO [stderr]    --> src/util.rs:281:12
Dec 03 13:37:45.067 INFO [stderr]     |
Dec 03 13:37:45.067 INFO [stderr] 281 |         if AttachConsole(ATTACH_PARENT_PROCESS) > 0 {
Dec 03 13:37:45.067 INFO [stderr]     |            ^^^^^^^^^^^^^ did you mean `attach_console`?
Dec 03 13:37:45.067 INFO [stderr] 
Dec 03 13:37:45.067 INFO [stderr] error[E0425]: cannot find value `ATTACH_PARENT_PROCESS` in this scope
Dec 03 13:37:45.067 INFO [stderr]    --> src/util.rs:281:26
Dec 03 13:37:45.067 INFO [stderr]     |
Dec 03 13:37:45.067 INFO [stderr] 281 |         if AttachConsole(ATTACH_PARENT_PROCESS) > 0 {
Dec 03 13:37:45.067 INFO [stderr]     |                          ^^^^^^^^^^^^^^^^^^^^^ not found in this scope
Dec 03 13:37:45.067 INFO [stderr] 
Dec 03 13:37:45.067 INFO [stderr] error[E0425]: cannot find function `CreateFileA` in this scope
Dec 03 13:37:45.067 INFO [stderr]    --> src/util.rs:282:24
Dec 03 13:37:45.067 INFO [stderr]     |
Dec 03 13:37:45.067 INFO [stderr] 282 |             let chnd = CreateFileA(
Dec 03 13:37:45.067 INFO [stderr]     |                        ^^^^^^^^^^^ not found in this scope
Dec 03 13:37:45.067 INFO [stderr] 
Dec 03 13:37:45.067 INFO [stderr] error[E0425]: cannot find value `GENERIC_READ` in this scope
Dec 03 13:37:45.067 INFO [stderr]    --> src/util.rs:284:17
Dec 03 13:37:45.067 INFO [stderr]     |
Dec 03 13:37:45.067 INFO [stderr] 284 |                 GENERIC_READ | GENERIC_WRITE,
Dec 03 13:37:45.067 INFO [stderr]     |                 ^^^^^^^^^^^^ not found in this scope
Dec 03 13:37:45.067 INFO [stderr] 
Dec 03 13:37:45.068 INFO [stderr] error[E0425]: cannot find value `GENERIC_WRITE` in this scope
Dec 03 13:37:45.068 INFO [stderr]    --> src/util.rs:284:32
Dec 03 13:37:45.068 INFO [stderr]     |
Dec 03 13:37:45.068 INFO [stderr] 284 |                 GENERIC_READ | GENERIC_WRITE,
Dec 03 13:37:45.068 INFO [stderr]     |                                ^^^^^^^^^^^^^ not found in this scope
Dec 03 13:37:45.068 INFO [stderr] 
Dec 03 13:37:45.068 INFO [stderr] error[E0425]: cannot find value `FILE_SHARE_WRITE` in this scope
Dec 03 13:37:45.068 INFO [stderr]    --> src/util.rs:285:17
Dec 03 13:37:45.068 INFO [stderr]     |
Dec 03 13:37:45.068 INFO [stderr] 285 |                 FILE_SHARE_WRITE,
Dec 03 13:37:45.068 INFO [stderr]     |                 ^^^^^^^^^^^^^^^^ not found in this scope
Dec 03 13:37:45.068 INFO [stderr] 
Dec 03 13:37:45.068 INFO [stderr] error[E0425]: cannot find value `OPEN_EXISTING` in this scope
Dec 03 13:37:45.068 INFO [stderr]    --> src/util.rs:287:17
Dec 03 13:37:45.068 INFO [stderr]     |
Dec 03 13:37:45.068 INFO [stderr] 287 |                 OPEN_EXISTING,
Dec 03 13:37:45.068 INFO [stderr]     |                 ^^^^^^^^^^^^^ not found in this scope
Dec 03 13:37:45.068 INFO [stderr] 
Dec 03 13:37:45.068 INFO [stderr] error[E0425]: cannot find value `INVALID_HANDLE_VALUE` in this scope
Dec 03 13:37:45.068 INFO [stderr]    --> src/util.rs:291:24
Dec 03 13:37:45.068 INFO [stderr]     |
Dec 03 13:37:45.068 INFO [stderr] 291 |             if chnd == INVALID_HANDLE_VALUE {
Dec 03 13:37:45.068 INFO [stderr]     |                        ^^^^^^^^^^^^^^^^^^^^ not found in this scope
Dec 03 13:37:45.068 INFO [stderr] 
Dec 03 13:37:45.068 INFO [stderr] error[E0425]: cannot find function `SetStdHandle` in this scope
Dec 03 13:37:45.068 INFO [stderr]    --> src/util.rs:296:13
Dec 03 13:37:45.068 INFO [stderr]     |
Dec 03 13:37:45.068 INFO [stderr] 296 |             SetStdHandle(STD_OUTPUT_HANDLE, chnd);
Dec 03 13:37:45.068 INFO [stderr]     |             ^^^^^^^^^^^^ not found in this scope
Dec 03 13:37:45.068 INFO [stderr] 
Dec 03 13:37:45.068 INFO [stderr] error[E0425]: cannot find value `STD_OUTPUT_HANDLE` in this scope
Dec 03 13:37:45.068 INFO [stderr]    --> src/util.rs:296:26
Dec 03 13:37:45.068 INFO [stderr]     |
Dec 03 13:37:45.068 INFO [stderr] 296 |             SetStdHandle(STD_OUTPUT_HANDLE, chnd);
Dec 03 13:37:45.068 INFO [stderr]     |                          ^^^^^^^^^^^^^^^^^ not found in this scope
Dec 03 13:37:45.068 INFO [stderr] 
Dec 03 13:37:45.068 INFO [stderr] error[E0425]: cannot find function `SetStdHandle` in this scope
Dec 03 13:37:45.068 INFO [stderr]    --> src/util.rs:297:13
Dec 03 13:37:45.068 INFO [stderr]     |
Dec 03 13:37:45.068 INFO [stderr] 297 |             SetStdHandle(STD_ERROR_HANDLE, chnd);
Dec 03 13:37:45.068 INFO [stderr]     |             ^^^^^^^^^^^^ not found in this scope
Dec 03 13:37:45.068 INFO [stderr] 
Dec 03 13:37:45.068 INFO [stderr] error[E0425]: cannot find value `STD_ERROR_HANDLE` in this scope
Dec 03 13:37:45.068 INFO [stderr]    --> src/util.rs:297:26
Dec 03 13:37:45.068 INFO [stderr]     |
Dec 03 13:37:45.068 INFO [stderr] 297 |             SetStdHandle(STD_ERROR_HANDLE, chnd);
Dec 03 13:37:45.068 INFO [stderr]     |                          ^^^^^^^^^^^^^^^^ not found in this scope
Dec 03 13:37:45.068 INFO [stderr] 
Dec 03 13:37:45.068 INFO [stderr] error[E0412]: cannot find type `HANDLE` in this scope
Dec 03 13:37:45.068 INFO [stderr]   --> src/win_main.rs:37:8
Dec 03 13:37:45.068 INFO [stderr]    |
Dec 03 13:37:45.068 INFO [stderr] 37 |     h: HANDLE,
Dec 03 13:37:45.068 INFO [stderr]    |        ^^^^^^ not found in this scope
Dec 03 13:37:45.068 INFO [stderr] 
Dec 03 13:37:45.068 INFO [stderr] error[E0412]: cannot find type `HACCEL` in this scope
Dec 03 13:37:45.068 INFO [stderr]   --> src/win_main.rs:43:12
Dec 03 13:37:45.068 INFO [stderr]    |
Dec 03 13:37:45.068 INFO [stderr] 43 |     accel: HACCEL,
Dec 03 13:37:45.068 INFO [stderr]    |            ^^^^^^ not found in this scope
Dec 03 13:37:45.068 INFO [stderr] 
Dec 03 13:37:45.068 INFO [stderr] error[E0412]: cannot find type `ACCEL` in this scope
Dec 03 13:37:45.068 INFO [stderr]   --> src/win_main.rs:61:42
Dec 03 13:37:45.068 INFO [stderr]    |
Dec 03 13:37:45.068 INFO [stderr] 61 |     pub fn set_accel(&mut self, accel: &[ACCEL]) {
Dec 03 13:37:45.068 INFO [stderr]    |                                          ^^^^^ not found in this scope
Dec 03 13:37:45.068 INFO [stderr] 
Dec 03 13:37:45.068 INFO [stderr] error[E0425]: cannot find function `CreateAcceleratorTableW` in this scope
Dec 03 13:37:45.068 INFO [stderr]   --> src/win_main.rs:63:26
Dec 03 13:37:45.068 INFO [stderr]    |
Dec 03 13:37:45.068 INFO [stderr] 63 |             self.accel = CreateAcceleratorTableW(accel as *const _ as *mut _,
Dec 03 13:37:45.068 INFO [stderr]    |                          ^^^^^^^^^^^^^^^^^^^^^^^ not found in this scope
Dec 03 13:37:45.068 INFO [stderr] 
Dec 03 13:37:45.068 INFO [stderr] error[E0425]: cannot find function `MsgWaitForMultipleObjectsEx` in this scope
Dec 03 13:37:45.068 INFO [stderr]   --> src/win_main.rs:77:27
Dec 03 13:37:45.069 INFO [stderr]    |
Dec 03 13:37:45.069 INFO [stderr] 77 |                 let res = MsgWaitForMultipleObjectsEx(
Dec 03 13:37:45.069 INFO [stderr]    |                           ^^^^^^^^^^^^^^^^^^^^^^^^^^^ not found in this scope
Dec 03 13:37:45.069 INFO [stderr] 
Dec 03 13:37:45.069 INFO [stderr] error[E0425]: cannot find value `INFINITE` in this scope
Dec 03 13:37:45.069 INFO [stderr]   --> src/win_main.rs:80:21
Dec 03 13:37:45.069 INFO [stderr]    |
Dec 03 13:37:45.069 INFO [stderr] 80 |                     INFINITE,
Dec 03 13:37:45.069 INFO [stderr]    |                     ^^^^^^^^ not found in this scope
Dec 03 13:37:45.069 INFO [stderr] 
Dec 03 13:37:45.069 INFO [stderr] error[E0425]: cannot find value `QS_ALLEVENTS` in this scope
Dec 03 13:37:45.069 INFO [stderr]   --> src/win_main.rs:81:21
Dec 03 13:37:45.069 INFO [stderr]    |
Dec 03 13:37:45.069 INFO [stderr] 81 |                     QS_ALLEVENTS,
Dec 03 13:37:45.069 INFO [stderr]    |                     ^^^^^^^^^^^^ not found in this scope
Dec 03 13:37:45.069 INFO [stderr] 
Dec 03 13:37:45.069 INFO [stderr] error[E0425]: cannot find value `WAIT_OBJECT_0` in this scope
Dec 03 13:37:45.069 INFO [stderr]   --> src/win_main.rs:86:27
Dec 03 13:37:45.069 INFO [stderr]    |
Dec 03 13:37:45.069 INFO [stderr] 86 |                 if res >= WAIT_OBJECT_0 && res < WAIT_OBJECT_0 + len {
Dec 03 13:37:45.069 INFO [stderr]    |                           ^^^^^^^^^^^^^ not found in this scope
Dec 03 13:37:45.069 INFO [stderr] 
Dec 03 13:37:45.069 INFO [stderr] error[E0425]: cannot find value `WAIT_OBJECT_0` in this scope
Dec 03 13:37:45.069 INFO [stderr]   --> src/win_main.rs:86:50
Dec 03 13:37:45.069 INFO [stderr]    |
Dec 03 13:37:45.069 INFO [stderr] 86 |                 if res >= WAIT_OBJECT_0 && res < WAIT_OBJECT_0 + len {
Dec 03 13:37:45.069 INFO [stderr]    |                                                  ^^^^^^^^^^^^^ not found in this scope
Dec 03 13:37:45.069 INFO [stderr] 
Dec 03 13:37:45.069 INFO [stderr] error[E0425]: cannot find value `WAIT_OBJECT_0` in this scope
Dec 03 13:37:45.069 INFO [stderr]   --> src/win_main.rs:87:37
Dec 03 13:37:45.069 INFO [stderr]    |
Dec 03 13:37:45.069 INFO [stderr] 87 |                     let ix = (res - WAIT_OBJECT_0) as usize;
Dec 03 13:37:45.069 INFO [stderr]    |                                     ^^^^^^^^^^^^^ not found in this scope
Dec 03 13:37:45.069 INFO [stderr] 
Dec 03 13:37:45.069 INFO [stderr] error[E0425]: cannot find function `PeekMessageW` in this scope
Dec 03 13:37:45.069 INFO [stderr]   --> src/win_main.rs:95:31
Dec 03 13:37:45.069 INFO [stderr]    |
Dec 03 13:37:45.069 INFO [stderr] 95 |                     let res = PeekMessageW(&mut msg, null_mut(), 0, 0, PM_NOREMOVE);
Dec 03 13:37:45.069 INFO [stderr]    |                               ^^^^^^^^^^^^ not found in this scope
Dec 03 13:37:45.069 INFO [stderr] 
Dec 03 13:37:45.069 INFO [stderr] error[E0425]: cannot find value `PM_NOREMOVE` in this scope
Dec 03 13:37:45.069 INFO [stderr]   --> src/win_main.rs:95:72
Dec 03 13:37:45.069 INFO [stderr]    |
Dec 03 13:37:45.069 INFO [stderr] 95 |                     let res = PeekMessageW(&mut msg, null_mut(), 0, 0, PM_NOREMOVE);
Dec 03 13:37:45.069 INFO [stderr]    |                                                                        ^^^^^^^^^^^ not found in this scope
Dec 03 13:37:45.069 INFO [stderr] 
Dec 03 13:37:45.069 INFO [stderr] error[E0425]: cannot find function `GetMessageW` in this scope
Dec 03 13:37:45.069 INFO [stderr]   --> src/win_main.rs:99:31
Dec 03 13:37:45.069 INFO [stderr]    |
Dec 03 13:37:45.069 INFO [stderr] 99 |                     let res = GetMessageW(&mut msg, null_mut(), 0, 0);
Dec 03 13:37:45.069 INFO [stderr]    |                               ^^^^^^^^^^^ not found in this scope
Dec 03 13:37:45.069 INFO [stderr] 
Dec 03 13:37:45.069 INFO [stderr] error[E0425]: cannot find function `TranslateAcceleratorW` in this scope
Dec 03 13:37:45.069 INFO [stderr]    --> src/win_main.rs:104:25
Dec 03 13:37:45.069 INFO [stderr]     |
Dec 03 13:37:45.069 INFO [stderr] 104 |                         TranslateAcceleratorW(msg.hwnd, self.accel, &mut msg) == 0
Dec 03 13:37:45.069 INFO [stderr]     |                         ^^^^^^^^^^^^^^^^^^^^^ not found in this scope
Dec 03 13:37:45.069 INFO [stderr] 
Dec 03 13:37:45.069 INFO [stderr] error[E0425]: cannot find function `TranslateMessage` in this scope
Dec 03 13:37:45.069 INFO [stderr]    --> src/win_main.rs:106:25
Dec 03 13:37:45.069 INFO [stderr]     |
Dec 03 13:37:45.069 INFO [stderr] 106 |                         TranslateMessage(&mut msg);
Dec 03 13:37:45.069 INFO [stderr]     |                         ^^^^^^^^^^^^^^^^ not found in this scope
Dec 03 13:37:45.069 INFO [stderr] 
Dec 03 13:37:45.069 INFO [stderr] error[E0425]: cannot find function `DispatchMessageW` in this scope
Dec 03 13:37:45.069 INFO [stderr]    --> src/win_main.rs:107:25
Dec 03 13:37:45.069 INFO [stderr]     |
Dec 03 13:37:45.069 INFO [stderr] 107 |                         DispatchMessageW(&mut msg);
Dec 03 13:37:45.069 INFO [stderr]     |                         ^^^^^^^^^^^^^^^^ not found in this scope
Dec 03 13:37:45.069 INFO [stderr] 
Dec 03 13:37:45.069 INFO [stderr] error[E0425]: cannot find function `PostQuitMessage` in this scope
Dec 03 13:37:45.069 INFO [stderr]    --> src/win_main.rs:118:9
Dec 03 13:37:45.069 INFO [stderr]     |
Dec 03 13:37:45.069 INFO [stderr] 118 |         PostQuitMessage(0);
Dec 03 13:37:45.069 INFO [stderr]     |         ^^^^^^^^^^^^^^^ not found in this scope
Dec 03 13:37:45.069 INFO [stderr] 
Dec 03 13:37:45.069 INFO [stderr] error[E0412]: cannot find type `HANDLE` in this scope
Dec 03 13:37:45.069 INFO [stderr]    --> src/win_main.rs:125:44
Dec 03 13:37:45.069 INFO [stderr]     |
Dec 03 13:37:45.069 INFO [stderr] 125 |     pub unsafe fn add_handler<F>(&self, h: HANDLE, callback: F)
Dec 03 13:37:45.069 INFO [stderr]     |                                            ^^^^^^ not found in this scope
Dec 03 13:37:45.069 INFO [stderr] 
Dec 03 13:37:45.069 INFO [stderr] error[E0412]: cannot find type `DWORD` in this scope
Dec 03 13:37:45.069 INFO [stderr]   --> src/window.rs:61:14
Dec 03 13:37:45.069 INFO [stderr]    |
Dec 03 13:37:45.069 INFO [stderr] 61 |     dwStyle: DWORD,
Dec 03 13:37:45.069 INFO [stderr]    |              ^^^^^ not found in this scope
Dec 03 13:37:45.069 INFO [stderr] 
Dec 03 13:37:45.070 INFO [stderr] error[E0412]: cannot find type `HWND` in this scope
Dec 03 13:37:45.070 INFO [stderr]    --> src/window.rs:104:22
Dec 03 13:37:45.070 INFO [stderr]     |
Dec 03 13:37:45.070 INFO [stderr] 104 |     pub(crate) hwnd: HWND,
Dec 03 13:37:45.070 INFO [stderr]     |                      ^^^^ not found in this scope
Dec 03 13:37:45.070 INFO [stderr] 
Dec 03 13:37:45.070 INFO [stderr] error[E0412]: cannot find type `HWND` in this scope
Dec 03 13:37:45.070 INFO [stderr]    --> src/window.rs:119:16
Dec 03 13:37:45.070 INFO [stderr]     |
Dec 03 13:37:45.070 INFO [stderr] 119 |     hwnd: Cell<HWND>,
Dec 03 13:37:45.070 INFO [stderr]     |                ^^^^ not found in this scope
Dec 03 13:37:45.070 INFO [stderr] 
Dec 03 13:37:45.070 INFO [stderr] error[E0412]: cannot find type `HWND` in this scope
Dec 03 13:37:45.070 INFO [stderr]    --> src/window.rs:260:33
Dec 03 13:37:45.070 INFO [stderr]     |
Dec 03 13:37:45.070 INFO [stderr] 260 |     fn window_proc(&self, hwnd: HWND, msg: UINT, wparam: WPARAM, lparam: LPARAM)
Dec 03 13:37:45.070 INFO [stderr]     |                                 ^^^^ not found in this scope
Dec 03 13:37:45.070 INFO [stderr] 
Dec 03 13:37:45.070 INFO [stderr] error[E0412]: cannot find type `UINT` in this scope
Dec 03 13:37:45.070 INFO [stderr]    --> src/window.rs:260:44
Dec 03 13:37:45.070 INFO [stderr]     |
Dec 03 13:37:45.070 INFO [stderr] 260 |     fn window_proc(&self, hwnd: HWND, msg: UINT, wparam: WPARAM, lparam: LPARAM)
Dec 03 13:37:45.070 INFO [stderr]     |                                            ^^^^ not found in this scope
Dec 03 13:37:45.070 INFO [stderr] 
Dec 03 13:37:45.070 INFO [stderr] error[E0412]: cannot find type `WPARAM` in this scope
Dec 03 13:37:45.070 INFO [stderr]    --> src/window.rs:260:58
Dec 03 13:37:45.070 INFO [stderr]     |
Dec 03 13:37:45.070 INFO [stderr] 260 |     fn window_proc(&self, hwnd: HWND, msg: UINT, wparam: WPARAM, lparam: LPARAM)
Dec 03 13:37:45.070 INFO [stderr]     |                                                          ^^^^^^ not found in this scope
Dec 03 13:37:45.070 INFO [stderr] 
Dec 03 13:37:45.070 INFO [stderr] error[E0412]: cannot find type `LPARAM` in this scope
Dec 03 13:37:45.070 INFO [stderr]    --> src/window.rs:260:74
Dec 03 13:37:45.070 INFO [stderr]     |
Dec 03 13:37:45.070 INFO [stderr] 260 |     fn window_proc(&self, hwnd: HWND, msg: UINT, wparam: WPARAM, lparam: LPARAM)
Dec 03 13:37:45.070 INFO [stderr]     |                                                                          ^^^^^^ not found in this scope
Dec 03 13:37:45.070 INFO [stderr] 
Dec 03 13:37:45.070 INFO [stderr] error[E0412]: cannot find type `LRESULT` in this scope
Dec 03 13:37:45.070 INFO [stderr]    --> src/window.rs:261:19
Dec 03 13:37:45.070 INFO [stderr]     |
Dec 03 13:37:45.070 INFO [stderr] 261 |         -> Option<LRESULT>;
Dec 03 13:37:45.070 INFO [stderr]     |                   ^^^^^^^ not found in this scope
Dec 03 13:37:45.070 INFO [stderr] 
Dec 03 13:37:45.070 INFO [stderr] error[E0412]: cannot find type `Factory` in module `direct2d`
Dec 03 13:37:45.070 INFO [stderr]    --> src/window.rs:278:28
Dec 03 13:37:45.070 INFO [stderr]     |
Dec 03 13:37:45.070 INFO [stderr] 278 |     d2d_factory: direct2d::Factory,
Dec 03 13:37:45.070 INFO [stderr]     |                            ^^^^^^^ not found in `direct2d`
Dec 03 13:37:45.070 INFO [stderr] 
Dec 03 13:37:45.070 INFO [stderr] error[E0412]: cannot find type `IDXGISwapChain1` in this scope
Dec 03 13:37:45.070 INFO [stderr]    --> src/window.rs:291:22
Dec 03 13:37:45.070 INFO [stderr]     |
Dec 03 13:37:45.070 INFO [stderr] 291 |     swap_chain: *mut IDXGISwapChain1,
Dec 03 13:37:45.070 INFO [stderr]     |                      ^^^^^^^^^^^^^^^ not found in this scope
Dec 03 13:37:45.070 INFO [stderr] 
Dec 03 13:37:45.070 INFO [stderr] error[E0412]: cannot find type `UINT` in this scope
Dec 03 13:37:45.070 INFO [stderr]    --> src/window.rs:300:20
Dec 03 13:37:45.070 INFO [stderr]     |
Dec 03 13:37:45.070 INFO [stderr] 300 | const XI_RUN_IDLE: UINT = WM_USER;
Dec 03 13:37:45.070 INFO [stderr]     |                    ^^^^ not found in this scope
Dec 03 13:37:45.070 INFO [stderr] 
Dec 03 13:37:45.070 INFO [stderr] error[E0425]: cannot find value `WM_USER` in this scope
Dec 03 13:37:45.070 INFO [stderr]    --> src/window.rs:300:27
Dec 03 13:37:45.070 INFO [stderr]     |
Dec 03 13:37:45.070 INFO [stderr] 300 | const XI_RUN_IDLE: UINT = WM_USER;
Dec 03 13:37:45.070 INFO [stderr]     |                           ^^^^^^^ not found in this scope
Dec 03 13:37:45.070 INFO [stderr] 
Dec 03 13:37:45.071 INFO [stderr] error[E0412]: cannot find type `LPARAM` in this scope
Dec 03 13:37:45.071 INFO [stderr]    --> src/window.rs:310:26
Dec 03 13:37:45.071 INFO [stderr]     |
Dec 03 13:37:45.071 INFO [stderr] 310 | fn get_mod_state(lparam: LPARAM) -> u32 {
Dec 03 13:37:45.071 INFO [stderr]     |                          ^^^^^^ not found in this scope
Dec 03 13:37:45.071 INFO [stderr] 
Dec 03 13:37:45.071 INFO [stderr] error[E0425]: cannot find value `MOD_ALT` in this scope
Dec 03 13:37:45.071 INFO [stderr]    --> src/window.rs:313:53
Dec 03 13:37:45.071 INFO [stderr]     |
Dec 03 13:37:45.071 INFO [stderr] 313 |         if (lparam & (1 << 29)) != 0 { mod_state |= MOD_ALT as u32; }
Dec 03 13:37:45.071 INFO [stderr]     |                                                     ^^^^^^^ did you mean `M_ALT`?
Dec 03 13:37:45.071 INFO [stderr] 
Dec 03 13:37:45.071 INFO [stderr] error[E0425]: cannot find function `GetKeyState` in this scope
Dec 03 13:37:45.071 INFO [stderr]    --> src/window.rs:314:12
Dec 03 13:37:45.071 INFO [stderr]     |
Dec 03 13:37:45.071 INFO [stderr] 314 |         if GetKeyState(VK_CONTROL) < 0 { mod_state |= MOD_CONTROL as u32; }
Dec 03 13:37:45.071 INFO [stderr]     |            ^^^^^^^^^^^ not found in this scope
Dec 03 13:37:45.071 INFO [stderr] 
Dec 03 13:37:45.071 INFO [stderr] error[E0425]: cannot find value `VK_CONTROL` in this scope
Dec 03 13:37:45.071 INFO [stderr]    --> src/window.rs:314:24
Dec 03 13:37:45.071 INFO [stderr]     |
Dec 03 13:37:45.071 INFO [stderr] 314 |         if GetKeyState(VK_CONTROL) < 0 { mod_state |= MOD_CONTROL as u32; }
Dec 03 13:37:45.071 INFO [stderr]     |                        ^^^^^^^^^^ not found in this scope
Dec 03 13:37:45.071 INFO [stderr] 
Dec 03 13:37:45.071 INFO [stderr] error[E0425]: cannot find value `MOD_CONTROL` in this scope
Dec 03 13:37:45.071 INFO [stderr]    --> src/window.rs:314:55
Dec 03 13:37:45.071 INFO [stderr]     |
Dec 03 13:37:45.071 INFO [stderr] 314 |         if GetKeyState(VK_CONTROL) < 0 { mod_state |= MOD_CONTROL as u32; }
Dec 03 13:37:45.071 INFO [stderr]     |                                                       ^^^^^^^^^^^ not found in this scope
Dec 03 13:37:45.071 INFO [stderr] 
Dec 03 13:37:45.071 INFO [stderr] error[E0425]: cannot find function `GetKeyState` in this scope
Dec 03 13:37:45.071 INFO [stderr]    --> src/window.rs:315:12
Dec 03 13:37:45.071 INFO [stderr]     |
Dec 03 13:37:45.071 INFO [stderr] 315 |         if GetKeyState(VK_SHIFT) < 0 { mod_state |= MOD_SHIFT as u32; }
Dec 03 13:37:45.071 INFO [stderr]     |            ^^^^^^^^^^^ not found in this scope
Dec 03 13:37:45.071 INFO [stderr] 
Dec 03 13:37:45.071 INFO [stderr] error[E0425]: cannot find value `VK_SHIFT` in this scope
Dec 03 13:37:45.071 INFO [stderr]    --> src/window.rs:315:24
Dec 03 13:37:45.071 INFO [stderr]     |
Dec 03 13:37:45.071 INFO [stderr] 315 |         if GetKeyState(VK_SHIFT) < 0 { mod_state |= MOD_SHIFT as u32; }
Dec 03 13:37:45.071 INFO [stderr]     |                        ^^^^^^^^ did you mean `M_SHIFT`?
Dec 03 13:37:45.071 INFO [stderr] 
Dec 03 13:37:45.071 INFO [stderr] error[E0425]: cannot find value `MOD_SHIFT` in this scope
Dec 03 13:37:45.071 INFO [stderr]    --> src/window.rs:315:53
Dec 03 13:37:45.071 INFO [stderr]     |
Dec 03 13:37:45.071 INFO [stderr] 315 |         if GetKeyState(VK_SHIFT) < 0 { mod_state |= MOD_SHIFT as u32; }
Dec 03 13:37:45.071 INFO [stderr]     |                                                     ^^^^^^^^^ did you mean `M_SHIFT`?
Dec 03 13:37:45.072 INFO [stderr] 
Dec 03 13:37:45.072 INFO [stderr] error[E0412]: cannot find type `HWND` in this scope
Dec 03 13:37:45.072 INFO [stderr]    --> src/window.rs:363:33
Dec 03 13:37:45.072 INFO [stderr]     |
Dec 03 13:37:45.072 INFO [stderr] 363 |     fn window_proc(&self, hwnd: HWND, msg: UINT, wparam: WPARAM, lparam: LPARAM)
Dec 03 13:37:45.072 INFO [stderr]     |                                 ^^^^ not found in this scope
Dec 03 13:37:45.072 INFO [stderr] 
Dec 03 13:37:45.072 INFO [stderr] error[E0412]: cannot find type `UINT` in this scope
Dec 03 13:37:45.072 INFO [stderr]    --> src/window.rs:363:44
Dec 03 13:37:45.072 INFO [stderr]     |
Dec 03 13:37:45.072 INFO [stderr] 363 |     fn window_proc(&self, hwnd: HWND, msg: UINT, wparam: WPARAM, lparam: LPARAM)
Dec 03 13:37:45.072 INFO [stderr]     |                                            ^^^^ not found in this scope
Dec 03 13:37:45.072 INFO [stderr] 
Dec 03 13:37:45.078 INFO [stderr] error[E0412]: cannot find type `WPARAM` in this scope
Dec 03 13:37:45.079 INFO [stderr]    --> src/window.rs:363:58
Dec 03 13:37:45.079 INFO [stderr]     |
Dec 03 13:37:45.079 INFO [stderr] 363 |     fn window_proc(&self, hwnd: HWND, msg: UINT, wparam: WPARAM, lparam: LPARAM)
Dec 03 13:37:45.079 INFO [stderr]     |                                                          ^^^^^^ not found in this scope
Dec 03 13:37:45.079 INFO [stderr] 
Dec 03 13:37:45.079 INFO [stderr] error[E0412]: cannot find type `LPARAM` in this scope
Dec 03 13:37:45.079 INFO [stderr]    --> src/window.rs:363:74
Dec 03 13:37:45.079 INFO [stderr]     |
Dec 03 13:37:45.079 INFO [stderr] 363 |     fn window_proc(&self, hwnd: HWND, msg: UINT, wparam: WPARAM, lparam: LPARAM)
Dec 03 13:37:45.079 INFO [stderr]     |                                                                          ^^^^^^ not found in this scope
Dec 03 13:37:45.079 INFO [stderr] 
Dec 03 13:37:45.079 INFO [stderr] error[E0412]: cannot find type `LRESULT` in this scope
Dec 03 13:37:45.079 INFO [stderr]    --> src/window.rs:364:19
Dec 03 13:37:45.079 INFO [stderr]     |
Dec 03 13:37:45.079 INFO [stderr] 364 |         -> Option<LRESULT>
Dec 03 13:37:45.079 INFO [stderr]     |                   ^^^^^^^ not found in this scope
Dec 03 13:37:45.079 INFO [stderr] 
Dec 03 13:37:45.079 INFO [stderr] error[E0425]: cannot find function `ValidateRect` in this scope
Dec 03 13:37:45.079 INFO [stderr]    --> src/window.rs:386:17
Dec 03 13:37:45.079 INFO [stderr]     |
Dec 03 13:37:45.079 INFO [stderr] 386 |                 ValidateRect(hwnd, null_mut());
Dec 03 13:37:45.079 INFO [stderr]     |                 ^^^^^^^^^^^^ not found in this scope
Dec 03 13:37:45.079 INFO [stderr] 
Dec 03 13:37:45.079 INFO [stderr] error[E0412]: cannot find type `RECT` in this scope
Dec 03 13:37:45.079 INFO [stderr]    --> src/window.rs:409:35
Dec 03 13:37:45.079 INFO [stderr]     |
Dec 03 13:37:45.079 INFO [stderr] 409 |                     let mut rect: RECT = mem::uninitialized();
Dec 03 13:37:45.079 INFO [stderr]     |                                   ^^^^ not found in this scope
Dec 03 13:37:45.079 INFO [stderr] 
Dec 03 13:37:45.079 INFO [stderr] error[E0425]: cannot find function `GetClientRect` in this scope
Dec 03 13:37:45.079 INFO [stderr]    --> src/window.rs:410:21
Dec 03 13:37:45.079 INFO [stderr]     |
Dec 03 13:37:45.079 INFO [stderr] 410 |                     GetClientRect(hwnd, &mut rect);
Dec 03 13:37:45.079 INFO [stderr]     |                     ^^^^^^^^^^^^^ not found in this scope
Dec 03 13:37:45.079 INFO [stderr] 
Dec 03 13:37:45.079 INFO [stderr] error[E0425]: cannot find value `DXGI_FORMAT_UNKNOWN` in this scope
Dec 03 13:37:45.079 INFO [stderr]    --> src/window.rs:415:58
Dec 03 13:37:45.079 INFO [stderr]     |
Dec 03 13:37:45.079 INFO [stderr] 415 |                         .ResizeBuffers(2, width, height, DXGI_FORMAT_UNKNOWN, 0);
Dec 03 13:37:45.079 INFO [stderr]     |                                                          ^^^^^^^^^^^^^^^^^^^ not found in this scope
Dec 03 13:37:45.079 INFO [stderr] 
Dec 03 13:37:45.079 INFO [stderr] error[E0425]: cannot find function `SUCCEEDED` in this scope
Dec 03 13:37:45.079 INFO [stderr]    --> src/window.rs:416:24
Dec 03 13:37:45.079 INFO [stderr]     |
Dec 03 13:37:45.079 INFO [stderr] 416 |                     if SUCCEEDED(res) {
Dec 03 13:37:45.079 INFO [stderr]     |                        ^^^^^^^^^ not found in this scope
Dec 03 13:37:45.079 INFO [stderr] 
Dec 03 13:37:45.079 INFO [stderr] error[E0425]: cannot find function `LOWORD` in this scope
Dec 03 13:37:45.079 INFO [stderr]    --> src/window.rs:442:29
Dec 03 13:37:45.079 INFO [stderr]     |
Dec 03 13:37:45.079 INFO [stderr] 442 |                 let width = LOWORD(lparam as u32) as u32;
Dec 03 13:37:45.079 INFO [stderr]     |                             ^^^^^^ not found in this scope
Dec 03 13:37:45.079 INFO [stderr] 
Dec 03 13:37:45.079 INFO [stderr] error[E0425]: cannot find function `HIWORD` in this scope
Dec 03 13:37:45.079 INFO [stderr]    --> src/window.rs:443:30
Dec 03 13:37:45.079 INFO [stderr]     |
Dec 03 13:37:45.079 INFO [stderr] 443 |                 let height = HIWORD(lparam as u32) as u32;
Dec 03 13:37:45.079 INFO [stderr]     |                              ^^^^^^ not found in this scope
Dec 03 13:37:45.079 INFO [stderr] 
Dec 03 13:37:45.079 INFO [stderr] error[E0425]: cannot find function `LOWORD` in this scope
Dec 03 13:37:45.079 INFO [stderr]    --> src/window.rs:457:41
Dec 03 13:37:45.079 INFO [stderr]     |
Dec 03 13:37:45.079 INFO [stderr] 457 |                             let width = LOWORD(lparam as u32) as u32;
Dec 03 13:37:45.079 INFO [stderr]     |                                         ^^^^^^ not found in this scope
Dec 03 13:37:45.079 INFO [stderr] 
Dec 03 13:37:45.079 INFO [stderr] error[E0425]: cannot find function `HIWORD` in this scope
Dec 03 13:37:45.079 INFO [stderr]    --> src/window.rs:458:42
Dec 03 13:37:45.079 INFO [stderr]     |
Dec 03 13:37:45.079 INFO [stderr] 458 |                             let height = HIWORD(lparam as u32) as u32;
Dec 03 13:37:45.079 INFO [stderr]     |                                          ^^^^^^ not found in this scope
Dec 03 13:37:45.079 INFO [stderr] 
Dec 03 13:37:45.079 INFO [stderr] error[E0422]: cannot find struct, variant or union type `D2D1_SIZE_U` in this scope
Dec 03 13:37:45.079 INFO [stderr]    --> src/window.rs:459:46
Dec 03 13:37:45.079 INFO [stderr]     |
Dec 03 13:37:45.079 INFO [stderr] 459 |                             let size = SizeU(D2D1_SIZE_U { width, height });
Dec 03 13:37:45.079 INFO [stderr]     |                                              ^^^^^^^^^^^ not found in this scope
Dec 03 13:37:45.079 INFO [stderr] 
Dec 03 13:37:45.079 INFO [stderr] error[E0425]: cannot find function `InvalidateRect` in this scope
Dec 03 13:37:45.079 INFO [stderr]    --> src/window.rs:463:21
Dec 03 13:37:45.079 INFO [stderr]     |
Dec 03 13:37:45.079 INFO [stderr] 463 |                     InvalidateRect(hwnd, null_mut(), FALSE);
Dec 03 13:37:45.079 INFO [stderr]     |                     ^^^^^^^^^^^^^^ not found in this scope
Dec 03 13:37:45.079 INFO [stderr] 
Dec 03 13:37:45.079 INFO [stderr] error[E0425]: cannot find value `FALSE` in this scope
Dec 03 13:37:45.079 INFO [stderr]    --> src/window.rs:463:54
Dec 03 13:37:45.079 INFO [stderr]     |
Dec 03 13:37:45.079 INFO [stderr] 463 |                     InvalidateRect(hwnd, null_mut(), FALSE);
Dec 03 13:37:45.079 INFO [stderr]     |                                                      ^^^^^ not found in this scope
Dec 03 13:37:45.079 INFO [stderr] 
Dec 03 13:37:45.079 INFO [stderr] error[E0425]: cannot find value `DXGI_FORMAT_UNKNOWN` in this scope
Dec 03 13:37:45.079 INFO [stderr]    --> src/window.rs:471:62
Dec 03 13:37:45.079 INFO [stderr]     |
Dec 03 13:37:45.079 INFO [stderr] 471 |                             .ResizeBuffers(0, width, height, DXGI_FORMAT_UNKNOWN, 0);
Dec 03 13:37:45.079 INFO [stderr]     |                                                              ^^^^^^^^^^^^^^^^^^^ not found in this scope
Dec 03 13:37:45.079 INFO [stderr] 
Dec 03 13:37:45.080 INFO [stderr] error[E0425]: cannot find function `SUCCEEDED` in this scope
Dec 03 13:37:45.080 INFO [stderr]    --> src/window.rs:473:24
Dec 03 13:37:45.080 INFO [stderr]     |
Dec 03 13:37:45.080 INFO [stderr] 473 |                     if SUCCEEDED(res) {
Dec 03 13:37:45.080 INFO [stderr]     |                        ^^^^^^^^^ not found in this scope
Dec 03 13:37:45.080 INFO [stderr] 
Dec 03 13:37:45.080 INFO [stderr] error[E0425]: cannot find function `ValidateRect` in this scope
Dec 03 13:37:45.080 INFO [stderr]    --> src/window.rs:482:25
Dec 03 13:37:45.080 INFO [stderr]     |
Dec 03 13:37:45.080 INFO [stderr] 482 |                         ValidateRect(hwnd, null_mut());
Dec 03 13:37:45.080 INFO [stderr]     |                         ^^^^^^^^^^^^ not found in this scope
Dec 03 13:37:45.080 INFO [stderr] 
Dec 03 13:37:45.080 INFO [stderr] error[E0425]: cannot find function `LOWORD` in this scope
Dec 03 13:37:45.080 INFO [stderr]    --> src/window.rs:490:38
Dec 03 13:37:45.080 INFO [stderr]     |
Dec 03 13:37:45.080 INFO [stderr] 490 |                 self.handler.command(LOWORD(wparam as u32) as u32);
Dec 03 13:37:45.080 INFO [stderr]     |                                      ^^^^^^ not found in this scope
Dec 03 13:37:45.080 INFO [stderr] 
Dec 03 13:37:45.080 INFO [stderr] error[E0425]: cannot find function `HIWORD` in this scope
Dec 03 13:37:45.080 INFO [stderr]    --> src/window.rs:508:29
Dec 03 13:37:45.080 INFO [stderr]     |
Dec 03 13:37:45.080 INFO [stderr] 508 |                 let delta = HIWORD(wparam as u32) as i16 as i32;
Dec 03 13:37:45.080 INFO [stderr]     |                             ^^^^^^ not found in this scope
Dec 03 13:37:45.080 INFO [stderr] 
Dec 03 13:37:45.080 INFO [stderr] error[E0425]: cannot find function `LOWORD` in this scope
Dec 03 13:37:45.080 INFO [stderr]    --> src/window.rs:509:28
Dec 03 13:37:45.080 INFO [stderr]     |
Dec 03 13:37:45.080 INFO [stderr] 509 |                 let mods = LOWORD(wparam as u32) as u32;
Dec 03 13:37:45.080 INFO [stderr]     |                            ^^^^^^ not found in this scope
Dec 03 13:37:45.080 INFO [stderr] 
Dec 03 13:37:45.080 INFO [stderr] error[E0425]: cannot find function `HIWORD` in this scope
Dec 03 13:37:45.080 INFO [stderr]    --> src/window.rs:514:29
Dec 03 13:37:45.080 INFO [stderr]     |
Dec 03 13:37:45.080 INFO [stderr] 514 |                 let delta = HIWORD(wparam as u32) as i16 as i32;
Dec 03 13:37:45.080 INFO [stderr]     |                             ^^^^^^ not found in this scope
Dec 03 13:37:45.080 INFO [stderr] 
Dec 03 13:37:45.080 INFO [stderr] error[E0425]: cannot find function `LOWORD` in this scope
Dec 03 13:37:45.080 INFO [stderr]    --> src/window.rs:515:28
Dec 03 13:37:45.080 INFO [stderr]     |
Dec 03 13:37:45.080 INFO [stderr] 515 |                 let mods = LOWORD(wparam as u32) as u32;
Dec 03 13:37:45.080 INFO [stderr]     |                            ^^^^^^ not found in this scope
Dec 03 13:37:45.080 INFO [stderr] 
Dec 03 13:37:45.080 INFO [stderr] error[E0425]: cannot find function `LOWORD` in this scope
Dec 03 13:37:45.080 INFO [stderr]    --> src/window.rs:520:25
Dec 03 13:37:45.080 INFO [stderr]     |
Dec 03 13:37:45.080 INFO [stderr] 520 |                 let x = LOWORD(lparam as u32) as i16 as i32;
Dec 03 13:37:45.080 INFO [stderr]     |                         ^^^^^^ not found in this scope
Dec 03 13:37:45.080 INFO [stderr] 
Dec 03 13:37:45.080 INFO [stderr] error[E0425]: cannot find function `HIWORD` in this scope
Dec 03 13:37:45.080 INFO [stderr]    --> src/window.rs:521:25
Dec 03 13:37:45.080 INFO [stderr]     |
Dec 03 13:37:45.080 INFO [stderr] 521 |                 let y = HIWORD(lparam as u32) as i16 as i32;
Dec 03 13:37:45.080 INFO [stderr]     |                         ^^^^^^ not found in this scope
Dec 03 13:37:45.080 INFO [stderr] 
Dec 03 13:37:45.080 INFO [stderr] error[E0425]: cannot find function `LOWORD` in this scope
Dec 03 13:37:45.080 INFO [stderr]    --> src/window.rs:522:28
Dec 03 13:37:45.080 INFO [stderr]     |
Dec 03 13:37:45.080 INFO [stderr] 522 |                 let mods = LOWORD(wparam as u32) as u32;
Dec 03 13:37:45.080 INFO [stderr]     |                            ^^^^^^ not found in this scope
Dec 03 13:37:45.080 INFO [stderr] 
Dec 03 13:37:45.080 INFO [stderr] error[E0425]: cannot find function `HIWORD` in this scope
Dec 03 13:37:45.080 INFO [stderr]    --> src/window.rs:538:31
Dec 03 13:37:45.080 INFO [stderr]     |
Dec 03 13:37:45.080 INFO [stderr] 538 |                         match HIWORD(wparam as u32) {
Dec 03 13:37:45.080 INFO [stderr]     |                               ^^^^^^ not found in this scope
Dec 03 13:37:45.080 INFO [stderr] 
Dec 03 13:37:45.080 INFO [stderr] error[E0425]: cannot find function `LOWORD` in this scope
Dec 03 13:37:45.080 INFO [stderr]    --> src/window.rs:557:25
Dec 03 13:37:45.080 INFO [stderr]     |
Dec 03 13:37:45.080 INFO [stderr] 557 |                 let x = LOWORD(lparam as u32) as i16 as i32;
Dec 03 13:37:45.080 INFO [stderr]     |                         ^^^^^^ not found in this scope
Dec 03 13:37:45.080 INFO [stderr] 
Dec 03 13:37:45.080 INFO [stderr] error[E0425]: cannot find function `HIWORD` in this scope
Dec 03 13:37:45.080 INFO [stderr]    --> src/window.rs:558:25
Dec 03 13:37:45.080 INFO [stderr]     |
Dec 03 13:37:45.080 INFO [stderr] 558 |                 let y = HIWORD(lparam as u32) as i16 as i32;
Dec 03 13:37:45.080 INFO [stderr]     |                         ^^^^^^ not found in this scope
Dec 03 13:37:45.080 INFO [stderr] 
Dec 03 13:37:45.080 INFO [stderr] error[E0425]: cannot find function `LOWORD` in this scope
Dec 03 13:37:45.080 INFO [stderr]    --> src/window.rs:559:28
Dec 03 13:37:45.080 INFO [stderr]     |
Dec 03 13:37:45.080 INFO [stderr] 559 |                 let mods = LOWORD(wparam as u32) as u32;
Dec 03 13:37:45.080 INFO [stderr]     |                            ^^^^^^ not found in this scope
Dec 03 13:37:45.080 INFO [stderr] 
Dec 03 13:37:45.080 INFO [stderr] error[E0425]: cannot find value `WS_OVERLAPPEDWINDOW` in this scope
Dec 03 13:37:45.080 INFO [stderr]    --> src/window.rs:585:22
Dec 03 13:37:45.080 INFO [stderr]     |
Dec 03 13:37:45.080 INFO [stderr] 585 |             dwStyle: WS_OVERLAPPEDWINDOW,
Dec 03 13:37:45.080 INFO [stderr]     |                      ^^^^^^^^^^^^^^^^^^^ not found in this scope
Dec 03 13:37:45.080 INFO [stderr] 
Dec 03 13:37:45.080 INFO [stderr] error[E0425]: cannot find value `WS_HSCROLL` in this scope
Dec 03 13:37:45.081 INFO [stderr]    --> src/window.rs:599:27
Dec 03 13:37:45.081 INFO [stderr]     |
Dec 03 13:37:45.081 INFO [stderr] 599 |         self.dwStyle &= !(WS_HSCROLL | WS_VSCROLL);
Dec 03 13:37:45.081 INFO [stderr]     |                           ^^^^^^^^^^ not found in this scope
Dec 03 13:37:45.081 INFO [stderr] 
Dec 03 13:37:45.081 INFO [stderr] error[E0425]: cannot find value `WS_VSCROLL` in this scope
Dec 03 13:37:45.081 INFO [stderr]    --> src/window.rs:599:40
Dec 03 13:37:45.081 INFO [stderr]     |
Dec 03 13:37:45.081 INFO [stderr] 599 |         self.dwStyle &= !(WS_HSCROLL | WS_VSCROLL);
Dec 03 13:37:45.081 INFO [stderr]     |                                        ^^^^^^^^^^ not found in this scope
Dec 03 13:37:45.081 INFO [stderr] 
Dec 03 13:37:45.081 INFO [stderr] error[E0425]: cannot find value `WS_HSCROLL` in this scope
Dec 03 13:37:45.081 INFO [stderr]    --> src/window.rs:601:29
Dec 03 13:37:45.081 INFO [stderr]     |
Dec 03 13:37:45.081 INFO [stderr] 601 |             self.dwStyle |= WS_HSCROLL;
Dec 03 13:37:45.081 INFO [stderr]     |                             ^^^^^^^^^^ not found in this scope
Dec 03 13:37:45.081 INFO [stderr] 
Dec 03 13:37:45.081 INFO [stderr] error[E0425]: cannot find value `WS_VSCROLL` in this scope
Dec 03 13:37:45.081 INFO [stderr]    --> src/window.rs:604:29
Dec 03 13:37:45.081 INFO [stderr]     |
Dec 03 13:37:45.081 INFO [stderr] 604 |             self.dwStyle |= WS_VSCROLL;
Dec 03 13:37:45.081 INFO [stderr]     |                             ^^^^^^^^^^ not found in this scope
Dec 03 13:37:45.081 INFO [stderr] 
Dec 03 13:37:45.081 INFO [stderr] error[E0425]: cannot find function `LoadIconW` in this scope
Dec 03 13:37:45.081 INFO [stderr]    --> src/window.rs:634:24
Dec 03 13:37:45.081 INFO [stderr]     |
Dec 03 13:37:45.081 INFO [stderr] 634 |             let icon = LoadIconW(0 as HINSTANCE, IDI_APPLICATION);
Dec 03 13:37:45.081 INFO [stderr]     |                        ^^^^^^^^^ not found in this scope
Dec 03 13:37:45.081 INFO [stderr] 
Dec 03 13:37:45.081 INFO [stderr] error[E0412]: cannot find type `HINSTANCE` in this scope
Dec 03 13:37:45.081 INFO [stderr]    --> src/window.rs:634:39
Dec 03 13:37:45.081 INFO [stderr]     |
Dec 03 13:37:45.081 INFO [stderr] 634 |             let icon = LoadIconW(0 as HINSTANCE, IDI_APPLICATION);
Dec 03 13:37:45.081 INFO [stderr]     |                                       ^^^^^^^^^ not found in this scope
Dec 03 13:37:45.081 INFO [stderr] 
Dec 03 13:37:45.081 INFO [stderr] error[E0425]: cannot find value `IDI_APPLICATION` in this scope
Dec 03 13:37:45.081 INFO [stderr]    --> src/window.rs:634:50
Dec 03 13:37:45.081 INFO [stderr]     |
Dec 03 13:37:45.081 INFO [stderr] 634 |             let icon = LoadIconW(0 as HINSTANCE, IDI_APPLICATION);
Dec 03 13:37:45.081 INFO [stderr]     |                                                  ^^^^^^^^^^^^^^^ not found in this scope
Dec 03 13:37:45.081 INFO [stderr] 
Dec 03 13:37:45.081 INFO [stderr] error[E0425]: cannot find function `LoadCursorW` in this scope
Dec 03 13:37:45.081 INFO [stderr]    --> src/window.rs:635:26
Dec 03 13:37:45.081 INFO [stderr]     |
Dec 03 13:37:45.081 INFO [stderr] 635 |             let cursor = LoadCursorW(0 as HINSTANCE, self.cursor.get_lpcwstr());
Dec 03 13:37:45.081 INFO [stderr]     |                          ^^^^^^^^^^^ not found in this scope
Dec 03 13:37:45.081 INFO [stderr] 
Dec 03 13:37:45.081 INFO [stderr] error[E0412]: cannot find type `HINSTANCE` in this scope
Dec 03 13:37:45.081 INFO [stderr]    --> src/window.rs:635:43
Dec 03 13:37:45.081 INFO [stderr]     |
Dec 03 13:37:45.081 INFO [stderr] 635 |             let cursor = LoadCursorW(0 as HINSTANCE, self.cursor.get_lpcwstr());
Dec 03 13:37:45.081 INFO [stderr]     |                                           ^^^^^^^^^ not found in this scope
Dec 03 13:37:45.081 INFO [stderr] 
Dec 03 13:37:45.081 INFO [stderr] error[E0425]: cannot find function `CreateSolidBrush` in this scope
Dec 03 13:37:45.081 INFO [stderr]    --> src/window.rs:636:25
Dec 03 13:37:45.081 INFO [stderr]     |
Dec 03 13:37:45.081 INFO [stderr] 636 |             let brush = CreateSolidBrush(0xffffff);
Dec 03 13:37:45.081 INFO [stderr]     |                         ^^^^^^^^^^^^^^^^ not found in this scope
Dec 03 13:37:45.081 INFO [stderr] 
Dec 03 13:37:45.081 INFO [stderr] error[E0422]: cannot find struct, variant or union type `WNDCLASSW` in this scope
Dec 03 13:37:45.081 INFO [stderr]    --> src/window.rs:637:23
Dec 03 13:37:45.081 INFO [stderr]     |
Dec 03 13:37:45.081 INFO [stderr] 637 |             let wnd = WNDCLASSW {
Dec 03 13:37:45.081 INFO [stderr]     |                       ^^^^^^^^^ not found in this scope
Dec 03 13:37:45.081 INFO [stderr] 
Dec 03 13:37:45.081 INFO [stderr] error[E0412]: cannot find type `HINSTANCE` in this scope
Dec 03 13:37:45.081 INFO [stderr]    --> src/window.rs:642:33
Dec 03 13:37:45.081 INFO [stderr]     |
Dec 03 13:37:45.081 INFO [stderr] 642 |                 hInstance: 0 as HINSTANCE,
Dec 03 13:37:45.081 INFO [stderr]     |                                 ^^^^^^^^^ not found in this scope
Dec 03 13:37:45.081 INFO [stderr] 
Dec 03 13:37:45.081 INFO [stderr] error[E0412]: cannot find type `LPCWSTR` in this scope
Dec 03 13:37:45.081 INFO [stderr]    --> src/window.rs:646:36
Dec 03 13:37:45.081 INFO [stderr]     |
Dec 03 13:37:45.081 INFO [stderr] 646 |                 lpszMenuName: 0 as LPCWSTR,
Dec 03 13:37:45.081 INFO [stderr]     |                                    ^^^^^^^ not found in this scope
Dec 03 13:37:45.081 INFO [stderr] 
Dec 03 13:37:45.081 INFO [stderr] error[E0425]: cannot find function `RegisterClassW` in this scope
Dec 03 13:37:45.081 INFO [stderr]    --> src/window.rs:649:30
Dec 03 13:37:45.081 INFO [stderr]     |
Dec 03 13:37:45.081 INFO [stderr] 649 |             let class_atom = RegisterClassW(&wnd);
Dec 03 13:37:45.081 INFO [stderr]     |                              ^^^^^^^^^^^^^^ not found in this scope
Dec 03 13:37:45.081 INFO [stderr] 
Dec 03 13:37:45.081 INFO [stderr] error[E0412]: cannot find type `HWND` in this scope
Dec 03 13:37:45.081 INFO [stderr]    --> src/window.rs:662:38
Dec 03 13:37:45.081 INFO [stderr]     |
Dec 03 13:37:45.081 INFO [stderr] 662 |                 hwnd: Cell::new(0 as HWND),
Dec 03 13:37:45.081 INFO [stderr]     |                                      ^^^^ not found in this scope
Dec 03 13:37:45.081 INFO [stderr] 
Dec 03 13:37:45.081 INFO [stderr] error[E0412]: cannot find type `HMENU` in this scope
Dec 03 13:37:45.081 INFO [stderr]    --> src/window.rs:685:30
Dec 03 13:37:45.081 INFO [stderr]     |
Dec 03 13:37:45.081 INFO [stderr] 685 |                 None => 0 as HMENU,
Dec 03 13:37:45.082 INFO [stderr]     |                              ^^^^^ not found in this scope
Dec 03 13:37:45.082 INFO [stderr] 
Dec 03 13:37:45.082 INFO [stderr] error[E0425]: cannot find value `WS_EX_NOREDIRECTIONBITMAP` in this scope
Dec 03 13:37:45.082 INFO [stderr]    --> src/window.rs:689:30
Dec 03 13:37:45.082 INFO [stderr]     |
Dec 03 13:37:45.082 INFO [stderr] 689 |                 dwExStyle |= WS_EX_NOREDIRECTIONBITMAP;
Dec 03 13:37:45.082 INFO [stderr]     |                              ^^^^^^^^^^^^^^^^^^^^^^^^^ not found in this scope
Dec 03 13:37:45.082 INFO [stderr] 
Dec 03 13:37:45.082 INFO [stderr] error[E0425]: cannot find value `CW_USEDEFAULT` in this scope
Dec 03 13:37:45.082 INFO [stderr]    --> src/window.rs:693:17
Dec 03 13:37:45.082 INFO [stderr]     |
Dec 03 13:37:45.082 INFO [stderr] 693 |                 CW_USEDEFAULT, CW_USEDEFAULT, width, height, 0 as HWND, hmenu, 0 as HINSTANCE,
Dec 03 13:37:45.082 INFO [stderr]     |                 ^^^^^^^^^^^^^ not found in this scope
Dec 03 13:37:45.082 INFO [stderr] 
Dec 03 13:37:45.082 INFO [stderr] error[E0425]: cannot find value `CW_USEDEFAULT` in this scope
Dec 03 13:37:45.082 INFO [stderr]    --> src/window.rs:693:32
Dec 03 13:37:45.082 INFO [stderr]     |
Dec 03 13:37:45.082 INFO [stderr] 693 |                 CW_USEDEFAULT, CW_USEDEFAULT, width, height, 0 as HWND, hmenu, 0 as HINSTANCE,
Dec 03 13:37:45.082 INFO [stderr]     |                                ^^^^^^^^^^^^^ not found in this scope
Dec 03 13:37:45.082 INFO [stderr] 
Dec 03 13:37:45.082 INFO [stderr] error[E0412]: cannot find type `HWND` in this scope
Dec 03 13:37:45.082 INFO [stderr]    --> src/window.rs:693:67
Dec 03 13:37:45.082 INFO [stderr]     |
Dec 03 13:37:45.082 INFO [stderr] 693 |                 CW_USEDEFAULT, CW_USEDEFAULT, width, height, 0 as HWND, hmenu, 0 as HINSTANCE,
Dec 03 13:37:45.082 INFO [stderr]     |                                                                   ^^^^ not found in this scope
Dec 03 13:37:45.082 INFO [stderr] 
Dec 03 13:37:45.082 INFO [stderr] error[E0412]: cannot find type `HINSTANCE` in this scope
Dec 03 13:37:45.082 INFO [stderr]    --> src/window.rs:693:85
Dec 03 13:37:45.082 INFO [stderr]     |
Dec 03 13:37:45.082 INFO [stderr] 693 |                 CW_USEDEFAULT, CW_USEDEFAULT, width, height, 0 as HWND, hmenu, 0 as HINSTANCE,
Dec 03 13:37:45.082 INFO [stderr]     |                                                                                     ^^^^^^^^^ not found in this scope
Dec 03 13:37:45.082 INFO [stderr] 
Dec 03 13:37:45.082 INFO [stderr] error[E0412]: cannot find type `IDXGIFactory2` in this scope
Dec 03 13:37:45.082 INFO [stderr]    --> src/window.rs:722:40
Dec 03 13:37:45.082 INFO [stderr]     |
Dec 03 13:37:45.082 INFO [stderr] 722 | unsafe fn choose_adapter(factory: *mut IDXGIFactory2) -> *mut IDXGIAdapter {
Dec 03 13:37:45.082 INFO [stderr]     |                                        ^^^^^^^^^^^^^ not found in this scope
Dec 03 13:37:45.082 INFO [stderr] 
Dec 03 13:37:45.082 INFO [stderr] error[E0412]: cannot find type `IDXGIAdapter` in this scope
Dec 03 13:37:45.082 INFO [stderr]    --> src/window.rs:722:63
Dec 03 13:37:45.082 INFO [stderr]     |
Dec 03 13:37:45.082 INFO [stderr] 722 | unsafe fn choose_adapter(factory: *mut IDXGIFactory2) -> *mut IDXGIAdapter {
Dec 03 13:37:45.082 INFO [stderr]     |                                                               ^^^^^^^^^^^^ not found in this scope
Dec 03 13:37:45.082 INFO [stderr] 
Dec 03 13:37:45.082 INFO [stderr] error[E0412]: cannot find type `IDXGIAdapter` in this scope
Dec 03 13:37:45.082 INFO [stderr]    --> src/window.rs:727:31
Dec 03 13:37:45.082 INFO [stderr]     |
Dec 03 13:37:45.082 INFO [stderr] 727 |         let mut adapter: *mut IDXGIAdapter = null_mut();
Dec 03 13:37:45.082 INFO [stderr]     |                               ^^^^^^^^^^^^ not found in this scope
Dec 03 13:37:45.082 INFO [stderr] 
Dec 03 13:37:45.082 INFO [stderr] error[E0425]: cannot find function `SUCCEEDED` in this scope
Dec 03 13:37:45.082 INFO [stderr]    --> src/window.rs:728:13
Dec 03 13:37:45.082 INFO [stderr]     |
Dec 03 13:37:45.082 INFO [stderr] 728 |         if !SUCCEEDED((*factory).EnumAdapters(i, &mut adapter)) {
Dec 03 13:37:45.082 INFO [stderr]     |             ^^^^^^^^^ not found in this scope
Dec 03 13:37:45.082 INFO [stderr] 
Dec 03 13:37:45.082 INFO [stderr] error[E0412]: cannot find type `DXGI_ADAPTER_DESC` in this scope
Dec 03 13:37:45.082 INFO [stderr]    --> src/window.rs:731:23
Dec 03 13:37:45.082 INFO [stderr]     |
Dec 03 13:37:45.082 INFO [stderr] 731 |         let mut desc: DXGI_ADAPTER_DESC = mem::uninitialized();
Dec 03 13:37:45.082 INFO [stderr]     |                       ^^^^^^^^^^^^^^^^^ not found in this scope
Dec 03 13:37:45.082 INFO [stderr] 
Dec 03 13:37:45.082 INFO [stderr] error[E0412]: cannot find type `LPWSTR` in this scope
Dec 03 13:37:45.082 INFO [stderr]    --> src/window.rs:740:42
Dec 03 13:37:45.082 INFO [stderr]     |
Dec 03 13:37:45.082 INFO [stderr] 740 |             (&mut desc.Description[0] as LPWSTR).from_wide(),
Dec 03 13:37:45.082 INFO [stderr]     |                                          ^^^^^^ not found in this scope
Dec 03 13:37:45.082 INFO [stderr] 
Dec 03 13:37:45.087 INFO [stderr] error[E0412]: cannot find type `HWND` in this scope
Dec 03 13:37:45.087 INFO [stderr]    --> src/window.rs:747:71
Dec 03 13:37:45.087 INFO [stderr]     |
Dec 03 13:37:45.087 INFO [stderr] 747 | unsafe fn create_dcomp_state(present_strategy: PresentStrategy, hwnd: HWND)
Dec 03 13:37:45.087 INFO [stderr]     |                                                                       ^^^^ not found in this scope
Dec 03 13:37:45.087 INFO [stderr] 
Dec 03 13:37:45.088 INFO [stderr] error[E0412]: cannot find type `IDXGIFactory2` in this scope
Dec 03 13:37:45.088 INFO [stderr]    --> src/window.rs:755:31
Dec 03 13:37:45.088 INFO [stderr]     |
Dec 03 13:37:45.088 INFO [stderr] 755 |         let mut factory: *mut IDXGIFactory2 = null_mut();
Dec 03 13:37:45.088 INFO [stderr]     |                               ^^^^^^^^^^^^^ not found in this scope
Dec 03 13:37:45.088 INFO [stderr] 
Dec 03 13:37:45.088 INFO [stderr] error[E0425]: cannot find value `IID_IDXGIFactory2` in this scope
Dec 03 13:37:45.088 INFO [stderr]    --> src/window.rs:756:44
Dec 03 13:37:45.088 INFO [stderr]     |
Dec 03 13:37:45.088 INFO [stderr] 756 |         as_result(create_dxgi_factory2(0, &IID_IDXGIFactory2,
Dec 03 13:37:45.088 INFO [stderr]     |                                            ^^^^^^^^^^^^^^^^^ not found in this scope
Dec 03 13:37:45.088 INFO [stderr] 
Dec 03 13:37:45.088 INFO [stderr] error[E0412]: cannot find type `IDXGIFactory2` in this scope
Dec 03 13:37:45.088 INFO [stderr]    --> src/window.rs:757:39
Dec 03 13:37:45.088 INFO [stderr]     |
Dec 03 13:37:45.088 INFO [stderr] 757 |             &mut factory as *mut *mut IDXGIFactory2 as *mut *mut c_void))?;
Dec 03 13:37:45.088 INFO [stderr]     |                                       ^^^^^^^^^^^^^ not found in this scope
Dec 03 13:37:45.088 INFO [stderr] 
Dec 03 13:37:45.088 INFO [stderr] error[E0425]: cannot find value `DXGI_SWAP_EFFECT_SEQUENTIAL` in this scope
Dec 03 13:37:45.088 INFO [stderr]    --> src/window.rs:769:45
Dec 03 13:37:45.088 INFO [stderr]     |
Dec 03 13:37:45.088 INFO [stderr] 769 |             PresentStrategy::Sequential => (DXGI_SWAP_EFFECT_SEQUENTIAL, 1),
Dec 03 13:37:45.088 INFO [stderr]     |                                             ^^^^^^^^^^^^^^^^^^^^^^^^^^^ not found in this scope
Dec 03 13:37:45.088 INFO [stderr] 
Dec 03 13:37:45.088 INFO [stderr] error[E0425]: cannot find value `DXGI_SWAP_EFFECT_FLIP_SEQUENTIAL` in this scope
Dec 03 13:37:45.088 INFO [stderr]    --> src/window.rs:771:18
Dec 03 13:37:45.088 INFO [stderr]     |
Dec 03 13:37:45.088 INFO [stderr] 771 |                 (DXGI_SWAP_EFFECT_FLIP_SEQUENTIAL, 2),
Dec 03 13:37:45.088 INFO [stderr]     |                  ^^^^^^^^^^^^^^^^^^^^^^^^^^^^^^^^ not found in this scope
Dec 03 13:37:45.088 INFO [stderr] 
Dec 03 13:37:45.088 INFO [stderr] error[E0422]: cannot find struct, variant or union type `DXGI_SWAP_CHAIN_DESC1` in this scope
Dec 03 13:37:45.088 INFO [stderr]    --> src/window.rs:773:20
Dec 03 13:37:45.088 INFO [stderr]     |
Dec 03 13:37:45.088 INFO [stderr] 773 |         let desc = DXGI_SWAP_CHAIN_DESC1 {
Dec 03 13:37:45.088 INFO [stderr]     |                    ^^^^^^^^^^^^^^^^^^^^^ not found in this scope
Dec 03 13:37:45.088 INFO [stderr] 
Dec 03 13:37:45.088 INFO [stderr] error[E0425]: cannot find value `DXGI_FORMAT_B8G8R8A8_UNORM` in this scope
Dec 03 13:37:45.088 INFO [stderr]    --> src/window.rs:776:21
Dec 03 13:37:45.088 INFO [stderr]     |
Dec 03 13:37:45.088 INFO [stderr] 776 |             Format: DXGI_FORMAT_B8G8R8A8_UNORM,
Dec 03 13:37:45.088 INFO [stderr]     |                     ^^^^^^^^^^^^^^^^^^^^^^^^^^ not found in this scope
Dec 03 13:37:45.088 INFO [stderr] 
Dec 03 13:37:45.088 INFO [stderr] error[E0425]: cannot find value `FALSE` in this scope
Dec 03 13:37:45.088 INFO [stderr]    --> src/window.rs:777:21
Dec 03 13:37:45.088 INFO [stderr]     |
Dec 03 13:37:45.088 INFO [stderr] 777 |             Stereo: FALSE,
Dec 03 13:37:45.088 INFO [stderr]     |                     ^^^^^ not found in this scope
Dec 03 13:37:45.088 INFO [stderr] 
Dec 03 13:37:45.088 INFO [stderr] error[E0422]: cannot find struct, variant or union type `DXGI_SAMPLE_DESC` in this scope
Dec 03 13:37:45.088 INFO [stderr]    --> src/window.rs:778:25
Dec 03 13:37:45.088 INFO [stderr]     |
Dec 03 13:37:45.088 INFO [stderr] 778 |             SampleDesc: DXGI_SAMPLE_DESC { Count: 1, Quality: 0 },
Dec 03 13:37:45.088 INFO [stderr]     |                         ^^^^^^^^^^^^^^^^ not found in this scope
Dec 03 13:37:45.088 INFO [stderr] 
Dec 03 13:37:45.088 INFO [stderr] error[E0425]: cannot find value `DXGI_USAGE_RENDER_TARGET_OUTPUT` in this scope
Dec 03 13:37:45.088 INFO [stderr]    --> src/window.rs:779:26
Dec 03 13:37:45.088 INFO [stderr]     |
Dec 03 13:37:45.088 INFO [stderr] 779 |             BufferUsage: DXGI_USAGE_RENDER_TARGET_OUTPUT,
Dec 03 13:37:45.088 INFO [stderr]     |                          ^^^^^^^^^^^^^^^^^^^^^^^^^^^^^^^ not found in this scope
Dec 03 13:37:45.088 INFO [stderr] 
Dec 03 13:37:45.088 INFO [stderr] error[E0425]: cannot find value `DXGI_SCALING_STRETCH` in this scope
Dec 03 13:37:45.088 INFO [stderr]    --> src/window.rs:781:22
Dec 03 13:37:45.088 INFO [stderr]     |
Dec 03 13:37:45.088 INFO [stderr] 781 |             Scaling: DXGI_SCALING_STRETCH,
Dec 03 13:37:45.088 INFO [stderr]     |                      ^^^^^^^^^^^^^^^^^^^^ not found in this scope
Dec 03 13:37:45.088 INFO [stderr] 
Dec 03 13:37:45.088 INFO [stderr] error[E0425]: cannot find value `DXGI_ALPHA_MODE_IGNORE` in this scope
Dec 03 13:37:45.088 INFO [stderr]    --> src/window.rs:783:24
Dec 03 13:37:45.088 INFO [stderr]     |
Dec 03 13:37:45.088 INFO [stderr] 783 |             AlphaMode: DXGI_ALPHA_MODE_IGNORE,
Dec 03 13:37:45.088 INFO [stderr]     |                        ^^^^^^^^^^^^^^^^^^^^^^ not found in this scope
Dec 03 13:37:45.088 INFO [stderr] 
Dec 03 13:37:45.088 INFO [stderr] error[E0412]: cannot find type `IDXGISwapChain1` in this scope
Dec 03 13:37:45.088 INFO [stderr]    --> src/window.rs:786:34
Dec 03 13:37:45.088 INFO [stderr]     |
Dec 03 13:37:45.088 INFO [stderr] 786 |         let mut swap_chain: *mut IDXGISwapChain1 = null_mut();
Dec 03 13:37:45.088 INFO [stderr]     |                                  ^^^^^^^^^^^^^^^ not found in this scope
Dec 03 13:37:45.088 INFO [stderr] 
Dec 03 13:37:45.088 INFO [stderr] error[E0412]: cannot find type `IUnknown` in this scope
Dec 03 13:37:45.088 INFO [stderr]    --> src/window.rs:787:91
Dec 03 13:37:45.088 INFO [stderr]     |
Dec 03 13:37:45.088 INFO [stderr] 787 |         let res = (*factory).CreateSwapChainForComposition(d3d11_device.raw_ptr() as *mut IUnknown,
Dec 03 13:37:45.088 INFO [stderr]     |                                                                                           ^^^^^^^^ not found in this scope
Dec 03 13:37:45.088 INFO [stderr] 
Dec 03 13:37:45.088 INFO [stderr] error[E0412]: cannot find type `IUnknown` in this scope
Dec 03 13:37:45.088 INFO [stderr]    --> src/window.rs:792:61
Dec 03 13:37:45.088 INFO [stderr]     |
Dec 03 13:37:45.088 INFO [stderr] 792 |         swapchain_visual.set_content_raw(swap_chain as *mut IUnknown)?;
Dec 03 13:37:45.088 INFO [stderr]     |                                                             ^^^^^^^^ not found in this scope
Dec 03 13:37:45.088 INFO [stderr] 
Dec 03 13:37:45.089 INFO [stderr] error[E0412]: cannot find type `HWND` in this scope
Dec 03 13:37:45.089 INFO [stderr]    --> src/window.rs:803:51
Dec 03 13:37:45.089 INFO [stderr]     |
Dec 03 13:37:45.089 INFO [stderr] 803 | unsafe extern "system" fn win_proc_dispatch(hwnd: HWND, msg: UINT, wparam: WPARAM, lparam: LPARAM)
Dec 03 13:37:45.089 INFO [stderr]     |                                                   ^^^^ not found in this scope
Dec 03 13:37:45.089 INFO [stderr] 
Dec 03 13:37:45.089 INFO [stderr] error[E0412]: cannot find type `UINT` in this scope
Dec 03 13:37:45.089 INFO [stderr]    --> src/window.rs:803:62
Dec 03 13:37:45.089 INFO [stderr]     |
Dec 03 13:37:45.089 INFO [stderr] 803 | unsafe extern "system" fn win_proc_dispatch(hwnd: HWND, msg: UINT, wparam: WPARAM, lparam: LPARAM)
Dec 03 13:37:45.089 INFO [stderr]     |                                                              ^^^^ not found in this scope
Dec 03 13:37:45.089 INFO [stderr] 
Dec 03 13:37:45.089 INFO [stderr] error[E0412]: cannot find type `WPARAM` in this scope
Dec 03 13:37:45.089 INFO [stderr]    --> src/window.rs:803:76
Dec 03 13:37:45.089 INFO [stderr]     |
Dec 03 13:37:45.089 INFO [stderr] 803 | unsafe extern "system" fn win_proc_dispatch(hwnd: HWND, msg: UINT, wparam: WPARAM, lparam: LPARAM)
Dec 03 13:37:45.089 INFO [stderr]     |                                                                            ^^^^^^ not found in this scope
Dec 03 13:37:45.089 INFO [stderr] 
Dec 03 13:37:45.089 INFO [stderr] error[E0412]: cannot find type `LPARAM` in this scope
Dec 03 13:37:45.089 INFO [stderr]    --> src/window.rs:803:92
Dec 03 13:37:45.089 INFO [stderr]     |
Dec 03 13:37:45.089 INFO [stderr] 803 | unsafe extern "system" fn win_proc_dispatch(hwnd: HWND, msg: UINT, wparam: WPARAM, lparam: LPARAM)
Dec 03 13:37:45.089 INFO [stderr]     |                                                                                            ^^^^^^ not found in this scope
Dec 03 13:37:45.089 INFO [stderr] 
Dec 03 13:37:45.089 INFO [stderr] error[E0412]: cannot find type `LRESULT` in this scope
Dec 03 13:37:45.089 INFO [stderr]    --> src/window.rs:804:8
Dec 03 13:37:45.089 INFO [stderr]     |
Dec 03 13:37:45.089 INFO [stderr] 804 |     -> LRESULT
Dec 03 13:37:45.089 INFO [stderr]     |        ^^^^^^^ not found in this scope
Dec 03 13:37:45.089 INFO [stderr] 
Dec 03 13:37:45.089 INFO [stderr] error[E0425]: cannot find value `WM_CREATE` in this scope
Dec 03 13:37:45.089 INFO [stderr]    --> src/window.rs:806:15
Dec 03 13:37:45.089 INFO [stderr]     |
Dec 03 13:37:45.089 INFO [stderr] 806 |     if msg == WM_CREATE {
Dec 03 13:37:45.089 INFO [stderr]     |               ^^^^^^^^^ not found in this scope
Dec 03 13:37:45.089 INFO [stderr] 
Dec 03 13:37:45.089 INFO [stderr] error[E0412]: cannot find type `CREATESTRUCTW` in this scope
Dec 03 13:37:45.089 INFO [stderr]    --> src/window.rs:807:49
Dec 03 13:37:45.089 INFO [stderr]     |
Dec 03 13:37:45.089 INFO [stderr] 807 |         let create_struct = &*(lparam as *const CREATESTRUCTW);
Dec 03 13:37:45.089 INFO [stderr]     |                                                 ^^^^^^^^^^^^^ not found in this scope
Dec 03 13:37:45.089 INFO [stderr] 
Dec 03 13:37:45.089 INFO [stderr] error[E0425]: cannot find function `SetWindowLongPtrW` in this scope
Dec 03 13:37:45.089 INFO [stderr]    --> src/window.rs:809:9
Dec 03 13:37:45.089 INFO [stderr]     |
Dec 03 13:37:45.089 INFO [stderr] 809 |         SetWindowLongPtrW(hwnd, GWLP_USERDATA, wndproc_ptr as LONG_PTR);
Dec 03 13:37:45.089 INFO [stderr]     |         ^^^^^^^^^^^^^^^^^ not found in this scope
Dec 03 13:37:45.089 INFO [stderr] 
Dec 03 13:37:45.089 INFO [stderr] error[E0425]: cannot find value `GWLP_USERDATA` in this scope
Dec 03 13:37:45.089 INFO [stderr]    --> src/window.rs:809:33
Dec 03 13:37:45.089 INFO [stderr]     |
Dec 03 13:37:45.089 INFO [stderr] 809 |         SetWindowLongPtrW(hwnd, GWLP_USERDATA, wndproc_ptr as LONG_PTR);
Dec 03 13:37:45.089 INFO [stderr]     |                                 ^^^^^^^^^^^^^ not found in this scope
Dec 03 13:37:45.089 INFO [stderr] 
Dec 03 13:37:45.089 INFO [stderr] error[E0412]: cannot find type `LONG_PTR` in this scope
Dec 03 13:37:45.089 INFO [stderr]    --> src/window.rs:809:63
Dec 03 13:37:45.089 INFO [stderr]     |
Dec 03 13:37:45.089 INFO [stderr] 809 |         SetWindowLongPtrW(hwnd, GWLP_USERDATA, wndproc_ptr as LONG_PTR);
Dec 03 13:37:45.089 INFO [stderr]     |                                                               ^^^^^^^^ not found in this scope
Dec 03 13:37:45.089 INFO [stderr] 
Dec 03 13:37:45.089 INFO [stderr] error[E0425]: cannot find function `GetWindowLongPtrW` in this scope
Dec 03 13:37:45.089 INFO [stderr]    --> src/window.rs:811:22
Dec 03 13:37:45.089 INFO [stderr]     |
Dec 03 13:37:45.089 INFO [stderr] 811 |     let window_ptr = GetWindowLongPtrW(hwnd, GWLP_USERDATA) as *const WindowState;
Dec 03 13:37:45.089 INFO [stderr]     |                      ^^^^^^^^^^^^^^^^^ not found in this scope
Dec 03 13:37:45.089 INFO [stderr] 
Dec 03 13:37:45.089 INFO [stderr] error[E0425]: cannot find value `GWLP_USERDATA` in this scope
Dec 03 13:37:45.089 INFO [stderr]    --> src/window.rs:811:46
Dec 03 13:37:45.089 INFO [stderr]     |
Dec 03 13:37:45.089 INFO [stderr] 811 |     let window_ptr = GetWindowLongPtrW(hwnd, GWLP_USERDATA) as *const WindowState;
Dec 03 13:37:45.089 INFO [stderr]     |                                              ^^^^^^^^^^^^^ not found in this scope
Dec 03 13:37:45.089 INFO [stderr] 
Dec 03 13:37:45.089 INFO [stderr] error[E0425]: cannot find value `WM_NCDESTROY` in this scope
Dec 03 13:37:45.089 INFO [stderr]    --> src/window.rs:819:15
Dec 03 13:37:45.089 INFO [stderr]     |
Dec 03 13:37:45.089 INFO [stderr] 819 |     if msg == WM_NCDESTROY {
Dec 03 13:37:45.089 INFO [stderr]     |               ^^^^^^^^^^^^ not found in this scope
Dec 03 13:37:45.089 INFO [stderr] 
Dec 03 13:37:45.089 INFO [stderr] error[E0425]: cannot find function `SetWindowLongPtrW` in this scope
Dec 03 13:37:45.089 INFO [stderr]    --> src/window.rs:821:13
Dec 03 13:37:45.089 INFO [stderr]     |
Dec 03 13:37:45.089 INFO [stderr] 821 |             SetWindowLongPtrW(hwnd, GWLP_USERDATA, 0);
Dec 03 13:37:45.089 INFO [stderr]     |             ^^^^^^^^^^^^^^^^^ not found in this scope
Dec 03 13:37:45.089 INFO [stderr] 
Dec 03 13:37:45.089 INFO [stderr] error[E0425]: cannot find value `GWLP_USERDATA` in this scope
Dec 03 13:37:45.089 INFO [stderr]    --> src/window.rs:821:37
Dec 03 13:37:45.089 INFO [stderr]     |
Dec 03 13:37:45.089 INFO [stderr] 821 |             SetWindowLongPtrW(hwnd, GWLP_USERDATA, 0);
Dec 03 13:37:45.089 INFO [stderr]     |                                     ^^^^^^^^^^^^^ not found in this scope
Dec 03 13:37:45.089 INFO [stderr] 
Dec 03 13:37:45.089 INFO [stderr] error[E0425]: cannot find function `DefWindowProcW` in this scope
Dec 03 13:37:45.090 INFO [stderr]    --> src/window.rs:827:17
Dec 03 13:37:45.090 INFO [stderr]     |
Dec 03 13:37:45.090 INFO [stderr] 827 |         None => DefWindowProcW(hwnd, msg, wparam, lparam),
Dec 03 13:37:45.090 INFO [stderr]     |                 ^^^^^^^^^^^^^^ not found in this scope
Dec 03 13:37:45.090 INFO [stderr] 
Dec 03 13:37:45.090 INFO [stderr] error[E0412]: cannot find type `DWORD` in this scope
Dec 03 13:37:45.090 INFO [stderr]    --> src/window.rs:833:20
Dec 03 13:37:45.090 INFO [stderr]     |
Dec 03 13:37:45.090 INFO [stderr] 833 |         dwExStyle: DWORD, lpClassName: LPCWSTR, lpWindowName: LPCWSTR, dwStyle: DWORD, x: c_int,
Dec 03 13:37:45.090 INFO [stderr]     |                    ^^^^^ not found in this scope
Dec 03 13:37:45.090 INFO [stderr] 
Dec 03 13:37:45.090 INFO [stderr] error[E0412]: cannot find type `LPCWSTR` in this scope
Dec 03 13:37:45.090 INFO [stderr]    --> src/window.rs:833:40
Dec 03 13:37:45.090 INFO [stderr]     |
Dec 03 13:37:45.090 INFO [stderr] 833 |         dwExStyle: DWORD, lpClassName: LPCWSTR, lpWindowName: LPCWSTR, dwStyle: DWORD, x: c_int,
Dec 03 13:37:45.090 INFO [stderr]     |                                        ^^^^^^^ not found in this scope
Dec 03 13:37:45.090 INFO [stderr] 
Dec 03 13:37:45.090 INFO [stderr] error[E0412]: cannot find type `LPCWSTR` in this scope
Dec 03 13:37:45.090 INFO [stderr]    --> src/window.rs:833:63
Dec 03 13:37:45.090 INFO [stderr]     |
Dec 03 13:37:45.090 INFO [stderr] 833 |         dwExStyle: DWORD, lpClassName: LPCWSTR, lpWindowName: LPCWSTR, dwStyle: DWORD, x: c_int,
Dec 03 13:37:45.090 INFO [stderr]     |                                                               ^^^^^^^ not found in this scope
Dec 03 13:37:45.090 INFO [stderr] 
Dec 03 13:37:45.090 INFO [stderr] error[E0412]: cannot find type `DWORD` in this scope
Dec 03 13:37:45.090 INFO [stderr]    --> src/window.rs:833:81
Dec 03 13:37:45.090 INFO [stderr]     |
Dec 03 13:37:45.090 INFO [stderr] 833 |         dwExStyle: DWORD, lpClassName: LPCWSTR, lpWindowName: LPCWSTR, dwStyle: DWORD, x: c_int,
Dec 03 13:37:45.090 INFO [stderr]     |                                                                                 ^^^^^ not found in this scope
Dec 03 13:37:45.090 INFO [stderr] 
Dec 03 13:37:45.090 INFO [stderr] error[E0412]: cannot find type `HWND` in this scope
Dec 03 13:37:45.090 INFO [stderr]    --> src/window.rs:834:62
Dec 03 13:37:45.090 INFO [stderr]     |
Dec 03 13:37:45.090 INFO [stderr] 834 |         y: c_int, nWidth: c_int, nHeight: c_int, hWndParent: HWND, hMenu: HMENU,
Dec 03 13:37:45.090 INFO [stderr]     |                                                              ^^^^ not found in this scope
Dec 03 13:37:45.090 INFO [stderr] 
Dec 03 13:37:45.090 INFO [stderr] error[E0412]: cannot find type `HMENU` in this scope
Dec 03 13:37:45.090 INFO [stderr]    --> src/window.rs:834:75
Dec 03 13:37:45.090 INFO [stderr]     |
Dec 03 13:37:45.090 INFO [stderr] 834 |         y: c_int, nWidth: c_int, nHeight: c_int, hWndParent: HWND, hMenu: HMENU,
Dec 03 13:37:45.090 INFO [stderr]     |                                                                           ^^^^^ not found in this scope
Dec 03 13:37:45.090 INFO [stderr] 
Dec 03 13:37:45.090 INFO [stderr] error[E0412]: cannot find type `HINSTANCE` in this scope
Dec 03 13:37:45.090 INFO [stderr]    --> src/window.rs:835:20
Dec 03 13:37:45.090 INFO [stderr]     |
Dec 03 13:37:45.090 INFO [stderr] 835 |         hInstance: HINSTANCE, wndproc: Rc<WindowState>) -> HWND
Dec 03 13:37:45.090 INFO [stderr]     |                    ^^^^^^^^^ not found in this scope
Dec 03 13:37:45.090 INFO [stderr] 
Dec 03 13:37:45.090 INFO [stderr] error[E0412]: cannot find type `HWND` in this scope
Dec 03 13:37:45.090 INFO [stderr]    --> src/window.rs:835:60
Dec 03 13:37:45.090 INFO [stderr]     |
Dec 03 13:37:45.090 INFO [stderr] 835 |         hInstance: HINSTANCE, wndproc: Rc<WindowState>) -> HWND
Dec 03 13:37:45.090 INFO [stderr]     |                                                            ^^^^ not found in this scope
Dec 03 13:37:45.090 INFO [stderr] 
Dec 03 13:37:45.090 INFO [stderr] error[E0425]: cannot find function `CreateWindowExW` in this scope
Dec 03 13:37:45.090 INFO [stderr]    --> src/window.rs:837:5
Dec 03 13:37:45.090 INFO [stderr]     |
Dec 03 13:37:45.090 INFO [stderr] 837 |     CreateWindowExW(dwExStyle, lpClassName, lpWindowName, dwStyle, x, y,
Dec 03 13:37:45.090 INFO [stderr]     |     ^^^^^^^^^^^^^^^ not found in this scope
Dec 03 13:37:45.090 INFO [stderr] 
Dec 03 13:37:45.090 INFO [stderr] error[E0412]: cannot find type `LPVOID` in this scope
Dec 03 13:37:45.090 INFO [stderr]    --> src/window.rs:838:81
Dec 03 13:37:45.090 INFO [stderr]     |
Dec 03 13:37:45.090 INFO [stderr] 838 |         nWidth, nHeight, hWndParent, hMenu, hInstance, Rc::into_raw(wndproc) as LPVOID)
Dec 03 13:37:45.090 INFO [stderr]     |                                                                                 ^^^^^^ not found in this scope
Dec 03 13:37:45.090 INFO [stderr] 
Dec 03 13:37:45.090 INFO [stderr] error[E0412]: cannot find type `LPCWSTR` in this scope
Dec 03 13:37:45.090 INFO [stderr]    --> src/window.rs:842:30
Dec 03 13:37:45.090 INFO [stderr]     |
Dec 03 13:37:45.090 INFO [stderr] 842 |     fn get_lpcwstr(&self) -> LPCWSTR {
Dec 03 13:37:45.090 INFO [stderr]     |                              ^^^^^^^ not found in this scope
Dec 03 13:37:45.090 INFO [stderr] 
Dec 03 13:37:45.090 INFO [stderr] error[E0425]: cannot find value `IDC_ARROW` in this scope
Dec 03 13:37:45.090 INFO [stderr]    --> src/window.rs:844:30
Dec 03 13:37:45.090 INFO [stderr]     |
Dec 03 13:37:45.090 INFO [stderr] 844 |             Cursor::Arrow => IDC_ARROW,
Dec 03 13:37:45.090 INFO [stderr]     |                              ^^^^^^^^^ not found in this scope
Dec 03 13:37:45.090 INFO [stderr] 
Dec 03 13:37:45.090 INFO [stderr] error[E0425]: cannot find value `IDC_IBEAM` in this scope
Dec 03 13:37:45.090 INFO [stderr]    --> src/window.rs:845:30
Dec 03 13:37:45.090 INFO [stderr]     |
Dec 03 13:37:45.090 INFO [stderr] 845 |             Cursor::IBeam => IDC_IBEAM,
Dec 03 13:37:45.090 INFO [stderr]     |                              ^^^^^^^^^ not found in this scope
Dec 03 13:37:45.090 INFO [stderr] 
Dec 03 13:37:45.090 INFO [stderr] error[E0425]: cannot find function `ShowWindow` in this scope
Dec 03 13:37:45.090 INFO [stderr]    --> src/window.rs:855:17
Dec 03 13:37:45.090 INFO [stderr]     |
Dec 03 13:37:45.091 INFO [stderr] 855 |                 ShowWindow(hwnd, SW_SHOWNORMAL);
Dec 03 13:37:45.091 INFO [stderr]     |                 ^^^^^^^^^^ not found in this scope
Dec 03 13:37:45.091 INFO [stderr] 
Dec 03 13:37:45.091 INFO [stderr] error[E0425]: cannot find value `SW_SHOWNORMAL` in this scope
Dec 03 13:37:45.091 INFO [stderr]    --> src/window.rs:855:34
Dec 03 13:37:45.091 INFO [stderr]     |
Dec 03 13:37:45.091 INFO [stderr] 855 |                 ShowWindow(hwnd, SW_SHOWNORMAL);
Dec 03 13:37:45.091 INFO [stderr]     |                                  ^^^^^^^^^^^^^ not found in this scope
Dec 03 13:37:45.091 INFO [stderr] 
Dec 03 13:37:45.098 INFO [stderr] error[E0425]: cannot find function `UpdateWindow` in this scope
Dec 03 13:37:45.099 INFO [stderr]    --> src/window.rs:856:17
Dec 03 13:37:45.099 INFO [stderr]     |
Dec 03 13:37:45.099 INFO [stderr] 856 |                 UpdateWindow(hwnd);
Dec 03 13:37:45.099 INFO [stderr]     |                 ^^^^^^^^^^^^ not found in this scope
Dec 03 13:37:45.110 INFO [stderr] 
Dec 03 13:37:45.111 INFO [stderr] error[E0425]: cannot find function `DestroyWindow` in this scope
Dec 03 13:37:45.111 INFO [stderr]    --> src/window.rs:865:17
Dec 03 13:37:45.111 INFO [stderr]     |
Dec 03 13:37:45.111 INFO [stderr] 865 |                 DestroyWindow(hwnd);
Dec 03 13:37:45.111 INFO [stderr]     |                 ^^^^^^^^^^^^^ not found in this scope
Dec 03 13:37:45.111 INFO [stderr] 
Dec 03 13:37:45.111 INFO [stderr] error[E0425]: cannot find function `InvalidateRect` in this scope
Dec 03 13:37:45.111 INFO [stderr]    --> src/window.rs:874:17
Dec 03 13:37:45.111 INFO [stderr]     |
Dec 03 13:37:45.111 INFO [stderr] 874 |                 InvalidateRect(hwnd, null(), FALSE);
Dec 03 13:37:45.111 INFO [stderr]     |                 ^^^^^^^^^^^^^^ not found in this scope
Dec 03 13:37:45.111 INFO [stderr] 
Dec 03 13:37:45.111 INFO [stderr] error[E0425]: cannot find value `FALSE` in this scope
Dec 03 13:37:45.111 INFO [stderr]    --> src/window.rs:874:46
Dec 03 13:37:45.111 INFO [stderr]     |
Dec 03 13:37:45.111 INFO [stderr] 874 |                 InvalidateRect(hwnd, null(), FALSE);
Dec 03 13:37:45.111 INFO [stderr]     |                                              ^^^^^ not found in this scope
Dec 03 13:37:45.111 INFO [stderr] 
Dec 03 13:37:45.111 INFO [stderr] error[E0412]: cannot find type `HWND` in this scope
Dec 03 13:37:45.111 INFO [stderr]    --> src/window.rs:881:38
Dec 03 13:37:45.111 INFO [stderr]     |
Dec 03 13:37:45.111 INFO [stderr] 881 |     pub fn get_hwnd(&self) -> Option<HWND> {
Dec 03 13:37:45.111 INFO [stderr]     |                                      ^^^^ not found in this scope
Dec 03 13:37:45.111 INFO [stderr] 
Dec 03 13:37:45.111 INFO [stderr] error[E0425]: cannot find function `PostMessageW` in this scope
Dec 03 13:37:45.111 INFO [stderr]    --> src/window.rs:955:17
Dec 03 13:37:45.111 INFO [stderr]     |
Dec 03 13:37:45.111 INFO [stderr] 955 |                 PostMessageW(self.hwnd, XI_RUN_IDLE, 0, 0);
Dec 03 13:37:45.111 INFO [stderr]     |                 ^^^^^^^^^^^^ not found in this scope
Dec 03 13:37:45.111 INFO [stderr] 
Dec 03 13:37:45.111 INFO [stderr] error[E0425]: cannot find function `InvalidateRect` in this scope
Dec 03 13:37:45.111 INFO [stderr]    --> src/window.rs:963:13
Dec 03 13:37:45.111 INFO [stderr]     |
Dec 03 13:37:45.111 INFO [stderr] 963 |             InvalidateRect(self.hwnd, null(), FALSE);
Dec 03 13:37:45.111 INFO [stderr]     |             ^^^^^^^^^^^^^^ not found in this scope
Dec 03 13:37:45.111 INFO [stderr] 
Dec 03 13:37:45.111 INFO [stderr] error[E0425]: cannot find value `FALSE` in this scope
Dec 03 13:37:45.111 INFO [stderr]    --> src/window.rs:963:47
Dec 03 13:37:45.111 INFO [stderr]     |
Dec 03 13:37:45.111 INFO [stderr] 963 |             InvalidateRect(self.hwnd, null(), FALSE);
Dec 03 13:37:45.111 INFO [stderr]     |                                               ^^^^^ not found in this scope
Dec 03 13:37:45.111 INFO [stderr] 
Dec 03 13:37:45.111 INFO [stderr] error[E0425]: cannot find function `SUCCEEDED` in this scope
Dec 03 13:37:45.111 INFO [stderr]    --> src/window.rs:975:8
Dec 03 13:37:45.111 INFO [stderr]     |
Dec 03 13:37:45.111 INFO [stderr] 975 |     if SUCCEEDED(err) {
Dec 03 13:37:45.111 INFO [stderr]     |        ^^^^^^^^^ not found in this scope
Dec 03 13:37:45.111 INFO [stderr] 
Dec 03 13:37:45.111 INFO [stderr] error[E0412]: cannot find type `ID2D1HwndRenderTarget` in this scope
Dec 03 13:37:45.111 INFO [stderr]    --> src/window.rs:976:54
Dec 03 13:37:45.111 INFO [stderr]     |
Dec 03 13:37:45.111 INFO [stderr] 976 |         Some(HwndRenderTarget::from_raw(hwnd as *mut ID2D1HwndRenderTarget))
Dec 03 13:37:45.111 INFO [stderr]     |                                                      ^^^^^^^^^^^^^^^^^^^^^ not found in this scope
Dec 03 13:37:45.111 INFO [stderr] 
Dec 03 13:37:45.111 INFO [stderr] error: aborting due to 418 previous errors
Dec 03 13:37:45.111 INFO [stderr] 
Dec 03 13:37:45.111 INFO [stderr] Some errors occurred: E0408, E0412, E0422, E0425, E0432, E0433.
Dec 03 13:37:45.111 INFO [stderr] For more information about an error, try `rustc --explain E0408`.
Dec 03 13:37:45.114 INFO [stderr] error: Could not compile `druid-win-shell`.
Dec 03 13:37:45.115 INFO [stderr] 
Dec 03 13:37:45.115 INFO [stderr] To learn more, run the command again with --verbose.
Dec 03 13:37:45.123 INFO [stderr] su: No module specific data is present
Dec 03 13:37:46.191 INFO running `"docker" "inspect" "11d4c1f9c403b3367edf8b5b8942dfe9f1ed490717a7c762ecd4add0a4a5f131"`
Dec 03 13:37:46.527 INFO running `"docker" "rm" "-f" "11d4c1f9c403b3367edf8b5b8942dfe9f1ed490717a7c762ecd4add0a4a5f131"`
Dec 03 13:37:46.811 INFO [stdout] 11d4c1f9c403b3367edf8b5b8942dfe9f1ed490717a7c762ecd4add0a4a5f131
