Dec 03 15:16:43.887 INFO testing contrail-derive-0.0.3 against 1.30.1 for beta-1.31-5
Dec 03 15:16:43.887 INFO running `"docker" "create" "-v" "/mnt/big/crater/work/local/target-dirs/beta-1.31-5/worker-0/1.30.1:/target:rw,Z" "-v" "/mnt/big/crater/work/local/test-source/worker-0/beta-1.31-5/1.30.1:/source:ro,Z" "-v" "/mnt/big/crater/work/local/cargo-home:/cargo-home:ro,Z" "-v" "/mnt/big/crater/work/local/rustup-home:/rustup-home:ro,Z" "-e" "USER_ID=1000" "-e" "SOURCE_DIR=/source" "-e" "USER_ID=1000" "-e" "CMD=cargo +1.30.1 build --frozen" "-e" "CARGO_TARGET_DIR=/target" "-e" "CARGO_INCREMENTAL=0" "-e" "RUST_BACKTRACE=full" "-e" "RUSTFLAGS=--cap-lints=warn" "-e" "CARGO_HOME=/cargo-home" "-e" "RUSTUP_HOME=/rustup-home" "-m" "1536M" "--network" "none" "crater"`
Dec 03 15:16:44.228 INFO [stdout] c1bcbe71c66f08743ac2a1c5e89c91e6a1b9449fa0da1637a2f4c0c2aebb0656
Dec 03 15:16:44.237 INFO running `"docker" "start" "-a" "c1bcbe71c66f08743ac2a1c5e89c91e6a1b9449fa0da1637a2f4c0c2aebb0656"`
Dec 03 15:16:44.943 INFO [stderr] usermod: no changes
Dec 03 15:16:45.103 INFO [stderr]    Compiling contrail-derive v0.0.3 (/source)
Dec 03 15:16:50.739 INFO [stderr]     Finished dev [unoptimized + debuginfo] target(s) in 5.74s
Dec 03 15:16:50.743 INFO [stderr] su: No module specific data is present
Dec 03 15:16:51.441 INFO running `"docker" "inspect" "c1bcbe71c66f08743ac2a1c5e89c91e6a1b9449fa0da1637a2f4c0c2aebb0656"`
Dec 03 15:16:51.721 INFO running `"docker" "rm" "-f" "c1bcbe71c66f08743ac2a1c5e89c91e6a1b9449fa0da1637a2f4c0c2aebb0656"`
Dec 03 15:16:52.055 INFO [stdout] c1bcbe71c66f08743ac2a1c5e89c91e6a1b9449fa0da1637a2f4c0c2aebb0656
Dec 03 15:16:52.067 INFO running `"docker" "create" "-v" "/mnt/big/crater/work/local/target-dirs/beta-1.31-5/worker-0/1.30.1:/target:rw,Z" "-v" "/mnt/big/crater/work/local/test-source/worker-0/beta-1.31-5/1.30.1:/source:ro,Z" "-v" "/mnt/big/crater/work/local/cargo-home:/cargo-home:ro,Z" "-v" "/mnt/big/crater/work/local/rustup-home:/rustup-home:ro,Z" "-e" "USER_ID=1000" "-e" "SOURCE_DIR=/source" "-e" "USER_ID=1000" "-e" "CMD=cargo +1.30.1 test --frozen --no-run" "-e" "CARGO_TARGET_DIR=/target" "-e" "CARGO_INCREMENTAL=0" "-e" "RUST_BACKTRACE=full" "-e" "RUSTFLAGS=--cap-lints=warn" "-e" "CARGO_HOME=/cargo-home" "-e" "RUSTUP_HOME=/rustup-home" "-m" "1536M" "--network" "none" "crater"`
Dec 03 15:16:52.623 INFO [stdout] 75e84ef62297644e13fe030240d887ef4e51cfb5b39ca11276ab885342029a79
Dec 03 15:16:52.631 INFO running `"docker" "start" "-a" "75e84ef62297644e13fe030240d887ef4e51cfb5b39ca11276ab885342029a79"`
Dec 03 15:16:53.423 INFO [stderr] usermod: no changes
Dec 03 15:16:53.535 INFO [stderr]    Compiling compiletest_rs v0.3.17
Dec 03 15:16:53.538 INFO [stderr]    Compiling contrail-derive v0.0.3
Dec 03 15:16:59.978 INFO [stderr]    Compiling contrail v0.1.5
Dec 03 15:17:03.522 INFO [stderr] error[E0433]: failed to resolve. Could not find `RunIgnored` in `test`
Dec 03 15:17:03.522 INFO [stderr]    --> /cargo-home/registry/src/github.com-1ecc6299db9ec823/compiletest_rs-0.3.17/src/lib.rs:100:52
Dec 03 15:17:03.522 INFO [stderr]     |
Dec 03 15:17:03.522 INFO [stderr] 100 |         run_ignored: if config.run_ignored { test::RunIgnored::Yes } else { test::RunIgnored::No },
Dec 03 15:17:03.522 INFO [stderr]     |                                                    ^^^^^^^^^^ Could not find `RunIgnored` in `test`
Dec 03 15:17:03.523 INFO [stderr] 
Dec 03 15:17:03.525 INFO [stderr] error[E0433]: failed to resolve. Could not find `RunIgnored` in `test`
Dec 03 15:17:03.525 INFO [stderr]    --> /cargo-home/registry/src/github.com-1ecc6299db9ec823/compiletest_rs-0.3.17/src/lib.rs:100:83
Dec 03 15:17:03.525 INFO [stderr]     |
Dec 03 15:17:03.525 INFO [stderr] 100 |         run_ignored: if config.run_ignored { test::RunIgnored::Yes } else { test::RunIgnored::No },
Dec 03 15:17:03.525 INFO [stderr]     |                                                                                   ^^^^^^^^^^ Could not find `RunIgnored` in `test`
Dec 03 15:17:03.525 INFO [stderr] 
Dec 03 15:17:03.527 INFO [stderr] error[E0554]: #![feature] may not be used on the stable release channel
Dec 03 15:17:03.527 INFO [stderr]   --> /cargo-home/registry/src/github.com-1ecc6299db9ec823/compiletest_rs-0.3.17/src/lib.rs:13:39
Dec 03 15:17:03.527 INFO [stderr]    |
Dec 03 15:17:03.527 INFO [stderr] 13 | #![cfg_attr(not(feature = "norustc"), feature(rustc_private))]
Dec 03 15:17:03.527 INFO [stderr]    |                                       ^^^^^^^^^^^^^^^^^^^^^^^
Dec 03 15:17:03.527 INFO [stderr] 
Dec 03 15:17:03.527 INFO [stderr] error[E0554]: #![feature] may not be used on the stable release channel
Dec 03 15:17:03.527 INFO [stderr]   --> /cargo-home/registry/src/github.com-1ecc6299db9ec823/compiletest_rs-0.3.17/src/lib.rs:14:38
Dec 03 15:17:03.527 INFO [stderr]    |
Dec 03 15:17:03.527 INFO [stderr] 14 | #![cfg_attr(not(feature = "stable"), feature(test))]
Dec 03 15:17:03.527 INFO [stderr]    |                                      ^^^^^^^^^^^^^^
Dec 03 15:17:03.527 INFO [stderr] 
Dec 03 15:17:03.534 INFO [stderr] error: aborting due to 4 previous errors
Dec 03 15:17:03.534 INFO [stderr] 
Dec 03 15:17:03.534 INFO [stderr] Some errors occurred: E0433, E0554.
Dec 03 15:17:03.534 INFO [stderr] For more information about an error, try `rustc --explain E0433`.
Dec 03 15:17:03.555 INFO [stderr] error: Could not compile `compiletest_rs`.
Dec 03 15:17:03.555 INFO [stderr] 
Dec 03 15:17:03.555 INFO [stderr] To learn more, run the command again with --verbose.
Dec 03 15:17:03.561 INFO [stderr] su: No module specific data is present
Dec 03 15:17:03.796 INFO running `"docker" "inspect" "75e84ef62297644e13fe030240d887ef4e51cfb5b39ca11276ab885342029a79"`
Dec 03 15:17:03.913 INFO running `"docker" "rm" "-f" "75e84ef62297644e13fe030240d887ef4e51cfb5b39ca11276ab885342029a79"`
Dec 03 15:17:04.004 INFO [stdout] 75e84ef62297644e13fe030240d887ef4e51cfb5b39ca11276ab885342029a79
