Dec 03 15:30:50.212 INFO testing compiletest_rs-0.3.17 against 1.30.1 for beta-1.31-5
Dec 03 15:30:50.213 INFO running `"docker" "create" "-v" "/mnt/big/crater/work/local/target-dirs/beta-1.31-5/worker-5/1.30.1:/target:rw,Z" "-v" "/mnt/big/crater/work/local/test-source/worker-5/beta-1.31-5/1.30.1:/source:ro,Z" "-v" "/mnt/big/crater/work/local/cargo-home:/cargo-home:ro,Z" "-v" "/mnt/big/crater/work/local/rustup-home:/rustup-home:ro,Z" "-e" "USER_ID=1000" "-e" "SOURCE_DIR=/source" "-e" "USER_ID=1000" "-e" "CMD=cargo +1.30.1 build --frozen" "-e" "CARGO_TARGET_DIR=/target" "-e" "CARGO_INCREMENTAL=0" "-e" "RUST_BACKTRACE=full" "-e" "RUSTFLAGS=--cap-lints=warn" "-e" "CARGO_HOME=/cargo-home" "-e" "RUSTUP_HOME=/rustup-home" "-m" "1536M" "--network" "none" "crater"`
Dec 03 15:30:50.798 INFO [stdout] d51beba0a05d6d7e9aba3ff83b860eda3505d68a27449ff0778c16dfb6431ff8
Dec 03 15:30:50.798 INFO running `"docker" "start" "-a" "d51beba0a05d6d7e9aba3ff83b860eda3505d68a27449ff0778c16dfb6431ff8"`
Dec 03 15:30:52.178 INFO [stderr] usermod: no changes
Dec 03 15:30:52.325 INFO [stderr]    Compiling compiletest_rs v0.3.17 (/source)
Dec 03 15:31:01.375 INFO [stderr] error[E0433]: failed to resolve. Could not find `RunIgnored` in `test`
Dec 03 15:31:01.375 INFO [stderr]    --> src/lib.rs:100:52
Dec 03 15:31:01.375 INFO [stderr]     |
Dec 03 15:31:01.375 INFO [stderr] 100 |         run_ignored: if config.run_ignored { test::RunIgnored::Yes } else { test::RunIgnored::No },
Dec 03 15:31:01.375 INFO [stderr]     |                                                    ^^^^^^^^^^ Could not find `RunIgnored` in `test`
Dec 03 15:31:01.375 INFO [stderr] 
Dec 03 15:31:01.375 INFO [stderr] error[E0433]: failed to resolve. Could not find `RunIgnored` in `test`
Dec 03 15:31:01.375 INFO [stderr]    --> src/lib.rs:100:83
Dec 03 15:31:01.375 INFO [stderr]     |
Dec 03 15:31:01.375 INFO [stderr] 100 |         run_ignored: if config.run_ignored { test::RunIgnored::Yes } else { test::RunIgnored::No },
Dec 03 15:31:01.375 INFO [stderr]     |                                                                                   ^^^^^^^^^^ Could not find `RunIgnored` in `test`
Dec 03 15:31:01.375 INFO [stderr] 
Dec 03 15:31:01.379 INFO [stderr] error[E0554]: #![feature] may not be used on the stable release channel
Dec 03 15:31:01.379 INFO [stderr]   --> src/lib.rs:13:39
Dec 03 15:31:01.379 INFO [stderr]    |
Dec 03 15:31:01.379 INFO [stderr] 13 | #![cfg_attr(not(feature = "norustc"), feature(rustc_private))]
Dec 03 15:31:01.379 INFO [stderr]    |                                       ^^^^^^^^^^^^^^^^^^^^^^^
Dec 03 15:31:01.379 INFO [stderr] 
Dec 03 15:31:01.379 INFO [stderr] error[E0554]: #![feature] may not be used on the stable release channel
Dec 03 15:31:01.379 INFO [stderr]   --> src/lib.rs:14:38
Dec 03 15:31:01.379 INFO [stderr]    |
Dec 03 15:31:01.379 INFO [stderr] 14 | #![cfg_attr(not(feature = "stable"), feature(test))]
Dec 03 15:31:01.379 INFO [stderr]    |                                      ^^^^^^^^^^^^^^
Dec 03 15:31:01.379 INFO [stderr] 
Dec 03 15:31:01.386 INFO [stderr] error: aborting due to 4 previous errors
Dec 03 15:31:01.391 INFO [stderr] 
Dec 03 15:31:01.391 INFO [stderr] Some errors occurred: E0433, E0554.
Dec 03 15:31:01.391 INFO [stderr] For more information about an error, try `rustc --explain E0433`.
Dec 03 15:31:01.415 INFO [stderr] error: Could not compile `compiletest_rs`.
Dec 03 15:31:01.415 INFO [stderr] 
Dec 03 15:31:01.415 INFO [stderr] To learn more, run the command again with --verbose.
Dec 03 15:31:01.415 INFO [stderr] su: No module specific data is present
Dec 03 15:31:02.311 INFO running `"docker" "inspect" "d51beba0a05d6d7e9aba3ff83b860eda3505d68a27449ff0778c16dfb6431ff8"`
Dec 03 15:31:02.657 INFO running `"docker" "rm" "-f" "d51beba0a05d6d7e9aba3ff83b860eda3505d68a27449ff0778c16dfb6431ff8"`
Dec 03 15:31:02.949 INFO [stdout] d51beba0a05d6d7e9aba3ff83b860eda3505d68a27449ff0778c16dfb6431ff8
