Dec 03 18:08:07.840 INFO testing bitcoincore-rpc-json-0.1.0 against 1.30.1 for beta-1.31-5
Dec 03 18:08:07.840 INFO running `"docker" "create" "-v" "/mnt/big/crater/work/local/target-dirs/beta-1.31-5/worker-2/1.30.1:/target:rw,Z" "-v" "/mnt/big/crater/work/local/test-source/worker-2/beta-1.31-5/1.30.1:/source:ro,Z" "-v" "/mnt/big/crater/work/local/cargo-home:/cargo-home:ro,Z" "-v" "/mnt/big/crater/work/local/rustup-home:/rustup-home:ro,Z" "-e" "USER_ID=1000" "-e" "SOURCE_DIR=/source" "-e" "USER_ID=1000" "-e" "CMD=cargo +1.30.1 build --frozen" "-e" "CARGO_TARGET_DIR=/target" "-e" "CARGO_INCREMENTAL=0" "-e" "RUST_BACKTRACE=full" "-e" "RUSTFLAGS=--cap-lints=warn" "-e" "CARGO_HOME=/cargo-home" "-e" "RUSTUP_HOME=/rustup-home" "-m" "1536M" "--network" "none" "crater"`
Dec 03 18:08:08.115 INFO [stdout] e9569be66616701142d39ec27bf6926527a61ac6459f4f3e6ba4325773d0a6ce
Dec 03 18:08:08.121 INFO running `"docker" "start" "-a" "e9569be66616701142d39ec27bf6926527a61ac6459f4f3e6ba4325773d0a6ce"`
Dec 03 18:08:09.095 INFO [stderr] usermod: no changes
Dec 03 18:08:09.267 INFO [stderr]    Compiling bech32 v0.5.0
Dec 03 18:08:09.267 INFO [stderr]    Compiling num-bigint v0.2.1
Dec 03 18:08:09.267 INFO [stderr]    Compiling secp256k1 v0.11.5
Dec 03 18:08:09.267 INFO [stderr]    Compiling strason v0.4.0
Dec 03 18:08:09.267 INFO [stderr]    Compiling bitcoin-amount v0.1.4
Dec 03 18:08:12.867 INFO [stderr]    Compiling bitcoin-bech32 v0.8.1
Dec 03 18:08:16.907 INFO [stderr]    Compiling bitcoin v0.15.1
Dec 03 18:08:24.371 INFO [stderr]    Compiling bitcoincore-rpc-json v0.1.0 (/source)
Dec 03 18:08:30.295 INFO [stderr]     Finished dev [unoptimized + debuginfo] target(s) in 21.17s
Dec 03 18:08:30.302 INFO [stderr] su: No module specific data is present
Dec 03 18:08:30.752 INFO running `"docker" "inspect" "e9569be66616701142d39ec27bf6926527a61ac6459f4f3e6ba4325773d0a6ce"`
Dec 03 18:08:30.876 INFO running `"docker" "rm" "-f" "e9569be66616701142d39ec27bf6926527a61ac6459f4f3e6ba4325773d0a6ce"`
Dec 03 18:08:31.017 INFO [stdout] e9569be66616701142d39ec27bf6926527a61ac6459f4f3e6ba4325773d0a6ce
Dec 03 18:08:31.019 INFO running `"docker" "create" "-v" "/mnt/big/crater/work/local/target-dirs/beta-1.31-5/worker-2/1.30.1:/target:rw,Z" "-v" "/mnt/big/crater/work/local/test-source/worker-2/beta-1.31-5/1.30.1:/source:ro,Z" "-v" "/mnt/big/crater/work/local/cargo-home:/cargo-home:ro,Z" "-v" "/mnt/big/crater/work/local/rustup-home:/rustup-home:ro,Z" "-e" "USER_ID=1000" "-e" "SOURCE_DIR=/source" "-e" "USER_ID=1000" "-e" "CMD=cargo +1.30.1 test --frozen --no-run" "-e" "CARGO_TARGET_DIR=/target" "-e" "CARGO_INCREMENTAL=0" "-e" "RUST_BACKTRACE=full" "-e" "RUSTFLAGS=--cap-lints=warn" "-e" "CARGO_HOME=/cargo-home" "-e" "RUSTUP_HOME=/rustup-home" "-m" "1536M" "--network" "none" "crater"`
Dec 03 18:08:31.333 INFO [stdout] 054aa6b7659639777f1ced29219cf817660ea1d1097414aa542b71e0b777ca43
Dec 03 18:08:31.337 INFO running `"docker" "start" "-a" "054aa6b7659639777f1ced29219cf817660ea1d1097414aa542b71e0b777ca43"`
Dec 03 18:08:31.808 INFO [stderr] usermod: no changes
Dec 03 18:08:31.895 INFO [stderr]    Compiling bitcoincore-rpc-json v0.1.0 (/source)
Dec 03 18:08:36.211 INFO [stderr] error[E0599]: no method named `transaction` found for type `GetRawTransactionResult` in the current scope
Dec 03 18:08:36.211 INFO [stderr]    --> src/lib.rs:898:26
Dec 03 18:08:36.211 INFO [stderr]     |
Dec 03 18:08:36.211 INFO [stderr] 150 | pub struct GetRawTransactionResult {
Dec 03 18:08:36.211 INFO [stderr]     | ---------------------------------- method `transaction` not found for this
Dec 03 18:08:36.211 INFO [stderr] ...
Dec 03 18:08:36.211 INFO [stderr] 898 |         assert!(expected.transaction().is_ok());
Dec 03 18:08:36.211 INFO [stderr]     |                          ^^^^^^^^^^^
Dec 03 18:08:36.211 INFO [stderr] 
Dec 03 18:08:36.211 INFO [stderr] error[E0599]: no method named `transaction` found for type `GetRawTransactionResult` in the current scope
Dec 03 18:08:36.211 INFO [stderr]    --> src/lib.rs:900:22
Dec 03 18:08:36.211 INFO [stderr]     |
Dec 03 18:08:36.211 INFO [stderr] 150 | pub struct GetRawTransactionResult {
Dec 03 18:08:36.211 INFO [stderr]     | ---------------------------------- method `transaction` not found for this
Dec 03 18:08:36.211 INFO [stderr] ...
Dec 03 18:08:36.211 INFO [stderr] 900 |             expected.transaction().unwrap().input[0].previous_output.txid,
Dec 03 18:08:36.211 INFO [stderr]     |                      ^^^^^^^^^^^
Dec 03 18:08:36.211 INFO [stderr] 
Dec 03 18:08:36.219 INFO [stderr] error[E0599]: no method named `script` found for type `GetRawTransactionResultVinScriptSig` in the current scope
Dec 03 18:08:36.219 INFO [stderr]    --> src/lib.rs:903:44
Dec 03 18:08:36.219 INFO [stderr]     |
Dec 03 18:08:36.219 INFO [stderr] 112 | pub struct GetRawTransactionResultVinScriptSig {
Dec 03 18:08:36.219 INFO [stderr]     | ---------------------------------------------- method `script` not found for this
Dec 03 18:08:36.219 INFO [stderr] ...
Dec 03 18:08:36.219 INFO [stderr] 903 |         assert!(expected.vin[0].script_sig.script().is_ok());
Dec 03 18:08:36.219 INFO [stderr]     |                                            ^^^^^^
Dec 03 18:08:36.219 INFO [stderr] 
Dec 03 18:08:36.223 INFO [stderr] error[E0599]: no method named `script` found for type `GetRawTransactionResultVoutScriptPubKey` in the current scope
Dec 03 18:08:36.223 INFO [stderr]    --> src/lib.rs:904:49
Dec 03 18:08:36.223 INFO [stderr]     |
Dec 03 18:08:36.223 INFO [stderr] 130 | pub struct GetRawTransactionResultVoutScriptPubKey {
Dec 03 18:08:36.223 INFO [stderr]     | -------------------------------------------------- method `script` not found for this
Dec 03 18:08:36.223 INFO [stderr] ...
Dec 03 18:08:36.223 INFO [stderr] 904 |         assert!(expected.vout[0].script_pub_key.script().is_ok());
Dec 03 18:08:36.223 INFO [stderr]     |                                                 ^^^^^^
Dec 03 18:08:36.223 INFO [stderr] 
Dec 03 18:08:36.230 INFO [stderr] error[E0599]: no method named `transaction` found for type `GetTransactionResult` in the current scope
Dec 03 18:08:36.231 INFO [stderr]    --> src/lib.rs:959:26
Dec 03 18:08:36.231 INFO [stderr]     |
Dec 03 18:08:36.231 INFO [stderr] 228 | pub struct GetTransactionResult {
Dec 03 18:08:36.231 INFO [stderr]     | ------------------------------- method `transaction` not found for this
Dec 03 18:08:36.231 INFO [stderr] ...
Dec 03 18:08:36.231 INFO [stderr] 959 |         assert!(expected.transaction().is_ok());
Dec 03 18:08:36.231 INFO [stderr]     |                          ^^^^^^^^^^^
Dec 03 18:08:36.231 INFO [stderr] 
Dec 03 18:08:36.234 INFO [stderr] error[E0599]: no method named `script` found for type `GetRawTransactionResultVoutScriptPubKey` in the current scope
Dec 03 18:08:36.234 INFO [stderr]    --> src/lib.rs:995:50
Dec 03 18:08:36.234 INFO [stderr]     |
Dec 03 18:08:36.234 INFO [stderr] 130 | pub struct GetRawTransactionResultVoutScriptPubKey {
Dec 03 18:08:36.234 INFO [stderr]     | -------------------------------------------------- method `script` not found for this
Dec 03 18:08:36.234 INFO [stderr] ...
Dec 03 18:08:36.234 INFO [stderr] 995 |         println!("{:?}", expected.script_pub_key.script());
Dec 03 18:08:36.234 INFO [stderr]     |                                                  ^^^^^^
Dec 03 18:08:36.234 INFO [stderr] 
Dec 03 18:08:36.239 INFO [stderr] error[E0599]: no method named `script` found for type `GetRawTransactionResultVoutScriptPubKey` in the current scope
Dec 03 18:08:36.239 INFO [stderr]    --> src/lib.rs:996:41
Dec 03 18:08:36.239 INFO [stderr]     |
Dec 03 18:08:36.239 INFO [stderr] 130 | pub struct GetRawTransactionResultVoutScriptPubKey {
Dec 03 18:08:36.239 INFO [stderr]     | -------------------------------------------------- method `script` not found for this
Dec 03 18:08:36.239 INFO [stderr] ...
Dec 03 18:08:36.239 INFO [stderr] 996 |         assert!(expected.script_pub_key.script().is_ok());
Dec 03 18:08:36.239 INFO [stderr]     |                                         ^^^^^^
Dec 03 18:08:36.239 INFO [stderr] 
Dec 03 18:08:36.288 INFO [stderr] error: aborting due to 7 previous errors
Dec 03 18:08:36.288 INFO [stderr] 
Dec 03 18:08:36.288 INFO [stderr] For more information about this error, try `rustc --explain E0599`.
Dec 03 18:08:36.297 INFO [stderr] error: Could not compile `bitcoincore-rpc-json`.
Dec 03 18:08:36.297 INFO [stderr] 
Dec 03 18:08:36.297 INFO [stderr] To learn more, run the command again with --verbose.
Dec 03 18:08:36.299 INFO [stderr] su: No module specific data is present
Dec 03 18:08:36.644 INFO running `"docker" "inspect" "054aa6b7659639777f1ced29219cf817660ea1d1097414aa542b71e0b777ca43"`
Dec 03 18:08:36.792 INFO running `"docker" "rm" "-f" "054aa6b7659639777f1ced29219cf817660ea1d1097414aa542b71e0b777ca43"`
Dec 03 18:08:36.873 INFO [stdout] 054aa6b7659639777f1ced29219cf817660ea1d1097414aa542b71e0b777ca43
