Nov 30 20:31:37.694 INFO testing wvdschel/pause_process against 1.30.1 for beta-1.31-5
Nov 30 20:31:37.695 INFO running `"docker" "create" "-v" "/mnt/big/crater/work/local/target-dirs/beta-1.31-5/worker-4/1.30.1:/target:rw,Z" "-v" "/mnt/big/crater/work/local/test-source/worker-4/beta-1.31-5/1.30.1:/source:ro,Z" "-v" "/mnt/big/crater/work/local/cargo-home:/cargo-home:ro,Z" "-v" "/mnt/big/crater/work/local/rustup-home:/rustup-home:ro,Z" "-e" "USER_ID=1000" "-e" "SOURCE_DIR=/source" "-e" "USER_ID=1000" "-e" "CMD=cargo +1.30.1 build --frozen" "-e" "CARGO_TARGET_DIR=/target" "-e" "CARGO_INCREMENTAL=0" "-e" "RUST_BACKTRACE=full" "-e" "RUSTFLAGS=--cap-lints=warn" "-e" "CARGO_HOME=/cargo-home" "-e" "RUSTUP_HOME=/rustup-home" "-m" "1536M" "--network" "none" "crater"`
Nov 30 20:31:37.994 INFO [stdout] 48fdda354095ddb1a9e74d5a38b3fddabddc59ca55e29e91f07926fe0c74eb32
Nov 30 20:31:37.996 INFO running `"docker" "start" "-a" "48fdda354095ddb1a9e74d5a38b3fddabddc59ca55e29e91f07926fe0c74eb32"`
Nov 30 20:31:38.843 INFO [stderr] usermod: no changes
Nov 30 20:31:38.883 INFO [stderr]    Compiling winapi v0.3.6
Nov 30 20:31:40.188 INFO [stderr]    Compiling pause_process v0.1.0 (/source)
Nov 30 20:31:40.288 INFO [stderr] error[E0433]: failed to resolve. Could not find `windows` in `os`
Nov 30 20:31:40.288 INFO [stderr]  --> src/main.rs:5:14
Nov 30 20:31:40.288 INFO [stderr]   |
Nov 30 20:31:40.289 INFO [stderr] 5 | use std::os::windows::ffi::OsStringExt;
Nov 30 20:31:40.289 INFO [stderr]   |              ^^^^^^^ Could not find `windows` in `os`
Nov 30 20:31:40.289 INFO [stderr] 
Nov 30 20:31:40.289 INFO [stderr] error[E0433]: failed to resolve. Could not find `shared` in `winapi`
Nov 30 20:31:40.289 INFO [stderr]  --> src/main.rs:8:13
Nov 30 20:31:40.290 INFO [stderr]   |
Nov 30 20:31:40.290 INFO [stderr] 8 | use winapi::shared::windef::HWND;
Nov 30 20:31:40.290 INFO [stderr]   |             ^^^^^^ Could not find `shared` in `winapi`
Nov 30 20:31:40.290 INFO [stderr] 
Nov 30 20:31:40.290 INFO [stderr] error[E0433]: failed to resolve. Could not find `shared` in `winapi`
Nov 30 20:31:40.291 INFO [stderr]  --> src/main.rs:9:13
Nov 30 20:31:40.291 INFO [stderr]   |
Nov 30 20:31:40.291 INFO [stderr] 9 | use winapi::shared::windef::POINT;
Nov 30 20:31:40.291 INFO [stderr]   |             ^^^^^^ Could not find `shared` in `winapi`
Nov 30 20:31:40.291 INFO [stderr] 
Nov 30 20:31:40.291 INFO [stderr] error[E0433]: failed to resolve. Could not find `shared` in `winapi`
Nov 30 20:31:40.292 INFO [stderr]   --> src/main.rs:10:13
Nov 30 20:31:40.292 INFO [stderr]    |
Nov 30 20:31:40.292 INFO [stderr] 10 | use winapi::shared::minwindef::UINT;
Nov 30 20:31:40.292 INFO [stderr]    |             ^^^^^^ Could not find `shared` in `winapi`
Nov 30 20:31:40.292 INFO [stderr] 
Nov 30 20:31:40.292 INFO [stderr] error[E0433]: failed to resolve. Could not find `shared` in `winapi`
Nov 30 20:31:40.293 INFO [stderr]   --> src/main.rs:11:13
Nov 30 20:31:40.293 INFO [stderr]    |
Nov 30 20:31:40.293 INFO [stderr] 11 | use winapi::shared::minwindef::DWORD;
Nov 30 20:31:40.293 INFO [stderr]    |             ^^^^^^ Could not find `shared` in `winapi`
Nov 30 20:31:40.293 INFO [stderr] 
Nov 30 20:31:40.293 INFO [stderr] error[E0433]: failed to resolve. Could not find `shared` in `winapi`
Nov 30 20:31:40.294 INFO [stderr]   --> src/main.rs:12:13
Nov 30 20:31:40.294 INFO [stderr]    |
Nov 30 20:31:40.294 INFO [stderr] 12 | use winapi::shared::minwindef::WPARAM;
Nov 30 20:31:40.294 INFO [stderr]    |             ^^^^^^ Could not find `shared` in `winapi`
Nov 30 20:31:40.294 INFO [stderr] 
Nov 30 20:31:40.294 INFO [stderr] error[E0433]: failed to resolve. Could not find `shared` in `winapi`
Nov 30 20:31:40.295 INFO [stderr]   --> src/main.rs:13:13
Nov 30 20:31:40.295 INFO [stderr]    |
Nov 30 20:31:40.295 INFO [stderr] 13 | use winapi::shared::minwindef::LPARAM;
Nov 30 20:31:40.295 INFO [stderr]    |             ^^^^^^ Could not find `shared` in `winapi`
Nov 30 20:31:40.295 INFO [stderr] 
Nov 30 20:31:40.296 INFO [stderr] error[E0432]: unresolved import `winapi::um`
Nov 30 20:31:40.296 INFO [stderr]  --> src/main.rs:7:13
Nov 30 20:31:40.296 INFO [stderr]   |
Nov 30 20:31:40.296 INFO [stderr] 7 | use winapi::um::errhandlingapi;
Nov 30 20:31:40.296 INFO [stderr]   |             ^^ Could not find `um` in `winapi`
Nov 30 20:31:40.296 INFO [stderr] 
Nov 30 20:31:40.297 INFO [stderr] error[E0433]: failed to resolve. Could not find `um` in `winapi`
Nov 30 20:31:40.297 INFO [stderr]   --> src/main.rs:14:13
Nov 30 20:31:40.297 INFO [stderr]    |
Nov 30 20:31:40.297 INFO [stderr] 14 | use winapi::um::winuser::{self, MSG};
Nov 30 20:31:40.297 INFO [stderr]    |             ^^ Could not find `um` in `winapi`
Nov 30 20:31:40.297 INFO [stderr] 
Nov 30 20:31:40.298 INFO [stderr] error[E0432]: unresolved import `winapi::um`
Nov 30 20:31:40.298 INFO [stderr]   --> src/main.rs:14:13
Nov 30 20:31:40.298 INFO [stderr]    |
Nov 30 20:31:40.298 INFO [stderr] 14 | use winapi::um::winuser::{self, MSG};
Nov 30 20:31:40.298 INFO [stderr]    |             ^^ Could not find `um` in `winapi`
Nov 30 20:31:40.298 INFO [stderr] 
Nov 30 20:31:40.299 INFO [stderr] error[E0432]: unresolved import `winapi::um`
Nov 30 20:31:40.299 INFO [stderr]   --> src/main.rs:15:13
Nov 30 20:31:40.299 INFO [stderr]    |
Nov 30 20:31:40.299 INFO [stderr] 15 | use winapi::um::tlhelp32;
Nov 30 20:31:40.299 INFO [stderr]    |             ^^ Could not find `um` in `winapi`
Nov 30 20:31:40.299 INFO [stderr] 
Nov 30 20:31:40.300 INFO [stderr] error[E0432]: unresolved import `winapi::um`
Nov 30 20:31:40.300 INFO [stderr]   --> src/main.rs:16:13
Nov 30 20:31:40.300 INFO [stderr]    |
Nov 30 20:31:40.300 INFO [stderr] 16 | use winapi::um::processthreadsapi;
Nov 30 20:31:40.300 INFO [stderr]    |             ^^ Could not find `um` in `winapi`
Nov 30 20:31:40.300 INFO [stderr] 
Nov 30 20:31:40.301 INFO [stderr] error[E0432]: unresolved import `winapi::um`
Nov 30 20:31:40.301 INFO [stderr]   --> src/main.rs:17:13
Nov 30 20:31:40.301 INFO [stderr]    |
Nov 30 20:31:40.301 INFO [stderr] 17 | use winapi::um::handleapi;
Nov 30 20:31:40.301 INFO [stderr]    |             ^^ Could not find `um` in `winapi`
Nov 30 20:31:40.301 INFO [stderr] 
Nov 30 20:31:40.302 INFO [stderr] error[E0432]: unresolved import `winapi::um`
Nov 30 20:31:40.302 INFO [stderr]   --> src/main.rs:18:13
Nov 30 20:31:40.302 INFO [stderr]    |
Nov 30 20:31:40.302 INFO [stderr] 18 | use winapi::um::winnt;
Nov 30 20:31:40.302 INFO [stderr]    |             ^^ Could not find `um` in `winapi`
Nov 30 20:31:40.303 INFO [stderr] 
Nov 30 20:31:40.303 INFO [stderr] error[E0433]: failed to resolve. Could not find `shared` in `winapi`
Nov 30 20:31:40.303 INFO [stderr]   --> src/main.rs:20:26
Nov 30 20:31:40.303 INFO [stderr]    |
Nov 30 20:31:40.303 INFO [stderr] 20 | type ProcessID = winapi::shared::minwindef::DWORD;
Nov 30 20:31:40.303 INFO [stderr]    |                          ^^^^^^ Could not find `shared` in `winapi`
Nov 30 20:31:40.304 INFO [stderr] 
Nov 30 20:31:40.304 INFO [stderr] error[E0433]: failed to resolve. Could not find `shared` in `winapi`
Nov 30 20:31:40.304 INFO [stderr]   --> src/main.rs:21:25
Nov 30 20:31:40.304 INFO [stderr]    |
Nov 30 20:31:40.304 INFO [stderr] 21 | type ThreadID = winapi::shared::minwindef::DWORD;
Nov 30 20:31:40.304 INFO [stderr]    |                         ^^^^^^ Could not find `shared` in `winapi`
Nov 30 20:31:40.305 INFO [stderr] 
Nov 30 20:31:40.305 INFO [stderr] error[E0433]: failed to resolve. Use of undeclared type or module `OsStringExt`
Nov 30 20:31:40.305 INFO [stderr]   --> src/main.rs:26:24
Nov 30 20:31:40.305 INFO [stderr]    |
Nov 30 20:31:40.305 INFO [stderr] 26 |     let s2: OsString = OsStringExt::from_wide(&s[..pos]);
Nov 30 20:31:40.305 INFO [stderr]    |                        ^^^^^^^^^^^ Use of undeclared type or module `OsStringExt`
Nov 30 20:31:40.306 INFO [stderr] 
Nov 30 20:31:40.351 INFO [stderr] error[E0412]: cannot find type `DWORD` in this scope
Nov 30 20:31:40.351 INFO [stderr]   --> src/main.rs:53:67
Nov 30 20:31:40.351 INFO [stderr]    |
Nov 30 20:31:40.351 INFO [stderr] 53 |         dwSize: std::mem::size_of::<tlhelp32::THREADENTRY32>() as DWORD,
Nov 30 20:31:40.351 INFO [stderr]    |                                                                   ^^^^^ not found in this scope
Nov 30 20:31:40.351 INFO [stderr] 
Nov 30 20:31:40.351 INFO [stderr] error[E0412]: cannot find type `HWND` in this scope
Nov 30 20:31:40.351 INFO [stderr]   --> src/main.rs:81:20
Nov 30 20:31:40.351 INFO [stderr]    |
Nov 30 20:31:40.351 INFO [stderr] 81 |     window_handle: HWND,
Nov 30 20:31:40.351 INFO [stderr]    |                    ^^^^ not found in this scope
Nov 30 20:31:40.351 INFO [stderr] 
Nov 30 20:31:40.355 INFO [stderr] error[E0412]: cannot find type `HWND` in this scope
Nov 30 20:31:40.355 INFO [stderr]   --> src/main.rs:85:55
Nov 30 20:31:40.355 INFO [stderr]    |
Nov 30 20:31:40.355 INFO [stderr] 85 |     fn get_focused_process(window_handle: Option<&mut HWND>) -> Result<Self, ()> {
Nov 30 20:31:40.355 INFO [stderr]    |                                                       ^^^^ not found in this scope
Nov 30 20:31:40.355 INFO [stderr] 
Nov 30 20:31:40.355 INFO [stderr] error[E0412]: cannot find type `DWORD` in this scope
Nov 30 20:31:40.355 INFO [stderr]    --> src/main.rs:130:67
Nov 30 20:31:40.355 INFO [stderr]     |
Nov 30 20:31:40.355 INFO [stderr] 130 |         dwSize: std::mem::size_of::<tlhelp32::THREADENTRY32>() as DWORD,
Nov 30 20:31:40.355 INFO [stderr]     |                                                                   ^^^^^ not found in this scope
Nov 30 20:31:40.355 INFO [stderr] 
Nov 30 20:31:40.355 INFO [stderr] error[E0412]: cannot find type `DWORD` in this scope
Nov 30 20:31:40.355 INFO [stderr]    --> src/main.rs:146:76
Nov 30 20:31:40.355 INFO [stderr]     |
Nov 30 20:31:40.355 INFO [stderr] 146 |             if processthreadsapi::SuspendThread(thread_handle) == -1i32 as DWORD {
Nov 30 20:31:40.355 INFO [stderr]     |                                                                            ^^^^^ not found in this scope
Nov 30 20:31:40.355 INFO [stderr] 
Nov 30 20:31:40.355 INFO [stderr] error[E0412]: cannot find type `DWORD` in this scope
Nov 30 20:31:40.355 INFO [stderr]    --> src/main.rs:167:67
Nov 30 20:31:40.355 INFO [stderr]     |
Nov 30 20:31:40.355 INFO [stderr] 167 |         dwSize: std::mem::size_of::<tlhelp32::THREADENTRY32>() as DWORD,
Nov 30 20:31:40.355 INFO [stderr]     |                                                                   ^^^^^ not found in this scope
Nov 30 20:31:40.355 INFO [stderr] 
Nov 30 20:31:40.355 INFO [stderr] error[E0412]: cannot find type `DWORD` in this scope
Nov 30 20:31:40.355 INFO [stderr]    --> src/main.rs:183:79
Nov 30 20:31:40.355 INFO [stderr]     |
Nov 30 20:31:40.355 INFO [stderr] 183 |                 if processthreadsapi::ResumeThread(thread_handle) == -1i32 as DWORD {
Nov 30 20:31:40.355 INFO [stderr]     |                                                                               ^^^^^ not found in this scope
Nov 30 20:31:40.355 INFO [stderr] 
Nov 30 20:31:40.355 INFO [stderr] error[E0412]: cannot find type `HWND` in this scope
Nov 30 20:31:40.355 INFO [stderr]    --> src/main.rs:213:28
Nov 30 20:31:40.355 INFO [stderr]     |
Nov 30 20:31:40.355 INFO [stderr] 213 |             let mut hwnd : HWND = std::ptr::null_mut();
Nov 30 20:31:40.355 INFO [stderr]     |                            ^^^^ not found in this scope
Nov 30 20:31:40.355 INFO [stderr] 
Nov 30 20:31:40.355 INFO [stderr] error[E0422]: cannot find struct, variant or union type `MSG` in this scope
Nov 30 20:31:40.355 INFO [stderr]    --> src/main.rs:254:27
Nov 30 20:31:40.355 INFO [stderr]     |
Nov 30 20:31:40.355 INFO [stderr] 254 |             let mut msg = MSG {
Nov 30 20:31:40.355 INFO [stderr]     |                           ^^^ not found in this scope
Nov 30 20:31:40.355 INFO [stderr] 
Nov 30 20:31:40.355 INFO [stderr] error[E0412]: cannot find type `HWND` in this scope
Nov 30 20:31:40.355 INFO [stderr]    --> src/main.rs:255:29
Nov 30 20:31:40.355 INFO [stderr]     |
Nov 30 20:31:40.355 INFO [stderr] 255 |                 hwnd : 0 as HWND,
Nov 30 20:31:40.355 INFO [stderr]     |                             ^^^^ not found in this scope
Nov 30 20:31:40.355 INFO [stderr] 
Nov 30 20:31:40.355 INFO [stderr] error[E0412]: cannot find type `UINT` in this scope
Nov 30 20:31:40.355 INFO [stderr]    --> src/main.rs:256:32
Nov 30 20:31:40.355 INFO [stderr]     |
Nov 30 20:31:40.355 INFO [stderr] 256 |                 message : 0 as UINT,
Nov 30 20:31:40.355 INFO [stderr]     |                                ^^^^ not found in this scope
Nov 30 20:31:40.355 INFO [stderr] 
Nov 30 20:31:40.355 INFO [stderr] error[E0412]: cannot find type `WPARAM` in this scope
Nov 30 20:31:40.355 INFO [stderr]    --> src/main.rs:257:31
Nov 30 20:31:40.355 INFO [stderr]     |
Nov 30 20:31:40.355 INFO [stderr] 257 |                 wParam : 0 as WPARAM,
Nov 30 20:31:40.355 INFO [stderr]     |                               ^^^^^^ not found in this scope
Nov 30 20:31:40.355 INFO [stderr] 
Nov 30 20:31:40.355 INFO [stderr] error[E0412]: cannot find type `LPARAM` in this scope
Nov 30 20:31:40.355 INFO [stderr]    --> src/main.rs:258:31
Nov 30 20:31:40.355 INFO [stderr]     |
Nov 30 20:31:40.355 INFO [stderr] 258 |                 lParam : 0 as LPARAM,
Nov 30 20:31:40.355 INFO [stderr]     |                               ^^^^^^ not found in this scope
Nov 30 20:31:40.355 INFO [stderr] 
Nov 30 20:31:40.355 INFO [stderr] error[E0412]: cannot find type `DWORD` in this scope
Nov 30 20:31:40.355 INFO [stderr]    --> src/main.rs:259:29
Nov 30 20:31:40.355 INFO [stderr]     |
Nov 30 20:31:40.355 INFO [stderr] 259 |                 time : 0 as DWORD,
Nov 30 20:31:40.355 INFO [stderr]     |                             ^^^^^ not found in this scope
Nov 30 20:31:40.355 INFO [stderr] 
Nov 30 20:31:40.355 INFO [stderr] error[E0422]: cannot find struct, variant or union type `POINT` in this scope
Nov 30 20:31:40.355 INFO [stderr]    --> src/main.rs:260:22
Nov 30 20:31:40.355 INFO [stderr]     |
Nov 30 20:31:40.355 INFO [stderr] 260 |                 pt : POINT { x: 0, y: 0, },
Nov 30 20:31:40.355 INFO [stderr]     |                      ^^^^^ not found in this scope
Nov 30 20:31:40.355 INFO [stderr] 
Nov 30 20:31:40.355 INFO [stderr] error[E0412]: cannot find type `HWND` in this scope
Nov 30 20:31:40.355 INFO [stderr]    --> src/main.rs:263:62
Nov 30 20:31:40.355 INFO [stderr]     |
Nov 30 20:31:40.355 INFO [stderr] 263 |                 let pm = winuser::GetMessageW(&mut msg, 0 as HWND, 0, 0);
Nov 30 20:31:40.356 INFO [stderr]     |                                                              ^^^^ not found in this scope
Nov 30 20:31:40.356 INFO [stderr] 
Nov 30 20:31:40.356 INFO [stderr] warning: unused import: `std::os::windows::ffi::OsStringExt`
Nov 30 20:31:40.356 INFO [stderr]  --> src/main.rs:5:5
Nov 30 20:31:40.356 INFO [stderr]   |
Nov 30 20:31:40.356 INFO [stderr] 5 | use std::os::windows::ffi::OsStringExt;
Nov 30 20:31:40.356 INFO [stderr]   |     ^^^^^^^^^^^^^^^^^^^^^^^^^^^^^^^^^^
Nov 30 20:31:40.356 INFO [stderr]   |
Nov 30 20:31:40.356 INFO [stderr]   = note: #[warn(unused_imports)] on by default
Nov 30 20:31:40.356 INFO [stderr] 
Nov 30 20:31:40.356 INFO [stderr] warning: unused import: `winapi::shared::windef::HWND`
Nov 30 20:31:40.356 INFO [stderr]  --> src/main.rs:8:5
Nov 30 20:31:40.356 INFO [stderr]   |
Nov 30 20:31:40.356 INFO [stderr] 8 | use winapi::shared::windef::HWND;
Nov 30 20:31:40.356 INFO [stderr]   |     ^^^^^^^^^^^^^^^^^^^^^^^^^^^^
Nov 30 20:31:40.356 INFO [stderr] 
Nov 30 20:31:40.356 INFO [stderr] warning: unused import: `winapi::shared::windef::POINT`
Nov 30 20:31:40.356 INFO [stderr]  --> src/main.rs:9:5
Nov 30 20:31:40.356 INFO [stderr]   |
Nov 30 20:31:40.356 INFO [stderr] 9 | use winapi::shared::windef::POINT;
Nov 30 20:31:40.356 INFO [stderr]   |     ^^^^^^^^^^^^^^^^^^^^^^^^^^^^^
Nov 30 20:31:40.356 INFO [stderr] 
Nov 30 20:31:40.356 INFO [stderr] warning: unused import: `winapi::shared::minwindef::UINT`
Nov 30 20:31:40.356 INFO [stderr]   --> src/main.rs:10:5
Nov 30 20:31:40.356 INFO [stderr]    |
Nov 30 20:31:40.356 INFO [stderr] 10 | use winapi::shared::minwindef::UINT;
Nov 30 20:31:40.356 INFO [stderr]    |     ^^^^^^^^^^^^^^^^^^^^^^^^^^^^^^^
Nov 30 20:31:40.356 INFO [stderr] 
Nov 30 20:31:40.356 INFO [stderr] warning: unused import: `winapi::shared::minwindef::DWORD`
Nov 30 20:31:40.356 INFO [stderr]   --> src/main.rs:11:5
Nov 30 20:31:40.356 INFO [stderr]    |
Nov 30 20:31:40.356 INFO [stderr] 11 | use winapi::shared::minwindef::DWORD;
Nov 30 20:31:40.356 INFO [stderr]    |     ^^^^^^^^^^^^^^^^^^^^^^^^^^^^^^^^
Nov 30 20:31:40.356 INFO [stderr] 
Nov 30 20:31:40.356 INFO [stderr] warning: unused import: `winapi::shared::minwindef::WPARAM`
Nov 30 20:31:40.356 INFO [stderr]   --> src/main.rs:12:5
Nov 30 20:31:40.356 INFO [stderr]    |
Nov 30 20:31:40.356 INFO [stderr] 12 | use winapi::shared::minwindef::WPARAM;
Nov 30 20:31:40.356 INFO [stderr]    |     ^^^^^^^^^^^^^^^^^^^^^^^^^^^^^^^^^
Nov 30 20:31:40.356 INFO [stderr] 
Nov 30 20:31:40.356 INFO [stderr] warning: unused import: `winapi::shared::minwindef::LPARAM`
Nov 30 20:31:40.356 INFO [stderr]   --> src/main.rs:13:5
Nov 30 20:31:40.356 INFO [stderr]    |
Nov 30 20:31:40.356 INFO [stderr] 13 | use winapi::shared::minwindef::LPARAM;
Nov 30 20:31:40.356 INFO [stderr]    |     ^^^^^^^^^^^^^^^^^^^^^^^^^^^^^^^^^
Nov 30 20:31:40.356 INFO [stderr] 
Nov 30 20:31:40.356 INFO [stderr] warning: unused import: `MSG`
Nov 30 20:31:40.356 INFO [stderr]   --> src/main.rs:14:33
Nov 30 20:31:40.356 INFO [stderr]    |
Nov 30 20:31:40.356 INFO [stderr] 14 | use winapi::um::winuser::{self, MSG};
Nov 30 20:31:40.356 INFO [stderr]    |                                 ^^^
Nov 30 20:31:40.356 INFO [stderr] 
Nov 30 20:31:40.463 INFO [stderr] error: aborting due to 33 previous errors
Nov 30 20:31:40.464 INFO [stderr] 
Nov 30 20:31:40.464 INFO [stderr] Some errors occurred: E0412, E0422, E0432, E0433.
Nov 30 20:31:40.464 INFO [stderr] For more information about an error, try `rustc --explain E0412`.
Nov 30 20:31:40.466 INFO [stderr] error: Could not compile `pause_process`.
Nov 30 20:31:40.466 INFO [stderr] 
Nov 30 20:31:40.466 INFO [stderr] To learn more, run the command again with --verbose.
Nov 30 20:31:40.466 INFO [stderr] su: No module specific data is present
Nov 30 20:31:40.817 INFO running `"docker" "inspect" "48fdda354095ddb1a9e74d5a38b3fddabddc59ca55e29e91f07926fe0c74eb32"`
Nov 30 20:31:40.937 INFO running `"docker" "rm" "-f" "48fdda354095ddb1a9e74d5a38b3fddabddc59ca55e29e91f07926fe0c74eb32"`
Nov 30 20:31:41.034 INFO [stdout] 48fdda354095ddb1a9e74d5a38b3fddabddc59ca55e29e91f07926fe0c74eb32
