Nov 30 20:40:45.727 INFO testing witheve/eve-native against 1.30.1 for beta-1.31-5
Nov 30 20:40:45.728 INFO running `"docker" "create" "-v" "/mnt/big/crater/work/local/target-dirs/beta-1.31-5/worker-4/1.30.1:/target:rw,Z" "-v" "/mnt/big/crater/work/local/test-source/worker-4/beta-1.31-5/1.30.1:/source:ro,Z" "-v" "/mnt/big/crater/work/local/cargo-home:/cargo-home:ro,Z" "-v" "/mnt/big/crater/work/local/rustup-home:/rustup-home:ro,Z" "-e" "USER_ID=1000" "-e" "SOURCE_DIR=/source" "-e" "USER_ID=1000" "-e" "CMD=cargo +1.30.1 build --frozen" "-e" "CARGO_TARGET_DIR=/target" "-e" "CARGO_INCREMENTAL=0" "-e" "RUST_BACKTRACE=full" "-e" "RUSTFLAGS=--cap-lints=warn" "-e" "CARGO_HOME=/cargo-home" "-e" "RUSTUP_HOME=/rustup-home" "-m" "1536M" "--network" "none" "crater"`
Nov 30 20:40:46.304 INFO [stdout] 288dac83559c5b2edbec198efd6aac092d7f7739ff9a84750993b612e25d1698
Nov 30 20:40:46.307 INFO running `"docker" "start" "-a" "288dac83559c5b2edbec198efd6aac092d7f7739ff9a84750993b612e25d1698"`
Nov 30 20:40:48.987 INFO [stderr] usermod: no changes
Nov 30 20:40:49.264 INFO [stderr]    Compiling traitobject v0.1.0
Nov 30 20:40:49.272 INFO [stderr]    Compiling modifier v0.1.0
Nov 30 20:40:49.274 INFO [stderr]    Compiling bitflags v0.4.0
Nov 30 20:40:49.275 INFO [stderr]    Compiling sequence_trie v0.2.1
Nov 30 20:40:49.276 INFO [stderr]    Compiling same-file v1.0.2
Nov 30 20:40:49.277 INFO [stderr]    Compiling bytes v0.3.0
Nov 30 20:40:49.277 INFO [stderr]    Compiling slab v0.1.3
Nov 30 20:40:49.277 INFO [stderr]    Compiling sha1 v0.2.0
Nov 30 20:40:50.180 INFO [stderr]    Compiling same-file v0.1.3
Nov 30 20:40:50.289 INFO [stderr]    Compiling term v0.4.6
Nov 30 20:40:50.290 INFO [stderr]    Compiling unicode-segmentation v1.2.0
Nov 30 20:40:51.451 INFO [stderr]    Compiling ws2_32-sys v0.2.1
Nov 30 20:40:51.467 INFO [stderr]    Compiling filetime v0.1.15
Nov 30 20:40:51.472 INFO [stderr]    Compiling inotify v0.3.0
Nov 30 20:40:51.521 INFO [stderr]    Compiling conduit-mime-types v0.7.3
Nov 30 20:40:52.880 INFO [stderr]    Compiling num-complex v0.1.41
Nov 30 20:40:57.215 INFO [stderr]    Compiling nix v0.5.1
Nov 30 20:40:57.216 INFO [stderr]    Compiling unsafe-any v0.4.2
Nov 30 20:40:57.216 INFO [stderr]    Compiling error v0.1.9
Nov 30 20:40:57.216 INFO [stderr]    Compiling bincode v0.8.0
Nov 30 20:40:57.327 INFO [stderr]    Compiling walkdir v2.0.1
Nov 30 20:40:57.484 INFO [stderr]    Compiling walkdir v1.0.7
Nov 30 20:41:04.263 INFO [stderr]    Compiling num-bigint v0.1.41
Nov 30 20:41:04.291 INFO [stderr]    Compiling unicase v1.4.2
Nov 30 20:41:04.292 INFO [stderr]    Compiling mime v0.2.6
Nov 30 20:41:04.328 INFO [stderr]    Compiling mio v0.6.12
Nov 30 20:41:04.343 INFO [stderr]    Compiling typemap v0.3.3
Nov 30 20:41:04.403 INFO [stderr]    Compiling term-painter v0.2.4
Nov 30 20:41:05.524 INFO [stderr]    Compiling miow v0.1.5
Nov 30 20:41:07.289 INFO [stderr]    Compiling plugin v0.2.6
Nov 30 20:41:08.571 INFO [stderr]    Compiling hyper v0.10.13
Nov 30 20:41:14.351 INFO [stderr]    Compiling num-rational v0.1.40
Nov 30 20:41:14.747 INFO [stderr]    Compiling ws v0.7.3
Nov 30 20:41:16.879 INFO [stderr]    Compiling mio v0.5.1
Nov 30 20:41:18.523 INFO [stderr]    Compiling num v0.1.41
Nov 30 20:41:20.495 INFO [stderr]    Compiling notify v4.0.3
Nov 30 20:41:29.215 INFO [stderr]    Compiling iron v0.5.1
Nov 30 20:41:30.731 INFO [stderr]    Compiling mount v0.3.0
Nov 30 20:41:31.698 INFO [stderr]    Compiling staticfile v0.4.0
Nov 30 20:41:32.671 INFO [stderr]    Compiling eve v0.4.0 (/source)
Nov 30 20:41:33.624 INFO [stderr] error[E0554]: #![feature] may not be used on the stable release channel
Nov 30 20:41:33.624 INFO [stderr]  --> src/lib.rs:1:1
Nov 30 20:41:33.624 INFO [stderr]   |
Nov 30 20:41:33.625 INFO [stderr] 1 | #![feature(slice_patterns)]
Nov 30 20:41:33.625 INFO [stderr]   | ^^^^^^^^^^^^^^^^^^^^^^^^^^^
Nov 30 20:41:33.625 INFO [stderr] 
Nov 30 20:41:33.626 INFO [stderr] error[E0554]: #![feature] may not be used on the stable release channel
Nov 30 20:41:33.626 INFO [stderr]  --> src/lib.rs:2:1
Nov 30 20:41:33.626 INFO [stderr]   |
Nov 30 20:41:33.627 INFO [stderr] 2 | #![feature(box_patterns)]
Nov 30 20:41:33.627 INFO [stderr]   | ^^^^^^^^^^^^^^^^^^^^^^^^^
Nov 30 20:41:33.627 INFO [stderr] 
Nov 30 20:41:33.628 INFO [stderr] error[E0554]: #![feature] may not be used on the stable release channel
Nov 30 20:41:33.628 INFO [stderr]  --> src/lib.rs:3:1
Nov 30 20:41:33.628 INFO [stderr]   |
Nov 30 20:41:33.629 INFO [stderr] 3 | #![feature(vec_remove_item)]
Nov 30 20:41:33.629 INFO [stderr]   | ^^^^^^^^^^^^^^^^^^^^^^^^^^^^
Nov 30 20:41:33.629 INFO [stderr] 
Nov 30 20:41:33.629 INFO [stderr] error[E0554]: #![feature] may not be used on the stable release channel
Nov 30 20:41:33.630 INFO [stderr]  --> src/lib.rs:4:1
Nov 30 20:41:33.630 INFO [stderr]   |
Nov 30 20:41:33.630 INFO [stderr] 4 | #![feature(conservative_impl_trait)]
Nov 30 20:41:33.631 INFO [stderr]   | ^^^^^^^^^^^^^^^^^^^^^^^^^^^^^^^^^^^^
Nov 30 20:41:33.631 INFO [stderr] 
Nov 30 20:41:33.631 INFO [stderr] error[E0554]: #![feature] may not be used on the stable release channel
Nov 30 20:41:33.632 INFO [stderr]  --> src/lib.rs:5:1
Nov 30 20:41:33.632 INFO [stderr]   |
Nov 30 20:41:33.632 INFO [stderr] 5 | #![feature(slice_concat_ext)]
Nov 30 20:41:33.633 INFO [stderr]   | ^^^^^^^^^^^^^^^^^^^^^^^^^^^^^
Nov 30 20:41:33.633 INFO [stderr] 
Nov 30 20:41:33.667 INFO [stderr] error: aborting due to 5 previous errors
Nov 30 20:41:33.667 INFO [stderr] 
Nov 30 20:41:33.667 INFO [stderr] For more information about this error, try `rustc --explain E0554`.
Nov 30 20:41:33.679 INFO [stderr] error: Could not compile `eve`.
Nov 30 20:41:33.679 INFO [stderr] 
Nov 30 20:41:33.679 INFO [stderr] To learn more, run the command again with --verbose.
Nov 30 20:41:33.683 INFO [stderr] su: No module specific data is present
Nov 30 20:41:34.303 INFO running `"docker" "inspect" "288dac83559c5b2edbec198efd6aac092d7f7739ff9a84750993b612e25d1698"`
Nov 30 20:41:34.484 INFO running `"docker" "rm" "-f" "288dac83559c5b2edbec198efd6aac092d7f7739ff9a84750993b612e25d1698"`
Nov 30 20:41:34.591 INFO [stdout] 288dac83559c5b2edbec198efd6aac092d7f7739ff9a84750993b612e25d1698
