Nov 30 21:05:25.064 INFO testing weard1212/TuxenOS against 1.30.1 for beta-1.31-5
Nov 30 21:05:25.065 INFO running `"docker" "create" "-v" "/mnt/big/crater/work/local/target-dirs/beta-1.31-5/worker-7/1.30.1:/target:rw,Z" "-v" "/mnt/big/crater/work/local/test-source/worker-7/beta-1.31-5/1.30.1:/source:ro,Z" "-v" "/mnt/big/crater/work/local/cargo-home:/cargo-home:ro,Z" "-v" "/mnt/big/crater/work/local/rustup-home:/rustup-home:ro,Z" "-e" "USER_ID=1000" "-e" "SOURCE_DIR=/source" "-e" "USER_ID=1000" "-e" "CMD=cargo +1.30.1 build --frozen" "-e" "CARGO_TARGET_DIR=/target" "-e" "CARGO_INCREMENTAL=0" "-e" "RUST_BACKTRACE=full" "-e" "RUSTFLAGS=--cap-lints=warn" "-e" "CARGO_HOME=/cargo-home" "-e" "RUSTUP_HOME=/rustup-home" "-m" "1536M" "--network" "none" "crater"`
Nov 30 21:05:25.466 INFO [stdout] 6e9e40fef5ea8557410418dbc019a764d61830b88b5156ed1b70d8c853c33f69
Nov 30 21:05:25.475 INFO running `"docker" "start" "-a" "6e9e40fef5ea8557410418dbc019a764d61830b88b5156ed1b70d8c853c33f69"`
Nov 30 21:05:26.562 INFO [stderr] usermod: no changes
Nov 30 21:05:26.667 INFO [stderr]    Compiling version_check v0.1.5
Nov 30 21:05:26.676 INFO [stderr]    Compiling ux v0.1.2
Nov 30 21:05:26.687 INFO [stderr]    Compiling os_bootinfo v0.2.1
Nov 30 21:05:26.687 INFO [stderr]    Compiling usize_conversions v0.2.0
Nov 30 21:05:26.687 INFO [stderr]    Compiling bit_field v0.9.0
Nov 30 21:05:26.687 INFO [stderr]    Compiling bitflags v1.0.4
Nov 30 21:05:26.687 INFO [stderr]    Compiling spin v0.4.9
Nov 30 21:05:26.687 INFO [stderr]    Compiling cpuio v0.2.0
Nov 30 21:05:27.099 INFO [stderr] error[E0554]: #![feature] may not be used on the stable release channel
Nov 30 21:05:27.099 INFO [stderr]  --> /cargo-home/registry/src/github.com-1ecc6299db9ec823/cpuio-0.2.0/src/lib.rs:4:1
Nov 30 21:05:27.099 INFO [stderr]   |
Nov 30 21:05:27.099 INFO [stderr] 4 | #![feature(asm, const_fn, no_std)]
Nov 30 21:05:27.099 INFO [stderr]   | ^^^^^^^^^^^^^^^^^^^^^^^^^^^^^^^^^^
Nov 30 21:05:27.099 INFO [stderr] 
Nov 30 21:05:27.099 INFO [stderr] error: aborting due to previous error
Nov 30 21:05:27.099 INFO [stderr] 
Nov 30 21:05:27.099 INFO [stderr] For more information about this error, try `rustc --explain E0554`.
Nov 30 21:05:27.099 INFO [stderr] error[E0554]: #![feature] may not be used on the stable release channel
Nov 30 21:05:27.099 INFO [stderr]  --> /cargo-home/registry/src/github.com-1ecc6299db9ec823/usize_conversions-0.2.0/src/lib.rs:6:1
Nov 30 21:05:27.099 INFO [stderr]   |
Nov 30 21:05:27.099 INFO [stderr] 6 | #![feature(i128_type)]
Nov 30 21:05:27.099 INFO [stderr]   | ^^^^^^^^^^^^^^^^^^^^^^
Nov 30 21:05:27.099 INFO [stderr] 
Nov 30 21:05:27.099 INFO [stderr] error: aborting due to previous error
Nov 30 21:05:27.099 INFO [stderr] 
Nov 30 21:05:27.099 INFO [stderr] For more information about this error, try `rustc --explain E0554`.
Nov 30 21:05:27.152 INFO [stderr] error: Could not compile `usize_conversions`.
Nov 30 21:05:27.152 INFO [stderr] warning: build failed, waiting for other jobs to finish...
Nov 30 21:05:27.176 INFO [stderr] error: Could not compile `cpuio`.
Nov 30 21:05:27.176 INFO [stderr] warning: build failed, waiting for other jobs to finish...
Nov 30 21:05:27.231 INFO [stderr] error[E0554]: #![feature] may not be used on the stable release channel
Nov 30 21:05:27.231 INFO [stderr]  --> /cargo-home/registry/src/github.com-1ecc6299db9ec823/spin-0.4.9/src/lib.rs:6:35
Nov 30 21:05:27.231 INFO [stderr]   |
Nov 30 21:05:27.231 INFO [stderr] 6 | #![cfg_attr(feature = "const_fn", feature(const_fn))]
Nov 30 21:05:27.231 INFO [stderr]   |                                   ^^^^^^^^^^^^^^^^^^
Nov 30 21:05:27.231 INFO [stderr] 
Nov 30 21:05:27.235 INFO [stderr] error: aborting due to previous error
Nov 30 21:05:27.235 INFO [stderr] 
Nov 30 21:05:27.236 INFO [stderr] For more information about this error, try `rustc --explain E0554`.
Nov 30 21:05:27.251 INFO [stderr] error: Could not compile `spin`.
Nov 30 21:05:27.251 INFO [stderr] warning: build failed, waiting for other jobs to finish...
Nov 30 21:05:43.431 INFO [stderr] error: build failed
Nov 30 21:05:43.432 INFO [stderr] su: No module specific data is present
Nov 30 21:05:45.251 INFO running `"docker" "inspect" "6e9e40fef5ea8557410418dbc019a764d61830b88b5156ed1b70d8c853c33f69"`
Nov 30 21:05:45.575 INFO running `"docker" "rm" "-f" "6e9e40fef5ea8557410418dbc019a764d61830b88b5156ed1b70d8c853c33f69"`
Nov 30 21:05:45.964 INFO [stdout] 6e9e40fef5ea8557410418dbc019a764d61830b88b5156ed1b70d8c853c33f69
