Nov 30 21:15:07.222 INFO testing watanabe-kts/http-server-rust against 1.30.1 for beta-1.31-5
Nov 30 21:15:07.224 INFO running `"docker" "create" "-v" "/mnt/big/crater/work/local/target-dirs/beta-1.31-5/worker-2/1.30.1:/target:rw,Z" "-v" "/mnt/big/crater/work/local/test-source/worker-2/beta-1.31-5/1.30.1:/source:ro,Z" "-v" "/mnt/big/crater/work/local/cargo-home:/cargo-home:ro,Z" "-v" "/mnt/big/crater/work/local/rustup-home:/rustup-home:ro,Z" "-e" "USER_ID=1000" "-e" "SOURCE_DIR=/source" "-e" "USER_ID=1000" "-e" "CMD=cargo +1.30.1 build --frozen" "-e" "CARGO_TARGET_DIR=/target" "-e" "CARGO_INCREMENTAL=0" "-e" "RUST_BACKTRACE=full" "-e" "RUSTFLAGS=--cap-lints=warn" "-e" "CARGO_HOME=/cargo-home" "-e" "RUSTUP_HOME=/rustup-home" "-m" "1536M" "--network" "none" "crater"`
Nov 30 21:15:07.662 INFO [stdout] 3366ea5de905ef207e6e7e63e472388a7e88580f0b0c7653ad6d7c014878f2e0
Nov 30 21:15:07.666 INFO running `"docker" "start" "-a" "3366ea5de905ef207e6e7e63e472388a7e88580f0b0c7653ad6d7c014878f2e0"`
Nov 30 21:15:08.825 INFO [stderr] usermod: no changes
Nov 30 21:15:08.990 INFO [stderr]    Compiling mio v0.6.16
Nov 30 21:15:08.991 INFO [stderr]    Compiling memchr v2.1.0
Nov 30 21:15:10.500 INFO [stderr]    Compiling aho-corasick v0.6.8
Nov 30 21:15:11.387 INFO [stderr]    Compiling regex v1.0.5
Nov 30 21:15:21.092 INFO [stderr]    Compiling env_logger v0.5.13
Nov 30 21:15:23.069 INFO [stderr]    Compiling http v0.1.0 (/source)
Nov 30 21:15:23.514 INFO [stderr] warning: method is never used: `method`
Nov 30 21:15:23.514 INFO [stderr]   --> src/request.rs:14:5
Nov 30 21:15:23.514 INFO [stderr]    |
Nov 30 21:15:23.515 INFO [stderr] 14 |     pub fn method(&self) -> &Method {
Nov 30 21:15:23.516 INFO [stderr]    |     ^^^^^^^^^^^^^^^^^^^^^^^^^^^^^^^
Nov 30 21:15:23.516 INFO [stderr]    |
Nov 30 21:15:23.517 INFO [stderr]    = note: #[warn(dead_code)] on by default
Nov 30 21:15:23.517 INFO [stderr] 
Nov 30 21:15:23.518 INFO [stderr] warning: method is never used: `http_version`
Nov 30 21:15:23.518 INFO [stderr]   --> src/request.rs:22:5
Nov 30 21:15:23.519 INFO [stderr]    |
Nov 30 21:15:23.519 INFO [stderr] 22 |     pub fn http_version(&self) -> &str {
Nov 30 21:15:23.519 INFO [stderr]    |     ^^^^^^^^^^^^^^^^^^^^^^^^^^^^^^^^^^
Nov 30 21:15:23.519 INFO [stderr] 
Nov 30 21:15:23.519 INFO [stderr] warning: method is never used: `raw_headers`
Nov 30 21:15:23.519 INFO [stderr]   --> src/request.rs:26:5
Nov 30 21:15:23.520 INFO [stderr]    |
Nov 30 21:15:23.520 INFO [stderr] 26 |     pub fn raw_headers(&self) -> &[String] {
Nov 30 21:15:23.520 INFO [stderr]    |     ^^^^^^^^^^^^^^^^^^^^^^^^^^^^^^^^^^^^^^
Nov 30 21:15:23.520 INFO [stderr] 
Nov 30 21:15:23.520 INFO [stderr] warning: method is never used: `kind`
Nov 30 21:15:23.520 INFO [stderr]    --> src/request.rs:106:5
Nov 30 21:15:23.521 INFO [stderr]     |
Nov 30 21:15:23.521 INFO [stderr] 106 |     pub fn kind(&self) -> ErrorKind {
Nov 30 21:15:23.521 INFO [stderr]     |     ^^^^^^^^^^^^^^^^^^^^^^^^^^^^^^^
Nov 30 21:15:23.521 INFO [stderr] 
Nov 30 21:15:25.239 INFO [stderr]     Finished dev [unoptimized + debuginfo] target(s) in 16.37s
Nov 30 21:15:25.243 INFO [stderr] su: No module specific data is present
Nov 30 21:15:26.402 INFO running `"docker" "inspect" "3366ea5de905ef207e6e7e63e472388a7e88580f0b0c7653ad6d7c014878f2e0"`
Nov 30 21:15:26.685 INFO running `"docker" "rm" "-f" "3366ea5de905ef207e6e7e63e472388a7e88580f0b0c7653ad6d7c014878f2e0"`
Nov 30 21:15:26.954 INFO [stdout] 3366ea5de905ef207e6e7e63e472388a7e88580f0b0c7653ad6d7c014878f2e0
Nov 30 21:15:26.961 INFO running `"docker" "create" "-v" "/mnt/big/crater/work/local/target-dirs/beta-1.31-5/worker-2/1.30.1:/target:rw,Z" "-v" "/mnt/big/crater/work/local/test-source/worker-2/beta-1.31-5/1.30.1:/source:ro,Z" "-v" "/mnt/big/crater/work/local/cargo-home:/cargo-home:ro,Z" "-v" "/mnt/big/crater/work/local/rustup-home:/rustup-home:ro,Z" "-e" "USER_ID=1000" "-e" "SOURCE_DIR=/source" "-e" "USER_ID=1000" "-e" "CMD=cargo +1.30.1 test --frozen --no-run" "-e" "CARGO_TARGET_DIR=/target" "-e" "CARGO_INCREMENTAL=0" "-e" "RUST_BACKTRACE=full" "-e" "RUSTFLAGS=--cap-lints=warn" "-e" "CARGO_HOME=/cargo-home" "-e" "RUSTUP_HOME=/rustup-home" "-m" "1536M" "--network" "none" "crater"`
Nov 30 21:15:27.623 INFO [stdout] 820800b1a450082a37dd4adc74e16047ac2b393a902bb99a73ba10aebcd98336
Nov 30 21:15:27.625 INFO running `"docker" "start" "-a" "820800b1a450082a37dd4adc74e16047ac2b393a902bb99a73ba10aebcd98336"`
Nov 30 21:15:29.511 INFO [stderr] usermod: no changes
Nov 30 21:15:29.687 INFO [stderr]    Compiling http v0.1.0 (/source)
Nov 30 21:15:30.079 INFO [stderr] error[E0308]: mismatched types
Nov 30 21:15:30.079 INFO [stderr]    --> src/request.rs:135:13
Nov 30 21:15:30.079 INFO [stderr]     |
Nov 30 21:15:30.079 INFO [stderr] 135 |             b"Host: example.com:7777",
Nov 30 21:15:30.079 INFO [stderr]     |             ^^^^^^^^^^^^^^^^^^^^^^^^^ expected an array with a fixed size of 27 elements, found one with 22 elements
Nov 30 21:15:30.079 INFO [stderr]     |
Nov 30 21:15:30.079 INFO [stderr]     = note: expected type `&[u8; 27]`
Nov 30 21:15:30.079 INFO [stderr]                found type `&'static [u8; 22]`
Nov 30 21:15:30.079 INFO [stderr] 
Nov 30 21:15:30.190 INFO [stderr] error[E0308]: mismatched types
Nov 30 21:15:30.190 INFO [stderr]    --> src/request.rs:152:34
Nov 30 21:15:30.190 INFO [stderr]     |
Nov 30 21:15:30.190 INFO [stderr] 152 |         let req = Request::parse(msg);
Nov 30 21:15:30.190 INFO [stderr]     |                                  ^^^ expected &[u8], found struct `std::iter::Map`
Nov 30 21:15:30.190 INFO [stderr]     |
Nov 30 21:15:30.192 INFO [stderr]     = note: expected type `&[u8]`
Nov 30 21:15:30.192 INFO [stderr]                found type `std::iter::Map<std::slice::Iter<'_, &str>, [closure@src/request.rs:150:22: 150:39]>`
Nov 30 21:15:30.192 INFO [stderr] 
Nov 30 21:15:30.243 INFO [stderr] error[E0308]: mismatched types
Nov 30 21:15:30.243 INFO [stderr]    --> src/request.rs:165:34
Nov 30 21:15:30.243 INFO [stderr]     |
Nov 30 21:15:30.243 INFO [stderr] 165 |         let req = Request::parse(msg);
Nov 30 21:15:30.243 INFO [stderr]     |                                  ^^^ expected &[u8], found struct `std::iter::Map`
Nov 30 21:15:30.243 INFO [stderr]     |
Nov 30 21:15:30.243 INFO [stderr]     = note: expected type `&[u8]`
Nov 30 21:15:30.243 INFO [stderr]                found type `std::iter::Map<std::slice::Iter<'_, &str>, [closure@src/request.rs:163:22: 163:39]>`
Nov 30 21:15:30.243 INFO [stderr] 
Nov 30 21:15:30.279 INFO [stderr] error: aborting due to 3 previous errors
Nov 30 21:15:30.279 INFO [stderr] 
Nov 30 21:15:30.279 INFO [stderr] For more information about this error, try `rustc --explain E0308`.
Nov 30 21:15:30.290 INFO [stderr] error: Could not compile `http`.
Nov 30 21:15:30.290 INFO [stderr] 
Nov 30 21:15:30.290 INFO [stderr] To learn more, run the command again with --verbose.
Nov 30 21:15:30.291 INFO [stderr] su: No module specific data is present
Nov 30 21:15:31.683 INFO running `"docker" "inspect" "820800b1a450082a37dd4adc74e16047ac2b393a902bb99a73ba10aebcd98336"`
Nov 30 21:15:31.991 INFO running `"docker" "rm" "-f" "820800b1a450082a37dd4adc74e16047ac2b393a902bb99a73ba10aebcd98336"`
Nov 30 21:15:32.307 INFO [stdout] 820800b1a450082a37dd4adc74e16047ac2b393a902bb99a73ba10aebcd98336
