Nov 30 21:15:20.329 INFO testing wass88/rust-with-gitpod against 1.30.1 for beta-1.31-5
Nov 30 21:15:20.331 INFO running `"docker" "create" "-v" "/mnt/big/crater/work/local/target-dirs/beta-1.31-5/worker-3/1.30.1:/target:rw,Z" "-v" "/mnt/big/crater/work/local/test-source/worker-3/beta-1.31-5/1.30.1:/source:ro,Z" "-v" "/mnt/big/crater/work/local/cargo-home:/cargo-home:ro,Z" "-v" "/mnt/big/crater/work/local/rustup-home:/rustup-home:ro,Z" "-e" "USER_ID=1000" "-e" "SOURCE_DIR=/source" "-e" "USER_ID=1000" "-e" "CMD=cargo +1.30.1 build --frozen" "-e" "CARGO_TARGET_DIR=/target" "-e" "CARGO_INCREMENTAL=0" "-e" "RUST_BACKTRACE=full" "-e" "RUSTFLAGS=--cap-lints=warn" "-e" "CARGO_HOME=/cargo-home" "-e" "RUSTUP_HOME=/rustup-home" "-m" "1536M" "--network" "none" "crater"`
Nov 30 21:15:20.800 INFO [stdout] 2c5d0197c310692d7f84c30d2bb9bb3fa203d65b0288bff303b17806f2bdfc1b
Nov 30 21:15:20.802 INFO running `"docker" "start" "-a" "2c5d0197c310692d7f84c30d2bb9bb3fa203d65b0288bff303b17806f2bdfc1b"`
Nov 30 21:15:22.296 INFO [stderr] usermod: no changes
Nov 30 21:15:22.469 INFO [stderr]    Compiling serde v1.0.76
Nov 30 21:15:22.471 INFO [stderr]    Compiling unicase v1.4.2
Nov 30 21:15:22.471 INFO [stderr]    Compiling isatty v0.1.8
Nov 30 21:15:22.471 INFO [stderr]    Compiling memchr v2.0.2
Nov 30 21:15:22.471 INFO [stderr]    Compiling pear_codegen v0.0.20
Nov 30 21:15:22.471 INFO [stderr]    Compiling rocket v0.3.16
Nov 30 21:15:22.471 INFO [stderr]    Compiling rocket_codegen v0.3.16
Nov 30 21:15:22.471 INFO [stderr]    Compiling base64 v0.9.2
Nov 30 21:15:23.858 INFO [stderr]    Compiling idna v0.1.5
Nov 30 21:15:25.731 INFO [stderr]    Compiling httparse v1.3.2
Nov 30 21:15:26.007 INFO [stderr]    Compiling lazy_static v1.1.0
Nov 30 21:15:26.486 INFO [stderr]    Compiling mime v0.2.6
Nov 30 21:15:27.751 INFO [stderr]    Compiling crossbeam-epoch v0.3.1
Nov 30 21:15:27.944 INFO [stderr] error: failed to run custom build command for `rocket_codegen v0.3.16`
Nov 30 21:15:27.944 INFO [stderr] process didn't exit successfully: `/target/debug/build/rocket_codegen-35313927dfebcaa1/build-script-build` (exit code: 101)
Nov 30 21:15:27.944 INFO [stderr] --- stderr
Nov 30 21:15:27.944 INFO [stderr] [1;31mError:[0m [37mRocket requires a nightly or dev version of Rust.[0m
Nov 30 21:15:27.945 INFO [stderr] [37mInstalled version is:[0m [33m1.30.1 (2018-11-07)[0m. [37mMinimum required:[0m [33m1.30.0-nightly (2018-08-23)[0m.
Nov 30 21:15:27.945 INFO [stderr] [34mSee the getting started guide ([0m[37mhttps://rocket.rs/guide/getting-started/[0m[34m) for more information.[0m
Nov 30 21:15:27.945 INFO [stderr] thread 'main' panicked at 'Aborting compilation due to incompatible compiler.', /cargo-home/registry/src/github.com-1ecc6299db9ec823/rocket_codegen-0.3.16/build.rs:38:17
Nov 30 21:15:27.946 INFO [stderr] stack backtrace:
Nov 30 21:15:27.946 INFO [stderr]    0:     0x560be2a799fe - std::sys::unix::backtrace::tracing::imp::unwind_backtrace::h15749a98198ba25f
Nov 30 21:15:27.946 INFO [stderr]                                at libstd/sys/unix/backtrace/tracing/gcc_s.rs:49
Nov 30 21:15:27.946 INFO [stderr]    1:     0x560be2a6af86 - std::sys_common::backtrace::print::h0ba65c811294dbf0
Nov 30 21:15:27.947 INFO [stderr]                                at libstd/sys_common/backtrace.rs:71
Nov 30 21:15:27.947 INFO [stderr]                                at libstd/sys_common/backtrace.rs:59
Nov 30 21:15:27.947 INFO [stderr]    2:     0x560be2a698cd - std::panicking::default_hook::{{closure}}::h42bb31757f0fee64
Nov 30 21:15:27.948 INFO [stderr]                                at libstd/panicking.rs:211
Nov 30 21:15:27.948 INFO [stderr]    3:     0x560be2a69640 - std::panicking::default_hook::hebc8848d7aa7dbd9
Nov 30 21:15:27.948 INFO [stderr]                                at libstd/panicking.rs:227
Nov 30 21:15:27.949 INFO [stderr]    4:     0x560be2a69ecc - std::panicking::rust_panic_with_hook::h86e619a638415243
Nov 30 21:15:27.949 INFO [stderr]                                at libstd/panicking.rs:477
Nov 30 21:15:27.949 INFO [stderr]    5:     0x560be2a4dc1f - std::panicking::begin_panic::h26807ac2abfc2210
Nov 30 21:15:27.950 INFO [stderr]                                at libstd/panicking.rs:411
Nov 30 21:15:27.950 INFO [stderr]    6:     0x560be2a4bd72 - build_script_build::main::h5e3452ecf2935038
Nov 30 21:15:27.950 INFO [stderr]                                at /cargo-home/registry/src/github.com-1ecc6299db9ec823/rocket_codegen-0.3.16/build.rs:38
Nov 30 21:15:27.950 INFO [stderr]    7:     0x560be2a4e50f - std::rt::lang_start::{{closure}}::hdd73b25a420f224f
Nov 30 21:15:27.951 INFO [stderr]                                at libstd/rt.rs:74
Nov 30 21:15:27.951 INFO [stderr]    8:     0x560be2a69972 - std::panicking::try::do_call::h47665672c57b11e4
Nov 30 21:15:27.951 INFO [stderr]                                at libstd/rt.rs:59
Nov 30 21:15:27.952 INFO [stderr]                                at libstd/panicking.rs:310
Nov 30 21:15:27.952 INFO [stderr]    9:     0x560be2a8a929 - __rust_maybe_catch_panic
Nov 30 21:15:27.952 INFO [stderr]                                at libpanic_unwind/lib.rs:103
Nov 30 21:15:27.953 INFO [stderr]   10:     0x560be2a749f5 - std::rt::lang_start_internal::had9505969b8e20a2
Nov 30 21:15:27.953 INFO [stderr]                                at libstd/panicking.rs:289
Nov 30 21:15:27.953 INFO [stderr]                                at libstd/panic.rs:392
Nov 30 21:15:27.954 INFO [stderr]                                at libstd/rt.rs:58
Nov 30 21:15:27.954 INFO [stderr]   11:     0x560be2a4e4e7 - std::rt::lang_start::hdbaf1dc3ae5430d3
Nov 30 21:15:27.954 INFO [stderr]                                at libstd/rt.rs:74
Nov 30 21:15:27.954 INFO [stderr]   12:     0x560be2a4cc09 - main
Nov 30 21:15:27.955 INFO [stderr]   13:     0x7fd74cdd182f - __libc_start_main
Nov 30 21:15:27.955 INFO [stderr]   14:     0x560be2a4b428 - _start
Nov 30 21:15:27.955 INFO [stderr]   15:                0x0 - <unknown>
Nov 30 21:15:27.956 INFO [stderr] 
Nov 30 21:15:27.956 INFO [stderr] warning: build failed, waiting for other jobs to finish...
Nov 30 21:15:27.983 INFO [stderr] error: failed to run custom build command for `rocket v0.3.16`
Nov 30 21:15:27.984 INFO [stderr] process didn't exit successfully: `/target/debug/build/rocket-a61187eead96cae3/build-script-build` (exit code: 101)
Nov 30 21:15:27.984 INFO [stderr] --- stderr
Nov 30 21:15:27.985 INFO [stderr] [1;31mError:[0m [37mRocket requires a nightly or dev version of Rust.[0m
Nov 30 21:15:27.985 INFO [stderr] [37mInstalled version is:[0m [33m1.30.1 (2018-11-07)[0m. [37mMinimum required:[0m [33m1.27.0-nightly (2018-04-26)[0m.
Nov 30 21:15:27.985 INFO [stderr] [34mSee the getting started guide ([0m[37mhttps://rocket.rs/guide/getting-started/[0m[34m) for more information.[0m
Nov 30 21:15:27.986 INFO [stderr] thread 'main' panicked at 'Aborting compilation due to incompatible compiler.', /cargo-home/registry/src/github.com-1ecc6299db9ec823/rocket-0.3.16/build.rs:38:13
Nov 30 21:15:27.986 INFO [stderr] stack backtrace:
Nov 30 21:15:27.986 INFO [stderr]    0:     0x55a52e6d6a0e - std::sys::unix::backtrace::tracing::imp::unwind_backtrace::h15749a98198ba25f
Nov 30 21:15:27.987 INFO [stderr]                                at libstd/sys/unix/backtrace/tracing/gcc_s.rs:49
Nov 30 21:15:27.987 INFO [stderr]    1:     0x55a52e6c7f96 - std::sys_common::backtrace::print::h0ba65c811294dbf0
Nov 30 21:15:27.987 INFO [stderr]                                at libstd/sys_common/backtrace.rs:71
Nov 30 21:15:27.988 INFO [stderr]                                at libstd/sys_common/backtrace.rs:59
Nov 30 21:15:27.988 INFO [stderr]    2:     0x55a52e6c68dd - std::panicking::default_hook::{{closure}}::h42bb31757f0fee64
Nov 30 21:15:27.988 INFO [stderr]                                at libstd/panicking.rs:211
Nov 30 21:15:27.989 INFO [stderr]    3:     0x55a52e6c6650 - std::panicking::default_hook::hebc8848d7aa7dbd9
Nov 30 21:15:27.989 INFO [stderr]                                at libstd/panicking.rs:227
Nov 30 21:15:27.989 INFO [stderr]    4:     0x55a52e6c6edc - std::panicking::rust_panic_with_hook::h86e619a638415243
Nov 30 21:15:27.990 INFO [stderr]                                at libstd/panicking.rs:477
Nov 30 21:15:27.990 INFO [stderr]    5:     0x55a52e6aac2f - std::panicking::begin_panic::h1547f6b8df8ef062
Nov 30 21:15:27.990 INFO [stderr]                                at libstd/panicking.rs:411
Nov 30 21:15:27.991 INFO [stderr]    6:     0x55a52e6a8d73 - build_script_build::main::h7e1e0ce982337217
Nov 30 21:15:27.991 INFO [stderr]                                at /cargo-home/registry/src/github.com-1ecc6299db9ec823/rocket-0.3.16/build.rs:38
Nov 30 21:15:27.991 INFO [stderr]    7:     0x55a52e6ab51f - std::rt::lang_start::{{closure}}::hdcba730274cd6e5e
Nov 30 21:15:27.991 INFO [stderr]                                at libstd/rt.rs:74
Nov 30 21:15:27.992 INFO [stderr]    8:     0x55a52e6c6982 - std::panicking::try::do_call::h47665672c57b11e4
Nov 30 21:15:27.992 INFO [stderr]                                at libstd/rt.rs:59
Nov 30 21:15:27.992 INFO [stderr]                                at libstd/panicking.rs:310
Nov 30 21:15:27.992 INFO [stderr]    9:     0x55a52e6e7939 - __rust_maybe_catch_panic
Nov 30 21:15:27.993 INFO [stderr]                                at libpanic_unwind/lib.rs:103
Nov 30 21:15:27.993 INFO [stderr]   10:     0x55a52e6d1a05 - std::rt::lang_start_internal::had9505969b8e20a2
Nov 30 21:15:27.993 INFO [stderr]                                at libstd/panicking.rs:289
Nov 30 21:15:27.994 INFO [stderr]                                at libstd/panic.rs:392
Nov 30 21:15:27.994 INFO [stderr]                                at libstd/rt.rs:58
Nov 30 21:15:27.994 INFO [stderr]   11:     0x55a52e6ab4f7 - std::rt::lang_start::h5723be38f20d77cf
Nov 30 21:15:27.994 INFO [stderr]                                at libstd/rt.rs:74
Nov 30 21:15:27.995 INFO [stderr]   12:     0x55a52e6a9c19 - main
Nov 30 21:15:27.995 INFO [stderr]   13:     0x7f0fcfa4482f - __libc_start_main
Nov 30 21:15:27.995 INFO [stderr]   14:     0x55a52e6a8428 - _start
Nov 30 21:15:27.995 INFO [stderr]   15:                0x0 - <unknown>
Nov 30 21:15:27.996 INFO [stderr] 
Nov 30 21:15:27.996 INFO [stderr] warning: build failed, waiting for other jobs to finish...
Nov 30 21:15:28.196 INFO [stderr] error: failed to run custom build command for `pear_codegen v0.0.20`
Nov 30 21:15:28.196 INFO [stderr] process didn't exit successfully: `/target/debug/build/pear_codegen-183b5b0a0ae809b5/build-script-build` (exit code: 101)
Nov 30 21:15:28.196 INFO [stderr] --- stderr
Nov 30 21:15:28.197 INFO [stderr] [1;31mError:[0m [37mPear requires a nightly or dev version of Rust.[0m
Nov 30 21:15:28.197 INFO [stderr] [37mInstalled version is:[0m [33m1.30.1 (2018-11-07)[0m. [37mMinimum required:[0m [33m1.30.0-nightly (2018-08-23)[0m.
Nov 30 21:15:28.197 INFO [stderr] thread 'main' panicked at 'Aborting compilation due to incompatible compiler.', /cargo-home/registry/src/github.com-1ecc6299db9ec823/pear_codegen-0.0.20/build.rs:31:13
Nov 30 21:15:28.198 INFO [stderr] stack backtrace:
Nov 30 21:15:28.198 INFO [stderr]    0:     0x559cdb4c17de - std::sys::unix::backtrace::tracing::imp::unwind_backtrace::h15749a98198ba25f
Nov 30 21:15:28.198 INFO [stderr]                                at libstd/sys/unix/backtrace/tracing/gcc_s.rs:49
Nov 30 21:15:28.199 INFO [stderr]    1:     0x559cdb4b2d66 - std::sys_common::backtrace::print::h0ba65c811294dbf0
Nov 30 21:15:28.199 INFO [stderr]                                at libstd/sys_common/backtrace.rs:71
Nov 30 21:15:28.199 INFO [stderr]                                at libstd/sys_common/backtrace.rs:59
Nov 30 21:15:28.200 INFO [stderr]    2:     0x559cdb4b16ad - std::panicking::default_hook::{{closure}}::h42bb31757f0fee64
Nov 30 21:15:28.200 INFO [stderr]                                at libstd/panicking.rs:211
Nov 30 21:15:28.200 INFO [stderr]    3:     0x559cdb4b1420 - std::panicking::default_hook::hebc8848d7aa7dbd9
Nov 30 21:15:28.201 INFO [stderr]                                at libstd/panicking.rs:227
Nov 30 21:15:28.201 INFO [stderr]    4:     0x559cdb4b1cac - std::panicking::rust_panic_with_hook::h86e619a638415243
Nov 30 21:15:28.201 INFO [stderr]                                at libstd/panicking.rs:477
Nov 30 21:15:28.202 INFO [stderr]    5:     0x559cdb4959ff - std::panicking::begin_panic::h65ef3ad7de42f4ad
Nov 30 21:15:28.202 INFO [stderr]                                at libstd/panicking.rs:411
Nov 30 21:15:28.202 INFO [stderr]    6:     0x559cdb493b3a - build_script_build::main::h46f39c458748acff
Nov 30 21:15:28.203 INFO [stderr]                                at /cargo-home/registry/src/github.com-1ecc6299db9ec823/pear_codegen-0.0.20/build.rs:31
Nov 30 21:15:28.203 INFO [stderr]    7:     0x559cdb4962ef - std::rt::lang_start::{{closure}}::h104f159df20e8d81
Nov 30 21:15:28.203 INFO [stderr]                                at libstd/rt.rs:74
Nov 30 21:15:28.204 INFO [stderr]    8:     0x559cdb4b1752 - std::panicking::try::do_call::h47665672c57b11e4
Nov 30 21:15:28.204 INFO [stderr]                                at libstd/rt.rs:59
Nov 30 21:15:28.204 INFO [stderr]                                at libstd/panicking.rs:310
Nov 30 21:15:28.204 INFO [stderr]    9:     0x559cdb4d2709 - __rust_maybe_catch_panic
Nov 30 21:15:28.205 INFO [stderr]                                at libpanic_unwind/lib.rs:103
Nov 30 21:15:28.205 INFO [stderr]   10:     0x559cdb4bc7d5 - std::rt::lang_start_internal::had9505969b8e20a2
Nov 30 21:15:28.205 INFO [stderr]                                at libstd/panicking.rs:289
Nov 30 21:15:28.206 INFO [stderr]                                at libstd/panic.rs:392
Nov 30 21:15:28.206 INFO [stderr]                                at libstd/rt.rs:58
Nov 30 21:15:28.206 INFO [stderr]   11:     0x559cdb4962c7 - std::rt::lang_start::h6c12a89b5498f3bc
Nov 30 21:15:28.206 INFO [stderr]                                at libstd/rt.rs:74
Nov 30 21:15:28.206 INFO [stderr]   12:     0x559cdb4949e9 - main
Nov 30 21:15:28.206 INFO [stderr]   13:     0x7f93d332a82f - __libc_start_main
Nov 30 21:15:28.206 INFO [stderr]   14:     0x559cdb493428 - _start
Nov 30 21:15:28.207 INFO [stderr]   15:                0x0 - <unknown>
Nov 30 21:15:28.207 INFO [stderr] 
Nov 30 21:15:28.207 INFO [stderr] warning: build failed, waiting for other jobs to finish...
Nov 30 21:15:32.219 INFO [stderr] error: build failed
Nov 30 21:15:32.227 INFO [stderr] su: No module specific data is present
Nov 30 21:15:33.053 INFO running `"docker" "inspect" "2c5d0197c310692d7f84c30d2bb9bb3fa203d65b0288bff303b17806f2bdfc1b"`
Nov 30 21:15:33.365 INFO running `"docker" "rm" "-f" "2c5d0197c310692d7f84c30d2bb9bb3fa203d65b0288bff303b17806f2bdfc1b"`
Nov 30 21:15:33.636 INFO [stdout] 2c5d0197c310692d7f84c30d2bb9bb3fa203d65b0288bff303b17806f2bdfc1b
