Nov 30 22:24:40.679 INFO testing tygrysekmg/rocket_hello against 1.30.1 for beta-1.31-5
Nov 30 22:24:40.679 INFO running `"docker" "create" "-v" "/mnt/big/crater/work/local/target-dirs/beta-1.31-5/worker-0/1.30.1:/target:rw,Z" "-v" "/mnt/big/crater/work/local/test-source/worker-0/beta-1.31-5/1.30.1:/source:ro,Z" "-v" "/mnt/big/crater/work/local/cargo-home:/cargo-home:ro,Z" "-v" "/mnt/big/crater/work/local/rustup-home:/rustup-home:ro,Z" "-e" "USER_ID=1000" "-e" "SOURCE_DIR=/source" "-e" "USER_ID=1000" "-e" "CMD=cargo +1.30.1 build --frozen" "-e" "CARGO_TARGET_DIR=/target" "-e" "CARGO_INCREMENTAL=0" "-e" "RUST_BACKTRACE=full" "-e" "RUSTFLAGS=--cap-lints=warn" "-e" "CARGO_HOME=/cargo-home" "-e" "RUSTUP_HOME=/rustup-home" "-m" "1536M" "--network" "none" "crater"`
Nov 30 22:24:41.120 INFO [stdout] 31e7604c808f27d5abca685bdcb7154a0420cf5882e8df71c647c9fd4fcf8916
Nov 30 22:24:41.123 INFO running `"docker" "start" "-a" "31e7604c808f27d5abca685bdcb7154a0420cf5882e8df71c647c9fd4fcf8916"`
Nov 30 22:24:42.438 INFO [stderr] usermod: no changes
Nov 30 22:24:42.635 INFO [stderr]    Compiling nodrop v0.1.12
Nov 30 22:24:42.635 INFO [stderr]    Compiling memoffset v0.2.1
Nov 30 22:24:42.635 INFO [stderr]    Compiling scopeguard v0.3.3
Nov 30 22:24:42.647 INFO [stderr]    Compiling gcc v0.3.55
Nov 30 22:24:42.650 INFO [stderr]    Compiling safemem v0.2.0
Nov 30 22:24:42.650 INFO [stderr]    Compiling untrusted v0.5.1
Nov 30 22:24:42.650 INFO [stderr]    Compiling byteorder v1.2.6
Nov 30 22:24:42.650 INFO [stderr]    Compiling lazy_static v0.2.11
Nov 30 22:24:43.152 INFO [stderr]    Compiling pear v0.0.20
Nov 30 22:24:43.263 INFO [stderr]    Compiling ordermap v0.2.13
Nov 30 22:24:43.416 INFO [stderr]    Compiling crossbeam-utils v0.2.2
Nov 30 22:24:43.723 INFO [stderr]    Compiling log v0.4.5
Nov 30 22:24:44.159 INFO [stderr]    Compiling isatty v0.1.9
Nov 30 22:24:44.199 INFO [stderr]    Compiling pear_codegen v0.0.20
Nov 30 22:24:46.107 INFO [stderr]    Compiling rocket v0.3.17
Nov 30 22:24:46.107 INFO [stderr]    Compiling rocket_codegen v0.3.17
Nov 30 22:24:46.107 INFO [stderr]    Compiling arrayvec v0.4.7
Nov 30 22:24:46.139 INFO [stderr]    Compiling idna v0.1.5
Nov 30 22:24:46.163 INFO [stderr]    Compiling serde v1.0.79
Nov 30 22:24:46.515 INFO [stderr]    Compiling log v0.3.9
Nov 30 22:24:46.599 INFO [stderr]    Compiling base64 v0.6.0
Nov 30 22:24:52.652 INFO [stderr]    Compiling base64 v0.9.3
Nov 30 22:24:52.759 INFO [stderr]    Compiling memchr v2.1.0
Nov 30 22:24:52.916 INFO [stderr]    Compiling mime v0.2.6
Nov 30 22:24:53.480 INFO [stderr] error: failed to run custom build command for `pear_codegen v0.0.20`
Nov 30 22:24:53.480 INFO [stderr] process didn't exit successfully: `/target/debug/build/pear_codegen-df86f9f8daca6fae/build-script-build` (exit code: 101)
Nov 30 22:24:53.480 INFO [stderr] --- stderr
Nov 30 22:24:53.480 INFO [stderr] [1;31mError:[0m [37mPear requires a nightly or dev version of Rust.[0m
Nov 30 22:24:53.480 INFO [stderr] [37mInstalled version is:[0m [33m1.30.1 (2018-11-07)[0m. [37mMinimum required:[0m [33m1.30.0-nightly (2018-08-23)[0m.
Nov 30 22:24:53.480 INFO [stderr] thread 'main' panicked at 'Aborting compilation due to incompatible compiler.', /cargo-home/registry/src/github.com-1ecc6299db9ec823/pear_codegen-0.0.20/build.rs:31:13
Nov 30 22:24:53.480 INFO [stderr] stack backtrace:
Nov 30 22:24:53.480 INFO [stderr]    0:     0x55e2bda3253e - std::sys::unix::backtrace::tracing::imp::unwind_backtrace::h15749a98198ba25f
Nov 30 22:24:53.480 INFO [stderr]                                at libstd/sys/unix/backtrace/tracing/gcc_s.rs:49
Nov 30 22:24:53.480 INFO [stderr]    1:     0x55e2bda23ac6 - std::sys_common::backtrace::print::h0ba65c811294dbf0
Nov 30 22:24:53.480 INFO [stderr]                                at libstd/sys_common/backtrace.rs:71
Nov 30 22:24:53.480 INFO [stderr]                                at libstd/sys_common/backtrace.rs:59
Nov 30 22:24:53.480 INFO [stderr]    2:     0x55e2bda2240d - std::panicking::default_hook::{{closure}}::h42bb31757f0fee64
Nov 30 22:24:53.480 INFO [stderr]                                at libstd/panicking.rs:211
Nov 30 22:24:53.480 INFO [stderr]    3:     0x55e2bda22180 - std::panicking::default_hook::hebc8848d7aa7dbd9
Nov 30 22:24:53.480 INFO [stderr]                                at libstd/panicking.rs:227
Nov 30 22:24:53.480 INFO [stderr]    4:     0x55e2bda22a0c - std::panicking::rust_panic_with_hook::h86e619a638415243
Nov 30 22:24:53.480 INFO [stderr]                                at libstd/panicking.rs:477
Nov 30 22:24:53.480 INFO [stderr]    5:     0x55e2bda05a1f - std::panicking::begin_panic::hff0b0938de69e946
Nov 30 22:24:53.480 INFO [stderr]                                at libstd/panicking.rs:411
Nov 30 22:24:53.480 INFO [stderr]    6:     0x55e2bda03b5a - build_script_build::main::h3208cb5374859f64
Nov 30 22:24:53.480 INFO [stderr]                                at /cargo-home/registry/src/github.com-1ecc6299db9ec823/pear_codegen-0.0.20/build.rs:31
Nov 30 22:24:53.480 INFO [stderr]    7:     0x55e2bda0630f - std::rt::lang_start::{{closure}}::he88afd07f648b684
Nov 30 22:24:53.480 INFO [stderr]                                at libstd/rt.rs:74
Nov 30 22:24:53.480 INFO [stderr]    8:     0x55e2bda224b2 - std::panicking::try::do_call::h47665672c57b11e4
Nov 30 22:24:53.480 INFO [stderr]                                at libstd/rt.rs:59
Nov 30 22:24:53.480 INFO [stderr]                                at libstd/panicking.rs:310
Nov 30 22:24:53.480 INFO [stderr]    9:     0x55e2bda43469 - __rust_maybe_catch_panic
Nov 30 22:24:53.480 INFO [stderr]                                at libpanic_unwind/lib.rs:103
Nov 30 22:24:53.480 INFO [stderr]   10:     0x55e2bda2d535 - std::rt::lang_start_internal::had9505969b8e20a2
Nov 30 22:24:53.480 INFO [stderr]                                at libstd/panicking.rs:289
Nov 30 22:24:53.480 INFO [stderr]                                at libstd/panic.rs:392
Nov 30 22:24:53.480 INFO [stderr]                                at libstd/rt.rs:58
Nov 30 22:24:53.480 INFO [stderr]   11:     0x55e2bda062e7 - std::rt::lang_start::ha0952dc06a311b9d
Nov 30 22:24:53.480 INFO [stderr]                                at libstd/rt.rs:74
Nov 30 22:24:53.480 INFO [stderr]   12:     0x55e2bda04a09 - main
Nov 30 22:24:53.480 INFO [stderr]   13:     0x7f7323fc982f - __libc_start_main
Nov 30 22:24:53.480 INFO [stderr]   14:     0x55e2bda03448 - _start
Nov 30 22:24:53.480 INFO [stderr]   15:                0x0 - <unknown>
Nov 30 22:24:53.487 INFO [stderr] 
Nov 30 22:24:53.504 INFO [stderr] warning: build failed, waiting for other jobs to finish...
Nov 30 22:24:53.559 INFO [stderr] error: failed to run custom build command for `rocket_codegen v0.3.17`
Nov 30 22:24:53.559 INFO [stderr] process didn't exit successfully: `/target/debug/build/rocket_codegen-c5232cdd0a7a7f0a/build-script-build` (exit code: 101)
Nov 30 22:24:53.559 INFO [stderr] --- stderr
Nov 30 22:24:53.559 INFO [stderr] [1;31mError:[0m [37mRocket requires a nightly or dev version of Rust.[0m
Nov 30 22:24:53.559 INFO [stderr] [37mInstalled version is:[0m [33m1.30.1 (2018-11-07)[0m. [37mMinimum required:[0m [33m1.30.0-nightly (2018-08-23)[0m.
Nov 30 22:24:53.559 INFO [stderr] [34mSee the getting started guide ([0m[37mhttps://rocket.rs/guide/getting-started/[0m[34m) for more information.[0m
Nov 30 22:24:53.559 INFO [stderr] thread 'main' panicked at 'Aborting compilation due to incompatible compiler.', /cargo-home/registry/src/github.com-1ecc6299db9ec823/rocket_codegen-0.3.17/build.rs:38:17
Nov 30 22:24:53.559 INFO [stderr] stack backtrace:
Nov 30 22:24:53.559 INFO [stderr]    0:     0x562832f6975e - std::sys::unix::backtrace::tracing::imp::unwind_backtrace::h15749a98198ba25f
Nov 30 22:24:53.559 INFO [stderr]                                at libstd/sys/unix/backtrace/tracing/gcc_s.rs:49
Nov 30 22:24:53.559 INFO [stderr]    1:     0x562832f5ace6 - std::sys_common::backtrace::print::h0ba65c811294dbf0
Nov 30 22:24:53.559 INFO [stderr]                                at libstd/sys_common/backtrace.rs:71
Nov 30 22:24:53.559 INFO [stderr]                                at libstd/sys_common/backtrace.rs:59
Nov 30 22:24:53.559 INFO [stderr]    2:     0x562832f5962d - std::panicking::default_hook::{{closure}}::h42bb31757f0fee64
Nov 30 22:24:53.559 INFO [stderr]                                at libstd/panicking.rs:211
Nov 30 22:24:53.559 INFO [stderr]    3:     0x562832f593a0 - std::panicking::default_hook::hebc8848d7aa7dbd9
Nov 30 22:24:53.559 INFO [stderr]                                at libstd/panicking.rs:227
Nov 30 22:24:53.559 INFO [stderr]    4:     0x562832f59c2c - std::panicking::rust_panic_with_hook::h86e619a638415243
Nov 30 22:24:53.559 INFO [stderr]                                at libstd/panicking.rs:477
Nov 30 22:24:53.559 INFO [stderr]    5:     0x562832f3cc3f - std::panicking::begin_panic::heb767c19fcc99f5a
Nov 30 22:24:53.559 INFO [stderr]                                at libstd/panicking.rs:411
Nov 30 22:24:53.559 INFO [stderr]    6:     0x562832f3ad92 - build_script_build::main::he9d75f7a954f7ddf
Nov 30 22:24:53.559 INFO [stderr]                                at /cargo-home/registry/src/github.com-1ecc6299db9ec823/rocket_codegen-0.3.17/build.rs:38
Nov 30 22:24:53.559 INFO [stderr]    7:     0x562832f3d52f - std::rt::lang_start::{{closure}}::hd1578fbee069c28e
Nov 30 22:24:53.559 INFO [stderr]                                at libstd/rt.rs:74
Nov 30 22:24:53.559 INFO [stderr]    8:     0x562832f596d2 - std::panicking::try::do_call::h47665672c57b11e4
Nov 30 22:24:53.559 INFO [stderr]                                at libstd/rt.rs:59
Nov 30 22:24:53.559 INFO [stderr]                                at libstd/panicking.rs:310
Nov 30 22:24:53.559 INFO [stderr]    9:     0x562832f7a689 - __rust_maybe_catch_panic
Nov 30 22:24:53.560 INFO [stderr]                                at libpanic_unwind/lib.rs:103
Nov 30 22:24:53.560 INFO [stderr]   10:     0x562832f64755 - std::rt::lang_start_internal::had9505969b8e20a2
Nov 30 22:24:53.560 INFO [stderr]                                at libstd/panicking.rs:289
Nov 30 22:24:53.560 INFO [stderr]                                at libstd/panic.rs:392
Nov 30 22:24:53.560 INFO [stderr]                                at libstd/rt.rs:58
Nov 30 22:24:53.560 INFO [stderr]   11:     0x562832f3d507 - std::rt::lang_start::h6b9f2e9d23e59193
Nov 30 22:24:53.560 INFO [stderr]                                at libstd/rt.rs:74
Nov 30 22:24:53.560 INFO [stderr]   12:     0x562832f3bc29 - main
Nov 30 22:24:53.560 INFO [stderr]   13:     0x7f81fee8182f - __libc_start_main
Nov 30 22:24:53.560 INFO [stderr]   14:     0x562832f3a448 - _start
Nov 30 22:24:53.560 INFO [stderr]   15:                0x0 - <unknown>
Nov 30 22:24:53.560 INFO [stderr] 
Nov 30 22:24:53.560 INFO [stderr] warning: build failed, waiting for other jobs to finish...
Nov 30 22:24:53.672 INFO [stderr] error: failed to run custom build command for `rocket v0.3.17`
Nov 30 22:24:53.672 INFO [stderr] process didn't exit successfully: `/target/debug/build/rocket-c4e66faee2f2b7c9/build-script-build` (exit code: 101)
Nov 30 22:24:53.672 INFO [stderr] --- stderr
Nov 30 22:24:53.672 INFO [stderr] [1;31mError:[0m [37mRocket requires a nightly or dev version of Rust.[0m
Nov 30 22:24:53.672 INFO [stderr] [37mInstalled version is:[0m [33m1.30.1 (2018-11-07)[0m. [37mMinimum required:[0m [33m1.27.0-nightly (2018-04-26)[0m.
Nov 30 22:24:53.672 INFO [stderr] [34mSee the getting started guide ([0m[37mhttps://rocket.rs/guide/getting-started/[0m[34m) for more information.[0m
Nov 30 22:24:53.672 INFO [stderr] thread 'main' panicked at 'Aborting compilation due to incompatible compiler.', /cargo-home/registry/src/github.com-1ecc6299db9ec823/rocket-0.3.17/build.rs:38:13
Nov 30 22:24:53.672 INFO [stderr] stack backtrace:
Nov 30 22:24:53.672 INFO [stderr]    0:     0x564e063da76e - std::sys::unix::backtrace::tracing::imp::unwind_backtrace::h15749a98198ba25f
Nov 30 22:24:53.672 INFO [stderr]                                at libstd/sys/unix/backtrace/tracing/gcc_s.rs:49
Nov 30 22:24:53.672 INFO [stderr]    1:     0x564e063cbcf6 - std::sys_common::backtrace::print::h0ba65c811294dbf0
Nov 30 22:24:53.672 INFO [stderr]                                at libstd/sys_common/backtrace.rs:71
Nov 30 22:24:53.672 INFO [stderr]                                at libstd/sys_common/backtrace.rs:59
Nov 30 22:24:53.672 INFO [stderr]    2:     0x564e063ca63d - std::panicking::default_hook::{{closure}}::h42bb31757f0fee64
Nov 30 22:24:53.672 INFO [stderr]                                at libstd/panicking.rs:211
Nov 30 22:24:53.672 INFO [stderr]    3:     0x564e063ca3b0 - std::panicking::default_hook::hebc8848d7aa7dbd9
Nov 30 22:24:53.672 INFO [stderr]                                at libstd/panicking.rs:227
Nov 30 22:24:53.672 INFO [stderr]    4:     0x564e063cac3c - std::panicking::rust_panic_with_hook::h86e619a638415243
Nov 30 22:24:53.672 INFO [stderr]                                at libstd/panicking.rs:477
Nov 30 22:24:53.672 INFO [stderr]    5:     0x564e063adc4f - std::panicking::begin_panic::h1f2b9e9d96bd8bd1
Nov 30 22:24:53.672 INFO [stderr]                                at libstd/panicking.rs:411
Nov 30 22:24:53.672 INFO [stderr]    6:     0x564e063abd93 - build_script_build::main::h911ac25bbcea8e76
Nov 30 22:24:53.672 INFO [stderr]                                at /cargo-home/registry/src/github.com-1ecc6299db9ec823/rocket-0.3.17/build.rs:38
Nov 30 22:24:53.672 INFO [stderr]    7:     0x564e063ae53f - std::rt::lang_start::{{closure}}::h252ed0ee3474df69
Nov 30 22:24:53.672 INFO [stderr]                                at libstd/rt.rs:74
Nov 30 22:24:53.672 INFO [stderr]    8:     0x564e063ca6e2 - std::panicking::try::do_call::h47665672c57b11e4
Nov 30 22:24:53.672 INFO [stderr]                                at libstd/rt.rs:59
Nov 30 22:24:53.672 INFO [stderr]                                at libstd/panicking.rs:310
Nov 30 22:24:53.672 INFO [stderr]    9:     0x564e063eb699 - __rust_maybe_catch_panic
Nov 30 22:24:53.672 INFO [stderr]                                at libpanic_unwind/lib.rs:103
Nov 30 22:24:53.672 INFO [stderr]   10:     0x564e063d5765 - std::rt::lang_start_internal::had9505969b8e20a2
Nov 30 22:24:53.672 INFO [stderr]                                at libstd/panicking.rs:289
Nov 30 22:24:53.672 INFO [stderr]                                at libstd/panic.rs:392
Nov 30 22:24:53.672 INFO [stderr]                                at libstd/rt.rs:58
Nov 30 22:24:53.672 INFO [stderr]   11:     0x564e063ae517 - std::rt::lang_start::h69706e9d9625c548
Nov 30 22:24:53.672 INFO [stderr]                                at libstd/rt.rs:74
Nov 30 22:24:53.672 INFO [stderr]   12:     0x564e063acc39 - main
Nov 30 22:24:53.672 INFO [stderr]   13:     0x7fd09c2ad82f - __libc_start_main
Nov 30 22:24:53.672 INFO [stderr]   14:     0x564e063ab448 - _start
Nov 30 22:24:53.672 INFO [stderr]   15:                0x0 - <unknown>
Nov 30 22:24:53.672 INFO [stderr] 
Nov 30 22:24:53.672 INFO [stderr] warning: build failed, waiting for other jobs to finish...
Nov 30 22:25:07.247 INFO [stderr] error: build failed
Nov 30 22:25:07.255 INFO [stderr] su: No module specific data is present
Nov 30 22:25:07.741 INFO running `"docker" "inspect" "31e7604c808f27d5abca685bdcb7154a0420cf5882e8df71c647c9fd4fcf8916"`
Nov 30 22:25:07.930 INFO running `"docker" "rm" "-f" "31e7604c808f27d5abca685bdcb7154a0420cf5882e8df71c647c9fd4fcf8916"`
Nov 30 22:25:08.187 INFO [stdout] 31e7604c808f27d5abca685bdcb7154a0420cf5882e8df71c647c9fd4fcf8916
