Nov 30 22:25:28.740 INFO testing twissel/tickets-search against 1.30.1 for beta-1.31-5
Nov 30 22:25:28.740 INFO running `"docker" "create" "-v" "/mnt/big/crater/work/local/target-dirs/beta-1.31-5/worker-6/1.30.1:/target:rw,Z" "-v" "/mnt/big/crater/work/local/test-source/worker-6/beta-1.31-5/1.30.1:/source:ro,Z" "-v" "/mnt/big/crater/work/local/cargo-home:/cargo-home:ro,Z" "-v" "/mnt/big/crater/work/local/rustup-home:/rustup-home:ro,Z" "-e" "USER_ID=1000" "-e" "SOURCE_DIR=/source" "-e" "USER_ID=1000" "-e" "CMD=cargo +1.30.1 build --frozen" "-e" "CARGO_TARGET_DIR=/target" "-e" "CARGO_INCREMENTAL=0" "-e" "RUST_BACKTRACE=full" "-e" "RUSTFLAGS=--cap-lints=warn" "-e" "CARGO_HOME=/cargo-home" "-e" "RUSTUP_HOME=/rustup-home" "-m" "1536M" "--network" "none" "crater"`
Nov 30 22:25:29.308 INFO [stdout] 73fdb1fbc041c4595011f25bb248e3587d5e6121ad5ff19dcfcc6e445e0faa7d
Nov 30 22:25:29.311 INFO running `"docker" "start" "-a" "73fdb1fbc041c4595011f25bb248e3587d5e6121ad5ff19dcfcc6e445e0faa7d"`
Nov 30 22:25:31.491 INFO [stderr] usermod: no changes
Nov 30 22:25:32.005 INFO [stderr]    Compiling cfg-if v0.1.4
Nov 30 22:25:32.009 INFO [stderr]    Compiling smallvec v0.6.2
Nov 30 22:25:32.012 INFO [stderr]    Compiling ordermap v0.3.5
Nov 30 22:25:32.012 INFO [stderr]    Compiling fixedbitset v0.1.9
Nov 30 22:25:32.013 INFO [stderr]    Compiling actix-web v0.6.14
Nov 30 22:25:32.037 INFO [stderr]    Compiling aho-corasick v0.6.5
Nov 30 22:25:32.038 INFO [stderr]    Compiling serde v1.0.69
Nov 30 22:25:32.038 INFO [stderr]    Compiling tokio-timer v0.2.4
Nov 30 22:25:32.787 INFO [stderr]    Compiling http v0.1.7
Nov 30 22:25:35.962 INFO [stderr]    Compiling syn v0.14.4
Nov 30 22:25:36.360 INFO [stderr]    Compiling crossbeam-utils v0.3.2
Nov 30 22:25:36.896 INFO [stderr]    Compiling crossbeam-utils v0.2.2
Nov 30 22:25:40.215 INFO [stderr]    Compiling log v0.4.3
Nov 30 22:25:40.216 INFO [stderr]    Compiling net2 v0.2.33
Nov 30 22:25:40.216 INFO [stderr]    Compiling uuid v0.6.5
Nov 30 22:25:40.259 INFO [stderr]    Compiling backtrace v0.3.9
Nov 30 22:25:40.696 INFO [stderr]    Compiling mime v0.3.8
Nov 30 22:25:47.040 INFO [stderr]    Compiling backtrace v0.2.3
Nov 30 22:25:47.042 INFO [stderr]    Compiling parking_lot_core v0.2.14
Nov 30 22:25:47.059 INFO [stderr]    Compiling regex v1.0.1
Nov 30 22:25:47.060 INFO [stderr]    Compiling crossbeam-epoch v0.4.3
Nov 30 22:25:47.218 INFO [stderr]    Compiling petgraph v0.4.12
Nov 30 22:25:55.356 INFO [stderr]    Compiling crossbeam-epoch v0.3.1
Nov 30 22:25:55.411 INFO [stderr]    Compiling tokio-io v0.1.7
Nov 30 22:25:55.479 INFO [stderr]    Compiling error-chain v0.11.0
Nov 30 22:25:59.415 INFO [stderr]    Compiling mio v0.6.15
Nov 30 22:26:00.919 INFO [stderr] error[E0034]: multiple applicable items in scope
Nov 30 22:26:00.920 INFO [stderr]     --> /cargo-home/registry/src/github.com-1ecc6299db9ec823/petgraph-0.4.12/src/graph_impl/stable_graph/mod.rs:1171:19
Nov 30 22:26:00.921 INFO [stderr]      |
Nov 30 22:26:00.921 INFO [stderr] 1171 |         self.iter.find_map(|(i, node)| {
Nov 30 22:26:00.922 INFO [stderr]      |                   ^^^^^^^^ multiple `find_map` found
Nov 30 22:26:00.923 INFO [stderr]      |
Nov 30 22:26:00.924 INFO [stderr] note: candidate #1 is defined in an impl of the trait `iter_utils::IterUtilsExt` for the type `_`
Nov 30 22:26:00.924 INFO [stderr]     --> /cargo-home/registry/src/github.com-1ecc6299db9ec823/petgraph-0.4.12/src/iter_utils.rs:5:5
Nov 30 22:26:00.925 INFO [stderr]      |
Nov 30 22:26:00.926 INFO [stderr] 5    | /     fn find_map<F, R>(&mut self, mut f: F) -> Option<R>
Nov 30 22:26:00.926 INFO [stderr] 6    | |         where F: FnMut(Self::Item) -> Option<R>
Nov 30 22:26:00.927 INFO [stderr] 7    | |     {
Nov 30 22:26:00.927 INFO [stderr] 8    | |         while let Some(elt) = self.next() {
Nov 30 22:26:00.928 INFO [stderr] ...    |
Nov 30 22:26:00.929 INFO [stderr] 13   | |         None
Nov 30 22:26:00.929 INFO [stderr] 14   | |     }
Nov 30 22:26:00.930 INFO [stderr]      | |_____^
Nov 30 22:26:00.931 INFO [stderr]      = note: candidate #2 is defined in an impl of the trait `std::iter::Iterator` for the type `std::iter::Enumerate<_>`
Nov 30 22:26:00.931 INFO [stderr] 
Nov 30 22:26:01.068 INFO [stderr] error[E0034]: multiple applicable items in scope
Nov 30 22:26:01.068 INFO [stderr]     --> /cargo-home/registry/src/github.com-1ecc6299db9ec823/petgraph-0.4.12/src/graph_impl/stable_graph/mod.rs:1363:19
Nov 30 22:26:01.069 INFO [stderr]      |
Nov 30 22:26:01.069 INFO [stderr] 1363 |         self.iter.find_map(|(i, edge)|
Nov 30 22:26:01.069 INFO [stderr]      |                   ^^^^^^^^ multiple `find_map` found
Nov 30 22:26:01.070 INFO [stderr]      |
Nov 30 22:26:01.070 INFO [stderr] note: candidate #1 is defined in an impl of the trait `iter_utils::IterUtilsExt` for the type `_`
Nov 30 22:26:01.071 INFO [stderr]     --> /cargo-home/registry/src/github.com-1ecc6299db9ec823/petgraph-0.4.12/src/iter_utils.rs:5:5
Nov 30 22:26:01.071 INFO [stderr]      |
Nov 30 22:26:01.071 INFO [stderr] 5    | /     fn find_map<F, R>(&mut self, mut f: F) -> Option<R>
Nov 30 22:26:01.072 INFO [stderr] 6    | |         where F: FnMut(Self::Item) -> Option<R>
Nov 30 22:26:01.072 INFO [stderr] 7    | |     {
Nov 30 22:26:01.072 INFO [stderr] 8    | |         while let Some(elt) = self.next() {
Nov 30 22:26:01.073 INFO [stderr] ...    |
Nov 30 22:26:01.073 INFO [stderr] 13   | |         None
Nov 30 22:26:01.073 INFO [stderr] 14   | |     }
Nov 30 22:26:01.074 INFO [stderr]      | |_____^
Nov 30 22:26:01.079 INFO [stderr]      = note: candidate #2 is defined in an impl of the trait `std::iter::Iterator` for the type `std::iter::Enumerate<_>`
Nov 30 22:26:01.079 INFO [stderr] 
Nov 30 22:26:01.155 INFO [stderr] error[E0034]: multiple applicable items in scope
Nov 30 22:26:01.155 INFO [stderr]     --> /cargo-home/registry/src/github.com-1ecc6299db9ec823/petgraph-0.4.12/src/graph_impl/stable_graph/mod.rs:1527:19
Nov 30 22:26:01.156 INFO [stderr]      |
Nov 30 22:26:01.156 INFO [stderr] 1527 |         self.iter.find_map(|(i, node)| {
Nov 30 22:26:01.156 INFO [stderr]      |                   ^^^^^^^^ multiple `find_map` found
Nov 30 22:26:01.157 INFO [stderr]      |
Nov 30 22:26:01.157 INFO [stderr] note: candidate #1 is defined in an impl of the trait `iter_utils::IterUtilsExt` for the type `_`
Nov 30 22:26:01.157 INFO [stderr]     --> /cargo-home/registry/src/github.com-1ecc6299db9ec823/petgraph-0.4.12/src/iter_utils.rs:5:5
Nov 30 22:26:01.157 INFO [stderr]      |
Nov 30 22:26:01.167 INFO [stderr] 5    | /     fn find_map<F, R>(&mut self, mut f: F) -> Option<R>
Nov 30 22:26:01.167 INFO [stderr] 6    | |         where F: FnMut(Self::Item) -> Option<R>
Nov 30 22:26:01.167 INFO [stderr] 7    | |     {
Nov 30 22:26:01.167 INFO [stderr] 8    | |         while let Some(elt) = self.next() {
Nov 30 22:26:01.167 INFO [stderr] ...    |
Nov 30 22:26:01.167 INFO [stderr] 13   | |         None
Nov 30 22:26:01.167 INFO [stderr] 14   | |     }
Nov 30 22:26:01.167 INFO [stderr]      | |_____^
Nov 30 22:26:01.167 INFO [stderr]      = note: candidate #2 is defined in an impl of the trait `std::iter::Iterator` for the type `std::iter::Enumerate<_>`
Nov 30 22:26:01.167 INFO [stderr] 
Nov 30 22:26:01.185 INFO [stderr] error[E0034]: multiple applicable items in scope
Nov 30 22:26:01.185 INFO [stderr]     --> /cargo-home/registry/src/github.com-1ecc6299db9ec823/petgraph-0.4.12/src/graph_impl/stable_graph/mod.rs:1573:19
Nov 30 22:26:01.185 INFO [stderr]      |
Nov 30 22:26:01.185 INFO [stderr] 1573 |         self.iter.find_map(|(i, node)| {
Nov 30 22:26:01.203 INFO [stderr]      |                   ^^^^^^^^ multiple `find_map` found
Nov 30 22:26:01.203 INFO [stderr]      |
Nov 30 22:26:01.203 INFO [stderr] note: candidate #1 is defined in an impl of the trait `iter_utils::IterUtilsExt` for the type `_`
Nov 30 22:26:01.203 INFO [stderr]     --> /cargo-home/registry/src/github.com-1ecc6299db9ec823/petgraph-0.4.12/src/iter_utils.rs:5:5
Nov 30 22:26:01.203 INFO [stderr]      |
Nov 30 22:26:01.203 INFO [stderr] 5    | /     fn find_map<F, R>(&mut self, mut f: F) -> Option<R>
Nov 30 22:26:01.203 INFO [stderr] 6    | |         where F: FnMut(Self::Item) -> Option<R>
Nov 30 22:26:01.203 INFO [stderr] 7    | |     {
Nov 30 22:26:01.203 INFO [stderr] 8    | |         while let Some(elt) = self.next() {
Nov 30 22:26:01.203 INFO [stderr] ...    |
Nov 30 22:26:01.203 INFO [stderr] 13   | |         None
Nov 30 22:26:01.203 INFO [stderr] 14   | |     }
Nov 30 22:26:01.203 INFO [stderr]      | |_____^
Nov 30 22:26:01.203 INFO [stderr]      = note: candidate #2 is defined in an impl of the trait `std::iter::Iterator` for the type `std::iter::Enumerate<_>`
Nov 30 22:26:01.203 INFO [stderr] 
Nov 30 22:26:03.553 INFO [stderr] error: aborting due to 4 previous errors
Nov 30 22:26:03.555 INFO [stderr] 
Nov 30 22:26:03.563 INFO [stderr] For more information about this error, try `rustc --explain E0034`.
Nov 30 22:26:03.624 INFO [stderr] error: Could not compile `petgraph`.
Nov 30 22:26:03.624 INFO [stderr] warning: build failed, waiting for other jobs to finish...
Nov 30 22:26:33.139 INFO [stderr] error: build failed
Nov 30 22:26:33.140 INFO [stderr] su: No module specific data is present
Nov 30 22:26:34.147 INFO running `"docker" "inspect" "73fdb1fbc041c4595011f25bb248e3587d5e6121ad5ff19dcfcc6e445e0faa7d"`
Nov 30 22:26:34.449 INFO running `"docker" "rm" "-f" "73fdb1fbc041c4595011f25bb248e3587d5e6121ad5ff19dcfcc6e445e0faa7d"`
Nov 30 22:26:34.699 INFO [stdout] 73fdb1fbc041c4595011f25bb248e3587d5e6121ad5ff19dcfcc6e445e0faa7d
