Nov 30 23:40:43.150 INFO testing theSeafarer/arduino_hal against 1.30.1 for beta-1.31-5
Nov 30 23:40:43.150 INFO running `"docker" "create" "-v" "/mnt/big/crater/work/local/target-dirs/beta-1.31-5/worker-3/1.30.1:/target:rw,Z" "-v" "/mnt/big/crater/work/local/test-source/worker-3/beta-1.31-5/1.30.1:/source:ro,Z" "-v" "/mnt/big/crater/work/local/cargo-home:/cargo-home:ro,Z" "-v" "/mnt/big/crater/work/local/rustup-home:/rustup-home:ro,Z" "-e" "USER_ID=1000" "-e" "SOURCE_DIR=/source" "-e" "USER_ID=1000" "-e" "CMD=cargo +1.30.1 build --frozen" "-e" "CARGO_TARGET_DIR=/target" "-e" "CARGO_INCREMENTAL=0" "-e" "RUST_BACKTRACE=full" "-e" "RUSTFLAGS=--cap-lints=warn" "-e" "CARGO_HOME=/cargo-home" "-e" "RUSTUP_HOME=/rustup-home" "-m" "1536M" "--network" "none" "crater"`
Nov 30 23:40:43.393 INFO [stdout] 3bbacfd12217c37641895192996f2a85eaf10319d4295a7c6dd71b3ec78c9991
Nov 30 23:40:43.396 INFO running `"docker" "start" "-a" "3bbacfd12217c37641895192996f2a85eaf10319d4295a7c6dd71b3ec78c9991"`
Nov 30 23:40:44.411 INFO [stderr] usermod: no changes
Nov 30 23:40:44.471 INFO [stderr]    Compiling void v1.0.2
Nov 30 23:40:44.495 INFO [stderr]    Compiling nb v0.1.1
Nov 30 23:40:44.495 INFO [stderr]    Compiling ux v0.1.2
Nov 30 23:40:44.806 INFO [stderr]    Compiling embedded-hal v0.2.1
Nov 30 23:40:58.705 INFO [stderr]    Compiling arduino_hal v0.1.0 (/source)
Nov 30 23:40:58.811 INFO [stderr] error[E0554]: #![feature] may not be used on the stable release channel
Nov 30 23:40:58.811 INFO [stderr]  --> src/lib.rs:5:1
Nov 30 23:40:58.811 INFO [stderr]   |
Nov 30 23:40:58.811 INFO [stderr] 5 | #![feature(asm)]
Nov 30 23:40:58.811 INFO [stderr]   | ^^^^^^^^^^^^^^^^
Nov 30 23:40:58.811 INFO [stderr] 
Nov 30 23:40:58.811 INFO [stderr] error[E0554]: #![feature] may not be used on the stable release channel
Nov 30 23:40:58.811 INFO [stderr]  --> src/lib.rs:6:1
Nov 30 23:40:58.811 INFO [stderr]   |
Nov 30 23:40:58.811 INFO [stderr] 6 | #![feature(never_type)]
Nov 30 23:40:58.811 INFO [stderr]   | ^^^^^^^^^^^^^^^^^^^^^^^
Nov 30 23:40:58.811 INFO [stderr] 
Nov 30 23:40:58.811 INFO [stderr] error[E0554]: #![feature] may not be used on the stable release channel
Nov 30 23:40:58.811 INFO [stderr]  --> src/lib.rs:8:1
Nov 30 23:40:58.811 INFO [stderr]   |
Nov 30 23:40:58.811 INFO [stderr] 8 | #![feature(lang_items)]
Nov 30 23:40:58.811 INFO [stderr]   | ^^^^^^^^^^^^^^^^^^^^^^^
Nov 30 23:40:58.811 INFO [stderr] 
Nov 30 23:40:58.811 INFO [stderr] error: aborting due to 3 previous errors
Nov 30 23:40:58.811 INFO [stderr] 
Nov 30 23:40:58.811 INFO [stderr] For more information about this error, try `rustc --explain E0554`.
Nov 30 23:40:58.818 INFO [stderr] error: Could not compile `arduino_hal`.
Nov 30 23:40:58.819 INFO [stderr] 
Nov 30 23:40:58.819 INFO [stderr] To learn more, run the command again with --verbose.
Nov 30 23:40:58.819 INFO [stderr] su: No module specific data is present
Nov 30 23:40:59.099 INFO running `"docker" "inspect" "3bbacfd12217c37641895192996f2a85eaf10319d4295a7c6dd71b3ec78c9991"`
Nov 30 23:40:59.207 INFO running `"docker" "rm" "-f" "3bbacfd12217c37641895192996f2a85eaf10319d4295a7c6dd71b3ec78c9991"`
Nov 30 23:40:59.290 INFO [stdout] 3bbacfd12217c37641895192996f2a85eaf10319d4295a7c6dd71b3ec78c9991
