Dec 01 00:05:03.984 INFO testing tckastanek/graph-deps against 1.30.1 for beta-1.31-5
Dec 01 00:05:03.985 INFO running `"docker" "create" "-v" "/mnt/big/crater/work/local/target-dirs/beta-1.31-5/worker-2/1.30.1:/target:rw,Z" "-v" "/mnt/big/crater/work/local/test-source/worker-2/beta-1.31-5/1.30.1:/source:ro,Z" "-v" "/mnt/big/crater/work/local/cargo-home:/cargo-home:ro,Z" "-v" "/mnt/big/crater/work/local/rustup-home:/rustup-home:ro,Z" "-e" "USER_ID=1000" "-e" "SOURCE_DIR=/source" "-e" "USER_ID=1000" "-e" "CMD=cargo +1.30.1 build --frozen" "-e" "CARGO_TARGET_DIR=/target" "-e" "CARGO_INCREMENTAL=0" "-e" "RUST_BACKTRACE=full" "-e" "RUSTFLAGS=--cap-lints=warn" "-e" "CARGO_HOME=/cargo-home" "-e" "RUSTUP_HOME=/rustup-home" "-m" "1536M" "--network" "none" "crater"`
Dec 01 00:05:04.471 INFO [stdout] 7b900bcc0f7393fda6298a301375483bfe235112f2df693f03e885d46d08fc1d
Dec 01 00:05:04.485 INFO running `"docker" "start" "-a" "7b900bcc0f7393fda6298a301375483bfe235112f2df693f03e885d46d08fc1d"`
Dec 01 00:05:05.695 INFO [stderr] usermod: no changes
Dec 01 00:05:05.814 INFO [stderr]    Compiling rustc-demangle v0.1.7
Dec 01 00:05:05.814 INFO [stderr]    Compiling ordermap v0.3.5
Dec 01 00:05:05.817 INFO [stderr]    Compiling dot v0.1.3
Dec 01 00:05:05.817 INFO [stderr]    Compiling backtrace-sys v0.1.16
Dec 01 00:05:05.817 INFO [stderr]    Compiling atty v0.2.8
Dec 01 00:05:05.818 INFO [stderr]    Compiling serde_json v1.0.13
Dec 01 00:05:06.383 INFO [stderr]    Compiling clap v2.31.2
Dec 01 00:05:08.367 INFO [stderr]    Compiling petgraph v0.4.12
Dec 01 00:05:14.640 INFO [stderr] error[E0034]: multiple applicable items in scope
Dec 01 00:05:14.640 INFO [stderr]     --> /cargo-home/registry/src/github.com-1ecc6299db9ec823/petgraph-0.4.12/src/graph_impl/stable_graph/mod.rs:1171:19
Dec 01 00:05:14.640 INFO [stderr]      |
Dec 01 00:05:14.640 INFO [stderr] 1171 |         self.iter.find_map(|(i, node)| {
Dec 01 00:05:14.640 INFO [stderr]      |                   ^^^^^^^^ multiple `find_map` found
Dec 01 00:05:14.640 INFO [stderr]      |
Dec 01 00:05:14.640 INFO [stderr] note: candidate #1 is defined in an impl of the trait `iter_utils::IterUtilsExt` for the type `_`
Dec 01 00:05:14.640 INFO [stderr]     --> /cargo-home/registry/src/github.com-1ecc6299db9ec823/petgraph-0.4.12/src/iter_utils.rs:5:5
Dec 01 00:05:14.640 INFO [stderr]      |
Dec 01 00:05:14.640 INFO [stderr] 5    | /     fn find_map<F, R>(&mut self, mut f: F) -> Option<R>
Dec 01 00:05:14.640 INFO [stderr] 6    | |         where F: FnMut(Self::Item) -> Option<R>
Dec 01 00:05:14.640 INFO [stderr] 7    | |     {
Dec 01 00:05:14.640 INFO [stderr] 8    | |         while let Some(elt) = self.next() {
Dec 01 00:05:14.641 INFO [stderr] ...    |
Dec 01 00:05:14.641 INFO [stderr] 13   | |         None
Dec 01 00:05:14.641 INFO [stderr] 14   | |     }
Dec 01 00:05:14.641 INFO [stderr]      | |_____^
Dec 01 00:05:14.641 INFO [stderr]      = note: candidate #2 is defined in an impl of the trait `std::iter::Iterator` for the type `std::iter::Enumerate<_>`
Dec 01 00:05:14.641 INFO [stderr] 
Dec 01 00:05:14.684 INFO [stderr] error[E0034]: multiple applicable items in scope
Dec 01 00:05:14.684 INFO [stderr]     --> /cargo-home/registry/src/github.com-1ecc6299db9ec823/petgraph-0.4.12/src/graph_impl/stable_graph/mod.rs:1363:19
Dec 01 00:05:14.684 INFO [stderr]      |
Dec 01 00:05:14.684 INFO [stderr] 1363 |         self.iter.find_map(|(i, edge)|
Dec 01 00:05:14.684 INFO [stderr]      |                   ^^^^^^^^ multiple `find_map` found
Dec 01 00:05:14.684 INFO [stderr]      |
Dec 01 00:05:14.684 INFO [stderr] note: candidate #1 is defined in an impl of the trait `iter_utils::IterUtilsExt` for the type `_`
Dec 01 00:05:14.684 INFO [stderr]     --> /cargo-home/registry/src/github.com-1ecc6299db9ec823/petgraph-0.4.12/src/iter_utils.rs:5:5
Dec 01 00:05:14.684 INFO [stderr]      |
Dec 01 00:05:14.684 INFO [stderr] 5    | /     fn find_map<F, R>(&mut self, mut f: F) -> Option<R>
Dec 01 00:05:14.684 INFO [stderr] 6    | |         where F: FnMut(Self::Item) -> Option<R>
Dec 01 00:05:14.684 INFO [stderr] 7    | |     {
Dec 01 00:05:14.685 INFO [stderr] 8    | |         while let Some(elt) = self.next() {
Dec 01 00:05:14.685 INFO [stderr] ...    |
Dec 01 00:05:14.685 INFO [stderr] 13   | |         None
Dec 01 00:05:14.685 INFO [stderr] 14   | |     }
Dec 01 00:05:14.685 INFO [stderr]      | |_____^
Dec 01 00:05:14.685 INFO [stderr]      = note: candidate #2 is defined in an impl of the trait `std::iter::Iterator` for the type `std::iter::Enumerate<_>`
Dec 01 00:05:14.685 INFO [stderr] 
Dec 01 00:05:14.695 INFO [stderr] error[E0034]: multiple applicable items in scope
Dec 01 00:05:14.695 INFO [stderr]     --> /cargo-home/registry/src/github.com-1ecc6299db9ec823/petgraph-0.4.12/src/graph_impl/stable_graph/mod.rs:1527:19
Dec 01 00:05:14.695 INFO [stderr]      |
Dec 01 00:05:14.695 INFO [stderr] 1527 |         self.iter.find_map(|(i, node)| {
Dec 01 00:05:14.695 INFO [stderr]      |                   ^^^^^^^^ multiple `find_map` found
Dec 01 00:05:14.695 INFO [stderr]      |
Dec 01 00:05:14.695 INFO [stderr] note: candidate #1 is defined in an impl of the trait `iter_utils::IterUtilsExt` for the type `_`
Dec 01 00:05:14.695 INFO [stderr]     --> /cargo-home/registry/src/github.com-1ecc6299db9ec823/petgraph-0.4.12/src/iter_utils.rs:5:5
Dec 01 00:05:14.695 INFO [stderr]      |
Dec 01 00:05:14.695 INFO [stderr] 5    | /     fn find_map<F, R>(&mut self, mut f: F) -> Option<R>
Dec 01 00:05:14.695 INFO [stderr] 6    | |         where F: FnMut(Self::Item) -> Option<R>
Dec 01 00:05:14.695 INFO [stderr] 7    | |     {
Dec 01 00:05:14.695 INFO [stderr] 8    | |         while let Some(elt) = self.next() {
Dec 01 00:05:14.695 INFO [stderr] ...    |
Dec 01 00:05:14.695 INFO [stderr] 13   | |         None
Dec 01 00:05:14.695 INFO [stderr] 14   | |     }
Dec 01 00:05:14.695 INFO [stderr]      | |_____^
Dec 01 00:05:14.696 INFO [stderr]      = note: candidate #2 is defined in an impl of the trait `std::iter::Iterator` for the type `std::iter::Enumerate<_>`
Dec 01 00:05:14.696 INFO [stderr] 
Dec 01 00:05:14.707 INFO [stderr] error[E0034]: multiple applicable items in scope
Dec 01 00:05:14.707 INFO [stderr]     --> /cargo-home/registry/src/github.com-1ecc6299db9ec823/petgraph-0.4.12/src/graph_impl/stable_graph/mod.rs:1573:19
Dec 01 00:05:14.707 INFO [stderr]      |
Dec 01 00:05:14.707 INFO [stderr] 1573 |         self.iter.find_map(|(i, node)| {
Dec 01 00:05:14.707 INFO [stderr]      |                   ^^^^^^^^ multiple `find_map` found
Dec 01 00:05:14.707 INFO [stderr]      |
Dec 01 00:05:14.707 INFO [stderr] note: candidate #1 is defined in an impl of the trait `iter_utils::IterUtilsExt` for the type `_`
Dec 01 00:05:14.707 INFO [stderr]     --> /cargo-home/registry/src/github.com-1ecc6299db9ec823/petgraph-0.4.12/src/iter_utils.rs:5:5
Dec 01 00:05:14.707 INFO [stderr]      |
Dec 01 00:05:14.707 INFO [stderr] 5    | /     fn find_map<F, R>(&mut self, mut f: F) -> Option<R>
Dec 01 00:05:14.707 INFO [stderr] 6    | |         where F: FnMut(Self::Item) -> Option<R>
Dec 01 00:05:14.707 INFO [stderr] 7    | |     {
Dec 01 00:05:14.707 INFO [stderr] 8    | |         while let Some(elt) = self.next() {
Dec 01 00:05:14.707 INFO [stderr] ...    |
Dec 01 00:05:14.707 INFO [stderr] 13   | |         None
Dec 01 00:05:14.707 INFO [stderr] 14   | |     }
Dec 01 00:05:14.707 INFO [stderr]      | |_____^
Dec 01 00:05:14.708 INFO [stderr]      = note: candidate #2 is defined in an impl of the trait `std::iter::Iterator` for the type `std::iter::Enumerate<_>`
Dec 01 00:05:14.708 INFO [stderr] 
Dec 01 00:05:15.627 INFO [stderr] error: aborting due to 4 previous errors
Dec 01 00:05:15.627 INFO [stderr] 
Dec 01 00:05:15.627 INFO [stderr] For more information about this error, try `rustc --explain E0034`.
Dec 01 00:05:15.644 INFO [stderr] error: Could not compile `petgraph`.
Dec 01 00:05:15.644 INFO [stderr] warning: build failed, waiting for other jobs to finish...
Dec 01 00:05:32.228 INFO [stderr] error: build failed
Dec 01 00:05:32.229 INFO [stderr] su: No module specific data is present
Dec 01 00:05:32.858 INFO running `"docker" "inspect" "7b900bcc0f7393fda6298a301375483bfe235112f2df693f03e885d46d08fc1d"`
Dec 01 00:05:33.203 INFO running `"docker" "rm" "-f" "7b900bcc0f7393fda6298a301375483bfe235112f2df693f03e885d46d08fc1d"`
Dec 01 00:05:33.439 INFO [stdout] 7b900bcc0f7393fda6298a301375483bfe235112f2df693f03e885d46d08fc1d
