Dec 01 00:43:40.776 INFO testing sunjay/lion against 1.30.1 for beta-1.31-5
Dec 01 00:43:40.776 INFO running `"docker" "create" "-v" "/mnt/big/crater/work/local/target-dirs/beta-1.31-5/worker-3/1.30.1:/target:rw,Z" "-v" "/mnt/big/crater/work/local/test-source/worker-3/beta-1.31-5/1.30.1:/source:ro,Z" "-v" "/mnt/big/crater/work/local/cargo-home:/cargo-home:ro,Z" "-v" "/mnt/big/crater/work/local/rustup-home:/rustup-home:ro,Z" "-e" "USER_ID=1000" "-e" "SOURCE_DIR=/source" "-e" "USER_ID=1000" "-e" "CMD=cargo +1.30.1 build --frozen" "-e" "CARGO_TARGET_DIR=/target" "-e" "CARGO_INCREMENTAL=0" "-e" "RUST_BACKTRACE=full" "-e" "RUSTFLAGS=--cap-lints=warn" "-e" "CARGO_HOME=/cargo-home" "-e" "RUSTUP_HOME=/rustup-home" "-m" "1536M" "--network" "none" "crater"`
Dec 01 00:43:41.353 INFO [stdout] ecf76d8708f6113114b57b6797b98005eb4c322aa4c70c02035345b34c10925f
Dec 01 00:43:41.356 INFO running `"docker" "start" "-a" "ecf76d8708f6113114b57b6797b98005eb4c322aa4c70c02035345b34c10925f"`
Dec 01 00:43:42.791 INFO [stderr] usermod: no changes
Dec 01 00:43:42.955 INFO [stderr]    Compiling num-bigint v0.2.0
Dec 01 00:43:42.955 INFO [stderr]    Compiling fixedbitset v0.1.9
Dec 01 00:43:42.955 INFO [stderr]    Compiling bytecount v0.3.2
Dec 01 00:43:42.963 INFO [stderr]    Compiling ordermap v0.3.5
Dec 01 00:43:42.967 INFO [stderr]    Compiling memchr v1.0.2
Dec 01 00:43:42.967 INFO [stderr]    Compiling memchr v2.0.1
Dec 01 00:43:42.967 INFO [stderr]    Compiling phf_shared v0.7.22
Dec 01 00:43:42.975 INFO [stderr]    Compiling smallvec v0.6.4
Dec 01 00:43:45.141 INFO [stderr]    Compiling num-traits v0.2.5
Dec 01 00:43:45.142 INFO [stderr]    Compiling phf_generator v0.7.22
Dec 01 00:43:45.142 INFO [stderr]    Compiling phf v0.7.22
Dec 01 00:43:45.241 INFO [stderr]    Compiling nom v3.2.1
Dec 01 00:43:45.713 INFO [stderr]    Compiling nix v0.7.0
Dec 01 00:43:46.961 INFO [stderr]    Compiling nom v4.0.0
Dec 01 00:43:46.975 INFO [stderr]    Compiling smallstr v0.1.0
Dec 01 00:43:47.531 INFO [stderr]    Compiling phf_codegen v0.7.22
Dec 01 00:43:49.772 INFO [stderr]    Compiling petgraph v0.4.12
Dec 01 00:43:49.859 INFO [stderr]    Compiling terminfo v0.6.0
Dec 01 00:43:56.102 INFO [stderr]    Compiling num-integer v0.1.39
Dec 01 00:43:58.107 INFO [stderr] error[E0034]: multiple applicable items in scope
Dec 01 00:43:58.107 INFO [stderr]     --> /cargo-home/registry/src/github.com-1ecc6299db9ec823/petgraph-0.4.12/src/graph_impl/stable_graph/mod.rs:1171:19
Dec 01 00:43:58.107 INFO [stderr]      |
Dec 01 00:43:58.107 INFO [stderr] 1171 |         self.iter.find_map(|(i, node)| {
Dec 01 00:43:58.107 INFO [stderr]      |                   ^^^^^^^^ multiple `find_map` found
Dec 01 00:43:58.107 INFO [stderr]      |
Dec 01 00:43:58.107 INFO [stderr] note: candidate #1 is defined in an impl of the trait `iter_utils::IterUtilsExt` for the type `_`
Dec 01 00:43:58.107 INFO [stderr]     --> /cargo-home/registry/src/github.com-1ecc6299db9ec823/petgraph-0.4.12/src/iter_utils.rs:5:5
Dec 01 00:43:58.107 INFO [stderr]      |
Dec 01 00:43:58.107 INFO [stderr] 5    | /     fn find_map<F, R>(&mut self, mut f: F) -> Option<R>
Dec 01 00:43:58.107 INFO [stderr] 6    | |         where F: FnMut(Self::Item) -> Option<R>
Dec 01 00:43:58.107 INFO [stderr] 7    | |     {
Dec 01 00:43:58.107 INFO [stderr] 8    | |         while let Some(elt) = self.next() {
Dec 01 00:43:58.107 INFO [stderr] ...    |
Dec 01 00:43:58.107 INFO [stderr] 13   | |         None
Dec 01 00:43:58.107 INFO [stderr] 14   | |     }
Dec 01 00:43:58.107 INFO [stderr]      | |_____^
Dec 01 00:43:58.107 INFO [stderr]      = note: candidate #2 is defined in an impl of the trait `std::iter::Iterator` for the type `std::iter::Enumerate<_>`
Dec 01 00:43:58.107 INFO [stderr] 
Dec 01 00:43:58.183 INFO [stderr] error[E0034]: multiple applicable items in scope
Dec 01 00:43:58.183 INFO [stderr]     --> /cargo-home/registry/src/github.com-1ecc6299db9ec823/petgraph-0.4.12/src/graph_impl/stable_graph/mod.rs:1363:19
Dec 01 00:43:58.183 INFO [stderr]      |
Dec 01 00:43:58.183 INFO [stderr] 1363 |         self.iter.find_map(|(i, edge)|
Dec 01 00:43:58.183 INFO [stderr]      |                   ^^^^^^^^ multiple `find_map` found
Dec 01 00:43:58.183 INFO [stderr]      |
Dec 01 00:43:58.183 INFO [stderr] note: candidate #1 is defined in an impl of the trait `iter_utils::IterUtilsExt` for the type `_`
Dec 01 00:43:58.183 INFO [stderr]     --> /cargo-home/registry/src/github.com-1ecc6299db9ec823/petgraph-0.4.12/src/iter_utils.rs:5:5
Dec 01 00:43:58.183 INFO [stderr]      |
Dec 01 00:43:58.183 INFO [stderr] 5    | /     fn find_map<F, R>(&mut self, mut f: F) -> Option<R>
Dec 01 00:43:58.183 INFO [stderr] 6    | |         where F: FnMut(Self::Item) -> Option<R>
Dec 01 00:43:58.183 INFO [stderr] 7    | |     {
Dec 01 00:43:58.183 INFO [stderr] 8    | |         while let Some(elt) = self.next() {
Dec 01 00:43:58.183 INFO [stderr] ...    |
Dec 01 00:43:58.183 INFO [stderr] 13   | |         None
Dec 01 00:43:58.183 INFO [stderr] 14   | |     }
Dec 01 00:43:58.183 INFO [stderr]      | |_____^
Dec 01 00:43:58.183 INFO [stderr]      = note: candidate #2 is defined in an impl of the trait `std::iter::Iterator` for the type `std::iter::Enumerate<_>`
Dec 01 00:43:58.183 INFO [stderr] 
Dec 01 00:43:58.227 INFO [stderr] error[E0034]: multiple applicable items in scope
Dec 01 00:43:58.227 INFO [stderr]     --> /cargo-home/registry/src/github.com-1ecc6299db9ec823/petgraph-0.4.12/src/graph_impl/stable_graph/mod.rs:1527:19
Dec 01 00:43:58.227 INFO [stderr]      |
Dec 01 00:43:58.227 INFO [stderr] 1527 |         self.iter.find_map(|(i, node)| {
Dec 01 00:43:58.227 INFO [stderr]      |                   ^^^^^^^^ multiple `find_map` found
Dec 01 00:43:58.243 INFO [stderr]      |
Dec 01 00:43:58.243 INFO [stderr] note: candidate #1 is defined in an impl of the trait `iter_utils::IterUtilsExt` for the type `_`
Dec 01 00:43:58.243 INFO [stderr]     --> /cargo-home/registry/src/github.com-1ecc6299db9ec823/petgraph-0.4.12/src/iter_utils.rs:5:5
Dec 01 00:43:58.243 INFO [stderr]      |
Dec 01 00:43:58.243 INFO [stderr] 5    | /     fn find_map<F, R>(&mut self, mut f: F) -> Option<R>
Dec 01 00:43:58.243 INFO [stderr] 6    | |         where F: FnMut(Self::Item) -> Option<R>
Dec 01 00:43:58.243 INFO [stderr] 7    | |     {
Dec 01 00:43:58.243 INFO [stderr] 8    | |         while let Some(elt) = self.next() {
Dec 01 00:43:58.243 INFO [stderr] ...    |
Dec 01 00:43:58.243 INFO [stderr] 13   | |         None
Dec 01 00:43:58.243 INFO [stderr] 14   | |     }
Dec 01 00:43:58.243 INFO [stderr]      | |_____^
Dec 01 00:43:58.243 INFO [stderr]      = note: candidate #2 is defined in an impl of the trait `std::iter::Iterator` for the type `std::iter::Enumerate<_>`
Dec 01 00:43:58.243 INFO [stderr] 
Dec 01 00:43:58.267 INFO [stderr] error[E0034]: multiple applicable items in scope
Dec 01 00:43:58.267 INFO [stderr]     --> /cargo-home/registry/src/github.com-1ecc6299db9ec823/petgraph-0.4.12/src/graph_impl/stable_graph/mod.rs:1573:19
Dec 01 00:43:58.267 INFO [stderr]      |
Dec 01 00:43:58.267 INFO [stderr] 1573 |         self.iter.find_map(|(i, node)| {
Dec 01 00:43:58.267 INFO [stderr]      |                   ^^^^^^^^ multiple `find_map` found
Dec 01 00:43:58.267 INFO [stderr]      |
Dec 01 00:43:58.267 INFO [stderr] note: candidate #1 is defined in an impl of the trait `iter_utils::IterUtilsExt` for the type `_`
Dec 01 00:43:58.267 INFO [stderr]     --> /cargo-home/registry/src/github.com-1ecc6299db9ec823/petgraph-0.4.12/src/iter_utils.rs:5:5
Dec 01 00:43:58.267 INFO [stderr]      |
Dec 01 00:43:58.267 INFO [stderr] 5    | /     fn find_map<F, R>(&mut self, mut f: F) -> Option<R>
Dec 01 00:43:58.267 INFO [stderr] 6    | |         where F: FnMut(Self::Item) -> Option<R>
Dec 01 00:43:58.267 INFO [stderr] 7    | |     {
Dec 01 00:43:58.267 INFO [stderr] 8    | |         while let Some(elt) = self.next() {
Dec 01 00:43:58.267 INFO [stderr] ...    |
Dec 01 00:43:58.267 INFO [stderr] 13   | |         None
Dec 01 00:43:58.267 INFO [stderr] 14   | |     }
Dec 01 00:43:58.267 INFO [stderr]      | |_____^
Dec 01 00:43:58.267 INFO [stderr]      = note: candidate #2 is defined in an impl of the trait `std::iter::Iterator` for the type `std::iter::Enumerate<_>`
Dec 01 00:43:58.267 INFO [stderr] 
Dec 01 00:43:59.283 INFO [stderr] error: aborting due to 4 previous errors
Dec 01 00:43:59.303 INFO [stderr] 
Dec 01 00:43:59.303 INFO [stderr] For more information about this error, try `rustc --explain E0034`.
Dec 01 00:43:59.358 INFO [stderr] error: Could not compile `petgraph`.
Dec 01 00:43:59.359 INFO [stderr] warning: build failed, waiting for other jobs to finish...
Dec 01 00:44:01.455 INFO [stderr] error: build failed
Dec 01 00:44:01.455 INFO [stderr] su: No module specific data is present
Dec 01 00:44:02.271 INFO running `"docker" "inspect" "ecf76d8708f6113114b57b6797b98005eb4c322aa4c70c02035345b34c10925f"`
Dec 01 00:44:02.495 INFO running `"docker" "rm" "-f" "ecf76d8708f6113114b57b6797b98005eb4c322aa4c70c02035345b34c10925f"`
Dec 01 00:44:02.819 INFO [stdout] ecf76d8708f6113114b57b6797b98005eb4c322aa4c70c02035345b34c10925f
