Dec 01 01:59:57.891 INFO testing smarion2/Hal-Ai against 1.30.1 for beta-1.31-5
Dec 01 01:59:57.891 INFO running `"docker" "create" "-v" "/mnt/big/crater/work/local/target-dirs/beta-1.31-5/worker-7/1.30.1:/target:rw,Z" "-v" "/mnt/big/crater/work/local/test-source/worker-7/beta-1.31-5/1.30.1:/source:ro,Z" "-v" "/mnt/big/crater/work/local/cargo-home:/cargo-home:ro,Z" "-v" "/mnt/big/crater/work/local/rustup-home:/rustup-home:ro,Z" "-e" "USER_ID=1000" "-e" "SOURCE_DIR=/source" "-e" "USER_ID=1000" "-e" "CMD=cargo +1.30.1 build --frozen" "-e" "CARGO_TARGET_DIR=/target" "-e" "CARGO_INCREMENTAL=0" "-e" "RUST_BACKTRACE=full" "-e" "RUSTFLAGS=--cap-lints=warn" "-e" "CARGO_HOME=/cargo-home" "-e" "RUSTUP_HOME=/rustup-home" "-m" "1536M" "--network" "none" "crater"`
Dec 01 01:59:58.055 INFO [stdout] 231c1bd89de34abae4e9cba403b7539fb677f994b12ddb817f9763cdd3fae2c5
Dec 01 01:59:58.060 INFO running `"docker" "start" "-a" "231c1bd89de34abae4e9cba403b7539fb677f994b12ddb817f9763cdd3fae2c5"`
Dec 01 01:59:58.455 INFO [stderr] usermod: no changes
Dec 01 01:59:58.503 INFO [stderr]    Compiling my_bot v0.1.0 (/source)
Dec 01 01:59:58.556 INFO [stderr] error: incorrect close delimiter: `}`
Dec 01 01:59:58.556 INFO [stderr]    --> src/hlt/game_map.rs:150:9
Dec 01 01:59:58.556 INFO [stderr]     |
Dec 01 01:59:58.556 INFO [stderr] 148 |         let zone_radius = if self.width < 33 {
Dec 01 01:59:58.556 INFO [stderr]     |                                              - close delimiter possibly meant for this
Dec 01 01:59:58.556 INFO [stderr] 149 |             (3i32
Dec 01 01:59:58.556 INFO [stderr]     |             - un-closed delimiter
Dec 01 01:59:58.556 INFO [stderr] 150 |         } else if self.width < 50 {
Dec 01 01:59:58.556 INFO [stderr]     |         ^ incorrect close delimiter
Dec 01 01:59:58.556 INFO [stderr] 
Dec 01 01:59:58.556 INFO [stderr] error: incorrect close delimiter: `)`
Dec 01 01:59:58.556 INFO [stderr]    --> src/hlt/game_map.rs:151:17
Dec 01 01:59:58.556 INFO [stderr]     |
Dec 01 01:59:58.556 INFO [stderr] 150 |         } else if self.width < 50 {
Dec 01 01:59:58.556 INFO [stderr]     |                                   - un-closed delimiter
Dec 01 01:59:58.556 INFO [stderr] 151 |             4i32)
Dec 01 01:59:58.556 INFO [stderr]     |                 ^ incorrect close delimiter
Dec 01 01:59:58.556 INFO [stderr] 
Dec 01 01:59:58.557 INFO [stderr] error: expected one of `.`, `;`, `?`, `else`, or an operator, found `}`
Dec 01 01:59:58.557 INFO [stderr]    --> src/hlt/game_map.rs:152:9
Dec 01 01:59:58.557 INFO [stderr]     |
Dec 01 01:59:58.557 INFO [stderr] 151 |             4i32)
Dec 01 01:59:58.557 INFO [stderr]     |                  - expected one of `.`, `;`, `?`, `else`, or an operator here
Dec 01 01:59:58.557 INFO [stderr] 152 |         } else if self.width < 70 {
Dec 01 01:59:58.557 INFO [stderr]     |         ^ unexpected token
Dec 01 01:59:58.557 INFO [stderr] 
Dec 01 01:59:58.557 INFO [stderr] error: expected one of `async`, `const`, `crate`, `default`, `existential`, `extern`, `fn`, `pub`, `type`, `unsafe`, or `}`, found `else`
Dec 01 01:59:58.557 INFO [stderr]    --> src/hlt/game_map.rs:152:11
Dec 01 01:59:58.557 INFO [stderr]     |
Dec 01 01:59:58.557 INFO [stderr] 152 |         } else if self.width < 70 {
Dec 01 01:59:58.557 INFO [stderr]     |           ^^^^ expected one of 11 possible tokens here
Dec 01 01:59:58.557 INFO [stderr] 
Dec 01 01:59:58.557 INFO [stderr] error: expected one of `async`, `const`, `crate`, `default`, `existential`, `extern`, `fn`, `pub`, `type`, `unsafe`, or `}`, found `else`
Dec 01 01:59:58.557 INFO [stderr]    --> src/hlt/game_map.rs:154:11
Dec 01 01:59:58.557 INFO [stderr]     |
Dec 01 01:59:58.557 INFO [stderr] 154 |         } else {
Dec 01 01:59:58.557 INFO [stderr]     |           ^^^^ expected one of 11 possible tokens here
Dec 01 01:59:58.557 INFO [stderr] 
Dec 01 01:59:58.563 INFO [stderr] error: expected one of `async`, `const`, `crate`, `default`, `existential`, `extern`, `fn`, `pub`, `type`, `unsafe`, or `}`, found `;`
Dec 01 01:59:58.564 INFO [stderr]    --> src/hlt/game_map.rs:156:10
Dec 01 01:59:58.564 INFO [stderr]     |
Dec 01 01:59:58.564 INFO [stderr] 156 |         };
Dec 01 01:59:58.564 INFO [stderr]     |          ^ expected one of 11 possible tokens here
Dec 01 01:59:58.564 INFO [stderr] 
Dec 01 01:59:58.564 INFO [stderr] error: expected one of `async`, `const`, `crate`, `default`, `existential`, `extern`, `fn`, `pub`, `type`, `unsafe`, or `}`, found `for`
Dec 01 01:59:58.564 INFO [stderr]    --> src/hlt/game_map.rs:157:9
Dec 01 01:59:58.564 INFO [stderr]     |
Dec 01 01:59:58.564 INFO [stderr] 156 |         };
Dec 01 01:59:58.564 INFO [stderr]     |           - expected one of 11 possible tokens here
Dec 01 01:59:58.564 INFO [stderr] 157 |         for x in 0..self.width {
Dec 01 01:59:58.564 INFO [stderr]     |         ^^^ unexpected token
Dec 01 01:59:58.564 INFO [stderr] 
Dec 01 01:59:58.567 INFO [stderr] error: expected one of `async`, `const`, `crate`, `default`, `existential`, `extern`, `fn`, `pub`, `type`, `unsafe`, or `}`, found `let`
Dec 01 01:59:58.567 INFO [stderr]    --> src/hlt/game_map.rs:172:9
Dec 01 01:59:58.567 INFO [stderr]     |
Dec 01 01:59:58.567 INFO [stderr] 171 |         }
Dec 01 01:59:58.567 INFO [stderr]     |          - expected one of 11 possible tokens here
Dec 01 01:59:58.567 INFO [stderr] 172 |         let winner = heap.pop(); {
Dec 01 01:59:58.567 INFO [stderr]     |         ^^^ unexpected token
Dec 01 01:59:58.567 INFO [stderr] 
Dec 01 01:59:58.567 INFO [stderr] error: expected one of `async`, `const`, `crate`, `default`, `existential`, `extern`, `fn`, `pub`, `type`, `unsafe`, or `}`, found `{`
Dec 01 01:59:58.567 INFO [stderr]    --> src/hlt/game_map.rs:172:34
Dec 01 01:59:58.567 INFO [stderr]     |
Dec 01 01:59:58.567 INFO [stderr] 172 |         let winner = heap.pop(); {
Dec 01 01:59:58.567 INFO [stderr]     |                                  ^ expected one of 11 possible tokens here
Dec 01 01:59:58.567 INFO [stderr] 
Dec 01 01:59:58.771 INFO [stderr] error[E0425]: cannot find value `best_dropoffs` in this scope
Dec 01 01:59:58.771 INFO [stderr]   --> src/main.rs:88:32
Dec 01 01:59:58.771 INFO [stderr]    |
Dec 01 01:59:58.771 INFO [stderr] 88 |                 let drop_pos = best_dropoffs[drop_id.parse::<usize>().unwrap()];
Dec 01 01:59:58.771 INFO [stderr]    |                                ^^^^^^^^^^^^^ did you mean `best_dropoff`?
Dec 01 01:59:58.771 INFO [stderr] 
Dec 01 01:59:58.771 INFO [stderr] error[E0425]: cannot find value `best_dropoffs` in this scope
Dec 01 01:59:58.771 INFO [stderr]    --> src/main.rs:140:29
Dec 01 01:59:58.771 INFO [stderr]     |
Dec 01 01:59:58.771 INFO [stderr] 140 |                 for i in 0..best_dropoffs.len() {
Dec 01 01:59:58.771 INFO [stderr]     |                             ^^^^^^^^^^^^^ did you mean `best_dropoff`?
Dec 01 01:59:58.771 INFO [stderr] 
Dec 01 01:59:58.771 INFO [stderr] error[E0425]: cannot find value `best_dropoffs` in this scope
Dec 01 01:59:58.771 INFO [stderr]    --> src/main.rs:141:86
Dec 01 01:59:58.771 INFO [stderr]     |
Dec 01 01:59:58.771 INFO [stderr] 141 |                     let distance = game.game_map.calculate_distance(&ship.position, &best_dropoffs[i]);
Dec 01 01:59:58.771 INFO [stderr]     |                                                                                      ^^^^^^^^^^^^^ did you mean `best_dropoff`?
Dec 01 01:59:58.771 INFO [stderr] 
Dec 01 01:59:58.955 INFO [stderr] error: aborting due to 12 previous errors
Dec 01 01:59:58.955 INFO [stderr] 
Dec 01 01:59:58.955 INFO [stderr] For more information about this error, try `rustc --explain E0425`.
Dec 01 01:59:58.962 INFO [stderr] error: Could not compile `my_bot`.
Dec 01 01:59:58.963 INFO [stderr] 
Dec 01 01:59:58.963 INFO [stderr] To learn more, run the command again with --verbose.
Dec 01 01:59:58.964 INFO [stderr] su: No module specific data is present
Dec 01 01:59:59.334 INFO running `"docker" "inspect" "231c1bd89de34abae4e9cba403b7539fb677f994b12ddb817f9763cdd3fae2c5"`
Dec 01 01:59:59.413 INFO running `"docker" "rm" "-f" "231c1bd89de34abae4e9cba403b7539fb677f994b12ddb817f9763cdd3fae2c5"`
Dec 01 01:59:59.505 INFO [stdout] 231c1bd89de34abae4e9cba403b7539fb677f994b12ddb817f9763cdd3fae2c5
