Dec 01 03:09:22.819 INFO testing scullionw/mbed-sensor-api against 1.30.1 for beta-1.31-5
Dec 01 03:09:22.820 INFO running `"docker" "create" "-v" "/mnt/big/crater/work/local/target-dirs/beta-1.31-5/worker-3/1.30.1:/target:rw,Z" "-v" "/mnt/big/crater/work/local/test-source/worker-3/beta-1.31-5/1.30.1:/source:ro,Z" "-v" "/mnt/big/crater/work/local/cargo-home:/cargo-home:ro,Z" "-v" "/mnt/big/crater/work/local/rustup-home:/rustup-home:ro,Z" "-e" "USER_ID=1000" "-e" "SOURCE_DIR=/source" "-e" "USER_ID=1000" "-e" "CMD=cargo +1.30.1 build --frozen" "-e" "CARGO_TARGET_DIR=/target" "-e" "CARGO_INCREMENTAL=0" "-e" "RUST_BACKTRACE=full" "-e" "RUSTFLAGS=--cap-lints=warn" "-e" "CARGO_HOME=/cargo-home" "-e" "RUSTUP_HOME=/rustup-home" "-m" "1536M" "--network" "none" "crater"`
Dec 01 03:09:23.255 INFO [stdout] d463176f9860d7b122bab1f86f04c849a3f37838479cfbd8818b70954ac84f09
Dec 01 03:09:23.259 INFO running `"docker" "start" "-a" "d463176f9860d7b122bab1f86f04c849a3f37838479cfbd8818b70954ac84f09"`
Dec 01 03:09:24.966 INFO [stderr] usermod: no changes
Dec 01 03:09:25.229 INFO [stderr]    Compiling proc-macro2 v0.4.20
Dec 01 03:09:25.234 INFO [stderr]    Compiling lazy_static v1.2.0
Dec 01 03:09:25.236 INFO [stderr]    Compiling serde v1.0.80
Dec 01 03:09:25.238 INFO [stderr]    Compiling same-file v1.0.4
Dec 01 03:09:25.240 INFO [stderr]    Compiling pear_codegen v0.1.0
Dec 01 03:09:25.260 INFO [stderr]    Compiling rocket_codegen v0.4.0-rc.1
Dec 01 03:09:25.262 INFO [stderr]    Compiling rocket v0.4.0-rc.1
Dec 01 03:09:25.264 INFO [stderr]    Compiling net2 v0.2.33
Dec 01 03:09:27.779 INFO [stderr]    Compiling inotify-sys v0.1.3
Dec 01 03:09:27.795 INFO [stderr]    Compiling isatty v0.1.9
Dec 01 03:09:28.161 INFO [stderr]    Compiling filetime v0.2.1
Dec 01 03:09:28.544 INFO [stderr]    Compiling log v0.3.9
Dec 01 03:09:28.546 INFO [stderr]    Compiling bytes v0.4.10
Dec 01 03:09:28.583 INFO [stderr]    Compiling walkdir v2.2.6
Dec 01 03:09:28.954 INFO [stderr]    Compiling ring v0.13.2
Dec 01 03:09:28.971 INFO [stderr] error: failed to run custom build command for `pear_codegen v0.1.0`
Dec 01 03:09:28.971 INFO [stderr] process didn't exit successfully: `/target/debug/build/pear_codegen-9fbfa5e004b4a932/build-script-build` (exit code: 101)
Dec 01 03:09:28.971 INFO [stderr] --- stderr
Dec 01 03:09:28.972 INFO [stderr] [1;31mError:[0m [37mPear requires a nightly or dev version of Rust.[0m
Dec 01 03:09:28.972 INFO [stderr] [37mInstalled version is:[0m [33m1.30.1 (2018-11-07)[0m. [37mMinimum required:[0m [33m1.31.0-nightly (2018-10-05)[0m.
Dec 01 03:09:28.972 INFO [stderr] thread 'main' panicked at 'Aborting compilation due to incompatible compiler.', /cargo-home/registry/src/github.com-1ecc6299db9ec823/pear_codegen-0.1.0/build.rs:31:13
Dec 01 03:09:28.973 INFO [stderr] stack backtrace:
Dec 01 03:09:28.973 INFO [stderr]    0:     0x55f8ee46053e - std::sys::unix::backtrace::tracing::imp::unwind_backtrace::h15749a98198ba25f
Dec 01 03:09:28.973 INFO [stderr]                                at libstd/sys/unix/backtrace/tracing/gcc_s.rs:49
Dec 01 03:09:28.973 INFO [stderr]    1:     0x55f8ee451ac6 - std::sys_common::backtrace::print::h0ba65c811294dbf0
Dec 01 03:09:28.974 INFO [stderr]                                at libstd/sys_common/backtrace.rs:71
Dec 01 03:09:28.974 INFO [stderr]                                at libstd/sys_common/backtrace.rs:59
Dec 01 03:09:28.974 INFO [stderr]    2:     0x55f8ee45040d - std::panicking::default_hook::{{closure}}::h42bb31757f0fee64
Dec 01 03:09:28.975 INFO [stderr]                                at libstd/panicking.rs:211
Dec 01 03:09:28.975 INFO [stderr]    3:     0x55f8ee450180 - std::panicking::default_hook::hebc8848d7aa7dbd9
Dec 01 03:09:28.975 INFO [stderr]                                at libstd/panicking.rs:227
Dec 01 03:09:28.975 INFO [stderr]    4:     0x55f8ee450a0c - std::panicking::rust_panic_with_hook::h86e619a638415243
Dec 01 03:09:28.976 INFO [stderr]                                at libstd/panicking.rs:477
Dec 01 03:09:28.976 INFO [stderr]    5:     0x55f8ee433a1f - std::panicking::begin_panic::he172dd14e8f08adb
Dec 01 03:09:28.976 INFO [stderr]                                at libstd/panicking.rs:411
Dec 01 03:09:28.977 INFO [stderr]    6:     0x55f8ee431b5a - build_script_build::main::h27ae057aa73817a6
Dec 01 03:09:28.977 INFO [stderr]                                at /cargo-home/registry/src/github.com-1ecc6299db9ec823/pear_codegen-0.1.0/build.rs:31
Dec 01 03:09:28.977 INFO [stderr]    7:     0x55f8ee43430f - std::rt::lang_start::{{closure}}::hc83a8c21fbc76a93
Dec 01 03:09:28.977 INFO [stderr]                                at libstd/rt.rs:74
Dec 01 03:09:28.978 INFO [stderr]    8:     0x55f8ee4504b2 - std::panicking::try::do_call::h47665672c57b11e4
Dec 01 03:09:28.978 INFO [stderr]                                at libstd/rt.rs:59
Dec 01 03:09:28.978 INFO [stderr]                                at libstd/panicking.rs:310
Dec 01 03:09:28.979 INFO [stderr]    9:     0x55f8ee471469 - __rust_maybe_catch_panic
Dec 01 03:09:28.979 INFO [stderr]                                at libpanic_unwind/lib.rs:103
Dec 01 03:09:28.979 INFO [stderr]   10:     0x55f8ee45b535 - std::rt::lang_start_internal::had9505969b8e20a2
Dec 01 03:09:28.980 INFO [stderr]                                at libstd/panicking.rs:289
Dec 01 03:09:28.980 INFO [stderr]                                at libstd/panic.rs:392
Dec 01 03:09:28.980 INFO [stderr]                                at libstd/rt.rs:58
Dec 01 03:09:28.980 INFO [stderr]   11:     0x55f8ee4342e7 - std::rt::lang_start::h2dc4fdab26609425
Dec 01 03:09:28.981 INFO [stderr]                                at libstd/rt.rs:74
Dec 01 03:09:28.981 INFO [stderr]   12:     0x55f8ee432a09 - main
Dec 01 03:09:28.981 INFO [stderr]   13:     0x7f525addc82f - __libc_start_main
Dec 01 03:09:28.982 INFO [stderr]   14:     0x55f8ee431448 - _start
Dec 01 03:09:28.982 INFO [stderr]   15:                0x0 - <unknown>
Dec 01 03:09:28.982 INFO [stderr] 
Dec 01 03:09:28.982 INFO [stderr] warning: build failed, waiting for other jobs to finish...
Dec 01 03:09:29.154 INFO [stderr] error: failed to run custom build command for `rocket v0.4.0-rc.1`
Dec 01 03:09:29.154 INFO [stderr] process didn't exit successfully: `/target/debug/build/rocket-4ef3d0ea8ca3684e/build-script-build` (exit code: 101)
Dec 01 03:09:29.155 INFO [stderr] --- stderr
Dec 01 03:09:29.155 INFO [stderr] [1;31mError:[0m [37mRocket requires a nightly or dev version of Rust.[0m
Dec 01 03:09:29.155 INFO [stderr] [37mInstalled version is:[0m [33m1.30.1 (2018-11-07)[0m. [37mMinimum required:[0m [33m1.31.0-nightly (2018-10-05)[0m.
Dec 01 03:09:29.155 INFO [stderr] [34mSee the getting started guide ([0m[37mhttps://rocket.rs/v0.4/guide/getting-started/[0m[34m) for more information.[0m
Dec 01 03:09:29.155 INFO [stderr] thread 'main' panicked at 'Aborting compilation due to incompatible compiler.', /cargo-home/registry/src/github.com-1ecc6299db9ec823/rocket-0.4.0-rc.1/build.rs:38:13
Dec 01 03:09:29.155 INFO [stderr] stack backtrace:
Dec 01 03:09:29.155 INFO [stderr]    0:     0x559fc3e2576e - std::sys::unix::backtrace::tracing::imp::unwind_backtrace::h15749a98198ba25f
Dec 01 03:09:29.155 INFO [stderr]                                at libstd/sys/unix/backtrace/tracing/gcc_s.rs:49
Dec 01 03:09:29.155 INFO [stderr]    1:     0x559fc3e16cf6 - std::sys_common::backtrace::print::h0ba65c811294dbf0
Dec 01 03:09:29.155 INFO [stderr]                                at libstd/sys_common/backtrace.rs:71
Dec 01 03:09:29.155 INFO [stderr]                                at libstd/sys_common/backtrace.rs:59
Dec 01 03:09:29.155 INFO [stderr]    2:     0x559fc3e1563d - std::panicking::default_hook::{{closure}}::h42bb31757f0fee64
Dec 01 03:09:29.156 INFO [stderr]                                at libstd/panicking.rs:211
Dec 01 03:09:29.156 INFO [stderr]    3:     0x559fc3e153b0 - std::panicking::default_hook::hebc8848d7aa7dbd9
Dec 01 03:09:29.156 INFO [stderr]                                at libstd/panicking.rs:227
Dec 01 03:09:29.156 INFO [stderr]    4:     0x559fc3e15c3c - std::panicking::rust_panic_with_hook::h86e619a638415243
Dec 01 03:09:29.156 INFO [stderr]                                at libstd/panicking.rs:477
Dec 01 03:09:29.156 INFO [stderr]    5:     0x559fc3df8c4f - std::panicking::begin_panic::hbeb32d5c5466c97c
Dec 01 03:09:29.156 INFO [stderr]                                at libstd/panicking.rs:411
Dec 01 03:09:29.156 INFO [stderr]    6:     0x559fc3df6d93 - build_script_build::main::ha7f00ddb882383c5
Dec 01 03:09:29.156 INFO [stderr]                                at /cargo-home/registry/src/github.com-1ecc6299db9ec823/rocket-0.4.0-rc.1/build.rs:38
Dec 01 03:09:29.156 INFO [stderr]    7:     0x559fc3df953f - std::rt::lang_start::{{closure}}::hce7f43361c5ccc29
Dec 01 03:09:29.156 INFO [stderr]                                at libstd/rt.rs:74
Dec 01 03:09:29.156 INFO [stderr]    8:     0x559fc3e156e2 - std::panicking::try::do_call::h47665672c57b11e4
Dec 01 03:09:29.156 INFO [stderr]                                at libstd/rt.rs:59
Dec 01 03:09:29.156 INFO [stderr]                                at libstd/panicking.rs:310
Dec 01 03:09:29.156 INFO [stderr]    9:     0x559fc3e36699 - __rust_maybe_catch_panic
Dec 01 03:09:29.156 INFO [stderr]                                at libpanic_unwind/lib.rs:103
Dec 01 03:09:29.156 INFO [stderr]   10:     0x559fc3e20765 - std::rt::lang_start_internal::had9505969b8e20a2
Dec 01 03:09:29.156 INFO [stderr]                                at libstd/panicking.rs:289
Dec 01 03:09:29.156 INFO [stderr]                                at libstd/panic.rs:392
Dec 01 03:09:29.156 INFO [stderr]                                at libstd/rt.rs:58
Dec 01 03:09:29.156 INFO [stderr]   11:     0x559fc3df9517 - std::rt::lang_start::h2628c6095f2c2016
Dec 01 03:09:29.156 INFO [stderr]                                at libstd/rt.rs:74
Dec 01 03:09:29.156 INFO [stderr]   12:     0x559fc3df7c39 - main
Dec 01 03:09:29.156 INFO [stderr]   13:     0x7fc34613c82f - __libc_start_main
Dec 01 03:09:29.156 INFO [stderr]   14:     0x559fc3df6448 - _start
Dec 01 03:09:29.156 INFO [stderr]   15:                0x0 - <unknown>
Dec 01 03:09:29.156 INFO [stderr] 
Dec 01 03:09:29.156 INFO [stderr] warning: build failed, waiting for other jobs to finish...
Dec 01 03:09:29.165 INFO [stderr] error: failed to run custom build command for `rocket_codegen v0.4.0-rc.1`
Dec 01 03:09:29.165 INFO [stderr] process didn't exit successfully: `/target/debug/build/rocket_codegen-b3766e60f856b7c7/build-script-build` (exit code: 101)
Dec 01 03:09:29.165 INFO [stderr] --- stderr
Dec 01 03:09:29.165 INFO [stderr] [1;31mError:[0m [37mRocket requires a nightly or dev version of Rust.[0m
Dec 01 03:09:29.165 INFO [stderr] [37mInstalled version is:[0m [33m1.30.1 (2018-11-07)[0m. [37mMinimum required:[0m [33m1.31.0-nightly (2018-10-05)[0m.
Dec 01 03:09:29.165 INFO [stderr] [34mSee the getting started guide ([0m[37mhttps://rocket.rs/v0.4/guide/getting-started/[0m[34m) for more information.[0m
Dec 01 03:09:29.165 INFO [stderr] thread 'main' panicked at 'Aborting compilation due to incompatible compiler.', /cargo-home/registry/src/github.com-1ecc6299db9ec823/rocket_codegen-0.4.0-rc.1/build.rs:38:13
Dec 01 03:09:29.165 INFO [stderr] stack backtrace:
Dec 01 03:09:29.165 INFO [stderr]    0:     0x562974df876e - std::sys::unix::backtrace::tracing::imp::unwind_backtrace::h15749a98198ba25f
Dec 01 03:09:29.165 INFO [stderr]                                at libstd/sys/unix/backtrace/tracing/gcc_s.rs:49
Dec 01 03:09:29.165 INFO [stderr]    1:     0x562974de9cf6 - std::sys_common::backtrace::print::h0ba65c811294dbf0
Dec 01 03:09:29.165 INFO [stderr]                                at libstd/sys_common/backtrace.rs:71
Dec 01 03:09:29.165 INFO [stderr]                                at libstd/sys_common/backtrace.rs:59
Dec 01 03:09:29.165 INFO [stderr]    2:     0x562974de863d - std::panicking::default_hook::{{closure}}::h42bb31757f0fee64
Dec 01 03:09:29.165 INFO [stderr]                                at libstd/panicking.rs:211
Dec 01 03:09:29.165 INFO [stderr]    3:     0x562974de83b0 - std::panicking::default_hook::hebc8848d7aa7dbd9
Dec 01 03:09:29.165 INFO [stderr]                                at libstd/panicking.rs:227
Dec 01 03:09:29.165 INFO [stderr]    4:     0x562974de8c3c - std::panicking::rust_panic_with_hook::h86e619a638415243
Dec 01 03:09:29.165 INFO [stderr]                                at libstd/panicking.rs:477
Dec 01 03:09:29.165 INFO [stderr]    5:     0x562974dcbc4f - std::panicking::begin_panic::h5300d5881ad10219
Dec 01 03:09:29.165 INFO [stderr]                                at libstd/panicking.rs:411
Dec 01 03:09:29.165 INFO [stderr]    6:     0x562974dc9d93 - build_script_build::main::h7b18d54a3663a52a
Dec 01 03:09:29.165 INFO [stderr]                                at /cargo-home/registry/src/github.com-1ecc6299db9ec823/rocket_codegen-0.4.0-rc.1/build.rs:38
Dec 01 03:09:29.165 INFO [stderr]    7:     0x562974dcc53f - std::rt::lang_start::{{closure}}::h62d15034588ddff6
Dec 01 03:09:29.165 INFO [stderr]                                at libstd/rt.rs:74
Dec 01 03:09:29.165 INFO [stderr]    8:     0x562974de86e2 - std::panicking::try::do_call::h47665672c57b11e4
Dec 01 03:09:29.165 INFO [stderr]                                at libstd/rt.rs:59
Dec 01 03:09:29.165 INFO [stderr]                                at libstd/panicking.rs:310
Dec 01 03:09:29.165 INFO [stderr]    9:     0x562974e09699 - __rust_maybe_catch_panic
Dec 01 03:09:29.165 INFO [stderr]                                at libpanic_unwind/lib.rs:103
Dec 01 03:09:29.165 INFO [stderr]   10:     0x562974df3765 - std::rt::lang_start_internal::had9505969b8e20a2
Dec 01 03:09:29.165 INFO [stderr]                                at libstd/panicking.rs:289
Dec 01 03:09:29.165 INFO [stderr]                                at libstd/panic.rs:392
Dec 01 03:09:29.165 INFO [stderr]                                at libstd/rt.rs:58
Dec 01 03:09:29.165 INFO [stderr]   11:     0x562974dcc517 - std::rt::lang_start::h3dd6b8226db6164a
Dec 01 03:09:29.165 INFO [stderr]                                at libstd/rt.rs:74
Dec 01 03:09:29.165 INFO [stderr]   12:     0x562974dcac39 - main
Dec 01 03:09:29.165 INFO [stderr]   13:     0x7f68dd8a082f - __libc_start_main
Dec 01 03:09:29.165 INFO [stderr]   14:     0x562974dc9448 - _start
Dec 01 03:09:29.165 INFO [stderr]   15:                0x0 - <unknown>
Dec 01 03:09:29.165 INFO [stderr] 
Dec 01 03:09:29.165 INFO [stderr] warning: build failed, waiting for other jobs to finish...
Dec 01 03:09:31.762 INFO [stderr] error: build failed
Dec 01 03:09:31.764 INFO [stderr] su: No module specific data is present
Dec 01 03:09:32.110 INFO running `"docker" "inspect" "d463176f9860d7b122bab1f86f04c849a3f37838479cfbd8818b70954ac84f09"`
Dec 01 03:09:32.375 INFO running `"docker" "rm" "-f" "d463176f9860d7b122bab1f86f04c849a3f37838479cfbd8818b70954ac84f09"`
Dec 01 03:09:32.767 INFO [stdout] d463176f9860d7b122bab1f86f04c849a3f37838479cfbd8818b70954ac84f09
