Dec 01 06:28:39.870 INFO testing pavelkvasnikov/rust_minify against 1.30.1 for beta-1.31-5
Dec 01 06:28:39.870 INFO running `"docker" "create" "-v" "/mnt/big/crater/work/local/target-dirs/beta-1.31-5/worker-6/1.30.1:/target:rw,Z" "-v" "/mnt/big/crater/work/local/test-source/worker-6/beta-1.31-5/1.30.1:/source:ro,Z" "-v" "/mnt/big/crater/work/local/cargo-home:/cargo-home:ro,Z" "-v" "/mnt/big/crater/work/local/rustup-home:/rustup-home:ro,Z" "-e" "USER_ID=1000" "-e" "SOURCE_DIR=/source" "-e" "USER_ID=1000" "-e" "CMD=cargo +1.30.1 build --frozen" "-e" "CARGO_TARGET_DIR=/target" "-e" "CARGO_INCREMENTAL=0" "-e" "RUST_BACKTRACE=full" "-e" "RUSTFLAGS=--cap-lints=warn" "-e" "CARGO_HOME=/cargo-home" "-e" "RUSTUP_HOME=/rustup-home" "-m" "1536M" "--network" "none" "crater"`
Dec 01 06:28:40.276 INFO [stdout] 66c1178bf26661a627318f5132f904935b30f7999efc82232f3c7bc37fa0aae8
Dec 01 06:28:40.278 INFO running `"docker" "start" "-a" "66c1178bf26661a627318f5132f904935b30f7999efc82232f3c7bc37fa0aae8"`
Dec 01 06:28:41.339 INFO [stderr] usermod: no changes
Dec 01 06:28:41.582 INFO [stderr]    Compiling minifier v0.0.1
Dec 01 06:28:41.590 INFO [stderr]    Compiling pear_codegen v0.0.20
Dec 01 06:28:41.591 INFO [stderr]    Compiling rocket v0.3.16
Dec 01 06:28:41.591 INFO [stderr]    Compiling rocket_codegen v0.3.16
Dec 01 06:28:41.591 INFO [stderr]    Compiling mime v0.2.6
Dec 01 06:28:41.591 INFO [stderr]    Compiling url v1.7.1
Dec 01 06:28:41.591 INFO [stderr]    Compiling serde_json v1.0.28
Dec 01 06:28:41.591 INFO [stderr]    Compiling crossbeam-epoch v0.3.1
Dec 01 06:28:42.067 INFO [stderr] error: failed to run custom build command for `pear_codegen v0.0.20`
Dec 01 06:28:42.067 INFO [stderr] process didn't exit successfully: `/target/debug/build/pear_codegen-183b5b0a0ae809b5/build-script-build` (exit code: 101)
Dec 01 06:28:42.068 INFO [stderr] --- stderr
Dec 01 06:28:42.068 INFO [stderr] [1;31mError:[0m [37mPear requires a nightly or dev version of Rust.[0m
Dec 01 06:28:42.068 INFO [stderr] [37mInstalled version is:[0m [33m1.30.1 (2018-11-07)[0m. [37mMinimum required:[0m [33m1.30.0-nightly (2018-08-23)[0m.
Dec 01 06:28:42.068 INFO [stderr] thread 'main' panicked at 'Aborting compilation due to incompatible compiler.', /cargo-home/registry/src/github.com-1ecc6299db9ec823/pear_codegen-0.0.20/build.rs:31:13
Dec 01 06:28:42.069 INFO [stderr] stack backtrace:
Dec 01 06:28:42.069 INFO [stderr]    0:     0x55833738f7de - std::sys::unix::backtrace::tracing::imp::unwind_backtrace::h15749a98198ba25f
Dec 01 06:28:42.069 INFO [stderr]                                at libstd/sys/unix/backtrace/tracing/gcc_s.rs:49
Dec 01 06:28:42.069 INFO [stderr]    1:     0x558337380d66 - std::sys_common::backtrace::print::h0ba65c811294dbf0
Dec 01 06:28:42.070 INFO [stderr]                                at libstd/sys_common/backtrace.rs:71
Dec 01 06:28:42.070 INFO [stderr]                                at libstd/sys_common/backtrace.rs:59
Dec 01 06:28:42.070 INFO [stderr]    2:     0x55833737f6ad - std::panicking::default_hook::{{closure}}::h42bb31757f0fee64
Dec 01 06:28:42.070 INFO [stderr]                                at libstd/panicking.rs:211
Dec 01 06:28:42.071 INFO [stderr]    3:     0x55833737f420 - std::panicking::default_hook::hebc8848d7aa7dbd9
Dec 01 06:28:42.071 INFO [stderr]                                at libstd/panicking.rs:227
Dec 01 06:28:42.071 INFO [stderr]    4:     0x55833737fcac - std::panicking::rust_panic_with_hook::h86e619a638415243
Dec 01 06:28:42.072 INFO [stderr]                                at libstd/panicking.rs:477
Dec 01 06:28:42.072 INFO [stderr]    5:     0x5583373639ff - std::panicking::begin_panic::h65ef3ad7de42f4ad
Dec 01 06:28:42.072 INFO [stderr]                                at libstd/panicking.rs:411
Dec 01 06:28:42.072 INFO [stderr]    6:     0x558337361b3a - build_script_build::main::h46f39c458748acff
Dec 01 06:28:42.073 INFO [stderr]                                at /cargo-home/registry/src/github.com-1ecc6299db9ec823/pear_codegen-0.0.20/build.rs:31
Dec 01 06:28:42.073 INFO [stderr]    7:     0x5583373642ef - std::rt::lang_start::{{closure}}::h104f159df20e8d81
Dec 01 06:28:42.073 INFO [stderr]                                at libstd/rt.rs:74
Dec 01 06:28:42.073 INFO [stderr]    8:     0x55833737f752 - std::panicking::try::do_call::h47665672c57b11e4
Dec 01 06:28:42.074 INFO [stderr]                                at libstd/rt.rs:59
Dec 01 06:28:42.074 INFO [stderr]                                at libstd/panicking.rs:310
Dec 01 06:28:42.074 INFO [stderr]    9:     0x5583373a0709 - __rust_maybe_catch_panic
Dec 01 06:28:42.075 INFO [stderr]                                at libpanic_unwind/lib.rs:103
Dec 01 06:28:42.075 INFO [stderr]   10:     0x55833738a7d5 - std::rt::lang_start_internal::had9505969b8e20a2
Dec 01 06:28:42.075 INFO [stderr]                                at libstd/panicking.rs:289
Dec 01 06:28:42.075 INFO [stderr]                                at libstd/panic.rs:392
Dec 01 06:28:42.076 INFO [stderr]                                at libstd/rt.rs:58
Dec 01 06:28:42.076 INFO [stderr]   11:     0x5583373642c7 - std::rt::lang_start::h6c12a89b5498f3bc
Dec 01 06:28:42.076 INFO [stderr]                                at libstd/rt.rs:74
Dec 01 06:28:42.076 INFO [stderr]   12:     0x5583373629e9 - main
Dec 01 06:28:42.077 INFO [stderr]   13:     0x7fd5cf76282f - __libc_start_main
Dec 01 06:28:42.077 INFO [stderr]   14:     0x558337361428 - _start
Dec 01 06:28:42.077 INFO [stderr]   15:                0x0 - <unknown>
Dec 01 06:28:42.077 INFO [stderr] 
Dec 01 06:28:42.077 INFO [stderr] warning: build failed, waiting for other jobs to finish...
Dec 01 06:28:42.119 INFO [stderr] error: failed to run custom build command for `rocket_codegen v0.3.16`
Dec 01 06:28:42.119 INFO [stderr] process didn't exit successfully: `/target/debug/build/rocket_codegen-35313927dfebcaa1/build-script-build` (exit code: 101)
Dec 01 06:28:42.119 INFO [stderr] --- stderr
Dec 01 06:28:42.119 INFO [stderr] [1;31mError:[0m [37mRocket requires a nightly or dev version of Rust.[0m
Dec 01 06:28:42.119 INFO [stderr] [37mInstalled version is:[0m [33m1.30.1 (2018-11-07)[0m. [37mMinimum required:[0m [33m1.30.0-nightly (2018-08-23)[0m.
Dec 01 06:28:42.120 INFO [stderr] [34mSee the getting started guide ([0m[37mhttps://rocket.rs/guide/getting-started/[0m[34m) for more information.[0m
Dec 01 06:28:42.120 INFO [stderr] thread 'main' panicked at 'Aborting compilation due to incompatible compiler.', /cargo-home/registry/src/github.com-1ecc6299db9ec823/rocket_codegen-0.3.16/build.rs:38:17
Dec 01 06:28:42.120 INFO [stderr] stack backtrace:
Dec 01 06:28:42.120 INFO [stderr]    0:     0x555e80ecc9fe - std::sys::unix::backtrace::tracing::imp::unwind_backtrace::h15749a98198ba25f
Dec 01 06:28:42.120 INFO [stderr]                                at libstd/sys/unix/backtrace/tracing/gcc_s.rs:49
Dec 01 06:28:42.120 INFO [stderr]    1:     0x555e80ebdf86 - std::sys_common::backtrace::print::h0ba65c811294dbf0
Dec 01 06:28:42.121 INFO [stderr]                                at libstd/sys_common/backtrace.rs:71
Dec 01 06:28:42.121 INFO [stderr]                                at libstd/sys_common/backtrace.rs:59
Dec 01 06:28:42.121 INFO [stderr]    2:     0x555e80ebc8cd - std::panicking::default_hook::{{closure}}::h42bb31757f0fee64
Dec 01 06:28:42.121 INFO [stderr]                                at libstd/panicking.rs:211
Dec 01 06:28:42.121 INFO [stderr]    3:     0x555e80ebc640 - std::panicking::default_hook::hebc8848d7aa7dbd9
Dec 01 06:28:42.121 INFO [stderr]                                at libstd/panicking.rs:227
Dec 01 06:28:42.121 INFO [stderr]    4:     0x555e80ebcecc - std::panicking::rust_panic_with_hook::h86e619a638415243
Dec 01 06:28:42.122 INFO [stderr]                                at libstd/panicking.rs:477
Dec 01 06:28:42.122 INFO [stderr]    5:     0x555e80ea0c1f - std::panicking::begin_panic::h26807ac2abfc2210
Dec 01 06:28:42.122 INFO [stderr]                                at libstd/panicking.rs:411
Dec 01 06:28:42.122 INFO [stderr]    6:     0x555e80e9ed72 - build_script_build::main::h5e3452ecf2935038
Dec 01 06:28:42.122 INFO [stderr]                                at /cargo-home/registry/src/github.com-1ecc6299db9ec823/rocket_codegen-0.3.16/build.rs:38
Dec 01 06:28:42.122 INFO [stderr]    7:     0x555e80ea150f - std::rt::lang_start::{{closure}}::hdd73b25a420f224f
Dec 01 06:28:42.123 INFO [stderr]                                at libstd/rt.rs:74
Dec 01 06:28:42.123 INFO [stderr]    8:     0x555e80ebc972 - std::panicking::try::do_call::h47665672c57b11e4
Dec 01 06:28:42.123 INFO [stderr]                                at libstd/rt.rs:59
Dec 01 06:28:42.123 INFO [stderr]                                at libstd/panicking.rs:310
Dec 01 06:28:42.123 INFO [stderr]    9:     0x555e80edd929 - __rust_maybe_catch_panic
Dec 01 06:28:42.123 INFO [stderr]                                at libpanic_unwind/lib.rs:103
Dec 01 06:28:42.123 INFO [stderr]   10:     0x555e80ec79f5 - std::rt::lang_start_internal::had9505969b8e20a2
Dec 01 06:28:42.124 INFO [stderr]                                at libstd/panicking.rs:289
Dec 01 06:28:42.124 INFO [stderr]                                at libstd/panic.rs:392
Dec 01 06:28:42.124 INFO [stderr]                                at libstd/rt.rs:58
Dec 01 06:28:42.124 INFO [stderr]   11:     0x555e80ea14e7 - std::rt::lang_start::hdbaf1dc3ae5430d3
Dec 01 06:28:42.124 INFO [stderr]                                at libstd/rt.rs:74
Dec 01 06:28:42.124 INFO [stderr]   12:     0x555e80e9fc09 - main
Dec 01 06:28:42.124 INFO [stderr]   13:     0x7f23cfc2b82f - __libc_start_main
Dec 01 06:28:42.125 INFO [stderr]   14:     0x555e80e9e428 - _start
Dec 01 06:28:42.125 INFO [stderr]   15:                0x0 - <unknown>
Dec 01 06:28:42.125 INFO [stderr] 
Dec 01 06:28:42.125 INFO [stderr] warning: build failed, waiting for other jobs to finish...
Dec 01 06:28:42.183 INFO [stderr] error: failed to run custom build command for `rocket v0.3.16`
Dec 01 06:28:42.183 INFO [stderr] process didn't exit successfully: `/target/debug/build/rocket-a61187eead96cae3/build-script-build` (exit code: 101)
Dec 01 06:28:42.183 INFO [stderr] --- stderr
Dec 01 06:28:42.183 INFO [stderr] [1;31mError:[0m [37mRocket requires a nightly or dev version of Rust.[0m
Dec 01 06:28:42.184 INFO [stderr] [37mInstalled version is:[0m [33m1.30.1 (2018-11-07)[0m. [37mMinimum required:[0m [33m1.27.0-nightly (2018-04-26)[0m.
Dec 01 06:28:42.184 INFO [stderr] [34mSee the getting started guide ([0m[37mhttps://rocket.rs/guide/getting-started/[0m[34m) for more information.[0m
Dec 01 06:28:42.184 INFO [stderr] thread 'main' panicked at 'Aborting compilation due to incompatible compiler.', /cargo-home/registry/src/github.com-1ecc6299db9ec823/rocket-0.3.16/build.rs:38:13
Dec 01 06:28:42.184 INFO [stderr] stack backtrace:
Dec 01 06:28:42.184 INFO [stderr]    0:     0x561d1930fa0e - std::sys::unix::backtrace::tracing::imp::unwind_backtrace::h15749a98198ba25f
Dec 01 06:28:42.184 INFO [stderr]                                at libstd/sys/unix/backtrace/tracing/gcc_s.rs:49
Dec 01 06:28:42.185 INFO [stderr]    1:     0x561d19300f96 - std::sys_common::backtrace::print::h0ba65c811294dbf0
Dec 01 06:28:42.185 INFO [stderr]                                at libstd/sys_common/backtrace.rs:71
Dec 01 06:28:42.185 INFO [stderr]                                at libstd/sys_common/backtrace.rs:59
Dec 01 06:28:42.185 INFO [stderr]    2:     0x561d192ff8dd - std::panicking::default_hook::{{closure}}::h42bb31757f0fee64
Dec 01 06:28:42.185 INFO [stderr]                                at libstd/panicking.rs:211
Dec 01 06:28:42.185 INFO [stderr]    3:     0x561d192ff650 - std::panicking::default_hook::hebc8848d7aa7dbd9
Dec 01 06:28:42.186 INFO [stderr]                                at libstd/panicking.rs:227
Dec 01 06:28:42.186 INFO [stderr]    4:     0x561d192ffedc - std::panicking::rust_panic_with_hook::h86e619a638415243
Dec 01 06:28:42.186 INFO [stderr]                                at libstd/panicking.rs:477
Dec 01 06:28:42.186 INFO [stderr]    5:     0x561d192e3c2f - std::panicking::begin_panic::h1547f6b8df8ef062
Dec 01 06:28:42.186 INFO [stderr]                                at libstd/panicking.rs:411
Dec 01 06:28:42.187 INFO [stderr]    6:     0x561d192e1d73 - build_script_build::main::h7e1e0ce982337217
Dec 01 06:28:42.187 INFO [stderr]                                at /cargo-home/registry/src/github.com-1ecc6299db9ec823/rocket-0.3.16/build.rs:38
Dec 01 06:28:42.187 INFO [stderr]    7:     0x561d192e451f - std::rt::lang_start::{{closure}}::hdcba730274cd6e5e
Dec 01 06:28:42.187 INFO [stderr]                                at libstd/rt.rs:74
Dec 01 06:28:42.187 INFO [stderr]    8:     0x561d192ff982 - std::panicking::try::do_call::h47665672c57b11e4
Dec 01 06:28:42.187 INFO [stderr]                                at libstd/rt.rs:59
Dec 01 06:28:42.187 INFO [stderr]                                at libstd/panicking.rs:310
Dec 01 06:28:42.188 INFO [stderr]    9:     0x561d19320939 - __rust_maybe_catch_panic
Dec 01 06:28:42.188 INFO [stderr]                                at libpanic_unwind/lib.rs:103
Dec 01 06:28:42.188 INFO [stderr]   10:     0x561d1930aa05 - std::rt::lang_start_internal::had9505969b8e20a2
Dec 01 06:28:42.188 INFO [stderr]                                at libstd/panicking.rs:289
Dec 01 06:28:42.188 INFO [stderr]                                at libstd/panic.rs:392
Dec 01 06:28:42.188 INFO [stderr]                                at libstd/rt.rs:58
Dec 01 06:28:42.188 INFO [stderr]   11:     0x561d192e44f7 - std::rt::lang_start::h5723be38f20d77cf
Dec 01 06:28:42.189 INFO [stderr]                                at libstd/rt.rs:74
Dec 01 06:28:42.189 INFO [stderr]   12:     0x561d192e2c19 - main
Dec 01 06:28:42.189 INFO [stderr]   13:     0x7faa0b5de82f - __libc_start_main
Dec 01 06:28:42.189 INFO [stderr]   14:     0x561d192e1428 - _start
Dec 01 06:28:42.189 INFO [stderr]   15:                0x0 - <unknown>
Dec 01 06:28:42.189 INFO [stderr] 
Dec 01 06:28:42.189 INFO [stderr] warning: build failed, waiting for other jobs to finish...
Dec 01 06:28:48.073 INFO [stderr] error: build failed
Dec 01 06:28:48.074 INFO [stderr] su: No module specific data is present
Dec 01 06:28:48.478 INFO running `"docker" "inspect" "66c1178bf26661a627318f5132f904935b30f7999efc82232f3c7bc37fa0aae8"`
Dec 01 06:28:48.598 INFO running `"docker" "rm" "-f" "66c1178bf26661a627318f5132f904935b30f7999efc82232f3c7bc37fa0aae8"`
Dec 01 06:28:48.691 INFO [stdout] 66c1178bf26661a627318f5132f904935b30f7999efc82232f3c7bc37fa0aae8
