Dec 01 06:54:27.494 INFO testing onelson/omn-clip-viewer against 1.30.1 for beta-1.31-5
Dec 01 06:54:27.494 INFO running `"docker" "create" "-v" "/mnt/big/crater/work/local/target-dirs/beta-1.31-5/worker-1/1.30.1:/target:rw,Z" "-v" "/mnt/big/crater/work/local/test-source/worker-1/beta-1.31-5/1.30.1:/source:ro,Z" "-v" "/mnt/big/crater/work/local/cargo-home:/cargo-home:ro,Z" "-v" "/mnt/big/crater/work/local/rustup-home:/rustup-home:ro,Z" "-e" "USER_ID=1000" "-e" "SOURCE_DIR=/source" "-e" "USER_ID=1000" "-e" "CMD=cargo +1.30.1 build --frozen" "-e" "CARGO_TARGET_DIR=/target" "-e" "CARGO_INCREMENTAL=0" "-e" "RUST_BACKTRACE=full" "-e" "RUSTFLAGS=--cap-lints=warn" "-e" "CARGO_HOME=/cargo-home" "-e" "RUSTUP_HOME=/rustup-home" "-m" "1536M" "--network" "none" "crater"`
Dec 01 06:54:28.051 INFO [stdout] 57bce412d985c8570aaeb5354d390a1ad8a4d475ac068fd00938154f63208c5b
Dec 01 06:54:28.053 INFO running `"docker" "start" "-a" "57bce412d985c8570aaeb5354d390a1ad8a4d475ac068fd00938154f63208c5b"`
Dec 01 06:54:29.275 INFO [stderr] usermod: no changes
Dec 01 06:54:29.499 INFO [stderr]    Compiling nodrop v0.1.13
Dec 01 06:54:29.507 INFO [stderr]    Compiling ucd-util v0.1.3
Dec 01 06:54:29.515 INFO [stderr]    Compiling atty v0.2.11
Dec 01 06:54:29.515 INFO [stderr]    Compiling textwrap v0.10.0
Dec 01 06:54:29.515 INFO [stderr]    Compiling serde-xml-rs v0.2.1
Dec 01 06:54:29.515 INFO [stderr]    Compiling syn v0.15.21
Dec 01 06:54:29.515 INFO [stderr]    Compiling simple_logger v1.0.1
Dec 01 06:54:30.085 INFO [stderr]    Compiling arrayvec v0.4.7
Dec 01 06:54:31.883 INFO [stderr]    Compiling regex-syntax v0.6.3
Dec 01 06:54:32.603 INFO [stderr]    Compiling clap v2.32.0
Dec 01 06:54:32.719 INFO [stderr]    Compiling crossbeam-epoch v0.3.1
Dec 01 06:54:34.608 INFO [stderr]    Compiling crossbeam-deque v0.2.0
Dec 01 06:54:35.547 INFO [stderr]    Compiling rayon-core v1.4.1
Dec 01 06:54:42.035 INFO [stderr]    Compiling rayon v1.0.3
Dec 01 06:54:57.008 INFO [stderr]    Compiling cc v1.0.25
Dec 01 06:55:07.343 INFO [stderr]    Compiling regex v1.0.6
Dec 01 06:55:14.799 INFO [stderr]    Compiling serde_derive v1.0.80
Dec 01 06:55:14.802 INFO [stderr]    Compiling synstructure v0.10.1
Dec 01 06:55:15.076 INFO [stderr]    Compiling backtrace-sys v0.1.24
Dec 01 06:55:22.095 INFO [stderr]    Compiling backtrace v0.3.9
Dec 01 06:55:30.506 INFO [stderr]    Compiling failure_derive v0.1.3
Dec 01 06:55:34.701 INFO [stderr]    Compiling failure v0.1.3
Dec 01 06:55:41.495 INFO [stderr]    Compiling rust_qt_binding_generator v0.2.0
Dec 01 06:55:41.496 INFO [stderr]    Compiling omn-sprites v0.1.0
Dec 01 06:55:51.333 INFO [stderr]    Compiling omn-sprite-viewer v0.1.0 (/source)
Dec 01 06:55:56.437 INFO [stderr] error: failed to run custom build command for `omn-sprite-viewer v0.1.0 (/source)`
Dec 01 06:55:56.437 INFO [stderr] process didn't exit successfully: `/target/debug/build/omn-sprite-viewer-0280cb75d8c58dc9/build-script-build` (exit code: 101)
Dec 01 06:55:56.437 INFO [stderr] --- stdout
Dec 01 06:55:56.437 INFO [stderr] /target/debug/build/omn-sprite-viewer-cf78619c20d3e3c6/out/Bindings.h does not exist.
Dec 01 06:55:56.437 INFO [stderr] /target/debug/build/omn-sprite-viewer-cf78619c20d3e3c6/out/moc_Bindings.cpp does not exist.
Dec 01 06:55:56.437 INFO [stderr] /target/debug/build/omn-sprite-viewer-cf78619c20d3e3c6/out/qrc_qml.cpp does not exist.
Dec 01 06:55:56.437 INFO [stderr] /target/debug/build/omn-sprite-viewer-cf78619c20d3e3c6/out/libqt_quick_cargo.a does not exist.
Dec 01 06:55:56.437 INFO [stderr] TARGET = Some("x86_64-unknown-linux-gnu")
Dec 01 06:55:56.437 INFO [stderr] OPT_LEVEL = Some("0")
Dec 01 06:55:56.437 INFO [stderr] HOST = Some("x86_64-unknown-linux-gnu")
Dec 01 06:55:56.437 INFO [stderr] CXX_x86_64-unknown-linux-gnu = None
Dec 01 06:55:56.437 INFO [stderr] CXX_x86_64_unknown_linux_gnu = None
Dec 01 06:55:56.437 INFO [stderr] HOST_CXX = None
Dec 01 06:55:56.437 INFO [stderr] CXX = None
Dec 01 06:55:56.437 INFO [stderr] CXXFLAGS_x86_64-unknown-linux-gnu = None
Dec 01 06:55:56.437 INFO [stderr] CXXFLAGS_x86_64_unknown_linux_gnu = None
Dec 01 06:55:56.437 INFO [stderr] HOST_CXXFLAGS = None
Dec 01 06:55:56.437 INFO [stderr] CXXFLAGS = None
Dec 01 06:55:56.437 INFO [stderr] DEBUG = Some("true")
Dec 01 06:55:56.437 INFO [stderr] running: "c++" "-O0" "-ffunction-sections" "-fdata-sections" "-fPIC" "-g" "-fno-omit-frame-pointer" "-m64" "-I" "/target/debug/build/omn-sprite-viewer-cf78619c20d3e3c6/out" "-I" "/usr/include/qt4" "-Wall" "-Wextra" "-o" "/target/debug/build/omn-sprite-viewer-cf78619c20d3e3c6/out/src/main.o" "-c" "src/main.cpp"
Dec 01 06:55:56.437 INFO [stderr] running: "c++" "-O0" "-ffunction-sections" "-fdata-sections" "-fPIC" "-g" "-fno-omit-frame-pointer" "-m64" "-I" "/target/debug/build/omn-sprite-viewer-cf78619c20d3e3c6/out" "-I" "/usr/include/qt4" "-Wall" "-Wextra" "-o" "/target/debug/build/omn-sprite-viewer-cf78619c20d3e3c6/out/moc_Bindings.o" "-c" "/target/debug/build/omn-sprite-viewer-cf78619c20d3e3c6/out/moc_Bindings.cpp"
Dec 01 06:55:56.437 INFO [stderr] running: "c++" "-O0" "-ffunction-sections" "-fdata-sections" "-fPIC" "-g" "-fno-omit-frame-pointer" "-m64" "-I" "/target/debug/build/omn-sprite-viewer-cf78619c20d3e3c6/out" "-I" "/usr/include/qt4" "-Wall" "-Wextra" "-o" "/target/debug/build/omn-sprite-viewer-cf78619c20d3e3c6/out/qrc_qml.o" "-c" "/target/debug/build/omn-sprite-viewer-cf78619c20d3e3c6/out/qrc_qml.cpp"
Dec 01 06:55:56.437 INFO [stderr] running: "c++" "-O0" "-ffunction-sections" "-fdata-sections" "-fPIC" "-g" "-fno-omit-frame-pointer" "-m64" "-I" "/target/debug/build/omn-sprite-viewer-cf78619c20d3e3c6/out" "-I" "/usr/include/qt4" "-Wall" "-Wextra" "-o" "/target/debug/build/omn-sprite-viewer-cf78619c20d3e3c6/out/Bindings.o" "-c" "/target/debug/build/omn-sprite-viewer-cf78619c20d3e3c6/out/Bindings.cpp"
Dec 01 06:55:56.437 INFO [stderr] cargo:warning=In file included from /target/debug/build/omn-sprite-viewer-cf78619c20d3e3c6/out/Bindings.cpp:2:0:
Dec 01 06:55:56.437 INFO [stderr] cargo:warning=/target/debug/build/omn-sprite-viewer-cf78619c20d3e3c6/out/Bindings.h:22:5: warning: identifier 'nullptr' is a keyword in C++11 [-Wc++0x-compat]
Dec 01 06:55:56.437 INFO [stderr] cargo:warning=     explicit StoreWrapper(QObject *parent = nullptr);
Dec 01 06:55:56.437 INFO [stderr] cargo:warning=     ^
Dec 01 06:55:56.437 INFO [stderr] cargo:warning=In file included from src/main.cpp:1:0:
Dec 01 06:55:56.437 INFO [stderr] cargo:warning=/target/debug/build/omn-sprite-viewer-cf78619c20d3e3c6/out/Bindings.h:22:5: warning: identifier 'nullptr' is a keyword in C++11 [-Wc++0x-compat]
Dec 01 06:55:56.437 INFO [stderr] cargo:warning=     explicit StoreWrapper(QObject *parent = nullptr);
Dec 01 06:55:56.437 INFO [stderr] cargo:warning=     ^
Dec 01 06:55:56.437 INFO [stderr] cargo:warning=In file included from /target/debug/build/omn-sprite-viewer-cf78619c20d3e3c6/out/moc_Bindings.cpp:9:0:
Dec 01 06:55:56.437 INFO [stderr] cargo:warning=/target/debug/build/omn-sprite-viewer-cf78619c20d3e3c6/out/Bindings.h:22:5: warning: identifier 'nullptr' is a keyword in C++11 [-Wc++0x-compat]
Dec 01 06:55:56.437 INFO [stderr] cargo:warning=     explicit StoreWrapper(QObject *parent = nullptr);
Dec 01 06:55:56.437 INFO [stderr] cargo:warning=     ^
Dec 01 06:55:56.437 INFO [stderr] cargo:warning=src/main.cpp:4:33: fatal error: QtGui/QGuiApplication: No such file or directory
Dec 01 06:55:56.437 INFO [stderr] cargo:warning=compilation terminated.
Dec 01 06:55:56.437 INFO [stderr] exit code: 1
Dec 01 06:55:56.437 INFO [stderr] exit code: 0
Dec 01 06:55:56.437 INFO [stderr] cargo:warning=/target/debug/build/omn-sprite-viewer-cf78619c20d3e3c6/out/Bindings.h:22:45: error: 'nullptr' was not declared in this scope
Dec 01 06:55:56.437 INFO [stderr] cargo:warning=     explicit StoreWrapper(QObject *parent = nullptr);
Dec 01 06:55:56.437 INFO [stderr] cargo:warning=                                             ^
Dec 01 06:55:56.437 INFO [stderr] cargo:warning=/target/debug/build/omn-sprite-viewer-cf78619c20d3e3c6/out/Bindings.h: In function 'void {anonymous}::storeWrapperImagePathChanged(StoreWrapper*)':
Dec 01 06:55:56.437 INFO [stderr] cargo:warning=/target/debug/build/omn-sprite-viewer-cf78619c20d3e3c6/out/Bindings.h:29:10: error: 'void StoreWrapper::imagePathChanged()' is protected
Dec 01 06:55:56.437 INFO [stderr] cargo:warning=     void imagePathChanged();
Dec 01 06:55:56.437 INFO [stderr] cargo:warning=          ^
Dec 01 06:55:56.437 INFO [stderr] cargo:warning=/target/debug/build/omn-sprite-viewer-cf78619c20d3e3c6/out/Bindings.cpp:12:36: error: within this context
Dec 01 06:55:56.437 INFO [stderr] cargo:warning=         Q_EMIT o->imagePathChanged();
Dec 01 06:55:56.437 INFO [stderr] cargo:warning=                                    ^
Dec 01 06:55:56.437 INFO [stderr] cargo:warning=In file included from /target/debug/build/omn-sprite-viewer-cf78619c20d3e3c6/out/Bindings.cpp:2:0:
Dec 01 06:55:56.437 INFO [stderr] cargo:warning=/target/debug/build/omn-sprite-viewer-cf78619c20d3e3c6/out/Bindings.h: In function 'void {anonymous}::storeWrapperSheetPathChanged(StoreWrapper*)':
Dec 01 06:55:56.437 INFO [stderr] cargo:warning=/target/debug/build/omn-sprite-viewer-cf78619c20d3e3c6/out/Bindings.h:30:10: error: 'void StoreWrapper::sheetPathChanged()' is protected
Dec 01 06:55:56.437 INFO [stderr] cargo:warning=     void sheetPathChanged();
Dec 01 06:55:56.437 INFO [stderr] cargo:warning=          ^
Dec 01 06:55:56.437 INFO [stderr] cargo:warning=/target/debug/build/omn-sprite-viewer-cf78619c20d3e3c6/out/Bindings.cpp:16:36: error: within this context
Dec 01 06:55:56.437 INFO [stderr] cargo:warning=         Q_EMIT o->sheetPathChanged();
Dec 01 06:55:56.437 INFO [stderr] cargo:warning=                                    ^
Dec 01 06:55:56.437 INFO [stderr] cargo:warning=/target/debug/build/omn-sprite-viewer-cf78619c20d3e3c6/out/Bindings.cpp: In constructor 'StoreWrapper::StoreWrapper(bool, QObject*)':
Dec 01 06:55:56.437 INFO [stderr] cargo:warning=/target/debug/build/omn-sprite-viewer-cf78619c20d3e3c6/out/Bindings.cpp:32:9: error: 'nullptr' was not declared in this scope
Dec 01 06:55:56.437 INFO [stderr] cargo:warning=     m_d(nullptr),
Dec 01 06:55:56.437 INFO [stderr] cargo:warning=         ^
Dec 01 06:55:56.437 INFO [stderr] cargo:warning=/target/debug/build/omn-sprite-viewer-cf78619c20d3e3c6/out/Bindings.h:22:45: error: 'nullptr' was not declared in this scope
Dec 01 06:55:56.437 INFO [stderr] cargo:warning=     explicit StoreWrapper(QObject *parent = nullptr);
Dec 01 06:55:56.437 INFO [stderr] cargo:warning=                                             ^
Dec 01 06:55:56.437 INFO [stderr] exit code: 1
Dec 01 06:55:56.437 INFO [stderr] exit code: 1
Dec 01 06:55:56.437 INFO [stderr] 
Dec 01 06:55:56.438 INFO [stderr] --- stderr
Dec 01 06:55:56.438 INFO [stderr] running: "qmake" "-query" "QT_INSTALL_HEADERS"
Dec 01 06:55:56.438 INFO [stderr] running: "qmake" "-query" "QT_INSTALL_LIBS"
Dec 01 06:55:56.438 INFO [stderr] running: "moc" "-o" "/target/debug/build/omn-sprite-viewer-cf78619c20d3e3c6/out/moc_Bindings.cpp" "/target/debug/build/omn-sprite-viewer-cf78619c20d3e3c6/out/Bindings.h"
Dec 01 06:55:56.438 INFO [stderr] running: "rcc" "-o" "/target/debug/build/omn-sprite-viewer-cf78619c20d3e3c6/out/qrc_qml.cpp" "qml.qrc"
Dec 01 06:55:56.438 INFO [stderr] thread 'main' panicked at '
Dec 01 06:55:56.438 INFO [stderr] 
Dec 01 06:55:56.438 INFO [stderr] Internal error occurred: Command "c++" "-O0" "-ffunction-sections" "-fdata-sections" "-fPIC" "-g" "-fno-omit-frame-pointer" "-m64" "-I" "/target/debug/build/omn-sprite-viewer-cf78619c20d3e3c6/out" "-I" "/usr/include/qt4" "-Wall" "-Wextra" "-o" "/target/debug/build/omn-sprite-viewer-cf78619c20d3e3c6/out/src/main.o" "-c" "src/main.cpp" with args "c++" did not execute successfully (status code exit code: 1).
Dec 01 06:55:56.438 INFO [stderr] 
Dec 01 06:55:56.438 INFO [stderr] ', /cargo-home/registry/src/github.com-1ecc6299db9ec823/cc-1.0.25/src/lib.rs:2260:5
Dec 01 06:55:56.438 INFO [stderr] stack backtrace:
Dec 01 06:55:56.438 INFO [stderr]    0:     0x555b06ff0b7e - std::sys::unix::backtrace::tracing::imp::unwind_backtrace::h15749a98198ba25f
Dec 01 06:55:56.438 INFO [stderr]                                at libstd/sys/unix/backtrace/tracing/gcc_s.rs:49
Dec 01 06:55:56.438 INFO [stderr]    1:     0x555b06fdf0e6 - std::sys_common::backtrace::print::h0ba65c811294dbf0
Dec 01 06:55:56.438 INFO [stderr]                                at libstd/sys_common/backtrace.rs:71
Dec 01 06:55:56.438 INFO [stderr]                                at libstd/sys_common/backtrace.rs:59
Dec 01 06:55:56.438 INFO [stderr]    2:     0x555b06fdd3ad - std::panicking::default_hook::{{closure}}::h42bb31757f0fee64
Dec 01 06:55:56.438 INFO [stderr]                                at libstd/panicking.rs:211
Dec 01 06:55:56.438 INFO [stderr]    3:     0x555b06fdd120 - std::panicking::default_hook::hebc8848d7aa7dbd9
Dec 01 06:55:56.438 INFO [stderr]                                at libstd/panicking.rs:227
Dec 01 06:55:56.438 INFO [stderr]    4:     0x555b06fdda5c - std::panicking::rust_panic_with_hook::h86e619a638415243
Dec 01 06:55:56.438 INFO [stderr]                                at libstd/panicking.rs:477
Dec 01 06:55:56.438 INFO [stderr]    5:     0x555b06fdd619 - std::panicking::continue_panic_fmt::h2d2d2bfb065a70b2
Dec 01 06:55:56.438 INFO [stderr]                                at libstd/panicking.rs:391
Dec 01 06:55:56.438 INFO [stderr]    6:     0x555b06fdd57d - std::panicking::begin_panic_fmt::ha5097e2056ef3d5a
Dec 01 06:55:56.438 INFO [stderr]                                at libstd/panicking.rs:346
Dec 01 06:55:56.438 INFO [stderr]    7:     0x555b06d2e441 - cc::fail::h689ac32bcdf1292b
Dec 01 06:55:56.438 INFO [stderr]                                at /cargo-home/registry/src/github.com-1ecc6299db9ec823/cc-1.0.25/src/lib.rs:2260
Dec 01 06:55:56.438 INFO [stderr]    8:     0x555b06d1a21b - cc::Build::compile::he002588551d2bd92
Dec 01 06:55:56.438 INFO [stderr]                                at /cargo-home/registry/src/github.com-1ecc6299db9ec823/cc-1.0.25/src/lib.rs:933
Dec 01 06:55:56.438 INFO [stderr]    9:     0x555b06c9706c - rust_qt_binding_generator::build::Build::compile::hdee2ef43b52e3e68
Dec 01 06:55:56.438 INFO [stderr]                                at /cargo-home/registry/src/github.com-1ecc6299db9ec823/rust_qt_binding_generator-0.2.0/src/build.rs:236
Dec 01 06:55:56.438 INFO [stderr]   10:     0x555b06c0d657 - build_script_build::main::hd3894691c5eb945c
Dec 01 06:55:56.438 INFO [stderr]                                at /source/build.rs:5
Dec 01 06:55:56.438 INFO [stderr]   11:     0x555b06c0d7af - std::rt::lang_start::{{closure}}::h099969a95cdb5952
Dec 01 06:55:56.438 INFO [stderr]                                at libstd/rt.rs:74
Dec 01 06:55:56.438 INFO [stderr]   12:     0x555b06fdd4b2 - std::panicking::try::do_call::h47665672c57b11e4
Dec 01 06:55:56.438 INFO [stderr]                                at libstd/rt.rs:59
Dec 01 06:55:56.438 INFO [stderr]                                at libstd/panicking.rs:310
Dec 01 06:55:56.438 INFO [stderr]   13:     0x555b070036a9 - __rust_maybe_catch_panic
Dec 01 06:55:56.438 INFO [stderr]                                at libpanic_unwind/lib.rs:103
Dec 01 06:55:56.438 INFO [stderr]   14:     0x555b06fead25 - std::rt::lang_start_internal::had9505969b8e20a2
Dec 01 06:55:56.438 INFO [stderr]                                at libstd/panicking.rs:289
Dec 01 06:55:56.438 INFO [stderr]                                at libstd/panic.rs:392
Dec 01 06:55:56.438 INFO [stderr]                                at libstd/rt.rs:58
Dec 01 06:55:56.438 INFO [stderr]   15:     0x555b06c0d787 - std::rt::lang_start::hd80be02f0ae19bdd
Dec 01 06:55:56.438 INFO [stderr]                                at libstd/rt.rs:74
Dec 01 06:55:56.438 INFO [stderr]   16:     0x555b06c0d6d9 - main
Dec 01 06:55:56.438 INFO [stderr]   17:     0x7fafcdea182f - __libc_start_main
Dec 01 06:55:56.438 INFO [stderr]   18:     0x555b06c0cad8 - _start
Dec 01 06:55:56.438 INFO [stderr]   19:                0x0 - <unknown>
Dec 01 06:55:56.438 INFO [stderr] 
Dec 01 06:55:56.452 INFO [stderr] su: No module specific data is present
Dec 01 06:55:57.552 INFO running `"docker" "inspect" "57bce412d985c8570aaeb5354d390a1ad8a4d475ac068fd00938154f63208c5b"`
Dec 01 06:55:57.945 INFO running `"docker" "rm" "-f" "57bce412d985c8570aaeb5354d390a1ad8a4d475ac068fd00938154f63208c5b"`
Dec 01 06:55:58.211 INFO [stdout] 57bce412d985c8570aaeb5354d390a1ad8a4d475ac068fd00938154f63208c5b
