Dec 01 07:02:57.404 INFO testing oeb25/sql-fmt against 1.30.1 for beta-1.31-5
Dec 01 07:02:57.405 INFO running `"docker" "create" "-v" "/mnt/big/crater/work/local/target-dirs/beta-1.31-5/worker-5/1.30.1:/target:rw,Z" "-v" "/mnt/big/crater/work/local/test-source/worker-5/beta-1.31-5/1.30.1:/source:ro,Z" "-v" "/mnt/big/crater/work/local/cargo-home:/cargo-home:ro,Z" "-v" "/mnt/big/crater/work/local/rustup-home:/rustup-home:ro,Z" "-e" "USER_ID=1000" "-e" "SOURCE_DIR=/source" "-e" "USER_ID=1000" "-e" "CMD=cargo +1.30.1 build --frozen" "-e" "CARGO_TARGET_DIR=/target" "-e" "CARGO_INCREMENTAL=0" "-e" "RUST_BACKTRACE=full" "-e" "RUSTFLAGS=--cap-lints=warn" "-e" "CARGO_HOME=/cargo-home" "-e" "RUSTUP_HOME=/rustup-home" "-m" "1536M" "--network" "none" "crater"`
Dec 01 07:02:57.867 INFO [stdout] 6f5802677b77f54621840f2263301e0738e53bf43cc1132d41866910a7186886
Dec 01 07:02:57.869 INFO running `"docker" "start" "-a" "6f5802677b77f54621840f2263301e0738e53bf43cc1132d41866910a7186886"`
Dec 01 07:03:00.607 INFO [stderr] usermod: no changes
Dec 01 07:03:00.731 INFO [stderr]    Compiling rayon-core v1.3.0
Dec 01 07:03:03.111 INFO [stderr]    Compiling rayon v0.9.0
Dec 01 07:03:06.935 INFO [stderr]    Compiling sql-fmt v0.1.0 (/source)
Dec 01 07:03:07.647 INFO [stderr] error[E0554]: #![feature] may not be used on the stable release channel
Dec 01 07:03:07.648 INFO [stderr]  --> src/lib.rs:1:1
Dec 01 07:03:07.648 INFO [stderr]   |
Dec 01 07:03:07.649 INFO [stderr] 1 | #![feature(try_from)]
Dec 01 07:03:07.649 INFO [stderr]   | ^^^^^^^^^^^^^^^^^^^^^
Dec 01 07:03:07.649 INFO [stderr] 
Dec 01 07:03:07.650 INFO [stderr] error[E0554]: #![feature] may not be used on the stable release channel
Dec 01 07:03:07.650 INFO [stderr]  --> src/lib.rs:2:1
Dec 01 07:03:07.650 INFO [stderr]   |
Dec 01 07:03:07.650 INFO [stderr] 2 | #![feature(match_default_bindings)]
Dec 01 07:03:07.650 INFO [stderr]   | ^^^^^^^^^^^^^^^^^^^^^^^^^^^^^^^^^^^
Dec 01 07:03:07.650 INFO [stderr] 
Dec 01 07:03:07.650 INFO [stderr] error[E0554]: #![feature] may not be used on the stable release channel
Dec 01 07:03:07.650 INFO [stderr]  --> src/lib.rs:3:1
Dec 01 07:03:07.650 INFO [stderr]   |
Dec 01 07:03:07.650 INFO [stderr] 3 | #![feature(box_patterns)]
Dec 01 07:03:07.650 INFO [stderr]   | ^^^^^^^^^^^^^^^^^^^^^^^^^
Dec 01 07:03:07.650 INFO [stderr] 
Dec 01 07:03:07.663 INFO [stderr] error: aborting due to 3 previous errors
Dec 01 07:03:07.663 INFO [stderr] 
Dec 01 07:03:07.663 INFO [stderr] For more information about this error, try `rustc --explain E0554`.
Dec 01 07:03:07.682 INFO [stderr] error: Could not compile `sql-fmt`.
Dec 01 07:03:07.682 INFO [stderr] 
Dec 01 07:03:07.682 INFO [stderr] To learn more, run the command again with --verbose.
Dec 01 07:03:07.691 INFO [stderr] su: No module specific data is present
Dec 01 07:03:09.015 INFO running `"docker" "inspect" "6f5802677b77f54621840f2263301e0738e53bf43cc1132d41866910a7186886"`
Dec 01 07:03:09.285 INFO running `"docker" "rm" "-f" "6f5802677b77f54621840f2263301e0738e53bf43cc1132d41866910a7186886"`
Dec 01 07:03:09.647 INFO [stdout] 6f5802677b77f54621840f2263301e0738e53bf43cc1132d41866910a7186886
