Dec 01 08:13:06.760 INFO testing mvr/abyme against 1.30.1 for beta-1.31-5
Dec 01 08:13:06.762 INFO running `"docker" "create" "-v" "/mnt/big/crater/work/local/target-dirs/beta-1.31-5/worker-2/1.30.1:/target:rw,Z" "-v" "/mnt/big/crater/work/local/test-source/worker-2/beta-1.31-5/1.30.1:/source:ro,Z" "-v" "/mnt/big/crater/work/local/cargo-home:/cargo-home:ro,Z" "-v" "/mnt/big/crater/work/local/rustup-home:/rustup-home:ro,Z" "-e" "USER_ID=1000" "-e" "SOURCE_DIR=/source" "-e" "USER_ID=1000" "-e" "CMD=cargo +1.30.1 build --frozen" "-e" "CARGO_TARGET_DIR=/target" "-e" "CARGO_INCREMENTAL=0" "-e" "RUST_BACKTRACE=full" "-e" "RUSTFLAGS=--cap-lints=warn" "-e" "CARGO_HOME=/cargo-home" "-e" "RUSTUP_HOME=/rustup-home" "-m" "1536M" "--network" "none" "crater"`
Dec 01 08:13:07.354 INFO [stdout] ff9a1e5aa1d92b8ef88df37c646eaebb8b2eb0f2fbe04748c4513e54448ae6fe
Dec 01 08:13:07.357 INFO running `"docker" "start" "-a" "ff9a1e5aa1d92b8ef88df37c646eaebb8b2eb0f2fbe04748c4513e54448ae6fe"`
Dec 01 08:13:09.239 INFO [stderr] usermod: no changes
Dec 01 08:13:09.550 INFO [stderr]    Compiling gmp-mpfr-sys v1.1.5
Dec 01 08:13:09.555 INFO [stderr]    Compiling rug v1.1.0
Dec 01 08:13:09.555 INFO [stderr]    Compiling libloading v0.5.0
Dec 01 08:13:09.615 INFO [stderr]    Compiling log v0.4.1
Dec 01 08:13:09.655 INFO [stderr]    Compiling x11-dl v2.17.5
Dec 01 08:13:09.655 INFO [stderr]    Compiling memmap v0.6.2
Dec 01 08:13:09.656 INFO [stderr]    Compiling shared_library v0.1.8
Dec 01 08:13:09.683 INFO [stderr]    Compiling tempfile v3.0.2
Dec 01 08:13:14.683 INFO [stderr]    Compiling euclid v0.17.2
Dec 01 08:13:14.683 INFO [stderr]    Compiling sid v0.5.0
Dec 01 08:13:14.695 INFO [stderr]    Compiling gl_generator v0.9.0
Dec 01 08:13:14.815 INFO [stderr]    Compiling osmesa-sys v0.1.2
Dec 01 08:13:15.335 INFO [stderr]    Compiling gfx_core v0.8.2
Dec 01 08:13:15.688 INFO [stderr]    Compiling toml v0.4.6
Dec 01 08:13:20.091 INFO [stderr]    Compiling dlib v0.4.1
Dec 01 08:13:21.493 INFO [stderr]    Compiling lyon_geom v0.10.0
Dec 01 08:13:24.539 INFO [stderr]    Compiling wayland-sys v0.12.5
Dec 01 08:13:24.627 INFO [stderr]    Compiling gfx_gl v0.5.0
Dec 01 08:13:24.627 INFO [stderr]    Compiling glutin v0.15.0
Dec 01 08:13:33.867 INFO [stderr]    Compiling lyon_path v0.10.0
Dec 01 08:13:34.135 INFO [stderr]    Compiling wayland-client v0.12.5
Dec 01 08:13:40.119 INFO [stderr]    Compiling lyon_tessellation v0.10.0
Dec 01 08:13:49.640 INFO [stderr]    Compiling wayland-protocols v0.12.5
Dec 01 08:13:49.716 INFO [stderr]    Compiling wayland-kbd v0.13.1
Dec 01 08:13:50.011 INFO [stderr]    Compiling lyon v0.10.0
Dec 01 08:14:08.392 INFO [stderr]    Compiling wayland-window v0.13.3
Dec 01 08:14:11.179 INFO [stderr]    Compiling winit v0.13.1
Dec 01 08:14:36.747 INFO [stderr]    Compiling gfx_device_gl v0.15.2
Dec 01 08:14:36.747 INFO [stderr]    Compiling gfx v0.17.1
Dec 01 08:14:44.699 INFO [stderr]    Compiling gfx_window_glutin v0.23.0
Dec 01 08:18:13.039 INFO [stderr]    Compiling abyme v0.1.0 (/source)
Dec 01 08:18:14.755 INFO [stderr] error[E0554]: #![feature] may not be used on the stable release channel
Dec 01 08:18:14.755 INFO [stderr]  --> src/lib.rs:1:1
Dec 01 08:18:14.755 INFO [stderr]   |
Dec 01 08:18:14.755 INFO [stderr] 1 | #![feature(slice_patterns)]
Dec 01 08:18:14.755 INFO [stderr]   | ^^^^^^^^^^^^^^^^^^^^^^^^^^^
Dec 01 08:18:14.755 INFO [stderr] 
Dec 01 08:18:14.755 INFO [stderr] error[E0554]: #![feature] may not be used on the stable release channel
Dec 01 08:18:14.755 INFO [stderr]  --> src/lib.rs:2:1
Dec 01 08:18:14.755 INFO [stderr]   |
Dec 01 08:18:14.755 INFO [stderr] 2 | #![feature(custom_attribute)]
Dec 01 08:18:14.755 INFO [stderr]   | ^^^^^^^^^^^^^^^^^^^^^^^^^^^^^
Dec 01 08:18:14.755 INFO [stderr] 
Dec 01 08:18:14.755 INFO [stderr] error[E0554]: #![feature] may not be used on the stable release channel
Dec 01 08:18:14.755 INFO [stderr]  --> src/lib.rs:3:1
Dec 01 08:18:14.755 INFO [stderr]   |
Dec 01 08:18:14.755 INFO [stderr] 3 | #![feature(nll)]
Dec 01 08:18:14.755 INFO [stderr]   | ^^^^^^^^^^^^^^^^
Dec 01 08:18:14.755 INFO [stderr] 
Dec 01 08:18:14.755 INFO [stderr] error[E0554]: #![feature] may not be used on the stable release channel
Dec 01 08:18:14.755 INFO [stderr]  --> src/lib.rs:4:1
Dec 01 08:18:14.755 INFO [stderr]   |
Dec 01 08:18:14.755 INFO [stderr] 4 | #![feature(stmt_expr_attributes)]
Dec 01 08:18:14.755 INFO [stderr]   | ^^^^^^^^^^^^^^^^^^^^^^^^^^^^^^^^^
Dec 01 08:18:14.755 INFO [stderr] 
Dec 01 08:18:14.765 INFO [stderr] error: aborting due to 4 previous errors
Dec 01 08:18:14.765 INFO [stderr] 
Dec 01 08:18:14.765 INFO [stderr] For more information about this error, try `rustc --explain E0554`.
Dec 01 08:18:14.780 INFO [stderr] error: Could not compile `abyme`.
Dec 01 08:18:14.780 INFO [stderr] 
Dec 01 08:18:14.780 INFO [stderr] To learn more, run the command again with --verbose.
Dec 01 08:18:14.806 INFO [stderr] su: No module specific data is present
Dec 01 08:18:15.511 INFO running `"docker" "inspect" "ff9a1e5aa1d92b8ef88df37c646eaebb8b2eb0f2fbe04748c4513e54448ae6fe"`
Dec 01 08:18:15.811 INFO running `"docker" "rm" "-f" "ff9a1e5aa1d92b8ef88df37c646eaebb8b2eb0f2fbe04748c4513e54448ae6fe"`
Dec 01 08:18:16.221 INFO [stdout] ff9a1e5aa1d92b8ef88df37c646eaebb8b2eb0f2fbe04748c4513e54448ae6fe
