Dec 01 08:15:58.984 INFO testing musec/clowder against 1.30.1 for beta-1.31-5
Dec 01 08:15:58.985 INFO running `"docker" "create" "-v" "/mnt/big/crater/work/local/target-dirs/beta-1.31-5/worker-1/1.30.1:/target:rw,Z" "-v" "/mnt/big/crater/work/local/test-source/worker-1/beta-1.31-5/1.30.1:/source:ro,Z" "-v" "/mnt/big/crater/work/local/cargo-home:/cargo-home:ro,Z" "-v" "/mnt/big/crater/work/local/rustup-home:/rustup-home:ro,Z" "-e" "USER_ID=1000" "-e" "SOURCE_DIR=/source" "-e" "USER_ID=1000" "-e" "CMD=cargo +1.30.1 build --frozen" "-e" "CARGO_TARGET_DIR=/target" "-e" "CARGO_INCREMENTAL=0" "-e" "RUST_BACKTRACE=full" "-e" "RUSTFLAGS=--cap-lints=warn" "-e" "CARGO_HOME=/cargo-home" "-e" "RUSTUP_HOME=/rustup-home" "-m" "1536M" "--network" "none" "crater"`
Dec 01 08:15:59.509 INFO [stdout] bdca8538fdcdd7083462eda6b381d0643a8f3334b384f218116c52043e838e9a
Dec 01 08:15:59.513 INFO running `"docker" "start" "-a" "bdca8538fdcdd7083462eda6b381d0643a8f3334b384f218116c52043e838e9a"`
Dec 01 08:16:00.867 INFO [stderr] usermod: no changes
Dec 01 08:16:01.231 INFO [stderr]    Compiling maud_htmlescape v0.17.0
Dec 01 08:16:01.235 INFO [stderr]    Compiling literalext v0.1.1
Dec 01 08:16:01.251 INFO [stderr]    Compiling marksman_escape v0.1.2
Dec 01 08:16:01.283 INFO [stderr]    Compiling openssl-sys v0.9.35
Dec 01 08:16:01.291 INFO [stderr]    Compiling aho-corasick v0.6.8
Dec 01 08:16:01.307 INFO [stderr]    Compiling pear_codegen v0.0.20
Dec 01 08:16:01.307 INFO [stderr]    Compiling rocket v0.3.16
Dec 01 08:16:01.309 INFO [stderr]    Compiling rocket_codegen v0.3.16
Dec 01 08:16:01.983 INFO [stderr] error: failed to run custom build command for `rocket v0.3.16`
Dec 01 08:16:01.984 INFO [stderr] process didn't exit successfully: `/target/debug/build/rocket-a61187eead96cae3/build-script-build` (exit code: 101)
Dec 01 08:16:01.984 INFO [stderr] --- stderr
Dec 01 08:16:01.984 INFO [stderr] [1;31mError:[0m [37mRocket requires a nightly or dev version of Rust.[0m
Dec 01 08:16:01.984 INFO [stderr] [37mInstalled version is:[0m [33m1.30.1 (2018-11-07)[0m. [37mMinimum required:[0m [33m1.27.0-nightly (2018-04-26)[0m.
Dec 01 08:16:01.985 INFO [stderr] [34mSee the getting started guide ([0m[37mhttps://rocket.rs/guide/getting-started/[0m[34m) for more information.[0m
Dec 01 08:16:01.985 INFO [stderr] thread 'main' panicked at 'Aborting compilation due to incompatible compiler.', /cargo-home/registry/src/github.com-1ecc6299db9ec823/rocket-0.3.16/build.rs:38:13
Dec 01 08:16:01.985 INFO [stderr] stack backtrace:
Dec 01 08:16:01.986 INFO [stderr]    0:     0x55ca82565a0e - std::sys::unix::backtrace::tracing::imp::unwind_backtrace::h15749a98198ba25f
Dec 01 08:16:01.986 INFO [stderr]                                at libstd/sys/unix/backtrace/tracing/gcc_s.rs:49
Dec 01 08:16:01.986 INFO [stderr]    1:     0x55ca82556f96 - std::sys_common::backtrace::print::h0ba65c811294dbf0
Dec 01 08:16:01.986 INFO [stderr]                                at libstd/sys_common/backtrace.rs:71
Dec 01 08:16:01.987 INFO [stderr]                                at libstd/sys_common/backtrace.rs:59
Dec 01 08:16:01.987 INFO [stderr]    2:     0x55ca825558dd - std::panicking::default_hook::{{closure}}::h42bb31757f0fee64
Dec 01 08:16:01.987 INFO [stderr]                                at libstd/panicking.rs:211
Dec 01 08:16:01.988 INFO [stderr]    3:     0x55ca82555650 - std::panicking::default_hook::hebc8848d7aa7dbd9
Dec 01 08:16:01.988 INFO [stderr]                                at libstd/panicking.rs:227
Dec 01 08:16:01.988 INFO [stderr]    4:     0x55ca82555edc - std::panicking::rust_panic_with_hook::h86e619a638415243
Dec 01 08:16:01.988 INFO [stderr]                                at libstd/panicking.rs:477
Dec 01 08:16:01.989 INFO [stderr]    5:     0x55ca82539c2f - std::panicking::begin_panic::h1547f6b8df8ef062
Dec 01 08:16:01.989 INFO [stderr]                                at libstd/panicking.rs:411
Dec 01 08:16:01.989 INFO [stderr]    6:     0x55ca82537d73 - build_script_build::main::h7e1e0ce982337217
Dec 01 08:16:01.990 INFO [stderr]                                at /cargo-home/registry/src/github.com-1ecc6299db9ec823/rocket-0.3.16/build.rs:38
Dec 01 08:16:01.990 INFO [stderr]    7:     0x55ca8253a51f - std::rt::lang_start::{{closure}}::hdcba730274cd6e5e
Dec 01 08:16:01.990 INFO [stderr]                                at libstd/rt.rs:74
Dec 01 08:16:01.990 INFO [stderr]    8:     0x55ca82555982 - std::panicking::try::do_call::h47665672c57b11e4
Dec 01 08:16:01.991 INFO [stderr]                                at libstd/rt.rs:59
Dec 01 08:16:01.991 INFO [stderr]                                at libstd/panicking.rs:310
Dec 01 08:16:01.991 INFO [stderr]    9:     0x55ca82576939 - __rust_maybe_catch_panic
Dec 01 08:16:01.992 INFO [stderr]                                at libpanic_unwind/lib.rs:103
Dec 01 08:16:01.992 INFO [stderr]   10:     0x55ca82560a05 - std::rt::lang_start_internal::had9505969b8e20a2
Dec 01 08:16:01.992 INFO [stderr]                                at libstd/panicking.rs:289
Dec 01 08:16:01.992 INFO [stderr]                                at libstd/panic.rs:392
Dec 01 08:16:01.993 INFO [stderr]                                at libstd/rt.rs:58
Dec 01 08:16:01.993 INFO [stderr]   11:     0x55ca8253a4f7 - std::rt::lang_start::h5723be38f20d77cf
Dec 01 08:16:01.993 INFO [stderr]                                at libstd/rt.rs:74
Dec 01 08:16:01.994 INFO [stderr]   12:     0x55ca82538c19 - main
Dec 01 08:16:01.994 INFO [stderr]   13:     0x7f5cabfdc82f - __libc_start_main
Dec 01 08:16:01.994 INFO [stderr]   14:     0x55ca82537428 - _start
Dec 01 08:16:01.994 INFO [stderr]   15:                0x0 - <unknown>
Dec 01 08:16:01.995 INFO [stderr] 
Dec 01 08:16:01.995 INFO [stderr] warning: build failed, waiting for other jobs to finish...
Dec 01 08:16:02.115 INFO [stderr] error: failed to run custom build command for `rocket_codegen v0.3.16`
Dec 01 08:16:02.115 INFO [stderr] process didn't exit successfully: `/target/debug/build/rocket_codegen-35313927dfebcaa1/build-script-build` (exit code: 101)
Dec 01 08:16:02.116 INFO [stderr] --- stderr
Dec 01 08:16:02.116 INFO [stderr] [1;31mError:[0m [37mRocket requires a nightly or dev version of Rust.[0m
Dec 01 08:16:02.116 INFO [stderr] [37mInstalled version is:[0m [33m1.30.1 (2018-11-07)[0m. [37mMinimum required:[0m [33m1.30.0-nightly (2018-08-23)[0m.
Dec 01 08:16:02.116 INFO [stderr] [34mSee the getting started guide ([0m[37mhttps://rocket.rs/guide/getting-started/[0m[34m) for more information.[0m
Dec 01 08:16:02.116 INFO [stderr] thread 'main' panicked at 'Aborting compilation due to incompatible compiler.', /cargo-home/registry/src/github.com-1ecc6299db9ec823/rocket_codegen-0.3.16/build.rs:38:17
Dec 01 08:16:02.116 INFO [stderr] stack backtrace:
Dec 01 08:16:02.117 INFO [stderr]    0:     0x558958f179fe - std::sys::unix::backtrace::tracing::imp::unwind_backtrace::h15749a98198ba25f
Dec 01 08:16:02.117 INFO [stderr]                                at libstd/sys/unix/backtrace/tracing/gcc_s.rs:49
Dec 01 08:16:02.117 INFO [stderr]    1:     0x558958f08f86 - std::sys_common::backtrace::print::h0ba65c811294dbf0
Dec 01 08:16:02.118 INFO [stderr]                                at libstd/sys_common/backtrace.rs:71
Dec 01 08:16:02.118 INFO [stderr]                                at libstd/sys_common/backtrace.rs:59
Dec 01 08:16:02.118 INFO [stderr]    2:     0x558958f078cd - std::panicking::default_hook::{{closure}}::h42bb31757f0fee64
Dec 01 08:16:02.119 INFO [stderr]                                at libstd/panicking.rs:211
Dec 01 08:16:02.119 INFO [stderr]    3:     0x558958f07640 - std::panicking::default_hook::hebc8848d7aa7dbd9
Dec 01 08:16:02.119 INFO [stderr]                                at libstd/panicking.rs:227
Dec 01 08:16:02.119 INFO [stderr]    4:     0x558958f07ecc - std::panicking::rust_panic_with_hook::h86e619a638415243
Dec 01 08:16:02.120 INFO [stderr]                                at libstd/panicking.rs:477
Dec 01 08:16:02.120 INFO [stderr]    5:     0x558958eebc1f - std::panicking::begin_panic::h26807ac2abfc2210
Dec 01 08:16:02.120 INFO [stderr]                                at libstd/panicking.rs:411
Dec 01 08:16:02.121 INFO [stderr]    6:     0x558958ee9d72 - build_script_build::main::h5e3452ecf2935038
Dec 01 08:16:02.121 INFO [stderr]                                at /cargo-home/registry/src/github.com-1ecc6299db9ec823/rocket_codegen-0.3.16/build.rs:38
Dec 01 08:16:02.121 INFO [stderr]    7:     0x558958eec50f - std::rt::lang_start::{{closure}}::hdd73b25a420f224f
Dec 01 08:16:02.122 INFO [stderr]                                at libstd/rt.rs:74
Dec 01 08:16:02.122 INFO [stderr]    8:     0x558958f07972 - std::panicking::try::do_call::h47665672c57b11e4
Dec 01 08:16:02.122 INFO [stderr]                                at libstd/rt.rs:59
Dec 01 08:16:02.122 INFO [stderr]                                at libstd/panicking.rs:310
Dec 01 08:16:02.123 INFO [stderr]    9:     0x558958f28929 - __rust_maybe_catch_panic
Dec 01 08:16:02.123 INFO [stderr]                                at libpanic_unwind/lib.rs:103
Dec 01 08:16:02.123 INFO [stderr]   10:     0x558958f129f5 - std::rt::lang_start_internal::had9505969b8e20a2
Dec 01 08:16:02.124 INFO [stderr]                                at libstd/panicking.rs:289
Dec 01 08:16:02.124 INFO [stderr]                                at libstd/panic.rs:392
Dec 01 08:16:02.124 INFO [stderr]                                at libstd/rt.rs:58
Dec 01 08:16:02.125 INFO [stderr]   11:     0x558958eec4e7 - std::rt::lang_start::hdbaf1dc3ae5430d3
Dec 01 08:16:02.125 INFO [stderr]                                at libstd/rt.rs:74
Dec 01 08:16:02.125 INFO [stderr]   12:     0x558958eeac09 - main
Dec 01 08:16:02.125 INFO [stderr]   13:     0x7f6cc47ce82f - __libc_start_main
Dec 01 08:16:02.126 INFO [stderr]   14:     0x558958ee9428 - _start
Dec 01 08:16:02.126 INFO [stderr]   15:                0x0 - <unknown>
Dec 01 08:16:02.126 INFO [stderr] 
Dec 01 08:16:02.126 INFO [stderr] warning: build failed, waiting for other jobs to finish...
Dec 01 08:16:02.183 INFO [stderr] error: failed to run custom build command for `pear_codegen v0.0.20`
Dec 01 08:16:02.184 INFO [stderr] process didn't exit successfully: `/target/debug/build/pear_codegen-183b5b0a0ae809b5/build-script-build` (exit code: 101)
Dec 01 08:16:02.184 INFO [stderr] --- stderr
Dec 01 08:16:02.184 INFO [stderr] [1;31mError:[0m [37mPear requires a nightly or dev version of Rust.[0m
Dec 01 08:16:02.185 INFO [stderr] [37mInstalled version is:[0m [33m1.30.1 (2018-11-07)[0m. [37mMinimum required:[0m [33m1.30.0-nightly (2018-08-23)[0m.
Dec 01 08:16:02.185 INFO [stderr] thread 'main' panicked at 'Aborting compilation due to incompatible compiler.', /cargo-home/registry/src/github.com-1ecc6299db9ec823/pear_codegen-0.0.20/build.rs:31:13
Dec 01 08:16:02.185 INFO [stderr] stack backtrace:
Dec 01 08:16:02.186 INFO [stderr]    0:     0x55fedda557de - std::sys::unix::backtrace::tracing::imp::unwind_backtrace::h15749a98198ba25f
Dec 01 08:16:02.186 INFO [stderr]                                at libstd/sys/unix/backtrace/tracing/gcc_s.rs:49
Dec 01 08:16:02.186 INFO [stderr]    1:     0x55fedda46d66 - std::sys_common::backtrace::print::h0ba65c811294dbf0
Dec 01 08:16:02.186 INFO [stderr]                                at libstd/sys_common/backtrace.rs:71
Dec 01 08:16:02.187 INFO [stderr]                                at libstd/sys_common/backtrace.rs:59
Dec 01 08:16:02.187 INFO [stderr]    2:     0x55fedda456ad - std::panicking::default_hook::{{closure}}::h42bb31757f0fee64
Dec 01 08:16:02.187 INFO [stderr]                                at libstd/panicking.rs:211
Dec 01 08:16:02.188 INFO [stderr]    3:     0x55fedda45420 - std::panicking::default_hook::hebc8848d7aa7dbd9
Dec 01 08:16:02.188 INFO [stderr]                                at libstd/panicking.rs:227
Dec 01 08:16:02.188 INFO [stderr]    4:     0x55fedda45cac - std::panicking::rust_panic_with_hook::h86e619a638415243
Dec 01 08:16:02.188 INFO [stderr]                                at libstd/panicking.rs:477
Dec 01 08:16:02.189 INFO [stderr]    5:     0x55fedda299ff - std::panicking::begin_panic::h65ef3ad7de42f4ad
Dec 01 08:16:02.189 INFO [stderr]                                at libstd/panicking.rs:411
Dec 01 08:16:02.189 INFO [stderr]    6:     0x55fedda27b3a - build_script_build::main::h46f39c458748acff
Dec 01 08:16:02.189 INFO [stderr]                                at /cargo-home/registry/src/github.com-1ecc6299db9ec823/pear_codegen-0.0.20/build.rs:31
Dec 01 08:16:02.190 INFO [stderr]    7:     0x55fedda2a2ef - std::rt::lang_start::{{closure}}::h104f159df20e8d81
Dec 01 08:16:02.190 INFO [stderr]                                at libstd/rt.rs:74
Dec 01 08:16:02.190 INFO [stderr]    8:     0x55fedda45752 - std::panicking::try::do_call::h47665672c57b11e4
Dec 01 08:16:02.190 INFO [stderr]                                at libstd/rt.rs:59
Dec 01 08:16:02.190 INFO [stderr]                                at libstd/panicking.rs:310
Dec 01 08:16:02.190 INFO [stderr]    9:     0x55fedda66709 - __rust_maybe_catch_panic
Dec 01 08:16:02.190 INFO [stderr]                                at libpanic_unwind/lib.rs:103
Dec 01 08:16:02.190 INFO [stderr]   10:     0x55fedda507d5 - std::rt::lang_start_internal::had9505969b8e20a2
Dec 01 08:16:02.190 INFO [stderr]                                at libstd/panicking.rs:289
Dec 01 08:16:02.190 INFO [stderr]                                at libstd/panic.rs:392
Dec 01 08:16:02.190 INFO [stderr]                                at libstd/rt.rs:58
Dec 01 08:16:02.190 INFO [stderr]   11:     0x55fedda2a2c7 - std::rt::lang_start::h6c12a89b5498f3bc
Dec 01 08:16:02.190 INFO [stderr]                                at libstd/rt.rs:74
Dec 01 08:16:02.190 INFO [stderr]   12:     0x55fedda289e9 - main
Dec 01 08:16:02.190 INFO [stderr]   13:     0x7f5e30c5082f - __libc_start_main
Dec 01 08:16:02.190 INFO [stderr]   14:     0x55fedda27428 - _start
Dec 01 08:16:02.190 INFO [stderr]   15:                0x0 - <unknown>
Dec 01 08:16:02.190 INFO [stderr] 
Dec 01 08:16:02.190 INFO [stderr] warning: build failed, waiting for other jobs to finish...
Dec 01 08:16:05.030 INFO [stderr] error[E0554]: #![feature] may not be used on the stable release channel
Dec 01 08:16:05.030 INFO [stderr]   --> /cargo-home/registry/src/github.com-1ecc6299db9ec823/literalext-0.1.1/src/lib.rs:19:37
Dec 01 08:16:05.030 INFO [stderr]    |
Dec 01 08:16:05.030 INFO [stderr] 19 | #![cfg_attr(feature = "proc-macro", feature(proc_macro))]
Dec 01 08:16:05.030 INFO [stderr]    |                                     ^^^^^^^^^^^^^^^^^^^^
Dec 01 08:16:05.030 INFO [stderr] 
Dec 01 08:16:05.033 INFO [stderr] error: aborting due to previous error
Dec 01 08:16:05.033 INFO [stderr] 
Dec 01 08:16:05.033 INFO [stderr] For more information about this error, try `rustc --explain E0554`.
Dec 01 08:16:05.043 INFO [stderr] error: Could not compile `literalext`.
Dec 01 08:16:05.044 INFO [stderr] warning: build failed, waiting for other jobs to finish...
Dec 01 08:16:14.164 INFO [stderr] error: build failed
Dec 01 08:16:14.171 INFO [stderr] su: No module specific data is present
Dec 01 08:16:14.942 INFO running `"docker" "inspect" "bdca8538fdcdd7083462eda6b381d0643a8f3334b384f218116c52043e838e9a"`
Dec 01 08:16:15.234 INFO running `"docker" "rm" "-f" "bdca8538fdcdd7083462eda6b381d0643a8f3334b384f218116c52043e838e9a"`
Dec 01 08:16:15.573 INFO [stdout] bdca8538fdcdd7083462eda6b381d0643a8f3334b384f218116c52043e838e9a
