Dec 01 08:22:48.097 INFO testing mthiesen/link-patcher against 1.30.1 for beta-1.31-5
Dec 01 08:22:48.097 INFO running `"docker" "create" "-v" "/mnt/big/crater/work/local/target-dirs/beta-1.31-5/worker-1/1.30.1:/target:rw,Z" "-v" "/mnt/big/crater/work/local/test-source/worker-1/beta-1.31-5/1.30.1:/source:ro,Z" "-v" "/mnt/big/crater/work/local/cargo-home:/cargo-home:ro,Z" "-v" "/mnt/big/crater/work/local/rustup-home:/rustup-home:ro,Z" "-e" "USER_ID=1000" "-e" "SOURCE_DIR=/source" "-e" "USER_ID=1000" "-e" "CMD=cargo +1.30.1 build --frozen" "-e" "CARGO_TARGET_DIR=/target" "-e" "CARGO_INCREMENTAL=0" "-e" "RUST_BACKTRACE=full" "-e" "RUSTFLAGS=--cap-lints=warn" "-e" "CARGO_HOME=/cargo-home" "-e" "RUSTUP_HOME=/rustup-home" "-m" "1536M" "--network" "none" "crater"`
Dec 01 08:22:48.348 INFO [stdout] 300f88ee85e74e646922734d2976ecc817dd039d15d0f7b9731c54cf3dfbf22c
Dec 01 08:22:48.356 INFO running `"docker" "start" "-a" "300f88ee85e74e646922734d2976ecc817dd039d15d0f7b9731c54cf3dfbf22c"`
Dec 01 08:22:48.843 INFO [stderr] usermod: no changes
Dec 01 08:22:48.951 INFO [stderr]    Compiling same-file v1.0.4
Dec 01 08:22:48.951 INFO [stderr]    Compiling rprompt v1.0.3
Dec 01 08:22:48.951 INFO [stderr]    Compiling yansi v0.4.0
Dec 01 08:22:48.953 INFO [stderr]    Compiling backtrace v0.3.9
Dec 01 08:22:48.954 INFO [stderr]    Compiling structopt-derive v0.2.12
Dec 01 08:22:50.251 INFO [stderr]    Compiling walkdir v2.2.6
Dec 01 08:22:51.331 INFO [stderr]    Compiling failure v0.1.3
Dec 01 08:22:54.222 INFO [stderr]    Compiling link-patcher v1.0.0 (/source)
Dec 01 08:22:54.611 INFO [stderr]    Compiling common_failures v0.1.1
Dec 01 08:22:59.865 INFO [stderr]    Compiling structopt v0.2.12
Dec 01 08:23:06.140 INFO [stderr]     Finished dev [unoptimized + debuginfo] target(s) in 17.27s
Dec 01 08:23:06.156 INFO [stderr] su: No module specific data is present
Dec 01 08:23:06.989 INFO running `"docker" "inspect" "300f88ee85e74e646922734d2976ecc817dd039d15d0f7b9731c54cf3dfbf22c"`
Dec 01 08:23:07.277 INFO running `"docker" "rm" "-f" "300f88ee85e74e646922734d2976ecc817dd039d15d0f7b9731c54cf3dfbf22c"`
Dec 01 08:23:07.550 INFO [stdout] 300f88ee85e74e646922734d2976ecc817dd039d15d0f7b9731c54cf3dfbf22c
Dec 01 08:23:07.560 INFO running `"docker" "create" "-v" "/mnt/big/crater/work/local/target-dirs/beta-1.31-5/worker-1/1.30.1:/target:rw,Z" "-v" "/mnt/big/crater/work/local/test-source/worker-1/beta-1.31-5/1.30.1:/source:ro,Z" "-v" "/mnt/big/crater/work/local/cargo-home:/cargo-home:ro,Z" "-v" "/mnt/big/crater/work/local/rustup-home:/rustup-home:ro,Z" "-e" "USER_ID=1000" "-e" "SOURCE_DIR=/source" "-e" "USER_ID=1000" "-e" "CMD=cargo +1.30.1 test --frozen --no-run" "-e" "CARGO_TARGET_DIR=/target" "-e" "CARGO_INCREMENTAL=0" "-e" "RUST_BACKTRACE=full" "-e" "RUSTFLAGS=--cap-lints=warn" "-e" "CARGO_HOME=/cargo-home" "-e" "RUSTUP_HOME=/rustup-home" "-m" "1536M" "--network" "none" "crater"`
Dec 01 08:23:08.004 INFO [stdout] 60dc4ebea1840a0d3ca87dae424900956d0d1846b2a44810f778945456958873
Dec 01 08:23:08.012 INFO running `"docker" "start" "-a" "60dc4ebea1840a0d3ca87dae424900956d0d1846b2a44810f778945456958873"`
Dec 01 08:23:09.072 INFO [stderr] usermod: no changes
Dec 01 08:23:09.203 INFO [stderr]    Compiling winapi v0.3.6
Dec 01 08:23:09.203 INFO [stderr]    Compiling tempfile v3.0.4
Dec 01 08:23:11.427 INFO [stderr]    Compiling winreg v0.5.1
Dec 01 08:23:11.727 INFO [stderr] error[E0433]: failed to resolve. Could not find `windows` in `os`
Dec 01 08:23:11.727 INFO [stderr]    --> /cargo-home/registry/src/github.com-1ecc6299db9ec823/winreg-0.5.1/src/lib.rs:103:14
Dec 01 08:23:11.727 INFO [stderr]     |
Dec 01 08:23:11.727 INFO [stderr] 103 | use std::os::windows::ffi::OsStrExt;
Dec 01 08:23:11.727 INFO [stderr]     |              ^^^^^^^ Could not find `windows` in `os`
Dec 01 08:23:11.727 INFO [stderr] 
Dec 01 08:23:11.727 INFO [stderr] error[E0433]: failed to resolve. Could not find `shared` in `winapi`
Dec 01 08:23:11.727 INFO [stderr]    --> /cargo-home/registry/src/github.com-1ecc6299db9ec823/winreg-0.5.1/src/lib.rs:107:17
Dec 01 08:23:11.727 INFO [stderr]     |
Dec 01 08:23:11.727 INFO [stderr] 107 | pub use winapi::shared::minwindef::HKEY;
Dec 01 08:23:11.727 INFO [stderr]     |                 ^^^^^^ Could not find `shared` in `winapi`
Dec 01 08:23:11.727 INFO [stderr] 
Dec 01 08:23:11.727 INFO [stderr] error[E0433]: failed to resolve. Could not find `shared` in `winapi`
Dec 01 08:23:11.727 INFO [stderr]    --> /cargo-home/registry/src/github.com-1ecc6299db9ec823/winreg-0.5.1/src/lib.rs:108:13
Dec 01 08:23:11.727 INFO [stderr]     |
Dec 01 08:23:11.727 INFO [stderr] 108 | use winapi::shared::minwindef::{DWORD, BYTE, LPBYTE};
Dec 01 08:23:11.727 INFO [stderr]     |             ^^^^^^ Could not find `shared` in `winapi`
Dec 01 08:23:11.727 INFO [stderr] 
Dec 01 08:23:11.727 INFO [stderr] error[E0432]: unresolved import `winapi::shared`
Dec 01 08:23:11.727 INFO [stderr]    --> /cargo-home/registry/src/github.com-1ecc6299db9ec823/winreg-0.5.1/src/lib.rs:106:13
Dec 01 08:23:11.727 INFO [stderr]     |
Dec 01 08:23:11.727 INFO [stderr] 106 | use winapi::shared::winerror;
Dec 01 08:23:11.727 INFO [stderr]     |             ^^^^^^ Could not find `shared` in `winapi`
Dec 01 08:23:11.727 INFO [stderr] 
Dec 01 08:23:11.727 INFO [stderr] error[E0433]: failed to resolve. Could not find `um` in `winapi`
Dec 01 08:23:11.727 INFO [stderr]    --> /cargo-home/registry/src/github.com-1ecc6299db9ec823/winreg-0.5.1/src/lib.rs:109:13
Dec 01 08:23:11.727 INFO [stderr]     |
Dec 01 08:23:11.727 INFO [stderr] 109 | use winapi::um::winnt::{self, WCHAR};
Dec 01 08:23:11.727 INFO [stderr]     |             ^^ Could not find `um` in `winapi`
Dec 01 08:23:11.727 INFO [stderr] 
Dec 01 08:23:11.727 INFO [stderr] error[E0432]: unresolved import `winapi::um`
Dec 01 08:23:11.727 INFO [stderr]    --> /cargo-home/registry/src/github.com-1ecc6299db9ec823/winreg-0.5.1/src/lib.rs:109:13
Dec 01 08:23:11.727 INFO [stderr]     |
Dec 01 08:23:11.727 INFO [stderr] 109 | use winapi::um::winnt::{self, WCHAR};
Dec 01 08:23:11.727 INFO [stderr]     |             ^^ Could not find `um` in `winapi`
Dec 01 08:23:11.727 INFO [stderr] 
Dec 01 08:23:11.727 INFO [stderr] error[E0433]: failed to resolve. Could not find `um` in `winapi`
Dec 01 08:23:11.728 INFO [stderr]  --> /cargo-home/registry/src/github.com-1ecc6299db9ec823/winreg-0.5.1/src/enums.rs:9:17
Dec 01 08:23:11.728 INFO [stderr]   |
Dec 01 08:23:11.728 INFO [stderr] 9 | pub use winapi::um::winreg::{HKEY_CLASSES_ROOT,
Dec 01 08:23:11.728 INFO [stderr]   |                 ^^ Could not find `um` in `winapi`
Dec 01 08:23:11.728 INFO [stderr] 
Dec 01 08:23:11.728 INFO [stderr] error[E0433]: failed to resolve. Could not find `um` in `winapi`
Dec 01 08:23:11.728 INFO [stderr]   --> /cargo-home/registry/src/github.com-1ecc6299db9ec823/winreg-0.5.1/src/enums.rs:19:17
Dec 01 08:23:11.728 INFO [stderr]    |
Dec 01 08:23:11.728 INFO [stderr] 19 | pub use winapi::um::winnt::{KEY_QUERY_VALUE,
Dec 01 08:23:11.728 INFO [stderr]    |                 ^^ Could not find `um` in `winapi`
Dec 01 08:23:11.728 INFO [stderr] 
Dec 01 08:23:11.728 INFO [stderr] error[E0433]: failed to resolve. Could not find `windows` in `os`
Dec 01 08:23:11.728 INFO [stderr]   --> /cargo-home/registry/src/github.com-1ecc6299db9ec823/winreg-0.5.1/src/types.rs:11:14
Dec 01 08:23:11.728 INFO [stderr]    |
Dec 01 08:23:11.728 INFO [stderr] 11 | use std::os::windows::ffi::{OsStrExt,OsStringExt};
Dec 01 08:23:11.728 INFO [stderr]    |              ^^^^^^^ Could not find `windows` in `os`
Dec 01 08:23:11.728 INFO [stderr] 
Dec 01 08:23:11.728 INFO [stderr] error[E0432]: unresolved import `winapi::um`
Dec 01 08:23:11.728 INFO [stderr]    --> /cargo-home/registry/src/github.com-1ecc6299db9ec823/winreg-0.5.1/src/lib.rs:110:13
Dec 01 08:23:11.728 INFO [stderr]     |
Dec 01 08:23:11.728 INFO [stderr] 110 | use winapi::um::winreg as winapi_reg;
Dec 01 08:23:11.728 INFO [stderr]     |             ^^ Could not find `um` in `winapi`
Dec 01 08:23:11.728 INFO [stderr] 
Dec 01 08:23:11.728 INFO [stderr] error[E0432]: unresolved import `super::winapi::shared`
Dec 01 08:23:11.728 INFO [stderr]   --> /cargo-home/registry/src/github.com-1ecc6299db9ec823/winreg-0.5.1/src/types.rs:12:20
Dec 01 08:23:11.728 INFO [stderr]    |
Dec 01 08:23:11.728 INFO [stderr] 12 | use super::winapi::shared::winerror;
Dec 01 08:23:11.728 INFO [stderr]    |                    ^^^^^^ Could not find `shared` in `winapi`
Dec 01 08:23:11.728 INFO [stderr] 
Dec 01 08:23:11.740 INFO [stderr] error[E0433]: failed to resolve. Could not find `um` in `winapi`
Dec 01 08:23:11.740 INFO [stderr]   --> /cargo-home/registry/src/github.com-1ecc6299db9ec823/winreg-0.5.1/src/enums.rs:39:29
Dec 01 08:23:11.740 INFO [stderr]    |
Dec 01 08:23:11.740 INFO [stderr] 39 |               $( $v = winapi::um::winnt::$v as isize ),*
Dec 01 08:23:11.740 INFO [stderr]    |                               ^^ Could not find `um` in `winapi`
Dec 01 08:23:11.740 INFO [stderr] ...
Dec 01 08:23:11.740 INFO [stderr] 44 | / winapi_enum!(RegType, "Enumeration of possible registry value types" => [
Dec 01 08:23:11.740 INFO [stderr] 45 | | REG_NONE,
Dec 01 08:23:11.740 INFO [stderr] 46 | | REG_SZ,
Dec 01 08:23:11.740 INFO [stderr] 47 | | REG_EXPAND_SZ,
Dec 01 08:23:11.740 INFO [stderr] ...  |
Dec 01 08:23:11.740 INFO [stderr] 56 | | REG_QWORD
Dec 01 08:23:11.740 INFO [stderr] 57 | | ]);
Dec 01 08:23:11.740 INFO [stderr]    | |___- in this macro invocation
Dec 01 08:23:11.740 INFO [stderr] 
Dec 01 08:23:11.872 INFO [stderr] error[E0412]: cannot find type `DWORD` in this scope
Dec 01 08:23:11.872 INFO [stderr]    --> /cargo-home/registry/src/github.com-1ecc6299db9ec823/winreg-0.5.1/src/lib.rs:136:19
Dec 01 08:23:11.872 INFO [stderr]     |
Dec 01 08:23:11.873 INFO [stderr] 136 |     pub sub_keys: DWORD,
Dec 01 08:23:11.873 INFO [stderr]     |                   ^^^^^ not found in this scope
Dec 01 08:23:11.873 INFO [stderr] 
Dec 01 08:23:11.873 INFO [stderr] error[E0412]: cannot find type `DWORD` in this scope
Dec 01 08:23:11.873 INFO [stderr]    --> /cargo-home/registry/src/github.com-1ecc6299db9ec823/winreg-0.5.1/src/lib.rs:137:26
Dec 01 08:23:11.873 INFO [stderr]     |
Dec 01 08:23:11.873 INFO [stderr] 137 |     pub max_sub_key_len: DWORD,
Dec 01 08:23:11.873 INFO [stderr]     |                          ^^^^^ not found in this scope
Dec 01 08:23:11.873 INFO [stderr] 
Dec 01 08:23:11.873 INFO [stderr] error[E0412]: cannot find type `DWORD` in this scope
Dec 01 08:23:11.873 INFO [stderr]    --> /cargo-home/registry/src/github.com-1ecc6299db9ec823/winreg-0.5.1/src/lib.rs:138:24
Dec 01 08:23:11.873 INFO [stderr]     |
Dec 01 08:23:11.873 INFO [stderr] 138 |     pub max_class_len: DWORD,
Dec 01 08:23:11.873 INFO [stderr]     |                        ^^^^^ not found in this scope
Dec 01 08:23:11.873 INFO [stderr] 
Dec 01 08:23:11.873 INFO [stderr] error[E0412]: cannot find type `DWORD` in this scope
Dec 01 08:23:11.873 INFO [stderr]    --> /cargo-home/registry/src/github.com-1ecc6299db9ec823/winreg-0.5.1/src/lib.rs:139:17
Dec 01 08:23:11.873 INFO [stderr]     |
Dec 01 08:23:11.873 INFO [stderr] 139 |     pub values: DWORD,
Dec 01 08:23:11.873 INFO [stderr]     |                 ^^^^^ not found in this scope
Dec 01 08:23:11.873 INFO [stderr] 
Dec 01 08:23:11.873 INFO [stderr] error[E0412]: cannot find type `DWORD` in this scope
Dec 01 08:23:11.873 INFO [stderr]    --> /cargo-home/registry/src/github.com-1ecc6299db9ec823/winreg-0.5.1/src/lib.rs:140:29
Dec 01 08:23:11.873 INFO [stderr]     |
Dec 01 08:23:11.873 INFO [stderr] 140 |     pub max_value_name_len: DWORD,
Dec 01 08:23:11.873 INFO [stderr]     |                             ^^^^^ not found in this scope
Dec 01 08:23:11.874 INFO [stderr] 
Dec 01 08:23:11.874 INFO [stderr] error[E0412]: cannot find type `DWORD` in this scope
Dec 01 08:23:11.874 INFO [stderr]    --> /cargo-home/registry/src/github.com-1ecc6299db9ec823/winreg-0.5.1/src/lib.rs:141:24
Dec 01 08:23:11.874 INFO [stderr]     |
Dec 01 08:23:11.874 INFO [stderr] 141 |     pub max_value_len: DWORD,
Dec 01 08:23:11.874 INFO [stderr]     |                        ^^^^^ not found in this scope
Dec 01 08:23:11.874 INFO [stderr] 
Dec 01 08:23:11.874 INFO [stderr] error[E0412]: cannot find type `HKEY` in this scope
Dec 01 08:23:11.874 INFO [stderr]    --> /cargo-home/registry/src/github.com-1ecc6299db9ec823/winreg-0.5.1/src/lib.rs:183:11
Dec 01 08:23:11.874 INFO [stderr]     |
Dec 01 08:23:11.874 INFO [stderr] 183 |     hkey: HKEY,
Dec 01 08:23:11.874 INFO [stderr]     |           ^^^^ not found in this scope
Dec 01 08:23:11.874 INFO [stderr] 
Dec 01 08:23:11.874 INFO [stderr] error[E0412]: cannot find type `HKEY` in this scope
Dec 01 08:23:11.874 INFO [stderr]    --> /cargo-home/registry/src/github.com-1ecc6299db9ec823/winreg-0.5.1/src/lib.rs:209:25
Dec 01 08:23:11.874 INFO [stderr]     |
Dec 01 08:23:11.874 INFO [stderr] 209 |     pub fn predef(hkey: HKEY) -> RegKey {
Dec 01 08:23:11.874 INFO [stderr]     |                         ^^^^ not found in this scope
Dec 01 08:23:11.874 INFO [stderr] 
Dec 01 08:23:11.874 INFO [stderr] error[E0412]: cannot find type `HKEY` in this scope
Dec 01 08:23:11.874 INFO [stderr]    --> /cargo-home/registry/src/github.com-1ecc6299db9ec823/winreg-0.5.1/src/lib.rs:224:33
Dec 01 08:23:11.874 INFO [stderr]     |
Dec 01 08:23:11.874 INFO [stderr] 224 |     pub fn raw_handle(&self) -> HKEY {
Dec 01 08:23:11.874 INFO [stderr]     |                                 ^^^^ not found in this scope
Dec 01 08:23:11.874 INFO [stderr] 
Dec 01 08:23:11.874 INFO [stderr] error[E0425]: cannot find value `KEY_READ` in module `enums`
Dec 01 08:23:11.874 INFO [stderr]    --> /cargo-home/registry/src/github.com-1ecc6299db9ec823/winreg-0.5.1/src/lib.rs:242:50
Dec 01 08:23:11.874 INFO [stderr]     |
Dec 01 08:23:11.874 INFO [stderr] 242 |         self.open_subkey_with_flags(path, enums::KEY_READ)
Dec 01 08:23:11.874 INFO [stderr]     |                                                  ^^^^^^^^ not found in `enums`
Dec 01 08:23:11.874 INFO [stderr] 
Dec 01 08:23:11.874 INFO [stderr] error[E0412]: cannot find type `HKEY` in this scope
Dec 01 08:23:11.874 INFO [stderr]    --> /cargo-home/registry/src/github.com-1ecc6299db9ec823/winreg-0.5.1/src/lib.rs:258:27
Dec 01 08:23:11.874 INFO [stderr]     |
Dec 01 08:23:11.874 INFO [stderr] 258 |         let mut new_hkey: HKEY = ptr::null_mut();
Dec 01 08:23:11.874 INFO [stderr]     |                           ^^^^ not found in this scope
Dec 01 08:23:11.874 INFO [stderr] 
Dec 01 08:23:11.874 INFO [stderr] error[E0412]: cannot find type `DWORD` in this scope
Dec 01 08:23:11.874 INFO [stderr]    --> /cargo-home/registry/src/github.com-1ecc6299db9ec823/winreg-0.5.1/src/lib.rs:266:18
Dec 01 08:23:11.874 INFO [stderr]     |
Dec 01 08:23:11.874 INFO [stderr] 266 |             ) as DWORD
Dec 01 08:23:11.874 INFO [stderr]     |                  ^^^^^ not found in this scope
Dec 01 08:23:11.874 INFO [stderr] 
Dec 01 08:23:11.874 INFO [stderr] error[E0425]: cannot find value `KEY_ALL_ACCESS` in module `enums`
Dec 01 08:23:11.874 INFO [stderr]    --> /cargo-home/registry/src/github.com-1ecc6299db9ec823/winreg-0.5.1/src/lib.rs:317:52
Dec 01 08:23:11.874 INFO [stderr]     |
Dec 01 08:23:11.874 INFO [stderr] 317 |         self.create_subkey_with_flags(path, enums::KEY_ALL_ACCESS)
Dec 01 08:23:11.874 INFO [stderr]     |                                                    ^^^^^^^^^^^^^^ not found in `enums`
Dec 01 08:23:11.874 INFO [stderr] 
Dec 01 08:23:11.874 INFO [stderr] error[E0412]: cannot find type `HKEY` in this scope
Dec 01 08:23:11.874 INFO [stderr]    --> /cargo-home/registry/src/github.com-1ecc6299db9ec823/winreg-0.5.1/src/lib.rs:322:27
Dec 01 08:23:11.874 INFO [stderr]     |
Dec 01 08:23:11.874 INFO [stderr] 322 |         let mut new_hkey: HKEY = ptr::null_mut();
Dec 01 08:23:11.874 INFO [stderr]     |                           ^^^^ not found in this scope
Dec 01 08:23:11.874 INFO [stderr] 
Dec 01 08:23:11.874 INFO [stderr] error[E0412]: cannot find type `DWORD` in this scope
Dec 01 08:23:11.874 INFO [stderr]    --> /cargo-home/registry/src/github.com-1ecc6299db9ec823/winreg-0.5.1/src/lib.rs:323:23
Dec 01 08:23:11.874 INFO [stderr]     |
Dec 01 08:23:11.874 INFO [stderr] 323 |         let mut disp: DWORD = 0;
Dec 01 08:23:11.874 INFO [stderr]     |                       ^^^^^ not found in this scope
Dec 01 08:23:11.874 INFO [stderr] 
Dec 01 08:23:11.874 INFO [stderr] error[E0412]: cannot find type `DWORD` in this scope
Dec 01 08:23:11.874 INFO [stderr]    --> /cargo-home/registry/src/github.com-1ecc6299db9ec823/winreg-0.5.1/src/lib.rs:419:18
Dec 01 08:23:11.874 INFO [stderr]     |
Dec 01 08:23:11.874 INFO [stderr] 419 |             ) as DWORD
Dec 01 08:23:11.874 INFO [stderr]     |                  ^^^^^ not found in this scope
Dec 01 08:23:11.874 INFO [stderr] 
Dec 01 08:23:11.874 INFO [stderr] error[E0412]: cannot find type `DWORD` in this scope
Dec 01 08:23:11.874 INFO [stderr]    --> /cargo-home/registry/src/github.com-1ecc6299db9ec823/winreg-0.5.1/src/lib.rs:481:18
Dec 01 08:23:11.874 INFO [stderr]     |
Dec 01 08:23:11.874 INFO [stderr] 481 |             ) as DWORD
Dec 01 08:23:11.874 INFO [stderr]     |                  ^^^^^ not found in this scope
Dec 01 08:23:11.874 INFO [stderr] 
Dec 01 08:23:11.874 INFO [stderr] error[E0412]: cannot find type `DWORD` in this scope
Dec 01 08:23:11.874 INFO [stderr]    --> /cargo-home/registry/src/github.com-1ecc6299db9ec823/winreg-0.5.1/src/lib.rs:531:18
Dec 01 08:23:11.874 INFO [stderr]     |
Dec 01 08:23:11.874 INFO [stderr] 531 |             ) as DWORD
Dec 01 08:23:11.874 INFO [stderr]     |                  ^^^^^ not found in this scope
Dec 01 08:23:11.874 INFO [stderr] 
Dec 01 08:23:11.874 INFO [stderr] error[E0412]: cannot find type `DWORD` in this scope
Dec 01 08:23:11.874 INFO [stderr]    --> /cargo-home/registry/src/github.com-1ecc6299db9ec823/winreg-0.5.1/src/lib.rs:574:26
Dec 01 08:23:11.874 INFO [stderr]     |
Dec 01 08:23:11.874 INFO [stderr] 574 |         let mut buf_len: DWORD = 2048;
Dec 01 08:23:11.874 INFO [stderr]     |                          ^^^^^ not found in this scope
Dec 01 08:23:11.875 INFO [stderr] 
Dec 01 08:23:11.875 INFO [stderr] error[E0412]: cannot find type `DWORD` in this scope
Dec 01 08:23:11.875 INFO [stderr]    --> /cargo-home/registry/src/github.com-1ecc6299db9ec823/winreg-0.5.1/src/lib.rs:575:27
Dec 01 08:23:11.875 INFO [stderr]     |
Dec 01 08:23:11.875 INFO [stderr] 575 |         let mut buf_type: DWORD = 0;
Dec 01 08:23:11.875 INFO [stderr]     |                           ^^^^^ not found in this scope
Dec 01 08:23:11.875 INFO [stderr] 
Dec 01 08:23:11.875 INFO [stderr] error[E0412]: cannot find type `LPBYTE` in this scope
Dec 01 08:23:11.875 INFO [stderr]    --> /cargo-home/registry/src/github.com-1ecc6299db9ec823/winreg-0.5.1/src/lib.rs:584:41
Dec 01 08:23:11.875 INFO [stderr]     |
Dec 01 08:23:11.875 INFO [stderr] 584 |                     buf.as_mut_ptr() as LPBYTE,
Dec 01 08:23:11.875 INFO [stderr]     |                                         ^^^^^^ not found in this scope
Dec 01 08:23:11.875 INFO [stderr] 
Dec 01 08:23:11.875 INFO [stderr] error[E0412]: cannot find type `DWORD` in this scope
Dec 01 08:23:11.875 INFO [stderr]    --> /cargo-home/registry/src/github.com-1ecc6299db9ec823/winreg-0.5.1/src/lib.rs:586:22
Dec 01 08:23:11.875 INFO [stderr]     |
Dec 01 08:23:11.875 INFO [stderr] 586 |                 ) as DWORD
Dec 01 08:23:11.875 INFO [stderr]     |                      ^^^^^ not found in this scope
Dec 01 08:23:11.875 INFO [stderr] 
Dec 01 08:23:11.875 INFO [stderr] error[E0412]: cannot find type `DWORD` in this scope
Dec 01 08:23:11.875 INFO [stderr]    --> /cargo-home/registry/src/github.com-1ecc6299db9ec823/winreg-0.5.1/src/lib.rs:640:40
Dec 01 08:23:11.875 INFO [stderr]     |
Dec 01 08:23:11.875 INFO [stderr] 640 |         let t = value.vtype.clone() as DWORD;
Dec 01 08:23:11.875 INFO [stderr]     |                                        ^^^^^ not found in this scope
Dec 01 08:23:11.875 INFO [stderr] 
Dec 01 08:23:11.875 INFO [stderr] error[E0412]: cannot find type `BYTE` in this scope
Dec 01 08:23:11.875 INFO [stderr]    --> /cargo-home/registry/src/github.com-1ecc6299db9ec823/winreg-0.5.1/src/lib.rs:647:48
Dec 01 08:23:11.875 INFO [stderr]     |
Dec 01 08:23:11.875 INFO [stderr] 647 |                 value.bytes.as_ptr() as *const BYTE,
Dec 01 08:23:11.875 INFO [stderr]     |                                                ^^^^ not found in this scope
Dec 01 08:23:11.875 INFO [stderr] 
Dec 01 08:23:11.875 INFO [stderr] error[E0412]: cannot find type `DWORD` in this scope
Dec 01 08:23:11.875 INFO [stderr]    --> /cargo-home/registry/src/github.com-1ecc6299db9ec823/winreg-0.5.1/src/lib.rs:649:18
Dec 01 08:23:11.875 INFO [stderr]     |
Dec 01 08:23:11.875 INFO [stderr] 649 |             ) as DWORD
Dec 01 08:23:11.875 INFO [stderr]     |                  ^^^^^ not found in this scope
Dec 01 08:23:11.875 INFO [stderr] 
Dec 01 08:23:11.875 INFO [stderr] error[E0412]: cannot find type `DWORD` in this scope
Dec 01 08:23:11.875 INFO [stderr]    --> /cargo-home/registry/src/github.com-1ecc6299db9ec823/winreg-0.5.1/src/lib.rs:674:18
Dec 01 08:23:11.875 INFO [stderr]     |
Dec 01 08:23:11.875 INFO [stderr] 674 |             ) as DWORD
Dec 01 08:23:11.875 INFO [stderr]     |                  ^^^^^ not found in this scope
Dec 01 08:23:11.875 INFO [stderr] 
Dec 01 08:23:11.875 INFO [stderr] error[E0425]: cannot find value `HKEY_CLASSES_ROOT` in module `enums`
Dec 01 08:23:11.875 INFO [stderr]    --> /cargo-home/registry/src/github.com-1ecc6299db9ec823/winreg-0.5.1/src/lib.rs:775:32
Dec 01 08:23:11.875 INFO [stderr]     |
Dec 01 08:23:11.875 INFO [stderr] 775 |         if self.hkey >= enums::HKEY_CLASSES_ROOT { return Ok(()) };
Dec 01 08:23:11.875 INFO [stderr]     |                                ^^^^^^^^^^^^^^^^^ not found in `enums`
Dec 01 08:23:11.875 INFO [stderr] 
Dec 01 08:23:11.875 INFO [stderr] error[E0412]: cannot find type `DWORD` in this scope
Dec 01 08:23:11.875 INFO [stderr]    --> /cargo-home/registry/src/github.com-1ecc6299db9ec823/winreg-0.5.1/src/lib.rs:777:51
Dec 01 08:23:11.875 INFO [stderr]     |
Dec 01 08:23:11.875 INFO [stderr] 777 |             winapi_reg::RegCloseKey(self.hkey) as DWORD
Dec 01 08:23:11.875 INFO [stderr]     |                                                   ^^^^^ not found in this scope
Dec 01 08:23:11.875 INFO [stderr] 
Dec 01 08:23:11.875 INFO [stderr] error[E0412]: cannot find type `DWORD` in this scope
Dec 01 08:23:11.875 INFO [stderr]    --> /cargo-home/registry/src/github.com-1ecc6299db9ec823/winreg-0.5.1/src/lib.rs:784:31
Dec 01 08:23:11.875 INFO [stderr]     |
Dec 01 08:23:11.875 INFO [stderr] 784 |     fn enum_key(&self, index: DWORD) -> Option<io::Result<String>> {
Dec 01 08:23:11.875 INFO [stderr]     |                               ^^^^^ not found in this scope
Dec 01 08:23:11.875 INFO [stderr] 
Dec 01 08:23:11.875 INFO [stderr] error[E0412]: cannot find type `WCHAR` in this scope
Dec 01 08:23:11.875 INFO [stderr]    --> /cargo-home/registry/src/github.com-1ecc6299db9ec823/winreg-0.5.1/src/lib.rs:786:30
Dec 01 08:23:11.875 INFO [stderr]     |
Dec 01 08:23:11.875 INFO [stderr] 786 |         let mut name = [0 as WCHAR; 2048];
Dec 01 08:23:11.875 INFO [stderr]     |                              ^^^^^ not found in this scope
Dec 01 08:23:11.875 INFO [stderr] 
Dec 01 08:23:11.875 INFO [stderr] error[E0412]: cannot find type `DWORD` in this scope
Dec 01 08:23:11.875 INFO [stderr]    --> /cargo-home/registry/src/github.com-1ecc6299db9ec823/winreg-0.5.1/src/lib.rs:797:18
Dec 01 08:23:11.875 INFO [stderr]     |
Dec 01 08:23:11.875 INFO [stderr] 797 |             ) as DWORD
Dec 01 08:23:11.875 INFO [stderr]     |                  ^^^^^ not found in this scope
Dec 01 08:23:11.875 INFO [stderr] 
Dec 01 08:23:11.875 INFO [stderr] error[E0412]: cannot find type `DWORD` in this scope
Dec 01 08:23:11.875 INFO [stderr]    --> /cargo-home/registry/src/github.com-1ecc6299db9ec823/winreg-0.5.1/src/lib.rs:812:33
Dec 01 08:23:11.875 INFO [stderr]     |
Dec 01 08:23:11.875 INFO [stderr] 812 |     fn enum_value(&self, index: DWORD) -> Option<io::Result<(String, RegValue)>> {
Dec 01 08:23:11.875 INFO [stderr]     |                                 ^^^^^ not found in this scope
Dec 01 08:23:11.875 INFO [stderr] 
Dec 01 08:23:11.875 INFO [stderr] error[E0412]: cannot find type `WCHAR` in this scope
Dec 01 08:23:11.875 INFO [stderr]    --> /cargo-home/registry/src/github.com-1ecc6299db9ec823/winreg-0.5.1/src/lib.rs:814:30
Dec 01 08:23:11.875 INFO [stderr]     |
Dec 01 08:23:11.876 INFO [stderr] 814 |         let mut name = [0 as WCHAR; 2048];
Dec 01 08:23:11.876 INFO [stderr]     |                              ^^^^^ not found in this scope
Dec 01 08:23:11.876 INFO [stderr] 
Dec 01 08:23:11.876 INFO [stderr] error[E0412]: cannot find type `DWORD` in this scope
Dec 01 08:23:11.876 INFO [stderr]    --> /cargo-home/registry/src/github.com-1ecc6299db9ec823/winreg-0.5.1/src/lib.rs:816:26
Dec 01 08:23:11.876 INFO [stderr]     |
Dec 01 08:23:11.876 INFO [stderr] 816 |         let mut buf_len: DWORD = 2048;
Dec 01 08:23:11.876 INFO [stderr]     |                          ^^^^^ not found in this scope
Dec 01 08:23:11.876 INFO [stderr] 
Dec 01 08:23:11.876 INFO [stderr] error[E0412]: cannot find type `DWORD` in this scope
Dec 01 08:23:11.876 INFO [stderr]    --> /cargo-home/registry/src/github.com-1ecc6299db9ec823/winreg-0.5.1/src/lib.rs:817:27
Dec 01 08:23:11.876 INFO [stderr]     |
Dec 01 08:23:11.876 INFO [stderr] 817 |         let mut buf_type: DWORD = 0;
Dec 01 08:23:11.876 INFO [stderr]     |                           ^^^^^ not found in this scope
Dec 01 08:23:11.876 INFO [stderr] 
Dec 01 08:23:11.876 INFO [stderr] error[E0412]: cannot find type `LPBYTE` in this scope
Dec 01 08:23:11.876 INFO [stderr]    --> /cargo-home/registry/src/github.com-1ecc6299db9ec823/winreg-0.5.1/src/lib.rs:828:41
Dec 01 08:23:11.876 INFO [stderr]     |
Dec 01 08:23:11.876 INFO [stderr] 828 |                     buf.as_mut_ptr() as LPBYTE,
Dec 01 08:23:11.876 INFO [stderr]     |                                         ^^^^^^ not found in this scope
Dec 01 08:23:11.876 INFO [stderr] 
Dec 01 08:23:11.876 INFO [stderr] error[E0412]: cannot find type `DWORD` in this scope
Dec 01 08:23:11.876 INFO [stderr]    --> /cargo-home/registry/src/github.com-1ecc6299db9ec823/winreg-0.5.1/src/lib.rs:830:22
Dec 01 08:23:11.876 INFO [stderr]     |
Dec 01 08:23:11.876 INFO [stderr] 830 |                 ) as DWORD
Dec 01 08:23:11.876 INFO [stderr]     |                      ^^^^^ not found in this scope
Dec 01 08:23:11.876 INFO [stderr] 
Dec 01 08:23:11.876 INFO [stderr] error[E0412]: cannot find type `DWORD` in this scope
Dec 01 08:23:11.876 INFO [stderr]    --> /cargo-home/registry/src/github.com-1ecc6299db9ec823/winreg-0.5.1/src/lib.rs:866:12
Dec 01 08:23:11.876 INFO [stderr]     |
Dec 01 08:23:11.876 INFO [stderr] 866 |     index: DWORD,
Dec 01 08:23:11.876 INFO [stderr]     |            ^^^^^ not found in this scope
Dec 01 08:23:11.876 INFO [stderr] 
Dec 01 08:23:11.876 INFO [stderr] error[E0412]: cannot find type `DWORD` in this scope
Dec 01 08:23:11.876 INFO [stderr]    --> /cargo-home/registry/src/github.com-1ecc6299db9ec823/winreg-0.5.1/src/lib.rs:886:12
Dec 01 08:23:11.876 INFO [stderr]     |
Dec 01 08:23:11.876 INFO [stderr] 886 |     index: DWORD,
Dec 01 08:23:11.876 INFO [stderr]     |            ^^^^^ not found in this scope
Dec 01 08:23:11.876 INFO [stderr] 
Dec 01 08:23:12.013 INFO [stderr] error[E0599]: no method named `encode_wide` found for type `&std::ffi::OsStr` in the current scope
Dec 01 08:23:12.014 INFO [stderr]    --> /cargo-home/registry/src/github.com-1ecc6299db9ec823/winreg-0.5.1/src/lib.rs:904:16
Dec 01 08:23:12.015 INFO [stderr]     |
Dec 01 08:23:12.015 INFO [stderr] 904 |     s.as_ref().encode_wide().chain(Some(0).into_iter()).collect()
Dec 01 08:23:12.015 INFO [stderr]     |                ^^^^^^^^^^^
Dec 01 08:23:12.015 INFO [stderr] 
Dec 01 08:23:12.030 INFO [stderr] error[E0599]: no function or associated item named `from_wide` found for type `std::ffi::OsString` in the current scope
Dec 01 08:23:12.030 INFO [stderr]   --> /cargo-home/registry/src/github.com-1ecc6299db9ec823/winreg-0.5.1/src/types.rs:54:25
Dec 01 08:23:12.030 INFO [stderr]    |
Dec 01 08:23:12.030 INFO [stderr] 54 |                 let s = OsString::from_wide(words);
Dec 01 08:23:12.030 INFO [stderr]    |                         ^^^^^^^^^^^^^^^^^^^ function or associated item not found in `std::ffi::OsString`
Dec 01 08:23:12.030 INFO [stderr] 
Dec 01 08:23:12.031 INFO [stderr] error[E0599]: no method named `encode_wide` found for type `&&'a std::ffi::OsStr` in the current scope
Dec 01 08:23:12.031 INFO [stderr]    --> /cargo-home/registry/src/github.com-1ecc6299db9ec823/winreg-0.5.1/src/types.rs:113:37
Dec 01 08:23:12.031 INFO [stderr]     |
Dec 01 08:23:12.031 INFO [stderr] 113 |             bytes: v16_to_v8(&(self.encode_wide().collect::<Vec<_>>())),
Dec 01 08:23:12.031 INFO [stderr]     |                                     ^^^^^^^^^^^
Dec 01 08:23:12.031 INFO [stderr] 
Dec 01 08:23:12.034 INFO [stderr] error: aborting due to 54 previous errors
Dec 01 08:23:12.034 INFO [stderr] 
Dec 01 08:23:12.034 INFO [stderr] Some errors occurred: E0412, E0425, E0432, E0433, E0599.
Dec 01 08:23:12.034 INFO [stderr] For more information about an error, try `rustc --explain E0412`.
Dec 01 08:23:12.051 INFO [stderr] error: Could not compile `winreg`.
Dec 01 08:23:12.051 INFO [stderr] 
Dec 01 08:23:12.051 INFO [stderr] To learn more, run the command again with --verbose.
Dec 01 08:23:12.063 INFO [stderr] su: No module specific data is present
Dec 01 08:23:12.478 INFO running `"docker" "inspect" "60dc4ebea1840a0d3ca87dae424900956d0d1846b2a44810f778945456958873"`
Dec 01 08:23:12.590 INFO running `"docker" "rm" "-f" "60dc4ebea1840a0d3ca87dae424900956d0d1846b2a44810f778945456958873"`
Dec 01 08:23:12.697 INFO [stdout] 60dc4ebea1840a0d3ca87dae424900956d0d1846b2a44810f778945456958873
