Dec 01 09:06:21.680 INFO testing mjhoy/chess against 1.30.1 for beta-1.31-5
Dec 01 09:06:21.680 INFO running `"docker" "create" "-v" "/mnt/big/crater/work/local/target-dirs/beta-1.31-5/worker-0/1.30.1:/target:rw,Z" "-v" "/mnt/big/crater/work/local/test-source/worker-0/beta-1.31-5/1.30.1:/source:ro,Z" "-v" "/mnt/big/crater/work/local/cargo-home:/cargo-home:ro,Z" "-v" "/mnt/big/crater/work/local/rustup-home:/rustup-home:ro,Z" "-e" "USER_ID=1000" "-e" "SOURCE_DIR=/source" "-e" "USER_ID=1000" "-e" "CMD=cargo +1.30.1 build --frozen" "-e" "CARGO_TARGET_DIR=/target" "-e" "CARGO_INCREMENTAL=0" "-e" "RUST_BACKTRACE=full" "-e" "RUSTFLAGS=--cap-lints=warn" "-e" "CARGO_HOME=/cargo-home" "-e" "RUSTUP_HOME=/rustup-home" "-m" "1536M" "--network" "none" "crater"`
Dec 01 09:06:21.941 INFO [stdout] 2a155006c183ef4ba36f6b3ede00b92bd5ac5b69194ce181c772ec290e8c9ce8
Dec 01 09:06:21.943 INFO running `"docker" "start" "-a" "2a155006c183ef4ba36f6b3ede00b92bd5ac5b69194ce181c772ec290e8c9ce8"`
Dec 01 09:06:22.467 INFO [stderr] usermod: no changes
Dec 01 09:06:22.551 INFO [stderr]    Compiling num-complex v0.2.0
Dec 01 09:06:22.551 INFO [stderr]    Compiling libm v0.1.2
Dec 01 09:06:22.552 INFO [stderr]    Compiling rand v0.5.5
Dec 01 09:06:22.552 INFO [stderr]    Compiling approx v0.3.0
Dec 01 09:06:22.553 INFO [stderr]    Compiling generic-array v0.11.1
Dec 01 09:06:25.447 INFO [stderr]    Compiling alga v0.7.1
Dec 01 09:06:30.004 INFO [stderr]    Compiling nalgebra v0.16.0
Dec 01 09:07:00.638 INFO [stderr]    Compiling chess v0.1.0 (/source)
Dec 01 09:07:03.912 INFO [stderr]     Finished dev [unoptimized + debuginfo] target(s) in 41.41s
Dec 01 09:07:03.916 INFO [stderr] su: No module specific data is present
Dec 01 09:07:05.180 INFO running `"docker" "inspect" "2a155006c183ef4ba36f6b3ede00b92bd5ac5b69194ce181c772ec290e8c9ce8"`
Dec 01 09:07:05.403 INFO running `"docker" "rm" "-f" "2a155006c183ef4ba36f6b3ede00b92bd5ac5b69194ce181c772ec290e8c9ce8"`
Dec 01 09:07:05.663 INFO [stdout] 2a155006c183ef4ba36f6b3ede00b92bd5ac5b69194ce181c772ec290e8c9ce8
Dec 01 09:07:05.665 INFO running `"docker" "create" "-v" "/mnt/big/crater/work/local/target-dirs/beta-1.31-5/worker-0/1.30.1:/target:rw,Z" "-v" "/mnt/big/crater/work/local/test-source/worker-0/beta-1.31-5/1.30.1:/source:ro,Z" "-v" "/mnt/big/crater/work/local/cargo-home:/cargo-home:ro,Z" "-v" "/mnt/big/crater/work/local/rustup-home:/rustup-home:ro,Z" "-e" "USER_ID=1000" "-e" "SOURCE_DIR=/source" "-e" "USER_ID=1000" "-e" "CMD=cargo +1.30.1 test --frozen --no-run" "-e" "CARGO_TARGET_DIR=/target" "-e" "CARGO_INCREMENTAL=0" "-e" "RUST_BACKTRACE=full" "-e" "RUSTFLAGS=--cap-lints=warn" "-e" "CARGO_HOME=/cargo-home" "-e" "RUSTUP_HOME=/rustup-home" "-m" "1536M" "--network" "none" "crater"`
Dec 01 09:07:06.191 INFO [stdout] 49da9764f76cd594ab9819bb4eec7bf654ce2150bec695ab18b068d17a658dcb
Dec 01 09:07:06.193 INFO running `"docker" "start" "-a" "49da9764f76cd594ab9819bb4eec7bf654ce2150bec695ab18b068d17a658dcb"`
Dec 01 09:07:07.276 INFO [stderr] usermod: no changes
Dec 01 09:07:07.339 INFO [stderr]    Compiling chess v0.1.0 (/source)
Dec 01 09:07:08.503 INFO [stderr] error[E0425]: cannot find value `Pawn` in this scope
Dec 01 09:07:08.503 INFO [stderr]    --> src/board.rs:111:53
Dec 01 09:07:08.503 INFO [stderr]     |
Dec 01 09:07:08.503 INFO [stderr] 111 |         assert_eq!(board.piece_at(a1), Some((White, Pawn)));
Dec 01 09:07:08.503 INFO [stderr]     |                                                     ^^^^ not found in this scope
Dec 01 09:07:08.503 INFO [stderr] help: possible candidate is found in another module, you can import it into scope
Dec 01 09:07:08.503 INFO [stderr]     |
Dec 01 09:07:08.503 INFO [stderr] 101 |     use piece::Piece::Pawn;
Dec 01 09:07:08.503 INFO [stderr]     |
Dec 01 09:07:08.503 INFO [stderr] 
Dec 01 09:07:08.503 INFO [stderr] error[E0425]: cannot find value `King` in this scope
Dec 01 09:07:08.503 INFO [stderr]    --> src/board.rs:113:53
Dec 01 09:07:08.503 INFO [stderr]     |
Dec 01 09:07:08.503 INFO [stderr] 113 |         assert_eq!(board.piece_at(b3), Some((Black, King)));
Dec 01 09:07:08.503 INFO [stderr]     |                                                     ^^^^ not found in this scope
Dec 01 09:07:08.503 INFO [stderr] help: possible candidate is found in another module, you can import it into scope
Dec 01 09:07:08.503 INFO [stderr]     |
Dec 01 09:07:08.503 INFO [stderr] 101 |     use piece::Piece::King;
Dec 01 09:07:08.503 INFO [stderr]     |
Dec 01 09:07:08.503 INFO [stderr] 
Dec 01 09:07:08.503 INFO [stderr] error[E0425]: cannot find value `Pawn` in this scope
Dec 01 09:07:08.503 INFO [stderr]    --> src/state.rs:148:30
Dec 01 09:07:08.503 INFO [stderr]     |
Dec 01 09:07:08.503 INFO [stderr] 148 |                 Some((White, Pawn)),
Dec 01 09:07:08.503 INFO [stderr]     |                              ^^^^ not found in this scope
Dec 01 09:07:08.503 INFO [stderr] help: possible candidate is found in another module, you can import it into scope
Dec 01 09:07:08.503 INFO [stderr]     |
Dec 01 09:07:08.503 INFO [stderr] 112 |     use piece::Piece::Pawn;
Dec 01 09:07:08.503 INFO [stderr]     |
Dec 01 09:07:08.503 INFO [stderr] 
Dec 01 09:07:08.503 INFO [stderr] error[E0425]: cannot find value `King` in this scope
Dec 01 09:07:08.503 INFO [stderr]    --> src/state.rs:149:30
Dec 01 09:07:08.503 INFO [stderr]     |
Dec 01 09:07:08.503 INFO [stderr] 149 |                 Some((White, King)),
Dec 01 09:07:08.503 INFO [stderr]     |                              ^^^^ not found in this scope
Dec 01 09:07:08.503 INFO [stderr] help: possible candidate is found in another module, you can import it into scope
Dec 01 09:07:08.503 INFO [stderr]     |
Dec 01 09:07:08.503 INFO [stderr] 112 |     use piece::Piece::King;
Dec 01 09:07:08.503 INFO [stderr]     |
Dec 01 09:07:08.503 INFO [stderr] 
Dec 01 09:07:08.503 INFO [stderr] error[E0425]: cannot find value `Pawn` in this scope
Dec 01 09:07:08.503 INFO [stderr]    --> src/state.rs:150:30
Dec 01 09:07:08.503 INFO [stderr]     |
Dec 01 09:07:08.503 INFO [stderr] 150 |                 Some((White, Pawn)),
Dec 01 09:07:08.503 INFO [stderr]     |                              ^^^^ not found in this scope
Dec 01 09:07:08.503 INFO [stderr] help: possible candidate is found in another module, you can import it into scope
Dec 01 09:07:08.503 INFO [stderr]     |
Dec 01 09:07:08.503 INFO [stderr] 112 |     use piece::Piece::Pawn;
Dec 01 09:07:08.503 INFO [stderr]     |
Dec 01 09:07:08.503 INFO [stderr] 
Dec 01 09:07:08.503 INFO [stderr] error[E0425]: cannot find value `Pawn` in this scope
Dec 01 09:07:08.503 INFO [stderr]    --> src/state.rs:154:30
Dec 01 09:07:08.503 INFO [stderr]     |
Dec 01 09:07:08.503 INFO [stderr] 154 |                 Some((Black, Pawn)),
Dec 01 09:07:08.503 INFO [stderr]     |                              ^^^^ not found in this scope
Dec 01 09:07:08.503 INFO [stderr] help: possible candidate is found in another module, you can import it into scope
Dec 01 09:07:08.503 INFO [stderr]     |
Dec 01 09:07:08.503 INFO [stderr] 112 |     use piece::Piece::Pawn;
Dec 01 09:07:08.503 INFO [stderr]     |
Dec 01 09:07:08.503 INFO [stderr] 
Dec 01 09:07:08.503 INFO [stderr] error[E0425]: cannot find value `King` in this scope
Dec 01 09:07:08.503 INFO [stderr]    --> src/state.rs:155:30
Dec 01 09:07:08.503 INFO [stderr]     |
Dec 01 09:07:08.503 INFO [stderr] 155 |                 Some((Black, King)),
Dec 01 09:07:08.503 INFO [stderr]     |                              ^^^^ not found in this scope
Dec 01 09:07:08.503 INFO [stderr] help: possible candidate is found in another module, you can import it into scope
Dec 01 09:07:08.503 INFO [stderr]     |
Dec 01 09:07:08.503 INFO [stderr] 112 |     use piece::Piece::King;
Dec 01 09:07:08.503 INFO [stderr]     |
Dec 01 09:07:08.503 INFO [stderr] 
Dec 01 09:07:08.503 INFO [stderr] error[E0425]: cannot find value `Pawn` in this scope
Dec 01 09:07:08.503 INFO [stderr]    --> src/state.rs:156:30
Dec 01 09:07:08.503 INFO [stderr]     |
Dec 01 09:07:08.503 INFO [stderr] 156 |                 Some((Black, Pawn)),
Dec 01 09:07:08.503 INFO [stderr]     |                              ^^^^ not found in this scope
Dec 01 09:07:08.503 INFO [stderr] help: possible candidate is found in another module, you can import it into scope
Dec 01 09:07:08.503 INFO [stderr]     |
Dec 01 09:07:08.503 INFO [stderr] 112 |     use piece::Piece::Pawn;
Dec 01 09:07:08.503 INFO [stderr]     |
Dec 01 09:07:08.504 INFO [stderr] 
Dec 01 09:07:08.504 INFO [stderr] error[E0425]: cannot find value `Pawn` in this scope
Dec 01 09:07:08.504 INFO [stderr]    --> src/state.rs:170:30
Dec 01 09:07:08.504 INFO [stderr]     |
Dec 01 09:07:08.504 INFO [stderr] 170 |                 Some((White, Pawn)),
Dec 01 09:07:08.504 INFO [stderr]     |                              ^^^^ not found in this scope
Dec 01 09:07:08.504 INFO [stderr] help: possible candidate is found in another module, you can import it into scope
Dec 01 09:07:08.504 INFO [stderr]     |
Dec 01 09:07:08.504 INFO [stderr] 112 |     use piece::Piece::Pawn;
Dec 01 09:07:08.504 INFO [stderr]     |
Dec 01 09:07:08.504 INFO [stderr] 
Dec 01 09:07:08.504 INFO [stderr] error[E0425]: cannot find value `King` in this scope
Dec 01 09:07:08.504 INFO [stderr]    --> src/state.rs:171:30
Dec 01 09:07:08.504 INFO [stderr]     |
Dec 01 09:07:08.504 INFO [stderr] 171 |                 Some((White, King)),
Dec 01 09:07:08.504 INFO [stderr]     |                              ^^^^ not found in this scope
Dec 01 09:07:08.504 INFO [stderr] help: possible candidate is found in another module, you can import it into scope
Dec 01 09:07:08.504 INFO [stderr]     |
Dec 01 09:07:08.504 INFO [stderr] 112 |     use piece::Piece::King;
Dec 01 09:07:08.504 INFO [stderr]     |
Dec 01 09:07:08.504 INFO [stderr] 
Dec 01 09:07:08.504 INFO [stderr] error[E0425]: cannot find value `Pawn` in this scope
Dec 01 09:07:08.504 INFO [stderr]    --> src/state.rs:172:30
Dec 01 09:07:08.504 INFO [stderr]     |
Dec 01 09:07:08.504 INFO [stderr] 172 |                 Some((White, Pawn)),
Dec 01 09:07:08.504 INFO [stderr]     |                              ^^^^ not found in this scope
Dec 01 09:07:08.504 INFO [stderr] help: possible candidate is found in another module, you can import it into scope
Dec 01 09:07:08.504 INFO [stderr]     |
Dec 01 09:07:08.504 INFO [stderr] 112 |     use piece::Piece::Pawn;
Dec 01 09:07:08.504 INFO [stderr]     |
Dec 01 09:07:08.504 INFO [stderr] 
Dec 01 09:07:08.504 INFO [stderr] error[E0425]: cannot find value `Pawn` in this scope
Dec 01 09:07:08.504 INFO [stderr]    --> src/state.rs:174:42
Dec 01 09:07:08.504 INFO [stderr]     |
Dec 01 09:07:08.504 INFO [stderr] 174 |             RowVector3::new(Some((Black, Pawn)), None, None),
Dec 01 09:07:08.504 INFO [stderr]     |                                          ^^^^ not found in this scope
Dec 01 09:07:08.504 INFO [stderr] help: possible candidate is found in another module, you can import it into scope
Dec 01 09:07:08.504 INFO [stderr]     |
Dec 01 09:07:08.504 INFO [stderr] 112 |     use piece::Piece::Pawn;
Dec 01 09:07:08.504 INFO [stderr]     |
Dec 01 09:07:08.504 INFO [stderr] 
Dec 01 09:07:08.504 INFO [stderr] error[E0425]: cannot find value `King` in this scope
Dec 01 09:07:08.504 INFO [stderr]    --> src/state.rs:175:48
Dec 01 09:07:08.504 INFO [stderr]     |
Dec 01 09:07:08.504 INFO [stderr] 175 |             RowVector3::new(None, Some((Black, King)), Some((Black, Pawn))),
Dec 01 09:07:08.504 INFO [stderr]     |                                                ^^^^ not found in this scope
Dec 01 09:07:08.504 INFO [stderr] help: possible candidate is found in another module, you can import it into scope
Dec 01 09:07:08.504 INFO [stderr]     |
Dec 01 09:07:08.504 INFO [stderr] 112 |     use piece::Piece::King;
Dec 01 09:07:08.504 INFO [stderr]     |
Dec 01 09:07:08.504 INFO [stderr] 
Dec 01 09:07:08.504 INFO [stderr] error[E0425]: cannot find value `Pawn` in this scope
Dec 01 09:07:08.504 INFO [stderr]    --> src/state.rs:175:69
Dec 01 09:07:08.504 INFO [stderr]     |
Dec 01 09:07:08.504 INFO [stderr] 175 |             RowVector3::new(None, Some((Black, King)), Some((Black, Pawn))),
Dec 01 09:07:08.504 INFO [stderr]     |                                                                     ^^^^ not found in this scope
Dec 01 09:07:08.504 INFO [stderr] help: possible candidate is found in another module, you can import it into scope
Dec 01 09:07:08.504 INFO [stderr]     |
Dec 01 09:07:08.504 INFO [stderr] 112 |     use piece::Piece::Pawn;
Dec 01 09:07:08.504 INFO [stderr]     |
Dec 01 09:07:08.504 INFO [stderr] 
Dec 01 09:07:08.504 INFO [stderr] error[E0425]: cannot find value `King` in this scope
Dec 01 09:07:08.504 INFO [stderr]    --> src/state.rs:187:48
Dec 01 09:07:08.504 INFO [stderr]     |
Dec 01 09:07:08.504 INFO [stderr] 187 |             RowVector3::new(None, Some((White, King)), Some((White, Pawn))),
Dec 01 09:07:08.504 INFO [stderr]     |                                                ^^^^ not found in this scope
Dec 01 09:07:08.504 INFO [stderr] help: possible candidate is found in another module, you can import it into scope
Dec 01 09:07:08.504 INFO [stderr]     |
Dec 01 09:07:08.504 INFO [stderr] 112 |     use piece::Piece::King;
Dec 01 09:07:08.504 INFO [stderr]     |
Dec 01 09:07:08.504 INFO [stderr] 
Dec 01 09:07:08.504 INFO [stderr] error[E0425]: cannot find value `Pawn` in this scope
Dec 01 09:07:08.504 INFO [stderr]    --> src/state.rs:187:69
Dec 01 09:07:08.504 INFO [stderr]     |
Dec 01 09:07:08.504 INFO [stderr] 187 |             RowVector3::new(None, Some((White, King)), Some((White, Pawn))),
Dec 01 09:07:08.504 INFO [stderr]     |                                                                     ^^^^ not found in this scope
Dec 01 09:07:08.504 INFO [stderr] help: possible candidate is found in another module, you can import it into scope
Dec 01 09:07:08.504 INFO [stderr]     |
Dec 01 09:07:08.504 INFO [stderr] 112 |     use piece::Piece::Pawn;
Dec 01 09:07:08.504 INFO [stderr]     |
Dec 01 09:07:08.504 INFO [stderr] 
Dec 01 09:07:08.504 INFO [stderr] error[E0425]: cannot find value `Pawn` in this scope
Dec 01 09:07:08.504 INFO [stderr]    --> src/state.rs:188:42
Dec 01 09:07:08.505 INFO [stderr]     |
Dec 01 09:07:08.505 INFO [stderr] 188 |             RowVector3::new(Some((White, Pawn)), None, Some((Black, Pawn))),
Dec 01 09:07:08.505 INFO [stderr]     |                                          ^^^^ not found in this scope
Dec 01 09:07:08.511 INFO [stderr] help: possible candidate is found in another module, you can import it into scope
Dec 01 09:07:08.511 INFO [stderr]     |
Dec 01 09:07:08.511 INFO [stderr] 112 |     use piece::Piece::Pawn;
Dec 01 09:07:08.511 INFO [stderr]     |
Dec 01 09:07:08.511 INFO [stderr] 
Dec 01 09:07:08.511 INFO [stderr] error[E0425]: cannot find value `Pawn` in this scope
Dec 01 09:07:08.511 INFO [stderr]    --> src/state.rs:188:69
Dec 01 09:07:08.511 INFO [stderr]     |
Dec 01 09:07:08.511 INFO [stderr] 188 |             RowVector3::new(Some((White, Pawn)), None, Some((Black, Pawn))),
Dec 01 09:07:08.511 INFO [stderr]     |                                                                     ^^^^ not found in this scope
Dec 01 09:07:08.511 INFO [stderr] help: possible candidate is found in another module, you can import it into scope
Dec 01 09:07:08.511 INFO [stderr]     |
Dec 01 09:07:08.511 INFO [stderr] 112 |     use piece::Piece::Pawn;
Dec 01 09:07:08.511 INFO [stderr]     |
Dec 01 09:07:08.511 INFO [stderr] 
Dec 01 09:07:08.511 INFO [stderr] error[E0425]: cannot find value `Pawn` in this scope
Dec 01 09:07:08.511 INFO [stderr]    --> src/state.rs:189:42
Dec 01 09:07:08.511 INFO [stderr]     |
Dec 01 09:07:08.511 INFO [stderr] 189 |             RowVector3::new(Some((Black, Pawn)), Some((Black, King)), None),
Dec 01 09:07:08.511 INFO [stderr]     |                                          ^^^^ not found in this scope
Dec 01 09:07:08.511 INFO [stderr] help: possible candidate is found in another module, you can import it into scope
Dec 01 09:07:08.511 INFO [stderr]     |
Dec 01 09:07:08.511 INFO [stderr] 112 |     use piece::Piece::Pawn;
Dec 01 09:07:08.511 INFO [stderr]     |
Dec 01 09:07:08.511 INFO [stderr] 
Dec 01 09:07:08.511 INFO [stderr] error[E0425]: cannot find value `King` in this scope
Dec 01 09:07:08.511 INFO [stderr]    --> src/state.rs:189:63
Dec 01 09:07:08.511 INFO [stderr]     |
Dec 01 09:07:08.511 INFO [stderr] 189 |             RowVector3::new(Some((Black, Pawn)), Some((Black, King)), None),
Dec 01 09:07:08.511 INFO [stderr]     |                                                               ^^^^ not found in this scope
Dec 01 09:07:08.511 INFO [stderr] help: possible candidate is found in another module, you can import it into scope
Dec 01 09:07:08.511 INFO [stderr]     |
Dec 01 09:07:08.511 INFO [stderr] 112 |     use piece::Piece::King;
Dec 01 09:07:08.511 INFO [stderr]     |
Dec 01 09:07:08.511 INFO [stderr] 
Dec 01 09:07:08.775 INFO [stderr] error: aborting due to 20 previous errors
Dec 01 09:07:08.775 INFO [stderr] 
Dec 01 09:07:08.775 INFO [stderr] For more information about this error, try `rustc --explain E0425`.
Dec 01 09:07:08.788 INFO [stderr] error: Could not compile `chess`.
Dec 01 09:07:08.788 INFO [stderr] warning: build failed, waiting for other jobs to finish...
Dec 01 09:07:08.972 INFO [stderr] error: build failed
Dec 01 09:07:08.973 INFO [stderr] su: No module specific data is present
Dec 01 09:07:09.745 INFO running `"docker" "inspect" "49da9764f76cd594ab9819bb4eec7bf654ce2150bec695ab18b068d17a658dcb"`
Dec 01 09:07:09.917 INFO running `"docker" "rm" "-f" "49da9764f76cd594ab9819bb4eec7bf654ce2150bec695ab18b068d17a658dcb"`
Dec 01 09:07:10.071 INFO [stdout] 49da9764f76cd594ab9819bb4eec7bf654ce2150bec695ab18b068d17a658dcb
