Dec 01 10:08:34.676 INFO testing masakitm/study-rust against 1.30.1 for beta-1.31-5
Dec 01 10:08:34.676 INFO running `"docker" "create" "-v" "/mnt/big/crater/work/local/target-dirs/beta-1.31-5/worker-2/1.30.1:/target:rw,Z" "-v" "/mnt/big/crater/work/local/test-source/worker-2/beta-1.31-5/1.30.1:/source:ro,Z" "-v" "/mnt/big/crater/work/local/cargo-home:/cargo-home:ro,Z" "-v" "/mnt/big/crater/work/local/rustup-home:/rustup-home:ro,Z" "-e" "USER_ID=1000" "-e" "SOURCE_DIR=/source" "-e" "USER_ID=1000" "-e" "CMD=cargo +1.30.1 build --frozen" "-e" "CARGO_TARGET_DIR=/target" "-e" "CARGO_INCREMENTAL=0" "-e" "RUST_BACKTRACE=full" "-e" "RUSTFLAGS=--cap-lints=warn" "-e" "CARGO_HOME=/cargo-home" "-e" "RUSTUP_HOME=/rustup-home" "-m" "1536M" "--network" "none" "crater"`
Dec 01 10:08:35.131 INFO [stdout] d7e19a40027efe48b4e2d8c103c23825b19c4ad73a43108dd39b5c9f85e3ce1e
Dec 01 10:08:35.133 INFO running `"docker" "start" "-a" "d7e19a40027efe48b4e2d8c103c23825b19c4ad73a43108dd39b5c9f85e3ce1e"`
Dec 01 10:08:36.650 INFO [stderr] usermod: no changes
Dec 01 10:08:36.760 INFO [stderr]    Compiling study-rust-repo v0.1.0 (/source)
Dec 01 10:08:37.291 INFO [stderr] error[E0433]: failed to resolve. Use of undeclared type or module `Ordering`
Dec 01 10:08:37.291 INFO [stderr]   --> src/main.rs:28:7
Dec 01 10:08:37.291 INFO [stderr]    |
Dec 01 10:08:37.291 INFO [stderr] 28 |       Ordering::Less    => println!("Too small!"),
Dec 01 10:08:37.291 INFO [stderr]    |       ^^^^^^^^ Use of undeclared type or module `Ordering`
Dec 01 10:08:37.291 INFO [stderr] 
Dec 01 10:08:37.291 INFO [stderr] error[E0433]: failed to resolve. Use of undeclared type or module `Ordering`
Dec 01 10:08:37.291 INFO [stderr]   --> src/main.rs:29:7
Dec 01 10:08:37.291 INFO [stderr]    |
Dec 01 10:08:37.291 INFO [stderr] 29 |       Ordering::Greater => println!("Too big!"),
Dec 01 10:08:37.291 INFO [stderr]    |       ^^^^^^^^ Use of undeclared type or module `Ordering`
Dec 01 10:08:37.291 INFO [stderr] 
Dec 01 10:08:37.291 INFO [stderr] error[E0433]: failed to resolve. Use of undeclared type or module `Ordering`
Dec 01 10:08:37.291 INFO [stderr]   --> src/main.rs:30:7
Dec 01 10:08:37.291 INFO [stderr]    |
Dec 01 10:08:37.291 INFO [stderr] 30 |       Ordering::Equal   => {
Dec 01 10:08:37.291 INFO [stderr]    |       ^^^^^^^^ Use of undeclared type or module `Ordering`
Dec 01 10:08:37.291 INFO [stderr] 
Dec 01 10:08:37.350 INFO [stderr] error: aborting due to 3 previous errors
Dec 01 10:08:37.350 INFO [stderr] 
Dec 01 10:08:37.350 INFO [stderr] For more information about this error, try `rustc --explain E0433`.
Dec 01 10:08:37.350 INFO [stderr] error: Could not compile `study-rust-repo`.
Dec 01 10:08:37.350 INFO [stderr] 
Dec 01 10:08:37.350 INFO [stderr] To learn more, run the command again with --verbose.
Dec 01 10:08:37.350 INFO [stderr] su: No module specific data is present
Dec 01 10:08:38.027 INFO running `"docker" "inspect" "d7e19a40027efe48b4e2d8c103c23825b19c4ad73a43108dd39b5c9f85e3ce1e"`
Dec 01 10:08:38.389 INFO running `"docker" "rm" "-f" "d7e19a40027efe48b4e2d8c103c23825b19c4ad73a43108dd39b5c9f85e3ce1e"`
Dec 01 10:08:38.719 INFO [stdout] d7e19a40027efe48b4e2d8c103c23825b19c4ad73a43108dd39b5c9f85e3ce1e
