Dec 01 10:27:40.100 INFO testing makslevental/athens_backend against 1.30.1 for beta-1.31-5
Dec 01 10:27:40.100 INFO running `"docker" "create" "-v" "/mnt/big/crater/work/local/target-dirs/beta-1.31-5/worker-7/1.30.1:/target:rw,Z" "-v" "/mnt/big/crater/work/local/test-source/worker-7/beta-1.31-5/1.30.1:/source:ro,Z" "-v" "/mnt/big/crater/work/local/cargo-home:/cargo-home:ro,Z" "-v" "/mnt/big/crater/work/local/rustup-home:/rustup-home:ro,Z" "-e" "USER_ID=1000" "-e" "SOURCE_DIR=/source" "-e" "USER_ID=1000" "-e" "CMD=cargo +1.30.1 build --frozen" "-e" "CARGO_TARGET_DIR=/target" "-e" "CARGO_INCREMENTAL=0" "-e" "RUST_BACKTRACE=full" "-e" "RUSTFLAGS=--cap-lints=warn" "-e" "CARGO_HOME=/cargo-home" "-e" "RUSTUP_HOME=/rustup-home" "-m" "1536M" "--network" "none" "crater"`
Dec 01 10:27:40.295 INFO [stdout] 7b6129d05140dedbd4a2e917fc1a7ab4a2f088994df6478f25f45920462ecec2
Dec 01 10:27:40.303 INFO running `"docker" "start" "-a" "7b6129d05140dedbd4a2e917fc1a7ab4a2f088994df6478f25f45920462ecec2"`
Dec 01 10:27:41.806 INFO [stderr] usermod: no changes
Dec 01 10:27:42.375 INFO [stderr]    Compiling unidecode v0.3.0
Dec 01 10:27:42.387 INFO [stderr]    Compiling Inflector v0.11.3
Dec 01 10:27:42.399 INFO [stderr]    Compiling unreachable v0.1.1
Dec 01 10:27:42.399 INFO [stderr]    Compiling encoding_rs v0.8.6
Dec 01 10:27:42.399 INFO [stderr]    Compiling socket2 v0.3.8
Dec 01 10:27:42.423 INFO [stderr]    Compiling term v0.5.1
Dec 01 10:27:42.423 INFO [stderr]    Compiling libsqlite3-sys v0.9.3
Dec 01 10:27:42.423 INFO [stderr]    Compiling libz-sys v1.0.22
Dec 01 10:27:42.823 INFO [stderr]    Compiling curl-sys v0.4.12
Dec 01 10:27:46.662 INFO [stderr]    Compiling base64 v0.9.2
Dec 01 10:27:46.666 INFO [stderr]    Compiling yaml-rust v0.4.2
Dec 01 10:27:46.693 INFO [stderr]    Compiling new_debug_unreachable v1.0.1
Dec 01 10:27:47.079 INFO [stderr]    Compiling want v0.0.4
Dec 01 10:27:47.955 INFO [stderr]    Compiling want v0.0.6
Dec 01 10:27:51.005 INFO [stderr]    Compiling mio v0.6.16
Dec 01 10:27:51.109 INFO [stderr]    Compiling futures-cpupool v0.1.8
Dec 01 10:27:51.109 INFO [stderr]    Compiling csv-core v0.1.4
Dec 01 10:27:51.408 INFO [stderr]    Compiling nom v4.0.0
Dec 01 10:27:51.419 INFO [stderr]    Compiling debug_unreachable v0.1.1
Dec 01 10:27:55.322 INFO [stderr]    Compiling pear_codegen v0.0.20
Dec 01 10:27:55.331 INFO [stderr]    Compiling rocket v0.3.16
Dec 01 10:27:55.331 INFO [stderr]    Compiling rocket_codegen v0.3.16
Dec 01 10:27:55.342 INFO [stderr]    Compiling futf v0.1.4
Dec 01 10:27:55.515 INFO [stderr]    Compiling http v0.1.13
Dec 01 10:27:55.803 INFO [stderr] error: failed to run custom build command for `rocket_codegen v0.3.16`
Dec 01 10:27:55.803 INFO [stderr] process didn't exit successfully: `/target/debug/build/rocket_codegen-35313927dfebcaa1/build-script-build` (exit code: 101)
Dec 01 10:27:55.803 INFO [stderr] --- stderr
Dec 01 10:27:55.803 INFO [stderr] [1;31mError:[0m [37mRocket requires a nightly or dev version of Rust.[0m
Dec 01 10:27:55.803 INFO [stderr] [37mInstalled version is:[0m [33m1.30.1 (2018-11-07)[0m. [37mMinimum required:[0m [33m1.30.0-nightly (2018-08-23)[0m.
Dec 01 10:27:55.803 INFO [stderr] [34mSee the getting started guide ([0m[37mhttps://rocket.rs/guide/getting-started/[0m[34m) for more information.[0m
Dec 01 10:27:55.803 INFO [stderr] thread 'main' panicked at 'Aborting compilation due to incompatible compiler.', /cargo-home/registry/src/github.com-1ecc6299db9ec823/rocket_codegen-0.3.16/build.rs:38:17
Dec 01 10:27:55.803 INFO [stderr] stack backtrace:
Dec 01 10:27:55.803 INFO [stderr]    0:     0x557b500219fe - std::sys::unix::backtrace::tracing::imp::unwind_backtrace::h15749a98198ba25f
Dec 01 10:27:55.803 INFO [stderr]                                at libstd/sys/unix/backtrace/tracing/gcc_s.rs:49
Dec 01 10:27:55.803 INFO [stderr]    1:     0x557b50012f86 - std::sys_common::backtrace::print::h0ba65c811294dbf0
Dec 01 10:27:55.803 INFO [stderr]                                at libstd/sys_common/backtrace.rs:71
Dec 01 10:27:55.803 INFO [stderr]                                at libstd/sys_common/backtrace.rs:59
Dec 01 10:27:55.803 INFO [stderr]    2:     0x557b500118cd - std::panicking::default_hook::{{closure}}::h42bb31757f0fee64
Dec 01 10:27:55.803 INFO [stderr]                                at libstd/panicking.rs:211
Dec 01 10:27:55.803 INFO [stderr]    3:     0x557b50011640 - std::panicking::default_hook::hebc8848d7aa7dbd9
Dec 01 10:27:55.803 INFO [stderr]                                at libstd/panicking.rs:227
Dec 01 10:27:55.803 INFO [stderr]    4:     0x557b50011ecc - std::panicking::rust_panic_with_hook::h86e619a638415243
Dec 01 10:27:55.803 INFO [stderr]                                at libstd/panicking.rs:477
Dec 01 10:27:55.803 INFO [stderr]    5:     0x557b4fff5c1f - std::panicking::begin_panic::h26807ac2abfc2210
Dec 01 10:27:55.803 INFO [stderr]                                at libstd/panicking.rs:411
Dec 01 10:27:55.803 INFO [stderr]    6:     0x557b4fff3d72 - build_script_build::main::h5e3452ecf2935038
Dec 01 10:27:55.803 INFO [stderr]                                at /cargo-home/registry/src/github.com-1ecc6299db9ec823/rocket_codegen-0.3.16/build.rs:38
Dec 01 10:27:55.803 INFO [stderr]    7:     0x557b4fff650f - std::rt::lang_start::{{closure}}::hdd73b25a420f224f
Dec 01 10:27:55.803 INFO [stderr]                                at libstd/rt.rs:74
Dec 01 10:27:55.803 INFO [stderr]    8:     0x557b50011972 - std::panicking::try::do_call::h47665672c57b11e4
Dec 01 10:27:55.803 INFO [stderr]                                at libstd/rt.rs:59
Dec 01 10:27:55.803 INFO [stderr]                                at libstd/panicking.rs:310
Dec 01 10:27:55.803 INFO [stderr]    9:     0x557b50032929 - __rust_maybe_catch_panic
Dec 01 10:27:55.803 INFO [stderr]                                at libpanic_unwind/lib.rs:103
Dec 01 10:27:55.803 INFO [stderr]   10:     0x557b5001c9f5 - std::rt::lang_start_internal::had9505969b8e20a2
Dec 01 10:27:55.803 INFO [stderr]                                at libstd/panicking.rs:289
Dec 01 10:27:55.803 INFO [stderr]                                at libstd/panic.rs:392
Dec 01 10:27:55.803 INFO [stderr]                                at libstd/rt.rs:58
Dec 01 10:27:55.803 INFO [stderr]   11:     0x557b4fff64e7 - std::rt::lang_start::hdbaf1dc3ae5430d3
Dec 01 10:27:55.803 INFO [stderr]                                at libstd/rt.rs:74
Dec 01 10:27:55.803 INFO [stderr]   12:     0x557b4fff4c09 - main
Dec 01 10:27:55.803 INFO [stderr]   13:     0x7fe598e6182f - __libc_start_main
Dec 01 10:27:55.803 INFO [stderr]   14:     0x557b4fff3428 - _start
Dec 01 10:27:55.803 INFO [stderr]   15:                0x0 - <unknown>
Dec 01 10:27:55.803 INFO [stderr] 
Dec 01 10:27:55.804 INFO [stderr] warning: build failed, waiting for other jobs to finish...
Dec 01 10:27:55.804 INFO [stderr] error: failed to run custom build command for `pear_codegen v0.0.20`
Dec 01 10:27:55.804 INFO [stderr] process didn't exit successfully: `/target/debug/build/pear_codegen-183b5b0a0ae809b5/build-script-build` (exit code: 101)
Dec 01 10:27:55.804 INFO [stderr] --- stderr
Dec 01 10:27:55.804 INFO [stderr] [1;31mError:[0m [37mPear requires a nightly or dev version of Rust.[0m
Dec 01 10:27:55.804 INFO [stderr] [37mInstalled version is:[0m [33m1.30.1 (2018-11-07)[0m. [37mMinimum required:[0m [33m1.30.0-nightly (2018-08-23)[0m.
Dec 01 10:27:55.804 INFO [stderr] thread 'main' panicked at 'Aborting compilation due to incompatible compiler.', /cargo-home/registry/src/github.com-1ecc6299db9ec823/pear_codegen-0.0.20/build.rs:31:13
Dec 01 10:27:55.804 INFO [stderr] stack backtrace:
Dec 01 10:27:55.804 INFO [stderr]    0:     0x556971b4b7de - std::sys::unix::backtrace::tracing::imp::unwind_backtrace::h15749a98198ba25f
Dec 01 10:27:55.804 INFO [stderr]                                at libstd/sys/unix/backtrace/tracing/gcc_s.rs:49
Dec 01 10:27:55.804 INFO [stderr]    1:     0x556971b3cd66 - std::sys_common::backtrace::print::h0ba65c811294dbf0
Dec 01 10:27:55.804 INFO [stderr]                                at libstd/sys_common/backtrace.rs:71
Dec 01 10:27:55.804 INFO [stderr]                                at libstd/sys_common/backtrace.rs:59
Dec 01 10:27:55.804 INFO [stderr]    2:     0x556971b3b6ad - std::panicking::default_hook::{{closure}}::h42bb31757f0fee64
Dec 01 10:27:55.804 INFO [stderr]                                at libstd/panicking.rs:211
Dec 01 10:27:55.804 INFO [stderr]    3:     0x556971b3b420 - std::panicking::default_hook::hebc8848d7aa7dbd9
Dec 01 10:27:55.804 INFO [stderr]                                at libstd/panicking.rs:227
Dec 01 10:27:55.804 INFO [stderr]    4:     0x556971b3bcac - std::panicking::rust_panic_with_hook::h86e619a638415243
Dec 01 10:27:55.804 INFO [stderr]                                at libstd/panicking.rs:477
Dec 01 10:27:55.804 INFO [stderr]    5:     0x556971b1f9ff - std::panicking::begin_panic::h65ef3ad7de42f4ad
Dec 01 10:27:55.804 INFO [stderr]                                at libstd/panicking.rs:411
Dec 01 10:27:55.804 INFO [stderr]    6:     0x556971b1db3a - build_script_build::main::h46f39c458748acff
Dec 01 10:27:55.804 INFO [stderr]                                at /cargo-home/registry/src/github.com-1ecc6299db9ec823/pear_codegen-0.0.20/build.rs:31
Dec 01 10:27:55.804 INFO [stderr]    7:     0x556971b202ef - std::rt::lang_start::{{closure}}::h104f159df20e8d81
Dec 01 10:27:55.804 INFO [stderr]                                at libstd/rt.rs:74
Dec 01 10:27:55.804 INFO [stderr]    8:     0x556971b3b752 - std::panicking::try::do_call::h47665672c57b11e4
Dec 01 10:27:55.804 INFO [stderr]                                at libstd/rt.rs:59
Dec 01 10:27:55.804 INFO [stderr]                                at libstd/panicking.rs:310
Dec 01 10:27:55.804 INFO [stderr]    9:     0x556971b5c709 - __rust_maybe_catch_panic
Dec 01 10:27:55.804 INFO [stderr]                                at libpanic_unwind/lib.rs:103
Dec 01 10:27:55.804 INFO [stderr]   10:     0x556971b467d5 - std::rt::lang_start_internal::had9505969b8e20a2
Dec 01 10:27:55.804 INFO [stderr]                                at libstd/panicking.rs:289
Dec 01 10:27:55.804 INFO [stderr]                                at libstd/panic.rs:392
Dec 01 10:27:55.804 INFO [stderr]                                at libstd/rt.rs:58
Dec 01 10:27:55.804 INFO [stderr]   11:     0x556971b202c7 - std::rt::lang_start::h6c12a89b5498f3bc
Dec 01 10:27:55.804 INFO [stderr]                                at libstd/rt.rs:74
Dec 01 10:27:55.804 INFO [stderr]   12:     0x556971b1e9e9 - main
Dec 01 10:27:55.804 INFO [stderr]   13:     0x7fe649d8282f - __libc_start_main
Dec 01 10:27:55.804 INFO [stderr]   14:     0x556971b1d428 - _start
Dec 01 10:27:55.804 INFO [stderr]   15:                0x0 - <unknown>
Dec 01 10:27:55.804 INFO [stderr] 
Dec 01 10:27:55.804 INFO [stderr] warning: build failed, waiting for other jobs to finish...
Dec 01 10:27:55.955 INFO [stderr] error: failed to run custom build command for `rocket v0.3.16`
Dec 01 10:27:55.955 INFO [stderr] process didn't exit successfully: `/target/debug/build/rocket-a61187eead96cae3/build-script-build` (exit code: 101)
Dec 01 10:27:55.955 INFO [stderr] --- stderr
Dec 01 10:27:55.955 INFO [stderr] [1;31mError:[0m [37mRocket requires a nightly or dev version of Rust.[0m
Dec 01 10:27:55.955 INFO [stderr] [37mInstalled version is:[0m [33m1.30.1 (2018-11-07)[0m. [37mMinimum required:[0m [33m1.27.0-nightly (2018-04-26)[0m.
Dec 01 10:27:55.955 INFO [stderr] [34mSee the getting started guide ([0m[37mhttps://rocket.rs/guide/getting-started/[0m[34m) for more information.[0m
Dec 01 10:27:55.955 INFO [stderr] thread 'main' panicked at 'Aborting compilation due to incompatible compiler.', /cargo-home/registry/src/github.com-1ecc6299db9ec823/rocket-0.3.16/build.rs:38:13
Dec 01 10:27:55.955 INFO [stderr] stack backtrace:
Dec 01 10:27:55.955 INFO [stderr]    0:     0x5652036efa0e - std::sys::unix::backtrace::tracing::imp::unwind_backtrace::h15749a98198ba25f
Dec 01 10:27:55.955 INFO [stderr]                                at libstd/sys/unix/backtrace/tracing/gcc_s.rs:49
Dec 01 10:27:55.955 INFO [stderr]    1:     0x5652036e0f96 - std::sys_common::backtrace::print::h0ba65c811294dbf0
Dec 01 10:27:55.955 INFO [stderr]                                at libstd/sys_common/backtrace.rs:71
Dec 01 10:27:55.955 INFO [stderr]                                at libstd/sys_common/backtrace.rs:59
Dec 01 10:27:55.955 INFO [stderr]    2:     0x5652036df8dd - std::panicking::default_hook::{{closure}}::h42bb31757f0fee64
Dec 01 10:27:55.955 INFO [stderr]                                at libstd/panicking.rs:211
Dec 01 10:27:55.955 INFO [stderr]    3:     0x5652036df650 - std::panicking::default_hook::hebc8848d7aa7dbd9
Dec 01 10:27:55.955 INFO [stderr]                                at libstd/panicking.rs:227
Dec 01 10:27:55.955 INFO [stderr]    4:     0x5652036dfedc - std::panicking::rust_panic_with_hook::h86e619a638415243
Dec 01 10:27:55.955 INFO [stderr]                                at libstd/panicking.rs:477
Dec 01 10:27:55.955 INFO [stderr]    5:     0x5652036c3c2f - std::panicking::begin_panic::h1547f6b8df8ef062
Dec 01 10:27:55.955 INFO [stderr]                                at libstd/panicking.rs:411
Dec 01 10:27:55.955 INFO [stderr]    6:     0x5652036c1d73 - build_script_build::main::h7e1e0ce982337217
Dec 01 10:27:55.955 INFO [stderr]                                at /cargo-home/registry/src/github.com-1ecc6299db9ec823/rocket-0.3.16/build.rs:38
Dec 01 10:27:55.955 INFO [stderr]    7:     0x5652036c451f - std::rt::lang_start::{{closure}}::hdcba730274cd6e5e
Dec 01 10:27:55.955 INFO [stderr]                                at libstd/rt.rs:74
Dec 01 10:27:55.955 INFO [stderr]    8:     0x5652036df982 - std::panicking::try::do_call::h47665672c57b11e4
Dec 01 10:27:55.955 INFO [stderr]                                at libstd/rt.rs:59
Dec 01 10:27:55.955 INFO [stderr]                                at libstd/panicking.rs:310
Dec 01 10:27:55.955 INFO [stderr]    9:     0x565203700939 - __rust_maybe_catch_panic
Dec 01 10:27:55.955 INFO [stderr]                                at libpanic_unwind/lib.rs:103
Dec 01 10:27:55.955 INFO [stderr]   10:     0x5652036eaa05 - std::rt::lang_start_internal::had9505969b8e20a2
Dec 01 10:27:55.955 INFO [stderr]                                at libstd/panicking.rs:289
Dec 01 10:27:55.955 INFO [stderr]                                at libstd/panic.rs:392
Dec 01 10:27:55.955 INFO [stderr]                                at libstd/rt.rs:58
Dec 01 10:27:55.955 INFO [stderr]   11:     0x5652036c44f7 - std::rt::lang_start::h5723be38f20d77cf
Dec 01 10:27:55.955 INFO [stderr]                                at libstd/rt.rs:74
Dec 01 10:27:55.955 INFO [stderr]   12:     0x5652036c2c19 - main
Dec 01 10:27:55.955 INFO [stderr]   13:     0x7f6aa653182f - __libc_start_main
Dec 01 10:27:55.955 INFO [stderr]   14:     0x5652036c1428 - _start
Dec 01 10:27:55.955 INFO [stderr]   15:                0x0 - <unknown>
Dec 01 10:27:55.955 INFO [stderr] 
Dec 01 10:27:55.955 INFO [stderr] warning: build failed, waiting for other jobs to finish...
Dec 01 10:28:06.831 INFO [stderr] error: build failed
Dec 01 10:28:06.832 INFO [stderr] su: No module specific data is present
Dec 01 10:28:07.177 INFO running `"docker" "inspect" "7b6129d05140dedbd4a2e917fc1a7ab4a2f088994df6478f25f45920462ecec2"`
Dec 01 10:28:07.259 INFO running `"docker" "rm" "-f" "7b6129d05140dedbd4a2e917fc1a7ab4a2f088994df6478f25f45920462ecec2"`
Dec 01 10:28:07.366 INFO [stdout] 7b6129d05140dedbd4a2e917fc1a7ab4a2f088994df6478f25f45920462ecec2
