Dec 01 10:28:20.441 INFO testing make-a-demo-tool-in-rust/fish-in-a-jit against 1.30.1 for beta-1.31-5
Dec 01 10:28:20.441 INFO running `"docker" "create" "-v" "/mnt/big/crater/work/local/target-dirs/beta-1.31-5/worker-7/1.30.1:/target:rw,Z" "-v" "/mnt/big/crater/work/local/test-source/worker-7/beta-1.31-5/1.30.1:/source:ro,Z" "-v" "/mnt/big/crater/work/local/cargo-home:/cargo-home:ro,Z" "-v" "/mnt/big/crater/work/local/rustup-home:/rustup-home:ro,Z" "-e" "USER_ID=1000" "-e" "SOURCE_DIR=/source" "-e" "USER_ID=1000" "-e" "CMD=cargo +1.30.1 build --frozen" "-e" "CARGO_TARGET_DIR=/target" "-e" "CARGO_INCREMENTAL=0" "-e" "RUST_BACKTRACE=full" "-e" "RUSTFLAGS=--cap-lints=warn" "-e" "CARGO_HOME=/cargo-home" "-e" "RUSTUP_HOME=/rustup-home" "-m" "1536M" "--network" "none" "crater"`
Dec 01 10:28:20.619 INFO [stdout] c211a7863bf92c61d39f2ba03df81a5d00268cf34e83df6f89b66da7b543ff0b
Dec 01 10:28:20.624 INFO running `"docker" "start" "-a" "c211a7863bf92c61d39f2ba03df81a5d00268cf34e83df6f89b66da7b543ff0b"`
Dec 01 10:28:21.620 INFO [stderr] usermod: no changes
Dec 01 10:28:21.759 INFO [stderr]    Compiling serde_yaml v0.6.2
Dec 01 10:28:23.562 INFO [stderr]    Compiling fish_in_a_jit v0.1.0 (/source)
Dec 01 10:28:24.221 INFO [stderr] error[E0554]: #![feature] may not be used on the stable release channel
Dec 01 10:28:24.221 INFO [stderr]  --> src/lib.rs:1:1
Dec 01 10:28:24.221 INFO [stderr]   |
Dec 01 10:28:24.221 INFO [stderr] 1 | #![feature(link_llvm_intrinsics)]
Dec 01 10:28:24.221 INFO [stderr]   | ^^^^^^^^^^^^^^^^^^^^^^^^^^^^^^^^^
Dec 01 10:28:24.221 INFO [stderr] 
Dec 01 10:28:24.221 INFO [stderr] error[E0554]: #![feature] may not be used on the stable release channel
Dec 01 10:28:24.221 INFO [stderr]  --> src/lib.rs:2:1
Dec 01 10:28:24.221 INFO [stderr]   |
Dec 01 10:28:24.221 INFO [stderr] 2 | #![feature(abi_sysv64)]
Dec 01 10:28:24.221 INFO [stderr]   | ^^^^^^^^^^^^^^^^^^^^^^^
Dec 01 10:28:24.221 INFO [stderr] 
Dec 01 10:28:24.221 INFO [stderr] error[E0554]: #![feature] may not be used on the stable release channel
Dec 01 10:28:24.221 INFO [stderr]  --> src/lib.rs:3:1
Dec 01 10:28:24.221 INFO [stderr]   |
Dec 01 10:28:24.221 INFO [stderr] 3 | #![feature(try_from)]
Dec 01 10:28:24.221 INFO [stderr]   | ^^^^^^^^^^^^^^^^^^^^^
Dec 01 10:28:24.221 INFO [stderr] 
Dec 01 10:28:24.222 INFO [stderr] error: aborting due to 3 previous errors
Dec 01 10:28:24.222 INFO [stderr] 
Dec 01 10:28:24.222 INFO [stderr] For more information about this error, try `rustc --explain E0554`.
Dec 01 10:28:24.232 INFO [stderr] error: Could not compile `fish_in_a_jit`.
Dec 01 10:28:24.233 INFO [stderr] 
Dec 01 10:28:24.233 INFO [stderr] To learn more, run the command again with --verbose.
Dec 01 10:28:24.234 INFO [stderr] su: No module specific data is present
Dec 01 10:28:24.468 INFO running `"docker" "inspect" "c211a7863bf92c61d39f2ba03df81a5d00268cf34e83df6f89b66da7b543ff0b"`
Dec 01 10:28:24.536 INFO running `"docker" "rm" "-f" "c211a7863bf92c61d39f2ba03df81a5d00268cf34e83df6f89b66da7b543ff0b"`
Dec 01 10:28:24.613 INFO [stdout] c211a7863bf92c61d39f2ba03df81a5d00268cf34e83df6f89b66da7b543ff0b
