Dec 01 10:38:31.674 INFO testing lweberk/bug-rls-1107 against 1.30.1 for beta-1.31-5
Dec 01 10:38:31.674 INFO running `"docker" "create" "-v" "/mnt/big/crater/work/local/target-dirs/beta-1.31-5/worker-0/1.30.1:/target:rw,Z" "-v" "/mnt/big/crater/work/local/test-source/worker-0/beta-1.31-5/1.30.1:/source:ro,Z" "-v" "/mnt/big/crater/work/local/cargo-home:/cargo-home:ro,Z" "-v" "/mnt/big/crater/work/local/rustup-home:/rustup-home:ro,Z" "-e" "USER_ID=1000" "-e" "SOURCE_DIR=/source" "-e" "USER_ID=1000" "-e" "CMD=cargo +1.30.1 build --frozen" "-e" "CARGO_TARGET_DIR=/target" "-e" "CARGO_INCREMENTAL=0" "-e" "RUST_BACKTRACE=full" "-e" "RUSTFLAGS=--cap-lints=warn" "-e" "CARGO_HOME=/cargo-home" "-e" "RUSTUP_HOME=/rustup-home" "-m" "1536M" "--network" "none" "crater"`
Dec 01 10:38:32.115 INFO [stdout] ef49e35d9e84d682b60d80122b90c7281e4b8d7d1d53ad865e4335c128a6d1ed
Dec 01 10:38:32.120 INFO running `"docker" "start" "-a" "ef49e35d9e84d682b60d80122b90c7281e4b8d7d1d53ad865e4335c128a6d1ed"`
Dec 01 10:38:33.557 INFO [stderr] usermod: no changes
Dec 01 10:38:33.783 INFO [stderr]    Compiling crossbeam-utils v0.2.2
Dec 01 10:38:33.783 INFO [stderr]    Compiling isatty v0.1.9
Dec 01 10:38:33.795 INFO [stderr]    Compiling base64 v0.6.0
Dec 01 10:38:33.795 INFO [stderr]    Compiling pear_codegen v0.0.20
Dec 01 10:38:33.795 INFO [stderr]    Compiling rocket v0.3.17
Dec 01 10:38:33.796 INFO [stderr]    Compiling rocket_codegen v0.3.17
Dec 01 10:38:33.796 INFO [stderr]    Compiling mime v0.2.6
Dec 01 10:38:33.796 INFO [stderr]    Compiling toml v0.4.8
Dec 01 10:38:34.133 INFO [stderr] error: failed to run custom build command for `rocket_codegen v0.3.17`
Dec 01 10:38:34.133 INFO [stderr] process didn't exit successfully: `/target/debug/build/rocket_codegen-c5232cdd0a7a7f0a/build-script-build` (exit code: 101)
Dec 01 10:38:34.133 INFO [stderr] --- stderr
Dec 01 10:38:34.133 INFO [stderr] [1;31mError:[0m [37mRocket requires a nightly or dev version of Rust.[0m
Dec 01 10:38:34.133 INFO [stderr] [37mInstalled version is:[0m [33m1.30.1 (2018-11-07)[0m. [37mMinimum required:[0m [33m1.30.0-nightly (2018-08-23)[0m.
Dec 01 10:38:34.133 INFO [stderr] [34mSee the getting started guide ([0m[37mhttps://rocket.rs/guide/getting-started/[0m[34m) for more information.[0m
Dec 01 10:38:34.133 INFO [stderr] thread 'main' panicked at 'Aborting compilation due to incompatible compiler.', /cargo-home/registry/src/github.com-1ecc6299db9ec823/rocket_codegen-0.3.17/build.rs:38:17
Dec 01 10:38:34.133 INFO [stderr] stack backtrace:
Dec 01 10:38:34.133 INFO [stderr]    0:     0x556ce941e75e - std::sys::unix::backtrace::tracing::imp::unwind_backtrace::h15749a98198ba25f
Dec 01 10:38:34.133 INFO [stderr]                                at libstd/sys/unix/backtrace/tracing/gcc_s.rs:49
Dec 01 10:38:34.133 INFO [stderr]    1:     0x556ce940fce6 - std::sys_common::backtrace::print::h0ba65c811294dbf0
Dec 01 10:38:34.133 INFO [stderr]                                at libstd/sys_common/backtrace.rs:71
Dec 01 10:38:34.133 INFO [stderr]                                at libstd/sys_common/backtrace.rs:59
Dec 01 10:38:34.133 INFO [stderr]    2:     0x556ce940e62d - std::panicking::default_hook::{{closure}}::h42bb31757f0fee64
Dec 01 10:38:34.133 INFO [stderr]                                at libstd/panicking.rs:211
Dec 01 10:38:34.133 INFO [stderr]    3:     0x556ce940e3a0 - std::panicking::default_hook::hebc8848d7aa7dbd9
Dec 01 10:38:34.133 INFO [stderr]                                at libstd/panicking.rs:227
Dec 01 10:38:34.133 INFO [stderr]    4:     0x556ce940ec2c - std::panicking::rust_panic_with_hook::h86e619a638415243
Dec 01 10:38:34.133 INFO [stderr]                                at libstd/panicking.rs:477
Dec 01 10:38:34.133 INFO [stderr]    5:     0x556ce93f1c3f - std::panicking::begin_panic::heb767c19fcc99f5a
Dec 01 10:38:34.133 INFO [stderr]                                at libstd/panicking.rs:411
Dec 01 10:38:34.133 INFO [stderr]    6:     0x556ce93efd92 - build_script_build::main::he9d75f7a954f7ddf
Dec 01 10:38:34.133 INFO [stderr]                                at /cargo-home/registry/src/github.com-1ecc6299db9ec823/rocket_codegen-0.3.17/build.rs:38
Dec 01 10:38:34.133 INFO [stderr]    7:     0x556ce93f252f - std::rt::lang_start::{{closure}}::hd1578fbee069c28e
Dec 01 10:38:34.133 INFO [stderr]                                at libstd/rt.rs:74
Dec 01 10:38:34.133 INFO [stderr]    8:     0x556ce940e6d2 - std::panicking::try::do_call::h47665672c57b11e4
Dec 01 10:38:34.133 INFO [stderr]                                at libstd/rt.rs:59
Dec 01 10:38:34.133 INFO [stderr]                                at libstd/panicking.rs:310
Dec 01 10:38:34.133 INFO [stderr]    9:     0x556ce942f689 - __rust_maybe_catch_panic
Dec 01 10:38:34.133 INFO [stderr]                                at libpanic_unwind/lib.rs:103
Dec 01 10:38:34.133 INFO [stderr]   10:     0x556ce9419755 - std::rt::lang_start_internal::had9505969b8e20a2
Dec 01 10:38:34.133 INFO [stderr]                                at libstd/panicking.rs:289
Dec 01 10:38:34.133 INFO [stderr]                                at libstd/panic.rs:392
Dec 01 10:38:34.133 INFO [stderr]                                at libstd/rt.rs:58
Dec 01 10:38:34.133 INFO [stderr]   11:     0x556ce93f2507 - std::rt::lang_start::h6b9f2e9d23e59193
Dec 01 10:38:34.133 INFO [stderr]                                at libstd/rt.rs:74
Dec 01 10:38:34.133 INFO [stderr]   12:     0x556ce93f0c29 - main
Dec 01 10:38:34.133 INFO [stderr]   13:     0x7f30ebc3582f - __libc_start_main
Dec 01 10:38:34.133 INFO [stderr]   14:     0x556ce93ef448 - _start
Dec 01 10:38:34.133 INFO [stderr]   15:                0x0 - <unknown>
Dec 01 10:38:34.133 INFO [stderr] 
Dec 01 10:38:34.133 INFO [stderr] warning: build failed, waiting for other jobs to finish...
Dec 01 10:38:34.291 INFO [stderr] error: failed to run custom build command for `rocket v0.3.17`
Dec 01 10:38:34.291 INFO [stderr] process didn't exit successfully: `/target/debug/build/rocket-c4e66faee2f2b7c9/build-script-build` (exit code: 101)
Dec 01 10:38:34.291 INFO [stderr] --- stderr
Dec 01 10:38:34.291 INFO [stderr] [1;31mError:[0m [37mRocket requires a nightly or dev version of Rust.[0m
Dec 01 10:38:34.291 INFO [stderr] [37mInstalled version is:[0m [33m1.30.1 (2018-11-07)[0m. [37mMinimum required:[0m [33m1.27.0-nightly (2018-04-26)[0m.
Dec 01 10:38:34.291 INFO [stderr] [34mSee the getting started guide ([0m[37mhttps://rocket.rs/guide/getting-started/[0m[34m) for more information.[0m
Dec 01 10:38:34.291 INFO [stderr] thread 'main' panicked at 'Aborting compilation due to incompatible compiler.', /cargo-home/registry/src/github.com-1ecc6299db9ec823/rocket-0.3.17/build.rs:38:13
Dec 01 10:38:34.291 INFO [stderr] stack backtrace:
Dec 01 10:38:34.291 INFO [stderr]    0:     0x55e8f88fb76e - std::sys::unix::backtrace::tracing::imp::unwind_backtrace::h15749a98198ba25f
Dec 01 10:38:34.291 INFO [stderr]                                at libstd/sys/unix/backtrace/tracing/gcc_s.rs:49
Dec 01 10:38:34.291 INFO [stderr]    1:     0x55e8f88eccf6 - std::sys_common::backtrace::print::h0ba65c811294dbf0
Dec 01 10:38:34.291 INFO [stderr]                                at libstd/sys_common/backtrace.rs:71
Dec 01 10:38:34.291 INFO [stderr]                                at libstd/sys_common/backtrace.rs:59
Dec 01 10:38:34.291 INFO [stderr]    2:     0x55e8f88eb63d - std::panicking::default_hook::{{closure}}::h42bb31757f0fee64
Dec 01 10:38:34.291 INFO [stderr]                                at libstd/panicking.rs:211
Dec 01 10:38:34.291 INFO [stderr]    3:     0x55e8f88eb3b0 - std::panicking::default_hook::hebc8848d7aa7dbd9
Dec 01 10:38:34.291 INFO [stderr]                                at libstd/panicking.rs:227
Dec 01 10:38:34.291 INFO [stderr]    4:     0x55e8f88ebc3c - std::panicking::rust_panic_with_hook::h86e619a638415243
Dec 01 10:38:34.291 INFO [stderr]                                at libstd/panicking.rs:477
Dec 01 10:38:34.291 INFO [stderr]    5:     0x55e8f88cec4f - std::panicking::begin_panic::h1f2b9e9d96bd8bd1
Dec 01 10:38:34.291 INFO [stderr]                                at libstd/panicking.rs:411
Dec 01 10:38:34.291 INFO [stderr]    6:     0x55e8f88ccd93 - build_script_build::main::h911ac25bbcea8e76
Dec 01 10:38:34.292 INFO [stderr]                                at /cargo-home/registry/src/github.com-1ecc6299db9ec823/rocket-0.3.17/build.rs:38
Dec 01 10:38:34.292 INFO [stderr]    7:     0x55e8f88cf53f - std::rt::lang_start::{{closure}}::h252ed0ee3474df69
Dec 01 10:38:34.292 INFO [stderr]                                at libstd/rt.rs:74
Dec 01 10:38:34.292 INFO [stderr]    8:     0x55e8f88eb6e2 - std::panicking::try::do_call::h47665672c57b11e4
Dec 01 10:38:34.292 INFO [stderr]                                at libstd/rt.rs:59
Dec 01 10:38:34.292 INFO [stderr]                                at libstd/panicking.rs:310
Dec 01 10:38:34.292 INFO [stderr]    9:     0x55e8f890c699 - __rust_maybe_catch_panic
Dec 01 10:38:34.292 INFO [stderr]                                at libpanic_unwind/lib.rs:103
Dec 01 10:38:34.292 INFO [stderr]   10:     0x55e8f88f6765 - std::rt::lang_start_internal::had9505969b8e20a2
Dec 01 10:38:34.292 INFO [stderr]                                at libstd/panicking.rs:289
Dec 01 10:38:34.292 INFO [stderr]                                at libstd/panic.rs:392
Dec 01 10:38:34.292 INFO [stderr]                                at libstd/rt.rs:58
Dec 01 10:38:34.292 INFO [stderr]   11:     0x55e8f88cf517 - std::rt::lang_start::h69706e9d9625c548
Dec 01 10:38:34.292 INFO [stderr]                                at libstd/rt.rs:74
Dec 01 10:38:34.292 INFO [stderr]   12:     0x55e8f88cdc39 - main
Dec 01 10:38:34.292 INFO [stderr]   13:     0x7f3ea1dbe82f - __libc_start_main
Dec 01 10:38:34.292 INFO [stderr]   14:     0x55e8f88cc448 - _start
Dec 01 10:38:34.292 INFO [stderr]   15:                0x0 - <unknown>
Dec 01 10:38:34.292 INFO [stderr] 
Dec 01 10:38:34.292 INFO [stderr] warning: build failed, waiting for other jobs to finish...
Dec 01 10:38:34.487 INFO [stderr] error: failed to run custom build command for `pear_codegen v0.0.20`
Dec 01 10:38:34.487 INFO [stderr] process didn't exit successfully: `/target/debug/build/pear_codegen-df86f9f8daca6fae/build-script-build` (exit code: 101)
Dec 01 10:38:34.487 INFO [stderr] --- stderr
Dec 01 10:38:34.487 INFO [stderr] [1;31mError:[0m [37mPear requires a nightly or dev version of Rust.[0m
Dec 01 10:38:34.487 INFO [stderr] [37mInstalled version is:[0m [33m1.30.1 (2018-11-07)[0m. [37mMinimum required:[0m [33m1.30.0-nightly (2018-08-23)[0m.
Dec 01 10:38:34.487 INFO [stderr] thread 'main' panicked at 'Aborting compilation due to incompatible compiler.', /cargo-home/registry/src/github.com-1ecc6299db9ec823/pear_codegen-0.0.20/build.rs:31:13
Dec 01 10:38:34.487 INFO [stderr] stack backtrace:
Dec 01 10:38:34.487 INFO [stderr]    0:     0x560e1576d53e - std::sys::unix::backtrace::tracing::imp::unwind_backtrace::h15749a98198ba25f
Dec 01 10:38:34.487 INFO [stderr]                                at libstd/sys/unix/backtrace/tracing/gcc_s.rs:49
Dec 01 10:38:34.487 INFO [stderr]    1:     0x560e1575eac6 - std::sys_common::backtrace::print::h0ba65c811294dbf0
Dec 01 10:38:34.487 INFO [stderr]                                at libstd/sys_common/backtrace.rs:71
Dec 01 10:38:34.487 INFO [stderr]                                at libstd/sys_common/backtrace.rs:59
Dec 01 10:38:34.487 INFO [stderr]    2:     0x560e1575d40d - std::panicking::default_hook::{{closure}}::h42bb31757f0fee64
Dec 01 10:38:34.487 INFO [stderr]                                at libstd/panicking.rs:211
Dec 01 10:38:34.487 INFO [stderr]    3:     0x560e1575d180 - std::panicking::default_hook::hebc8848d7aa7dbd9
Dec 01 10:38:34.487 INFO [stderr]                                at libstd/panicking.rs:227
Dec 01 10:38:34.487 INFO [stderr]    4:     0x560e1575da0c - std::panicking::rust_panic_with_hook::h86e619a638415243
Dec 01 10:38:34.487 INFO [stderr]                                at libstd/panicking.rs:477
Dec 01 10:38:34.487 INFO [stderr]    5:     0x560e15740a1f - std::panicking::begin_panic::hff0b0938de69e946
Dec 01 10:38:34.487 INFO [stderr]                                at libstd/panicking.rs:411
Dec 01 10:38:34.487 INFO [stderr]    6:     0x560e1573eb5a - build_script_build::main::h3208cb5374859f64
Dec 01 10:38:34.487 INFO [stderr]                                at /cargo-home/registry/src/github.com-1ecc6299db9ec823/pear_codegen-0.0.20/build.rs:31
Dec 01 10:38:34.487 INFO [stderr]    7:     0x560e1574130f - std::rt::lang_start::{{closure}}::he88afd07f648b684
Dec 01 10:38:34.487 INFO [stderr]                                at libstd/rt.rs:74
Dec 01 10:38:34.487 INFO [stderr]    8:     0x560e1575d4b2 - std::panicking::try::do_call::h47665672c57b11e4
Dec 01 10:38:34.487 INFO [stderr]                                at libstd/rt.rs:59
Dec 01 10:38:34.487 INFO [stderr]                                at libstd/panicking.rs:310
Dec 01 10:38:34.487 INFO [stderr]    9:     0x560e1577e469 - __rust_maybe_catch_panic
Dec 01 10:38:34.487 INFO [stderr]                                at libpanic_unwind/lib.rs:103
Dec 01 10:38:34.487 INFO [stderr]   10:     0x560e15768535 - std::rt::lang_start_internal::had9505969b8e20a2
Dec 01 10:38:34.487 INFO [stderr]                                at libstd/panicking.rs:289
Dec 01 10:38:34.487 INFO [stderr]                                at libstd/panic.rs:392
Dec 01 10:38:34.487 INFO [stderr]                                at libstd/rt.rs:58
Dec 01 10:38:34.487 INFO [stderr]   11:     0x560e157412e7 - std::rt::lang_start::ha0952dc06a311b9d
Dec 01 10:38:34.487 INFO [stderr]                                at libstd/rt.rs:74
Dec 01 10:38:34.487 INFO [stderr]   12:     0x560e1573fa09 - main
Dec 01 10:38:34.487 INFO [stderr]   13:     0x7f7ce8f7f82f - __libc_start_main
Dec 01 10:38:34.487 INFO [stderr]   14:     0x560e1573e448 - _start
Dec 01 10:38:34.487 INFO [stderr]   15:                0x0 - <unknown>
Dec 01 10:38:34.487 INFO [stderr] 
Dec 01 10:38:34.487 INFO [stderr] warning: build failed, waiting for other jobs to finish...
Dec 01 10:38:39.258 INFO [stderr] error: build failed
Dec 01 10:38:39.260 INFO [stderr] su: No module specific data is present
Dec 01 10:38:39.528 INFO running `"docker" "inspect" "ef49e35d9e84d682b60d80122b90c7281e4b8d7d1d53ad865e4335c128a6d1ed"`
Dec 01 10:38:39.596 INFO running `"docker" "rm" "-f" "ef49e35d9e84d682b60d80122b90c7281e4b8d7d1d53ad865e4335c128a6d1ed"`
Dec 01 10:38:39.703 INFO [stdout] ef49e35d9e84d682b60d80122b90c7281e4b8d7d1d53ad865e4335c128a6d1ed
