Dec 01 11:27:20.835 INFO testing lemarcuspoilus/action-express against 1.30.1 for beta-1.31-5
Dec 01 11:27:20.835 INFO running `"docker" "create" "-v" "/mnt/big/crater/work/local/target-dirs/beta-1.31-5/worker-1/1.30.1:/target:rw,Z" "-v" "/mnt/big/crater/work/local/test-source/worker-1/beta-1.31-5/1.30.1:/source:ro,Z" "-v" "/mnt/big/crater/work/local/cargo-home:/cargo-home:ro,Z" "-v" "/mnt/big/crater/work/local/rustup-home:/rustup-home:ro,Z" "-e" "USER_ID=1000" "-e" "SOURCE_DIR=/source" "-e" "USER_ID=1000" "-e" "CMD=cargo +1.30.1 build --frozen" "-e" "CARGO_TARGET_DIR=/target" "-e" "CARGO_INCREMENTAL=0" "-e" "RUST_BACKTRACE=full" "-e" "RUSTFLAGS=--cap-lints=warn" "-e" "CARGO_HOME=/cargo-home" "-e" "RUSTUP_HOME=/rustup-home" "-m" "1536M" "--network" "none" "crater"`
Dec 01 11:27:21.245 INFO [stdout] 50e3ddc8ef2aa7ffb0221b99a59a706f15c897649eb453005f2c91c496b271ad
Dec 01 11:27:21.251 INFO running `"docker" "start" "-a" "50e3ddc8ef2aa7ffb0221b99a59a706f15c897649eb453005f2c91c496b271ad"`
Dec 01 11:27:23.282 INFO [stderr] usermod: no changes
Dec 01 11:27:23.394 INFO [stderr]    Compiling action_lang v0.10.0 (/source)
Dec 01 11:27:24.022 INFO [stderr] error[E0554]: #![feature] may not be used on the stable release channel
Dec 01 11:27:24.022 INFO [stderr]  --> src/lib.rs:1:1
Dec 01 11:27:24.022 INFO [stderr]   |
Dec 01 11:27:24.022 INFO [stderr] 1 | #![feature(map_entry_replace)]
Dec 01 11:27:24.022 INFO [stderr]   | ^^^^^^^^^^^^^^^^^^^^^^^^^^^^^^
Dec 01 11:27:24.022 INFO [stderr] 
Dec 01 11:27:24.022 INFO [stderr] error[E0554]: #![feature] may not be used on the stable release channel
Dec 01 11:27:24.022 INFO [stderr]  --> src/lib.rs:2:1
Dec 01 11:27:24.022 INFO [stderr]   |
Dec 01 11:27:24.022 INFO [stderr] 2 | #![feature(toowned_clone_into)]
Dec 01 11:27:24.022 INFO [stderr]   | ^^^^^^^^^^^^^^^^^^^^^^^^^^^^^^^
Dec 01 11:27:24.022 INFO [stderr] 
Dec 01 11:27:24.022 INFO [stderr] error[E0554]: #![feature] may not be used on the stable release channel
Dec 01 11:27:24.022 INFO [stderr]  --> src/lib.rs:3:1
Dec 01 11:27:24.022 INFO [stderr]   |
Dec 01 11:27:24.022 INFO [stderr] 3 | #![feature(pointer_methods)]
Dec 01 11:27:24.022 INFO [stderr]   | ^^^^^^^^^^^^^^^^^^^^^^^^^^^^
Dec 01 11:27:24.022 INFO [stderr] 
Dec 01 11:27:24.022 INFO [stderr] error[E0554]: #![feature] may not be used on the stable release channel
Dec 01 11:27:24.022 INFO [stderr]  --> src/lib.rs:4:1
Dec 01 11:27:24.022 INFO [stderr]   |
Dec 01 11:27:24.022 INFO [stderr] 4 | #![feature(try_trait)]
Dec 01 11:27:24.022 INFO [stderr]   | ^^^^^^^^^^^^^^^^^^^^^^
Dec 01 11:27:24.022 INFO [stderr] 
Dec 01 11:27:24.039 INFO [stderr] error: aborting due to 4 previous errors
Dec 01 11:27:24.039 INFO [stderr] 
Dec 01 11:27:24.039 INFO [stderr] For more information about this error, try `rustc --explain E0554`.
Dec 01 11:27:24.044 INFO [stderr] error: Could not compile `action_lang`.
Dec 01 11:27:24.044 INFO [stderr] 
Dec 01 11:27:24.044 INFO [stderr] To learn more, run the command again with --verbose.
Dec 01 11:27:24.046 INFO [stderr] su: No module specific data is present
Dec 01 11:27:25.215 INFO running `"docker" "inspect" "50e3ddc8ef2aa7ffb0221b99a59a706f15c897649eb453005f2c91c496b271ad"`
Dec 01 11:27:25.623 INFO running `"docker" "rm" "-f" "50e3ddc8ef2aa7ffb0221b99a59a706f15c897649eb453005f2c91c496b271ad"`
Dec 01 11:27:25.983 INFO [stdout] 50e3ddc8ef2aa7ffb0221b99a59a706f15c897649eb453005f2c91c496b271ad
