Dec 01 11:34:50.902 INFO testing landaire/repose against 1.30.1 for beta-1.31-5
Dec 01 11:34:50.902 INFO running `"docker" "create" "-v" "/mnt/big/crater/work/local/target-dirs/beta-1.31-5/worker-4/1.30.1:/target:rw,Z" "-v" "/mnt/big/crater/work/local/test-source/worker-4/beta-1.31-5/1.30.1:/source:ro,Z" "-v" "/mnt/big/crater/work/local/cargo-home:/cargo-home:ro,Z" "-v" "/mnt/big/crater/work/local/rustup-home:/rustup-home:ro,Z" "-e" "USER_ID=1000" "-e" "SOURCE_DIR=/source" "-e" "USER_ID=1000" "-e" "CMD=cargo +1.30.1 build --frozen" "-e" "CARGO_TARGET_DIR=/target" "-e" "CARGO_INCREMENTAL=0" "-e" "RUST_BACKTRACE=full" "-e" "RUSTFLAGS=--cap-lints=warn" "-e" "CARGO_HOME=/cargo-home" "-e" "RUSTUP_HOME=/rustup-home" "-m" "1536M" "--network" "none" "crater"`
Dec 01 11:34:51.272 INFO [stdout] b7260d3fad327994a63b7cc0a5c4bde0d435ae3b84033fe3bdf47fcdd19d0628
Dec 01 11:34:51.279 INFO running `"docker" "start" "-a" "b7260d3fad327994a63b7cc0a5c4bde0d435ae3b84033fe3bdf47fcdd19d0628"`
Dec 01 11:34:52.683 INFO [stderr] usermod: no changes
Dec 01 11:34:53.138 INFO [stderr]    Compiling slug v0.1.4
Dec 01 11:34:53.138 INFO [stderr]    Compiling tokio-timer v0.1.2
Dec 01 11:34:53.138 INFO [stderr]    Compiling bytes v0.4.10
Dec 01 11:34:53.139 INFO [stderr]    Compiling lock_api v0.1.4
Dec 01 11:34:53.145 INFO [stderr]    Compiling pear_codegen v0.0.20
Dec 01 11:34:53.146 INFO [stderr]    Compiling rocket v0.3.17
Dec 01 11:34:53.148 INFO [stderr]    Compiling rocket_codegen v0.3.17
Dec 01 11:34:53.150 INFO [stderr]    Compiling mime v0.2.6
Dec 01 11:34:53.845 INFO [stderr] error: failed to run custom build command for `rocket v0.3.17`
Dec 01 11:34:53.845 INFO [stderr] process didn't exit successfully: `/target/debug/build/rocket-c4e66faee2f2b7c9/build-script-build` (exit code: 101)
Dec 01 11:34:53.845 INFO [stderr] --- stderr
Dec 01 11:34:53.845 INFO [stderr] [1;31mError:[0m [37mRocket requires a nightly or dev version of Rust.[0m
Dec 01 11:34:53.845 INFO [stderr] [37mInstalled version is:[0m [33m1.30.1 (2018-11-07)[0m. [37mMinimum required:[0m [33m1.27.0-nightly (2018-04-26)[0m.
Dec 01 11:34:53.845 INFO [stderr] [34mSee the getting started guide ([0m[37mhttps://rocket.rs/guide/getting-started/[0m[34m) for more information.[0m
Dec 01 11:34:53.845 INFO [stderr] thread 'main' panicked at 'Aborting compilation due to incompatible compiler.', /cargo-home/registry/src/github.com-1ecc6299db9ec823/rocket-0.3.17/build.rs:38:13
Dec 01 11:34:53.845 INFO [stderr] stack backtrace:
Dec 01 11:34:53.845 INFO [stderr]    0:     0x5618a3ebc76e - std::sys::unix::backtrace::tracing::imp::unwind_backtrace::h15749a98198ba25f
Dec 01 11:34:53.845 INFO [stderr]                                at libstd/sys/unix/backtrace/tracing/gcc_s.rs:49
Dec 01 11:34:53.845 INFO [stderr]    1:     0x5618a3eadcf6 - std::sys_common::backtrace::print::h0ba65c811294dbf0
Dec 01 11:34:53.845 INFO [stderr]                                at libstd/sys_common/backtrace.rs:71
Dec 01 11:34:53.845 INFO [stderr]                                at libstd/sys_common/backtrace.rs:59
Dec 01 11:34:53.845 INFO [stderr]    2:     0x5618a3eac63d - std::panicking::default_hook::{{closure}}::h42bb31757f0fee64
Dec 01 11:34:53.845 INFO [stderr]                                at libstd/panicking.rs:211
Dec 01 11:34:53.845 INFO [stderr]    3:     0x5618a3eac3b0 - std::panicking::default_hook::hebc8848d7aa7dbd9
Dec 01 11:34:53.845 INFO [stderr]                                at libstd/panicking.rs:227
Dec 01 11:34:53.845 INFO [stderr]    4:     0x5618a3eacc3c - std::panicking::rust_panic_with_hook::h86e619a638415243
Dec 01 11:34:53.845 INFO [stderr]                                at libstd/panicking.rs:477
Dec 01 11:34:53.845 INFO [stderr]    5:     0x5618a3e8fc4f - std::panicking::begin_panic::h1f2b9e9d96bd8bd1
Dec 01 11:34:53.845 INFO [stderr]                                at libstd/panicking.rs:411
Dec 01 11:34:53.845 INFO [stderr]    6:     0x5618a3e8dd93 - build_script_build::main::h911ac25bbcea8e76
Dec 01 11:34:53.845 INFO [stderr]                                at /cargo-home/registry/src/github.com-1ecc6299db9ec823/rocket-0.3.17/build.rs:38
Dec 01 11:34:53.845 INFO [stderr]    7:     0x5618a3e9053f - std::rt::lang_start::{{closure}}::h252ed0ee3474df69
Dec 01 11:34:53.845 INFO [stderr]                                at libstd/rt.rs:74
Dec 01 11:34:53.845 INFO [stderr]    8:     0x5618a3eac6e2 - std::panicking::try::do_call::h47665672c57b11e4
Dec 01 11:34:53.845 INFO [stderr]                                at libstd/rt.rs:59
Dec 01 11:34:53.845 INFO [stderr]                                at libstd/panicking.rs:310
Dec 01 11:34:53.845 INFO [stderr]    9:     0x5618a3ecd699 - __rust_maybe_catch_panic
Dec 01 11:34:53.845 INFO [stderr]                                at libpanic_unwind/lib.rs:103
Dec 01 11:34:53.845 INFO [stderr]   10:     0x5618a3eb7765 - std::rt::lang_start_internal::had9505969b8e20a2
Dec 01 11:34:53.845 INFO [stderr]                                at libstd/panicking.rs:289
Dec 01 11:34:53.845 INFO [stderr]                                at libstd/panic.rs:392
Dec 01 11:34:53.845 INFO [stderr]                                at libstd/rt.rs:58
Dec 01 11:34:53.845 INFO [stderr]   11:     0x5618a3e90517 - std::rt::lang_start::h69706e9d9625c548
Dec 01 11:34:53.846 INFO [stderr]                                at libstd/rt.rs:74
Dec 01 11:34:53.846 INFO [stderr]   12:     0x5618a3e8ec39 - main
Dec 01 11:34:53.846 INFO [stderr]   13:     0x7f7306f4482f - __libc_start_main
Dec 01 11:34:53.846 INFO [stderr]   14:     0x5618a3e8d448 - _start
Dec 01 11:34:53.846 INFO [stderr]   15:                0x0 - <unknown>
Dec 01 11:34:53.848 INFO [stderr] 
Dec 01 11:34:53.850 INFO [stderr] warning: build failed, waiting for other jobs to finish...
Dec 01 11:34:53.867 INFO [stderr] error: failed to run custom build command for `rocket_codegen v0.3.17`
Dec 01 11:34:53.867 INFO [stderr] process didn't exit successfully: `/target/debug/build/rocket_codegen-c5232cdd0a7a7f0a/build-script-build` (exit code: 101)
Dec 01 11:34:53.867 INFO [stderr] --- stderr
Dec 01 11:34:53.867 INFO [stderr] [1;31mError:[0m [37mRocket requires a nightly or dev version of Rust.[0m
Dec 01 11:34:53.867 INFO [stderr] [37mInstalled version is:[0m [33m1.30.1 (2018-11-07)[0m. [37mMinimum required:[0m [33m1.30.0-nightly (2018-08-23)[0m.
Dec 01 11:34:53.867 INFO [stderr] [34mSee the getting started guide ([0m[37mhttps://rocket.rs/guide/getting-started/[0m[34m) for more information.[0m
Dec 01 11:34:53.867 INFO [stderr] thread 'main' panicked at 'Aborting compilation due to incompatible compiler.', /cargo-home/registry/src/github.com-1ecc6299db9ec823/rocket_codegen-0.3.17/build.rs:38:17
Dec 01 11:34:53.867 INFO [stderr] stack backtrace:
Dec 01 11:34:53.867 INFO [stderr]    0:     0x56316007a75e - std::sys::unix::backtrace::tracing::imp::unwind_backtrace::h15749a98198ba25f
Dec 01 11:34:53.867 INFO [stderr]                                at libstd/sys/unix/backtrace/tracing/gcc_s.rs:49
Dec 01 11:34:53.867 INFO [stderr]    1:     0x56316006bce6 - std::sys_common::backtrace::print::h0ba65c811294dbf0
Dec 01 11:34:53.867 INFO [stderr]                                at libstd/sys_common/backtrace.rs:71
Dec 01 11:34:53.867 INFO [stderr]                                at libstd/sys_common/backtrace.rs:59
Dec 01 11:34:53.867 INFO [stderr]    2:     0x56316006a62d - std::panicking::default_hook::{{closure}}::h42bb31757f0fee64
Dec 01 11:34:53.867 INFO [stderr]                                at libstd/panicking.rs:211
Dec 01 11:34:53.867 INFO [stderr]    3:     0x56316006a3a0 - std::panicking::default_hook::hebc8848d7aa7dbd9
Dec 01 11:34:53.867 INFO [stderr]                                at libstd/panicking.rs:227
Dec 01 11:34:53.867 INFO [stderr]    4:     0x56316006ac2c - std::panicking::rust_panic_with_hook::h86e619a638415243
Dec 01 11:34:53.867 INFO [stderr]                                at libstd/panicking.rs:477
Dec 01 11:34:53.867 INFO [stderr]    5:     0x56316004dc3f - std::panicking::begin_panic::heb767c19fcc99f5a
Dec 01 11:34:53.867 INFO [stderr]                                at libstd/panicking.rs:411
Dec 01 11:34:53.867 INFO [stderr]    6:     0x56316004bd92 - build_script_build::main::he9d75f7a954f7ddf
Dec 01 11:34:53.867 INFO [stderr]                                at /cargo-home/registry/src/github.com-1ecc6299db9ec823/rocket_codegen-0.3.17/build.rs:38
Dec 01 11:34:53.867 INFO [stderr]    7:     0x56316004e52f - std::rt::lang_start::{{closure}}::hd1578fbee069c28e
Dec 01 11:34:53.867 INFO [stderr]                                at libstd/rt.rs:74
Dec 01 11:34:53.867 INFO [stderr]    8:     0x56316006a6d2 - std::panicking::try::do_call::h47665672c57b11e4
Dec 01 11:34:53.867 INFO [stderr]                                at libstd/rt.rs:59
Dec 01 11:34:53.867 INFO [stderr]                                at libstd/panicking.rs:310
Dec 01 11:34:53.867 INFO [stderr]    9:     0x56316008b689 - __rust_maybe_catch_panic
Dec 01 11:34:53.867 INFO [stderr]                                at libpanic_unwind/lib.rs:103
Dec 01 11:34:53.867 INFO [stderr]   10:     0x563160075755 - std::rt::lang_start_internal::had9505969b8e20a2
Dec 01 11:34:53.867 INFO [stderr]                                at libstd/panicking.rs:289
Dec 01 11:34:53.867 INFO [stderr]                                at libstd/panic.rs:392
Dec 01 11:34:53.867 INFO [stderr]                                at libstd/rt.rs:58
Dec 01 11:34:53.867 INFO [stderr]   11:     0x56316004e507 - std::rt::lang_start::h6b9f2e9d23e59193
Dec 01 11:34:53.867 INFO [stderr]                                at libstd/rt.rs:74
Dec 01 11:34:53.867 INFO [stderr]   12:     0x56316004cc29 - main
Dec 01 11:34:53.867 INFO [stderr]   13:     0x7ff7cb93982f - __libc_start_main
Dec 01 11:34:53.867 INFO [stderr]   14:     0x56316004b448 - _start
Dec 01 11:34:53.867 INFO [stderr]   15:                0x0 - <unknown>
Dec 01 11:34:53.867 INFO [stderr] 
Dec 01 11:34:53.867 INFO [stderr] warning: build failed, waiting for other jobs to finish...
Dec 01 11:34:53.899 INFO [stderr] error: failed to run custom build command for `pear_codegen v0.0.20`
Dec 01 11:34:53.899 INFO [stderr] process didn't exit successfully: `/target/debug/build/pear_codegen-df86f9f8daca6fae/build-script-build` (exit code: 101)
Dec 01 11:34:53.899 INFO [stderr] --- stderr
Dec 01 11:34:53.899 INFO [stderr] [1;31mError:[0m [37mPear requires a nightly or dev version of Rust.[0m
Dec 01 11:34:53.899 INFO [stderr] [37mInstalled version is:[0m [33m1.30.1 (2018-11-07)[0m. [37mMinimum required:[0m [33m1.30.0-nightly (2018-08-23)[0m.
Dec 01 11:34:53.899 INFO [stderr] thread 'main' panicked at 'Aborting compilation due to incompatible compiler.', /cargo-home/registry/src/github.com-1ecc6299db9ec823/pear_codegen-0.0.20/build.rs:31:13
Dec 01 11:34:53.899 INFO [stderr] stack backtrace:
Dec 01 11:34:53.899 INFO [stderr]    0:     0x55714a93153e - std::sys::unix::backtrace::tracing::imp::unwind_backtrace::h15749a98198ba25f
Dec 01 11:34:53.899 INFO [stderr]                                at libstd/sys/unix/backtrace/tracing/gcc_s.rs:49
Dec 01 11:34:53.899 INFO [stderr]    1:     0x55714a922ac6 - std::sys_common::backtrace::print::h0ba65c811294dbf0
Dec 01 11:34:53.899 INFO [stderr]                                at libstd/sys_common/backtrace.rs:71
Dec 01 11:34:53.899 INFO [stderr]                                at libstd/sys_common/backtrace.rs:59
Dec 01 11:34:53.899 INFO [stderr]    2:     0x55714a92140d - std::panicking::default_hook::{{closure}}::h42bb31757f0fee64
Dec 01 11:34:53.899 INFO [stderr]                                at libstd/panicking.rs:211
Dec 01 11:34:53.899 INFO [stderr]    3:     0x55714a921180 - std::panicking::default_hook::hebc8848d7aa7dbd9
Dec 01 11:34:53.899 INFO [stderr]                                at libstd/panicking.rs:227
Dec 01 11:34:53.899 INFO [stderr]    4:     0x55714a921a0c - std::panicking::rust_panic_with_hook::h86e619a638415243
Dec 01 11:34:53.899 INFO [stderr]                                at libstd/panicking.rs:477
Dec 01 11:34:53.899 INFO [stderr]    5:     0x55714a904a1f - std::panicking::begin_panic::hff0b0938de69e946
Dec 01 11:34:53.899 INFO [stderr]                                at libstd/panicking.rs:411
Dec 01 11:34:53.899 INFO [stderr]    6:     0x55714a902b5a - build_script_build::main::h3208cb5374859f64
Dec 01 11:34:53.899 INFO [stderr]                                at /cargo-home/registry/src/github.com-1ecc6299db9ec823/pear_codegen-0.0.20/build.rs:31
Dec 01 11:34:53.899 INFO [stderr]    7:     0x55714a90530f - std::rt::lang_start::{{closure}}::he88afd07f648b684
Dec 01 11:34:53.899 INFO [stderr]                                at libstd/rt.rs:74
Dec 01 11:34:53.899 INFO [stderr]    8:     0x55714a9214b2 - std::panicking::try::do_call::h47665672c57b11e4
Dec 01 11:34:53.899 INFO [stderr]                                at libstd/rt.rs:59
Dec 01 11:34:53.899 INFO [stderr]                                at libstd/panicking.rs:310
Dec 01 11:34:53.899 INFO [stderr]    9:     0x55714a942469 - __rust_maybe_catch_panic
Dec 01 11:34:53.899 INFO [stderr]                                at libpanic_unwind/lib.rs:103
Dec 01 11:34:53.899 INFO [stderr]   10:     0x55714a92c535 - std::rt::lang_start_internal::had9505969b8e20a2
Dec 01 11:34:53.899 INFO [stderr]                                at libstd/panicking.rs:289
Dec 01 11:34:53.899 INFO [stderr]                                at libstd/panic.rs:392
Dec 01 11:34:53.899 INFO [stderr]                                at libstd/rt.rs:58
Dec 01 11:34:53.899 INFO [stderr]   11:     0x55714a9052e7 - std::rt::lang_start::ha0952dc06a311b9d
Dec 01 11:34:53.899 INFO [stderr]                                at libstd/rt.rs:74
Dec 01 11:34:53.899 INFO [stderr]   12:     0x55714a903a09 - main
Dec 01 11:34:53.899 INFO [stderr]   13:     0x7f017555d82f - __libc_start_main
Dec 01 11:34:53.899 INFO [stderr]   14:     0x55714a902448 - _start
Dec 01 11:34:53.899 INFO [stderr]   15:                0x0 - <unknown>
Dec 01 11:34:53.899 INFO [stderr] 
Dec 01 11:34:53.899 INFO [stderr] warning: build failed, waiting for other jobs to finish...
Dec 01 11:34:58.186 INFO [stderr] error: build failed
Dec 01 11:34:58.188 INFO [stderr] su: No module specific data is present
Dec 01 11:34:58.887 INFO running `"docker" "inspect" "b7260d3fad327994a63b7cc0a5c4bde0d435ae3b84033fe3bdf47fcdd19d0628"`
Dec 01 11:34:59.100 INFO running `"docker" "rm" "-f" "b7260d3fad327994a63b7cc0a5c4bde0d435ae3b84033fe3bdf47fcdd19d0628"`
Dec 01 11:34:59.287 INFO [stdout] b7260d3fad327994a63b7cc0a5c4bde0d435ae3b84033fe3bdf47fcdd19d0628
