Dec 01 11:58:39.264 INFO testing kpcyrd/cargo-debstatus against 1.30.1 for beta-1.31-5
Dec 01 11:58:39.264 INFO running `"docker" "create" "-v" "/mnt/big/crater/work/local/target-dirs/beta-1.31-5/worker-7/1.30.1:/target:rw,Z" "-v" "/mnt/big/crater/work/local/test-source/worker-7/beta-1.31-5/1.30.1:/source:ro,Z" "-v" "/mnt/big/crater/work/local/cargo-home:/cargo-home:ro,Z" "-v" "/mnt/big/crater/work/local/rustup-home:/rustup-home:ro,Z" "-e" "USER_ID=1000" "-e" "SOURCE_DIR=/source" "-e" "USER_ID=1000" "-e" "CMD=cargo +1.30.1 build --frozen" "-e" "CARGO_TARGET_DIR=/target" "-e" "CARGO_INCREMENTAL=0" "-e" "RUST_BACKTRACE=full" "-e" "RUSTFLAGS=--cap-lints=warn" "-e" "CARGO_HOME=/cargo-home" "-e" "RUSTUP_HOME=/rustup-home" "-m" "1536M" "--network" "none" "crater"`
Dec 01 11:58:39.837 INFO [stdout] f80fef096162bbf3e4200b5f4e0330baf39d1227fc1809790e1536aeac59968b
Dec 01 11:58:39.839 INFO running `"docker" "start" "-a" "f80fef096162bbf3e4200b5f4e0330baf39d1227fc1809790e1536aeac59968b"`
Dec 01 11:58:42.055 INFO [stderr] usermod: no changes
Dec 01 11:58:42.551 INFO [stderr]    Compiling ryu v0.2.4
Dec 01 11:58:42.560 INFO [stderr]    Compiling ordermap v0.3.5
Dec 01 11:58:42.562 INFO [stderr]    Compiling libz-sys v1.0.20
Dec 01 11:58:42.564 INFO [stderr]    Compiling cmake v0.1.33
Dec 01 11:58:42.566 INFO [stderr]    Compiling curl-sys v0.4.8
Dec 01 11:58:42.569 INFO [stderr]    Compiling walkdir v2.2.0
Dec 01 11:58:42.572 INFO [stderr]    Compiling jobserver v0.1.11
Dec 01 11:58:42.573 INFO [stderr]    Compiling tar v0.4.16
Dec 01 11:58:50.792 INFO [stderr]    Compiling miniz-sys v0.1.10
Dec 01 11:58:51.583 INFO [stderr]    Compiling toml v0.4.6
Dec 01 11:58:53.216 INFO [stderr]    Compiling serde_ignored v0.0.4
Dec 01 11:58:53.312 INFO [stderr]    Compiling semver v0.9.0
Dec 01 11:58:53.575 INFO [stderr]    Compiling libssh2-sys v0.2.10
Dec 01 11:58:53.611 INFO [stderr]    Compiling libgit2-sys v0.7.7
Dec 01 11:58:57.055 INFO [stderr]    Compiling petgraph v0.4.12
Dec 01 11:58:57.737 INFO [stderr]    Compiling flate2 v1.0.2
Dec 01 11:58:57.867 INFO [stderr]    Compiling serde_derive v1.0.71
Dec 01 11:59:00.331 INFO [stderr]    Compiling structopt-derive v0.2.10
Dec 01 11:59:00.822 INFO [stderr]    Compiling crypto-hash v0.3.1
Dec 01 11:59:02.960 INFO [stderr]    Compiling postgres-protocol v0.3.2
Dec 01 11:59:04.523 INFO [stderr]    Compiling globset v0.4.1
Dec 01 11:59:05.515 INFO [stderr]    Compiling serde_json v1.0.26
Dec 01 11:59:08.266 INFO [stderr] error[E0034]: multiple applicable items in scope
Dec 01 11:59:08.266 INFO [stderr]     --> /cargo-home/registry/src/github.com-1ecc6299db9ec823/petgraph-0.4.12/src/graph_impl/stable_graph/mod.rs:1171:19
Dec 01 11:59:08.266 INFO [stderr]      |
Dec 01 11:59:08.266 INFO [stderr] 1171 |         self.iter.find_map(|(i, node)| {
Dec 01 11:59:08.266 INFO [stderr]      |                   ^^^^^^^^ multiple `find_map` found
Dec 01 11:59:08.266 INFO [stderr]      |
Dec 01 11:59:08.266 INFO [stderr] note: candidate #1 is defined in an impl of the trait `iter_utils::IterUtilsExt` for the type `_`
Dec 01 11:59:08.266 INFO [stderr]     --> /cargo-home/registry/src/github.com-1ecc6299db9ec823/petgraph-0.4.12/src/iter_utils.rs:5:5
Dec 01 11:59:08.266 INFO [stderr]      |
Dec 01 11:59:08.266 INFO [stderr] 5    | /     fn find_map<F, R>(&mut self, mut f: F) -> Option<R>
Dec 01 11:59:08.266 INFO [stderr] 6    | |         where F: FnMut(Self::Item) -> Option<R>
Dec 01 11:59:08.266 INFO [stderr] 7    | |     {
Dec 01 11:59:08.266 INFO [stderr] 8    | |         while let Some(elt) = self.next() {
Dec 01 11:59:08.266 INFO [stderr] ...    |
Dec 01 11:59:08.266 INFO [stderr] 13   | |         None
Dec 01 11:59:08.266 INFO [stderr] 14   | |     }
Dec 01 11:59:08.266 INFO [stderr]      | |_____^
Dec 01 11:59:08.266 INFO [stderr]      = note: candidate #2 is defined in an impl of the trait `std::iter::Iterator` for the type `std::iter::Enumerate<_>`
Dec 01 11:59:08.266 INFO [stderr] 
Dec 01 11:59:08.355 INFO [stderr] error[E0034]: multiple applicable items in scope
Dec 01 11:59:08.355 INFO [stderr]     --> /cargo-home/registry/src/github.com-1ecc6299db9ec823/petgraph-0.4.12/src/graph_impl/stable_graph/mod.rs:1363:19
Dec 01 11:59:08.355 INFO [stderr]      |
Dec 01 11:59:08.355 INFO [stderr] 1363 |         self.iter.find_map(|(i, edge)|
Dec 01 11:59:08.355 INFO [stderr]      |                   ^^^^^^^^ multiple `find_map` found
Dec 01 11:59:08.363 INFO [stderr]      |
Dec 01 11:59:08.363 INFO [stderr] note: candidate #1 is defined in an impl of the trait `iter_utils::IterUtilsExt` for the type `_`
Dec 01 11:59:08.363 INFO [stderr]     --> /cargo-home/registry/src/github.com-1ecc6299db9ec823/petgraph-0.4.12/src/iter_utils.rs:5:5
Dec 01 11:59:08.363 INFO [stderr]      |
Dec 01 11:59:08.363 INFO [stderr] 5    | /     fn find_map<F, R>(&mut self, mut f: F) -> Option<R>
Dec 01 11:59:08.363 INFO [stderr] 6    | |         where F: FnMut(Self::Item) -> Option<R>
Dec 01 11:59:08.363 INFO [stderr] 7    | |     {
Dec 01 11:59:08.363 INFO [stderr] 8    | |         while let Some(elt) = self.next() {
Dec 01 11:59:08.363 INFO [stderr] ...    |
Dec 01 11:59:08.363 INFO [stderr] 13   | |         None
Dec 01 11:59:08.363 INFO [stderr] 14   | |     }
Dec 01 11:59:08.363 INFO [stderr]      | |_____^
Dec 01 11:59:08.363 INFO [stderr]      = note: candidate #2 is defined in an impl of the trait `std::iter::Iterator` for the type `std::iter::Enumerate<_>`
Dec 01 11:59:08.363 INFO [stderr] 
Dec 01 11:59:08.431 INFO [stderr] error[E0034]: multiple applicable items in scope
Dec 01 11:59:08.431 INFO [stderr]     --> /cargo-home/registry/src/github.com-1ecc6299db9ec823/petgraph-0.4.12/src/graph_impl/stable_graph/mod.rs:1527:19
Dec 01 11:59:08.431 INFO [stderr]      |
Dec 01 11:59:08.431 INFO [stderr] 1527 |         self.iter.find_map(|(i, node)| {
Dec 01 11:59:08.431 INFO [stderr]      |                   ^^^^^^^^ multiple `find_map` found
Dec 01 11:59:08.447 INFO [stderr]      |
Dec 01 11:59:08.447 INFO [stderr] note: candidate #1 is defined in an impl of the trait `iter_utils::IterUtilsExt` for the type `_`
Dec 01 11:59:08.447 INFO [stderr]     --> /cargo-home/registry/src/github.com-1ecc6299db9ec823/petgraph-0.4.12/src/iter_utils.rs:5:5
Dec 01 11:59:08.447 INFO [stderr]      |
Dec 01 11:59:08.447 INFO [stderr] 5    | /     fn find_map<F, R>(&mut self, mut f: F) -> Option<R>
Dec 01 11:59:08.447 INFO [stderr] 6    | |         where F: FnMut(Self::Item) -> Option<R>
Dec 01 11:59:08.447 INFO [stderr] 7    | |     {
Dec 01 11:59:08.447 INFO [stderr] 8    | |         while let Some(elt) = self.next() {
Dec 01 11:59:08.447 INFO [stderr] ...    |
Dec 01 11:59:08.447 INFO [stderr] 13   | |         None
Dec 01 11:59:08.447 INFO [stderr] 14   | |     }
Dec 01 11:59:08.447 INFO [stderr]      | |_____^
Dec 01 11:59:08.447 INFO [stderr]      = note: candidate #2 is defined in an impl of the trait `std::iter::Iterator` for the type `std::iter::Enumerate<_>`
Dec 01 11:59:08.447 INFO [stderr] 
Dec 01 11:59:08.475 INFO [stderr] error[E0034]: multiple applicable items in scope
Dec 01 11:59:08.475 INFO [stderr]     --> /cargo-home/registry/src/github.com-1ecc6299db9ec823/petgraph-0.4.12/src/graph_impl/stable_graph/mod.rs:1573:19
Dec 01 11:59:08.475 INFO [stderr]      |
Dec 01 11:59:08.475 INFO [stderr] 1573 |         self.iter.find_map(|(i, node)| {
Dec 01 11:59:08.475 INFO [stderr]      |                   ^^^^^^^^ multiple `find_map` found
Dec 01 11:59:08.475 INFO [stderr]      |
Dec 01 11:59:08.475 INFO [stderr] note: candidate #1 is defined in an impl of the trait `iter_utils::IterUtilsExt` for the type `_`
Dec 01 11:59:08.475 INFO [stderr]     --> /cargo-home/registry/src/github.com-1ecc6299db9ec823/petgraph-0.4.12/src/iter_utils.rs:5:5
Dec 01 11:59:08.475 INFO [stderr]      |
Dec 01 11:59:08.475 INFO [stderr] 5    | /     fn find_map<F, R>(&mut self, mut f: F) -> Option<R>
Dec 01 11:59:08.475 INFO [stderr] 6    | |         where F: FnMut(Self::Item) -> Option<R>
Dec 01 11:59:08.475 INFO [stderr] 7    | |     {
Dec 01 11:59:08.475 INFO [stderr] 8    | |         while let Some(elt) = self.next() {
Dec 01 11:59:08.475 INFO [stderr] ...    |
Dec 01 11:59:08.475 INFO [stderr] 13   | |         None
Dec 01 11:59:08.475 INFO [stderr] 14   | |     }
Dec 01 11:59:08.475 INFO [stderr]      | |_____^
Dec 01 11:59:08.475 INFO [stderr]      = note: candidate #2 is defined in an impl of the trait `std::iter::Iterator` for the type `std::iter::Enumerate<_>`
Dec 01 11:59:08.475 INFO [stderr] 
Dec 01 11:59:09.983 INFO [stderr] error: aborting due to 4 previous errors
Dec 01 11:59:09.983 INFO [stderr] 
Dec 01 11:59:09.983 INFO [stderr] For more information about this error, try `rustc --explain E0034`.
Dec 01 11:59:10.054 INFO [stderr] error: Could not compile `petgraph`.
Dec 01 11:59:10.054 INFO [stderr] warning: build failed, waiting for other jobs to finish...
Dec 01 11:59:40.255 INFO [stderr] error: build failed
Dec 01 11:59:40.255 INFO [stderr] su: No module specific data is present
Dec 01 11:59:41.607 INFO running `"docker" "inspect" "f80fef096162bbf3e4200b5f4e0330baf39d1227fc1809790e1536aeac59968b"`
Dec 01 11:59:41.941 INFO running `"docker" "rm" "-f" "f80fef096162bbf3e4200b5f4e0330baf39d1227fc1809790e1536aeac59968b"`
Dec 01 11:59:42.287 INFO [stdout] f80fef096162bbf3e4200b5f4e0330baf39d1227fc1809790e1536aeac59968b
