Dec 01 12:17:44.649 INFO testing kmBlaine/yucon against 1.30.1 for beta-1.31-5
Dec 01 12:17:44.649 INFO running `"docker" "create" "-v" "/mnt/big/crater/work/local/target-dirs/beta-1.31-5/worker-7/1.30.1:/target:rw,Z" "-v" "/mnt/big/crater/work/local/test-source/worker-7/beta-1.31-5/1.30.1:/source:ro,Z" "-v" "/mnt/big/crater/work/local/cargo-home:/cargo-home:ro,Z" "-v" "/mnt/big/crater/work/local/rustup-home:/rustup-home:ro,Z" "-e" "USER_ID=1000" "-e" "SOURCE_DIR=/source" "-e" "USER_ID=1000" "-e" "CMD=cargo +1.30.1 build --frozen" "-e" "CARGO_TARGET_DIR=/target" "-e" "CARGO_INCREMENTAL=0" "-e" "RUST_BACKTRACE=full" "-e" "RUSTFLAGS=--cap-lints=warn" "-e" "CARGO_HOME=/cargo-home" "-e" "RUSTUP_HOME=/rustup-home" "-m" "1536M" "--network" "none" "crater"`
Dec 01 12:17:45.043 INFO [stdout] d3152f32910dd1a677670f1ff545111811f88b44ecde1910d6c38f7a06cebf83
Dec 01 12:17:45.049 INFO running `"docker" "start" "-a" "d3152f32910dd1a677670f1ff545111811f88b44ecde1910d6c38f7a06cebf83"`
Dec 01 12:17:46.203 INFO [stderr] usermod: no changes
Dec 01 12:17:46.272 INFO [stderr]    Compiling yucon v0.2.0 (/source)
Dec 01 12:17:46.787 INFO [stderr] error[E0252]: the name `Write` is defined multiple times
Dec 01 12:17:46.787 INFO [stderr]   --> src/runtime/mod.rs:46:5
Dec 01 12:17:46.787 INFO [stderr]    |
Dec 01 12:17:46.787 INFO [stderr] 36 | use std::fmt::Write;
Dec 01 12:17:46.787 INFO [stderr]    |     --------------- previous import of the trait `Write` here
Dec 01 12:17:46.787 INFO [stderr] ...
Dec 01 12:17:46.787 INFO [stderr] 46 | use std::io::Write;
Dec 01 12:17:46.787 INFO [stderr]    |     ^^^^^^^^^^^^^^ `Write` reimported here
Dec 01 12:17:46.787 INFO [stderr]    |
Dec 01 12:17:46.787 INFO [stderr]    = note: `Write` must be defined only once in the type namespace of this module
Dec 01 12:17:46.787 INFO [stderr] help: You can use `as` to change the binding name of the import
Dec 01 12:17:46.787 INFO [stderr]    |
Dec 01 12:17:46.791 INFO [stderr] 46 | use std::io::Write as OtherWrite;
Dec 01 12:17:46.791 INFO [stderr]    |     ^^^^^^^^^^^^^^^^^^^^^^^^^^^^
Dec 01 12:17:46.791 INFO [stderr] 
Dec 01 12:17:46.839 INFO [stderr] error[E0422]: cannot find struct, variant or union type `Bootstrapper` in this scope
Dec 01 12:17:46.839 INFO [stderr]    --> src/runtime/mod.rs:226:9
Dec 01 12:17:46.839 INFO [stderr]     |
Dec 01 12:17:46.839 INFO [stderr] 226 |         Bootstrapper
Dec 01 12:17:46.839 INFO [stderr]     |         ^^^^^^^^^^^^ did you mean `Boostrapper`?
Dec 01 12:17:46.839 INFO [stderr] 
Dec 01 12:17:46.850 INFO [stderr] warning: unused import: `std::io::Write`
Dec 01 12:17:46.851 INFO [stderr]   --> src/runtime/mod.rs:46:5
Dec 01 12:17:46.851 INFO [stderr]    |
Dec 01 12:17:46.851 INFO [stderr] 46 | use std::io::Write;
Dec 01 12:17:46.851 INFO [stderr]    |     ^^^^^^^^^^^^^^
Dec 01 12:17:46.851 INFO [stderr]    |
Dec 01 12:17:46.851 INFO [stderr]    = note: #[warn(unused_imports)] on by default
Dec 01 12:17:46.851 INFO [stderr] 
Dec 01 12:17:46.851 INFO [stderr] warning: unused import: `std::env`
Dec 01 12:17:46.851 INFO [stderr]   --> src/main.rs:22:5
Dec 01 12:17:46.851 INFO [stderr]    |
Dec 01 12:17:46.851 INFO [stderr] 22 | use std::env;
Dec 01 12:17:46.851 INFO [stderr]    |     ^^^^^^^^
Dec 01 12:17:46.851 INFO [stderr] 
Dec 01 12:17:46.851 INFO [stderr] warning: unused import: `ConversionFmt`
Dec 01 12:17:46.851 INFO [stderr]   --> src/main.rs:29:39
Dec 01 12:17:46.851 INFO [stderr]    |
Dec 01 12:17:46.851 INFO [stderr] 29 | use ::runtime::convert::{convert_all, ConversionFmt};
Dec 01 12:17:46.851 INFO [stderr]    |                                       ^^^^^^^^^^^^^
Dec 01 12:17:46.851 INFO [stderr] 
Dec 01 12:17:46.868 INFO [stderr] error[E0658]: use of unstable library feature 'test' (see issue #27812)
Dec 01 12:17:46.875 INFO [stderr]   --> src/main.rs:17:1
Dec 01 12:17:46.875 INFO [stderr]    |
Dec 01 12:17:46.875 INFO [stderr] 17 | extern crate test;
Dec 01 12:17:46.875 INFO [stderr]    | ^^^^^^^^^^^^^^^^^^
Dec 01 12:17:46.875 INFO [stderr] 
Dec 01 12:17:46.881 INFO [stderr] warning: use of deprecated item 'std::env::home_dir': This function's behavior is unexpected and probably not what you want. Consider using the home_dir function from https://crates.io/crates/dirs instead.
Dec 01 12:17:46.882 INFO [stderr]    --> src/runtime/units/config.rs:806:31
Dec 01 12:17:46.882 INFO [stderr]     |
Dec 01 12:17:46.882 INFO [stderr] 806 |     let mut home_path = match env::home_dir()
Dec 01 12:17:46.882 INFO [stderr]     |                               ^^^^^^^^^^^^^
Dec 01 12:17:46.882 INFO [stderr]     |
Dec 01 12:17:46.882 INFO [stderr]     = note: #[warn(deprecated)] on by default
Dec 01 12:17:46.882 INFO [stderr] 
Dec 01 12:17:46.883 INFO [stderr] error[E0658]: use of unstable library feature 'test' (see issue #27812)
Dec 01 12:17:46.883 INFO [stderr]   --> src/main.rs:33:5
Dec 01 12:17:46.883 INFO [stderr]    |
Dec 01 12:17:46.883 INFO [stderr] 33 | use test::Options;
Dec 01 12:17:46.883 INFO [stderr]    |     ^^^^^^^^^^^^^
Dec 01 12:17:46.883 INFO [stderr] 
Dec 01 12:17:46.883 INFO [stderr] error[E0658]: use of unstable library feature 'test' (see issue #27812)
Dec 01 12:17:46.883 INFO [stderr]    --> src/main.rs:109:50
Dec 01 12:17:46.883 INFO [stderr]     |
Dec 01 12:17:46.883 INFO [stderr] 109 | fn line_interpreter(units: &UnitDatabase, opts: &Options)
Dec 01 12:17:46.883 INFO [stderr]     |                                                  ^^^^^^^
Dec 01 12:17:46.883 INFO [stderr] 
Dec 01 12:17:46.883 INFO [stderr] error[E0658]: use of unstable library feature 'test' (see issue #27812)
Dec 01 12:17:46.883 INFO [stderr]    --> src/main.rs:214:34
Dec 01 12:17:46.883 INFO [stderr]     |
Dec 01 12:17:46.883 INFO [stderr] 214 |     let (opts, mut args) = match Options::get_opts()
Dec 01 12:17:46.883 INFO [stderr]     |                                  ^^^^^^^^^^^^^^^^^
Dec 01 12:17:46.887 INFO [stderr] 
Dec 01 12:17:46.992 INFO [stderr] error[E0609]: no field `format` on type `&test::Options`
Dec 01 12:17:46.992 INFO [stderr]    --> src/main.rs:115:31
Dec 01 12:17:46.993 INFO [stderr]     |
Dec 01 12:17:46.993 INFO [stderr] 115 |     interpreter.format = opts.format;
Dec 01 12:17:46.993 INFO [stderr]     |                               ^^^^^^
Dec 01 12:17:46.993 INFO [stderr] 
Dec 01 12:17:47.006 INFO [stderr] error[E0599]: no function or associated item named `get_opts` found for type `test::Options` in the current scope
Dec 01 12:17:47.006 INFO [stderr]    --> src/main.rs:214:34
Dec 01 12:17:47.007 INFO [stderr]     |
Dec 01 12:17:47.007 INFO [stderr] 214 |     let (opts, mut args) = match Options::get_opts()
Dec 01 12:17:47.007 INFO [stderr]     |                                  ^^^^^^^^^^^^^^^^^ function or associated item not found in `test::Options`
Dec 01 12:17:47.011 INFO [stderr] 
Dec 01 12:17:47.048 INFO [stderr] error[E0369]: binary operation `==` cannot be applied to type `std::option::Option<runtime::units::UnitDatabase>`
Dec 01 12:17:47.048 INFO [stderr]    --> src/runtime/mod.rs:249:9
Dec 01 12:17:47.048 INFO [stderr]     |
Dec 01 12:17:47.048 INFO [stderr] 249 |         self.units_db == None
Dec 01 12:17:47.048 INFO [stderr]     |         ^^^^^^^^^^^^^^^^^^^^^
Dec 01 12:17:47.048 INFO [stderr]     |
Dec 01 12:17:47.048 INFO [stderr]     = note: an implementation of `std::cmp::PartialEq` might be missing for `std::option::Option<runtime::units::UnitDatabase>`
Dec 01 12:17:47.048 INFO [stderr] 
Dec 01 12:17:47.253 INFO [stderr] error: aborting due to 9 previous errors
Dec 01 12:17:47.253 INFO [stderr] 
Dec 01 12:17:47.253 INFO [stderr] Some errors occurred: E0252, E0369, E0422, E0599, E0609, E0658.
Dec 01 12:17:47.253 INFO [stderr] For more information about an error, try `rustc --explain E0252`.
Dec 01 12:17:47.261 INFO [stderr] error: Could not compile `yucon`.
Dec 01 12:17:47.261 INFO [stderr] 
Dec 01 12:17:47.261 INFO [stderr] To learn more, run the command again with --verbose.
Dec 01 12:17:47.263 INFO [stderr] su: No module specific data is present
Dec 01 12:17:48.027 INFO running `"docker" "inspect" "d3152f32910dd1a677670f1ff545111811f88b44ecde1910d6c38f7a06cebf83"`
Dec 01 12:17:48.363 INFO running `"docker" "rm" "-f" "d3152f32910dd1a677670f1ff545111811f88b44ecde1910d6c38f7a06cebf83"`
Dec 01 12:17:48.591 INFO [stdout] d3152f32910dd1a677670f1ff545111811f88b44ecde1910d6c38f7a06cebf83
