Dec 01 12:26:15.160 INFO testing kingoflolz/routing against 1.30.1 for beta-1.31-5
Dec 01 12:26:15.160 INFO running `"docker" "create" "-v" "/mnt/big/crater/work/local/target-dirs/beta-1.31-5/worker-3/1.30.1:/target:rw,Z" "-v" "/mnt/big/crater/work/local/test-source/worker-3/beta-1.31-5/1.30.1:/source:ro,Z" "-v" "/mnt/big/crater/work/local/cargo-home:/cargo-home:ro,Z" "-v" "/mnt/big/crater/work/local/rustup-home:/rustup-home:ro,Z" "-e" "USER_ID=1000" "-e" "SOURCE_DIR=/source" "-e" "USER_ID=1000" "-e" "CMD=cargo +1.30.1 build --frozen" "-e" "CARGO_TARGET_DIR=/target" "-e" "CARGO_INCREMENTAL=0" "-e" "RUST_BACKTRACE=full" "-e" "RUSTFLAGS=--cap-lints=warn" "-e" "CARGO_HOME=/cargo-home" "-e" "RUSTUP_HOME=/rustup-home" "-m" "1536M" "--network" "none" "crater"`
Dec 01 12:26:15.631 INFO [stdout] 73d995e4845a4ce0607155f5a4f2da438264bedf171e3e1fbfb9811faea83e8d
Dec 01 12:26:15.633 INFO running `"docker" "start" "-a" "73d995e4845a4ce0607155f5a4f2da438264bedf171e3e1fbfb9811faea83e8d"`
Dec 01 12:26:17.929 INFO [stderr] usermod: no changes
Dec 01 12:26:18.188 INFO [stderr]    Compiling typenum v1.9.0
Dec 01 12:26:18.189 INFO [stderr]    Compiling num-traits v0.1.40
Dec 01 12:26:18.189 INFO [stderr]    Compiling unicode-xid v0.0.4
Dec 01 12:26:18.203 INFO [stderr]    Compiling libc v0.2.33
Dec 01 12:26:18.211 INFO [stderr]    Compiling rustc-serialize v0.3.24
Dec 01 12:26:18.231 INFO [stderr]    Compiling quote v0.3.15
Dec 01 12:26:18.239 INFO [stderr]    Compiling serde v0.8.23
Dec 01 12:26:18.259 INFO [stderr]    Compiling matrixmultiply v0.1.14
Dec 01 12:26:19.702 INFO [stderr]    Compiling approx v0.1.1
Dec 01 12:26:22.756 INFO [stderr]    Compiling rawpointer v0.1.0
Dec 01 12:26:24.154 INFO [stderr]    Compiling nodrop v0.1.12
Dec 01 12:26:24.753 INFO [stderr]    Compiling ordermap v0.3.0
Dec 01 12:26:24.896 INFO [stderr]    Compiling serde v1.0.19
Dec 01 12:26:26.806 INFO [stderr]    Compiling dtoa v0.4.2
Dec 01 12:26:28.608 INFO [stderr]    Compiling itoa v0.3.4
Dec 01 12:26:28.806 INFO [stderr]    Compiling smallvec v0.3.3
Dec 01 12:26:29.305 INFO [stderr]    Compiling clamp v0.1.0
Dec 01 12:26:30.078 INFO [stderr]    Compiling fixedbitset v0.1.8
Dec 01 12:26:30.778 INFO [stderr]    Compiling synom v0.11.3
Dec 01 12:26:32.265 INFO [stderr]    Compiling rand v0.3.18
Dec 01 12:26:32.335 INFO [stderr]    Compiling time v0.1.38
Dec 01 12:26:35.907 INFO [stderr]    Compiling num-integer v0.1.35
Dec 01 12:26:43.530 INFO [stderr]    Compiling syn v0.11.11
Dec 01 12:26:43.588 INFO [stderr]    Compiling num-iter v0.1.34
Dec 01 12:26:48.150 INFO [stderr]    Compiling cgmath v0.14.1
Dec 01 12:26:50.723 INFO [stderr]    Compiling generic-array v0.2.1
Dec 01 12:26:50.723 INFO [stderr]    Compiling generic-array v0.8.3
Dec 01 12:26:57.117 INFO [stderr]    Compiling num-complex v0.1.40
Dec 01 12:26:57.118 INFO [stderr]    Compiling num-bigint v0.1.40
Dec 01 12:27:02.595 INFO [stderr]    Compiling alga v0.5.2
Dec 01 12:27:10.787 INFO [stderr]    Compiling serde_derive_internals v0.17.0
Dec 01 12:27:10.867 INFO [stderr]    Compiling serde_json v1.0.6
Dec 01 12:27:11.214 INFO [stderr]    Compiling num-rational v0.1.40
Dec 01 12:27:13.016 INFO [stderr]    Compiling nalgebra v0.12.3
Dec 01 12:27:19.427 INFO [stderr]    Compiling num v0.1.40
Dec 01 12:27:23.391 INFO [stderr]    Compiling serde_derive v1.0.19
Dec 01 12:27:38.004 INFO [stderr]    Compiling nalgebra v0.13.1
Dec 01 12:27:38.014 INFO [stderr]    Compiling petgraph v0.4.10
Dec 01 12:27:40.451 INFO [stderr] error[E0034]: multiple applicable items in scope
Dec 01 12:27:40.451 INFO [stderr]     --> /cargo-home/registry/src/github.com-1ecc6299db9ec823/petgraph-0.4.10/src/graph_impl/stable_graph/mod.rs:1173:19
Dec 01 12:27:40.451 INFO [stderr]      |
Dec 01 12:27:40.451 INFO [stderr] 1173 |         self.iter.find_map(|(i, node)| {
Dec 01 12:27:40.451 INFO [stderr]      |                   ^^^^^^^^ multiple `find_map` found
Dec 01 12:27:40.451 INFO [stderr]      |
Dec 01 12:27:40.451 INFO [stderr] note: candidate #1 is defined in an impl of the trait `iter_utils::IterUtilsExt` for the type `_`
Dec 01 12:27:40.451 INFO [stderr]     --> /cargo-home/registry/src/github.com-1ecc6299db9ec823/petgraph-0.4.10/src/iter_utils.rs:5:5
Dec 01 12:27:40.451 INFO [stderr]      |
Dec 01 12:27:40.451 INFO [stderr] 5    | /     fn find_map<F, R>(&mut self, mut f: F) -> Option<R>
Dec 01 12:27:40.451 INFO [stderr] 6    | |         where F: FnMut(Self::Item) -> Option<R>
Dec 01 12:27:40.451 INFO [stderr] 7    | |     {
Dec 01 12:27:40.451 INFO [stderr] 8    | |         while let Some(elt) = self.next() {
Dec 01 12:27:40.451 INFO [stderr] ...    |
Dec 01 12:27:40.451 INFO [stderr] 13   | |         None
Dec 01 12:27:40.451 INFO [stderr] 14   | |     }
Dec 01 12:27:40.451 INFO [stderr]      | |_____^
Dec 01 12:27:40.451 INFO [stderr]      = note: candidate #2 is defined in an impl of the trait `std::iter::Iterator` for the type `std::iter::Enumerate<_>`
Dec 01 12:27:40.451 INFO [stderr] 
Dec 01 12:27:40.471 INFO [stderr] error[E0034]: multiple applicable items in scope
Dec 01 12:27:40.471 INFO [stderr]     --> /cargo-home/registry/src/github.com-1ecc6299db9ec823/petgraph-0.4.10/src/graph_impl/stable_graph/mod.rs:1365:19
Dec 01 12:27:40.471 INFO [stderr]      |
Dec 01 12:27:40.471 INFO [stderr] 1365 |         self.iter.find_map(|(i, edge)|
Dec 01 12:27:40.471 INFO [stderr]      |                   ^^^^^^^^ multiple `find_map` found
Dec 01 12:27:40.471 INFO [stderr]      |
Dec 01 12:27:40.471 INFO [stderr] note: candidate #1 is defined in an impl of the trait `iter_utils::IterUtilsExt` for the type `_`
Dec 01 12:27:40.471 INFO [stderr]     --> /cargo-home/registry/src/github.com-1ecc6299db9ec823/petgraph-0.4.10/src/iter_utils.rs:5:5
Dec 01 12:27:40.471 INFO [stderr]      |
Dec 01 12:27:40.471 INFO [stderr] 5    | /     fn find_map<F, R>(&mut self, mut f: F) -> Option<R>
Dec 01 12:27:40.471 INFO [stderr] 6    | |         where F: FnMut(Self::Item) -> Option<R>
Dec 01 12:27:40.471 INFO [stderr] 7    | |     {
Dec 01 12:27:40.472 INFO [stderr] 8    | |         while let Some(elt) = self.next() {
Dec 01 12:27:40.472 INFO [stderr] ...    |
Dec 01 12:27:40.472 INFO [stderr] 13   | |         None
Dec 01 12:27:40.472 INFO [stderr] 14   | |     }
Dec 01 12:27:40.472 INFO [stderr]      | |_____^
Dec 01 12:27:40.472 INFO [stderr]      = note: candidate #2 is defined in an impl of the trait `std::iter::Iterator` for the type `std::iter::Enumerate<_>`
Dec 01 12:27:40.472 INFO [stderr] 
Dec 01 12:27:40.483 INFO [stderr] error[E0034]: multiple applicable items in scope
Dec 01 12:27:40.483 INFO [stderr]     --> /cargo-home/registry/src/github.com-1ecc6299db9ec823/petgraph-0.4.10/src/graph_impl/stable_graph/mod.rs:1529:19
Dec 01 12:27:40.483 INFO [stderr]      |
Dec 01 12:27:40.483 INFO [stderr] 1529 |         self.iter.find_map(|(i, node)| {
Dec 01 12:27:40.483 INFO [stderr]      |                   ^^^^^^^^ multiple `find_map` found
Dec 01 12:27:40.483 INFO [stderr]      |
Dec 01 12:27:40.483 INFO [stderr] note: candidate #1 is defined in an impl of the trait `iter_utils::IterUtilsExt` for the type `_`
Dec 01 12:27:40.483 INFO [stderr]     --> /cargo-home/registry/src/github.com-1ecc6299db9ec823/petgraph-0.4.10/src/iter_utils.rs:5:5
Dec 01 12:27:40.483 INFO [stderr]      |
Dec 01 12:27:40.483 INFO [stderr] 5    | /     fn find_map<F, R>(&mut self, mut f: F) -> Option<R>
Dec 01 12:27:40.483 INFO [stderr] 6    | |         where F: FnMut(Self::Item) -> Option<R>
Dec 01 12:27:40.483 INFO [stderr] 7    | |     {
Dec 01 12:27:40.483 INFO [stderr] 8    | |         while let Some(elt) = self.next() {
Dec 01 12:27:40.483 INFO [stderr] ...    |
Dec 01 12:27:40.483 INFO [stderr] 13   | |         None
Dec 01 12:27:40.483 INFO [stderr] 14   | |     }
Dec 01 12:27:40.483 INFO [stderr]      | |_____^
Dec 01 12:27:40.484 INFO [stderr]      = note: candidate #2 is defined in an impl of the trait `std::iter::Iterator` for the type `std::iter::Enumerate<_>`
Dec 01 12:27:40.484 INFO [stderr] 
Dec 01 12:27:40.491 INFO [stderr] error[E0034]: multiple applicable items in scope
Dec 01 12:27:40.491 INFO [stderr]     --> /cargo-home/registry/src/github.com-1ecc6299db9ec823/petgraph-0.4.10/src/graph_impl/stable_graph/mod.rs:1575:19
Dec 01 12:27:40.491 INFO [stderr]      |
Dec 01 12:27:40.491 INFO [stderr] 1575 |         self.iter.find_map(|(i, node)| {
Dec 01 12:27:40.491 INFO [stderr]      |                   ^^^^^^^^ multiple `find_map` found
Dec 01 12:27:40.491 INFO [stderr]      |
Dec 01 12:27:40.491 INFO [stderr] note: candidate #1 is defined in an impl of the trait `iter_utils::IterUtilsExt` for the type `_`
Dec 01 12:27:40.495 INFO [stderr]     --> /cargo-home/registry/src/github.com-1ecc6299db9ec823/petgraph-0.4.10/src/iter_utils.rs:5:5
Dec 01 12:27:40.495 INFO [stderr]      |
Dec 01 12:27:40.495 INFO [stderr] 5    | /     fn find_map<F, R>(&mut self, mut f: F) -> Option<R>
Dec 01 12:27:40.495 INFO [stderr] 6    | |         where F: FnMut(Self::Item) -> Option<R>
Dec 01 12:27:40.495 INFO [stderr] 7    | |     {
Dec 01 12:27:40.495 INFO [stderr] 8    | |         while let Some(elt) = self.next() {
Dec 01 12:27:40.495 INFO [stderr] ...    |
Dec 01 12:27:40.495 INFO [stderr] 13   | |         None
Dec 01 12:27:40.495 INFO [stderr] 14   | |     }
Dec 01 12:27:40.495 INFO [stderr]      | |_____^
Dec 01 12:27:40.495 INFO [stderr]      = note: candidate #2 is defined in an impl of the trait `std::iter::Iterator` for the type `std::iter::Enumerate<_>`
Dec 01 12:27:40.495 INFO [stderr] 
Dec 01 12:27:40.954 INFO [stderr] error: aborting due to 4 previous errors
Dec 01 12:27:40.954 INFO [stderr] 
Dec 01 12:27:40.954 INFO [stderr] For more information about this error, try `rustc --explain E0034`.
Dec 01 12:27:40.966 INFO [stderr] error: Could not compile `petgraph`.
Dec 01 12:27:40.967 INFO [stderr] warning: build failed, waiting for other jobs to finish...
Dec 01 12:28:18.797 INFO [stderr] error: build failed
Dec 01 12:28:18.799 INFO [stderr] su: No module specific data is present
Dec 01 12:28:19.127 INFO running `"docker" "inspect" "73d995e4845a4ce0607155f5a4f2da438264bedf171e3e1fbfb9811faea83e8d"`
Dec 01 12:28:19.202 INFO running `"docker" "rm" "-f" "73d995e4845a4ce0607155f5a4f2da438264bedf171e3e1fbfb9811faea83e8d"`
Dec 01 12:28:19.312 INFO [stdout] 73d995e4845a4ce0607155f5a4f2da438264bedf171e3e1fbfb9811faea83e8d
